[INFO] cloning repository https://github.com/riteshrajpurohit/Stellar-Vault-Ops
[INFO] running `Command { std: "git" "-c" "credential.helper=" "-c" "credential.helper=/workspace/cargo-home/bin/git-credential-null" "clone" "--bare" "https://github.com/riteshrajpurohit/Stellar-Vault-Ops" "/workspace/cache/git-repos/https%3A%2F%2Fgithub.com%2Friteshrajpurohit%2FStellar-Vault-Ops", kill_on_drop: false }`
[INFO] [stderr] Cloning into bare repository '/workspace/cache/git-repos/https%3A%2F%2Fgithub.com%2Friteshrajpurohit%2FStellar-Vault-Ops'...
[INFO] running `Command { std: "git" "rev-parse" "HEAD", kill_on_drop: false }`
[INFO] [stdout] 3070603f9f4f1fc54d40383073c8d865c595cb80
[INFO] testing riteshrajpurohit/Stellar-Vault-Ops against 1.99.0-beta.8+cargoflags=--release for beta-release-1.100-2
[INFO] running `Command { std: "git" "clone" "/workspace/cache/git-repos/https%3A%2F%2Fgithub.com%2Friteshrajpurohit%2FStellar-Vault-Ops" "/workspace/builds/worker-2-tc1/source", kill_on_drop: false }`
[INFO] [stderr] Cloning into '/workspace/builds/worker-2-tc1/source'...
[INFO] [stderr] done.
[INFO] started tweaking git repo https://github.com/riteshrajpurohit/Stellar-Vault-Ops
[INFO] finished tweaking git repo https://github.com/riteshrajpurohit/Stellar-Vault-Ops
[INFO] tweaked toml for git repo https://github.com/riteshrajpurohit/Stellar-Vault-Ops written to /workspace/builds/worker-2-tc1/source/Cargo.toml
[INFO] validating manifest of git repo https://github.com/riteshrajpurohit/Stellar-Vault-Ops on toolchain 1.99.0-beta.8
[INFO] running `Command { std: CARGO_HOME="/workspace/cargo-home" RUSTUP_HOME="/workspace/rustup-home" "/workspace/cargo-home/bin/cargo" "+1.99.0-beta.8" "metadata" "--manifest-path" "Cargo.toml" "--no-deps", kill_on_drop: false }`
[INFO] crate git repo https://github.com/riteshrajpurohit/Stellar-Vault-Ops already has a lockfile, it will not be regenerated
[INFO] running `Command { std: CARGO_HOME="/workspace/cargo-home" RUSTUP_HOME="/workspace/rustup-home" "/workspace/cargo-home/bin/cargo" "+1.99.0-beta.8" "fetch" "--manifest-path" "Cargo.toml", kill_on_drop: false }`
[INFO] [stderr]     Blocking waiting for file lock on package cache
[INFO] [stderr]     Blocking waiting for file lock on package cache
[INFO] [stderr]  Downloading crates ...
[INFO] [stderr]   Downloaded soroban-sdk v23.5.3
[INFO] [stderr]   Downloaded soroban-sdk-macros v23.5.3
[INFO] [stderr]   Downloaded soroban-spec v23.5.3
[INFO] [stderr]   Downloaded stellar-xdr v23.0.0
[INFO] [stderr]   Downloaded soroban-spec-rust v23.5.3
[INFO] [stderr]   Downloaded soroban-env-common v23.0.1
[INFO] [stderr]   Downloaded soroban-env-macros v23.0.1
[INFO] [stderr]   Downloaded soroban-ledger-snapshot v23.5.3
[INFO] [stderr]   Downloaded soroban-builtin-sdk-macros v23.0.1
[INFO] [stderr]   Downloaded soroban-env-host v23.0.1
[INFO] [stderr]   Downloaded soroban-env-guest v23.0.1
[INFO] running `Command { std: "docker" "create" "-v" "/var/lib/crater-agent-workspace/builds/worker-2-tc1/source:/opt/rustwide/workdir:ro,Z" "-v" "/var/lib/crater-agent-workspace/builds/worker-2-tc1/target:/opt/rustwide/target:rw,Z" "-v" "/var/lib/crater-agent-workspace/cargo-home:/opt/rustwide/cargo-home:ro,Z" "-v" "/var/lib/crater-agent-workspace/rustup-home:/opt/rustwide/rustup-home:ro,Z" "-m" "1610612736" "--network" "none" "ghcr.io/rust-lang/crates-build-env/linux@sha256:77db811e55d90add9212f6832c23229e3de5f1c1f9905e8cb07319ea15df73ac" "sleep" "infinity", kill_on_drop: false }`
[INFO] [stdout] 2e7aaca2a8d6c71b7034edcb61090cc6015d7ddbc51c1415c0469849af356062
[INFO] running `Command { std: "docker" "start" "2e7aaca2a8d6c71b7034edcb61090cc6015d7ddbc51c1415c0469849af356062", kill_on_drop: false }`
[INFO] running `Command { std: "docker" "inspect" "2e7aaca2a8d6c71b7034edcb61090cc6015d7ddbc51c1415c0469849af356062", kill_on_drop: false }`
[INFO] running `Command { std: "docker" "exec" "-e" "SOURCE_DIR=/opt/rustwide/workdir" "-e" "CARGO_HOME=/opt/rustwide/cargo-home" "-e" "RUSTUP_HOME=/opt/rustwide/rustup-home" "-e" "CARGO_TARGET_DIR=/opt/rustwide/target" "-w" "/opt/rustwide/workdir" "--user" "0:0" "2e7aaca2a8d6c71b7034edcb61090cc6015d7ddbc51c1415c0469849af356062" "/opt/rustwide/cargo-home/bin/cargo" "+1.99.0-beta.8" "metadata" "--no-deps" "--format-version=1", kill_on_drop: false }`
[INFO] running `Command { std: "docker" "inspect" "2e7aaca2a8d6c71b7034edcb61090cc6015d7ddbc51c1415c0469849af356062", kill_on_drop: false }`
[INFO] running `Command { std: "docker" "exec" "-e" "SOURCE_DIR=/opt/rustwide/workdir" "-e" "CARGO_HOME=/opt/rustwide/cargo-home" "-e" "RUSTUP_HOME=/opt/rustwide/rustup-home" "-e" "CARGO_TARGET_DIR=/opt/rustwide/target" "-e" "CARGO_INCREMENTAL=0" "-e" "RUST_BACKTRACE=full" "-e" "RUSTFLAGS=--cap-lints=warn" "-e" "RUSTDOCFLAGS=--cap-lints=warn" "-w" "/opt/rustwide/workdir" "--user" "0:0" "2e7aaca2a8d6c71b7034edcb61090cc6015d7ddbc51c1415c0469849af356062" "/opt/rustwide/cargo-home/bin/cargo" "+1.99.0-beta.8" "build" "--frozen" "--message-format=json" "--release", kill_on_drop: false }`
[INFO] [stderr]    Compiling serde_core v1.0.228
[INFO] [stderr]    Compiling generic-array v0.14.9
[INFO] [stderr]    Compiling syn v2.0.117
[INFO] [stderr]    Compiling libc v0.2.184
[INFO] [stderr]    Compiling num-traits v0.2.19
[INFO] [stderr]    Compiling schemars v0.8.22
[INFO] [stderr]    Compiling dyn-clone v1.0.20
[INFO] [stderr]    Compiling data-encoding v2.10.0
[INFO] [stderr]    Compiling escape-bytes v0.1.1
[INFO] [stderr]    Compiling ethnum v1.5.3
[INFO] [stderr]    Compiling num-integer v0.1.46
[INFO] [stderr]    Compiling ahash v0.8.12
[INFO] [stderr]    Compiling block-buffer v0.10.4
[INFO] [stderr]    Compiling crypto-common v0.1.6
[INFO] [stderr]    Compiling either v1.15.0
[INFO] [stderr]    Compiling digest v0.10.7
[INFO] [stderr]    Compiling base16ct v0.2.0
[INFO] [stderr]    Compiling num-bigint v0.4.6
[INFO] [stderr]    Compiling itertools v0.10.5
[INFO] [stderr]    Compiling ark-serialize-derive v0.4.2
[INFO] [stderr]    Compiling sha2 v0.10.9
[INFO] [stderr]    Compiling once_cell v1.21.4
[INFO] [stderr]    Compiling getrandom v0.2.17
[INFO] [stderr]    Compiling derivative v2.2.0
[INFO] [stderr]    Compiling rand_core v0.6.4
[INFO] [stderr]    Compiling rand_chacha v0.3.1
[INFO] [stderr]    Compiling rand v0.8.5
[INFO] [stderr]    Compiling ff v0.13.1
[INFO] [stderr]    Compiling group v0.13.0
[INFO] [stderr]    Compiling ark-ff-asm v0.4.2
[INFO] [stderr]    Compiling serde_json v1.0.149
[INFO] [stderr]    Compiling hashbrown v0.17.0
[INFO] [stderr]    Compiling ark-ff-macros v0.4.2
[INFO] [stderr]    Compiling ark-std v0.4.0
[INFO] [stderr]    Compiling hashbrown v0.13.2
[INFO] [stderr]    Compiling indexmap v2.14.0
[INFO] [stderr]    Compiling prettyplease v0.2.37
[INFO] [stderr]    Compiling indexmap-nostd v0.4.0
[INFO] [stderr]    Compiling downcast-rs v1.2.1
[INFO] [stderr]    Compiling wasmi_core v0.13.0
[INFO] [stderr]    Compiling wasmparser-nostd v0.100.2
[INFO] [stderr]    Compiling darling_core v0.23.0
[INFO] [stderr]    Compiling wasmparser v0.116.1
[INFO] [stderr]    Compiling darling_core v0.20.11
[INFO] [stderr]    Compiling heapless v0.8.0
[INFO] [stderr]    Compiling wasmi_arena v0.4.1
[INFO] [stderr]    Compiling semver v1.0.28
[INFO] [stderr]    Compiling spin v0.9.8
[INFO] [stderr]    Compiling byteorder v1.5.0
[INFO] [stderr]    Compiling base64 v0.22.1
[INFO] [stderr]    Compiling serde_derive v1.0.228
[INFO] [stderr]    Compiling zeroize_derive v1.4.3
[INFO] [stderr]    Compiling cfg_eval v0.1.2
[INFO] [stderr]    Compiling zeroize v1.8.2
[INFO] [stderr]    Compiling num-derive v0.4.2
[INFO] [stderr]    Compiling der v0.7.10
[INFO] [stderr]    Compiling darling_macro v0.23.0
[INFO] [stderr]    Compiling thiserror-impl v1.0.69
[INFO] [stderr]    Compiling darling v0.23.0
[INFO] [stderr]    Compiling serde_with_macros v3.18.0
[INFO] [stderr]    Compiling signature v2.2.0
[INFO] [stderr]    Compiling crypto-bigint v0.5.5
[INFO] [stderr]    Compiling sec1 v0.7.3
[INFO] [stderr]    Compiling ark-serialize v0.4.2
[INFO] [stderr]    Compiling hmac v0.12.1
[INFO] [stderr]    Compiling rfc6979 v0.4.0
[INFO] [stderr]    Compiling ark-ff v0.4.2
[INFO] [stderr]    Compiling thiserror v1.0.69
[INFO] [stderr]    Compiling curve25519-dalek-derive v0.1.1
[INFO] [stderr]    Compiling smallvec v1.15.1
[INFO] [stderr]    Compiling soroban-wasmi v0.31.1-soroban.20.0.1
[INFO] [stderr]    Compiling serde v1.0.228
[INFO] [stderr]    Compiling elliptic-curve v0.13.8
[INFO] [stderr]    Compiling ecdsa v0.16.9
[INFO] [stderr]    Compiling crate-git-revision v0.0.6
[INFO] [stderr]    Compiling stellar-strkey v0.0.13
[INFO] [stderr]    Compiling stellar-xdr v23.0.0
[INFO] [stderr]    Compiling hex v0.4.3
[INFO] [stderr]    Compiling soroban-env-common v23.0.1
[INFO] [stderr]    Compiling stellar-strkey v0.0.16
[INFO] [stderr]    Compiling primeorder v0.13.6
[INFO] [stderr]    Compiling curve25519-dalek v4.1.3
[INFO] [stderr]    Compiling ed25519 v2.2.3
[INFO] [stderr]    Compiling serde_with v3.18.0
[INFO] [stderr]    Compiling darling_macro v0.20.11
[INFO] [stderr]    Compiling hash32 v0.3.1
[INFO] [stderr]    Compiling static_assertions v1.1.0
[INFO] [stderr]    Compiling soroban-env-host v23.0.1
[INFO] [stderr]    Compiling keccak v0.1.6
[INFO] [stderr]    Compiling sha3 v0.10.8
[INFO] [stderr]    Compiling ed25519-dalek v2.2.0
[INFO] [stderr]    Compiling darling v0.20.11
[INFO] [stderr]    Compiling p256 v0.13.2
[INFO] [stderr]    Compiling k256 v0.13.4
[INFO] [stderr]    Compiling ark-poly v0.4.2
[INFO] [stderr]    Compiling soroban-sdk v23.5.3
[INFO] [stderr]    Compiling soroban-builtin-sdk-macros v23.0.1
[INFO] [stderr]    Compiling macro-string v0.1.4
[INFO] [stderr]    Compiling hex-literal v0.4.1
[INFO] [stderr]    Compiling ark-ec v0.4.2
[INFO] [stderr]    Compiling bytes-lit v0.0.5
[INFO] [stderr]    Compiling visibility v0.1.1
[INFO] [stderr]    Compiling ark-bls12-381 v0.4.0
[INFO] [stderr]    Compiling soroban-spec v23.5.3
[INFO] [stderr]    Compiling soroban-spec-rust v23.5.3
[INFO] [stderr]    Compiling soroban-env-macros v23.0.1
[INFO] [stderr]    Compiling soroban-sdk-macros v23.5.3
[INFO] [stderr]    Compiling stellar-vault-contract v0.1.0 (/opt/rustwide/workdir/contracts/vault)
[INFO] [stderr]    Compiling stellar-vault-token v0.1.0 (/opt/rustwide/workdir/contracts/token)
[INFO] [stderr]     Finished `release` profile [optimized] target(s) in 4m 38s
[INFO] running `Command { std: "docker" "inspect" "2e7aaca2a8d6c71b7034edcb61090cc6015d7ddbc51c1415c0469849af356062", kill_on_drop: false }`
[INFO] running `Command { std: "docker" "exec" "-e" "SOURCE_DIR=/opt/rustwide/workdir" "-e" "CARGO_HOME=/opt/rustwide/cargo-home" "-e" "RUSTUP_HOME=/opt/rustwide/rustup-home" "-e" "CARGO_TARGET_DIR=/opt/rustwide/target" "-e" "CARGO_INCREMENTAL=0" "-e" "RUST_BACKTRACE=full" "-e" "RUSTFLAGS=--cap-lints=warn" "-e" "RUSTDOCFLAGS=--cap-lints=warn" "-w" "/opt/rustwide/workdir" "--user" "0:0" "2e7aaca2a8d6c71b7034edcb61090cc6015d7ddbc51c1415c0469849af356062" "/opt/rustwide/cargo-home/bin/cargo" "+1.99.0-beta.8" "test" "--frozen" "--no-run" "--message-format=json" "--release", kill_on_drop: false }`
[INFO] [stderr]    Compiling serde_core v1.0.228
[INFO] [stderr]    Compiling schemars v0.8.22
[INFO] [stderr]    Compiling stellar-xdr v23.0.0
[INFO] [stderr]    Compiling derive_arbitrary v1.3.2
[INFO] [stderr]    Compiling soroban-env-common v23.0.1
[INFO] [stderr]    Compiling soroban-env-host v23.0.1
[INFO] [stderr]    Compiling dtor-proc-macro v0.0.6
[INFO] [stderr]    Compiling thiserror v1.0.69
[INFO] [stderr]    Compiling soroban-sdk v23.5.3
[INFO] [stderr]    Compiling ctor-proc-macro v0.0.6
[INFO] [stderr]    Compiling soroban-sdk-macros v23.5.3
[INFO] [stderr]    Compiling dtor v0.1.1
[INFO] [stderr]    Compiling ctor v0.5.0
[INFO] [stderr]    Compiling arbitrary v1.3.2
[INFO] [stderr]    Compiling serde v1.0.228
[INFO] [stderr]    Compiling serde_json v1.0.149
[INFO] [stderr]    Compiling hex v0.4.3
[INFO] [stderr]    Compiling serde_with v3.18.0
[INFO] [stderr]    Compiling soroban-ledger-snapshot v23.5.3
[INFO] [stderr]    Compiling stellar-vault-contract v0.1.0 (/opt/rustwide/workdir/contracts/vault)
[INFO] [stderr]    Compiling stellar-vault-token v0.1.0 (/opt/rustwide/workdir/contracts/token)
[INFO] [stderr]     Finished `release` profile [optimized] target(s) in 3m 05s
[INFO] running `Command { std: "docker" "inspect" "2e7aaca2a8d6c71b7034edcb61090cc6015d7ddbc51c1415c0469849af356062", kill_on_drop: false }`
[INFO] running `Command { std: "docker" "exec" "-e" "SOURCE_DIR=/opt/rustwide/workdir" "-e" "CARGO_HOME=/opt/rustwide/cargo-home" "-e" "RUSTUP_HOME=/opt/rustwide/rustup-home" "-e" "CARGO_TARGET_DIR=/opt/rustwide/target" "-e" "CARGO_INCREMENTAL=0" "-e" "RUST_BACKTRACE=full" "-e" "RUSTFLAGS=--cap-lints=warn" "-e" "RUSTDOCFLAGS=--cap-lints=warn" "-w" "/opt/rustwide/workdir" "--user" "0:0" "2e7aaca2a8d6c71b7034edcb61090cc6015d7ddbc51c1415c0469849af356062" "/opt/rustwide/cargo-home/bin/cargo" "+1.99.0-beta.8" "test" "--frozen" "--release", kill_on_drop: false }`
[INFO] [stderr]     Finished `release` profile [optimized] target(s) in 0.33s
[INFO] [stderr]      Running unittests src/lib.rs (/opt/rustwide/target/release/deps/stellar_vault_contract-3c756e52352c48ea)
[INFO] [stdout] 
[INFO] [stdout] running 2 tests
[INFO] [stdout] test test::deposit_updates_totals ... FAILED
[INFO] [stdout] test test::distribute_updates_totals ... FAILED
[INFO] [stdout] 
[INFO] [stdout] failures:
[INFO] [stdout] 
[INFO] [stdout] ---- test::deposit_updates_totals stdout ----
[INFO] [stdout] Writing test snapshot file for test "test::deposit_updates_totals" to "test_snapshots/test/deposit_updates_totals.1.json".
[INFO] [stdout] 
[INFO] [stdout] thread 'test::deposit_updates_totals' (2670) panicked at /opt/rustwide/cargo-home/registry/src/index.crates.io-1949cf8c6b5b557f/soroban-sdk-23.5.3/src/env.rs:1743:32:
[INFO] [stdout] called `Result::unwrap()` on an `Err` value: Os { code: 30, kind: ReadOnlyFilesystem, message: "Read-only file system" }
[INFO] [stdout] stack backtrace:
[INFO] [stdout]    0:     0x60fd0cfcc441 - <<std[70759c8f55707aa4]::sys::backtrace::BacktraceLock>::print::DisplayBacktrace as core[df12db4294e9bfd3]::fmt::Display>::fmt
[INFO] [stdout]    1:     0x60fd0cfe194a - core[df12db4294e9bfd3]::fmt::write
[INFO] [stdout]    2:     0x60fd0cfd098c - <alloc[2182bb758b4b3781]::vec::Vec<u8> as core[df12db4294e9bfd3]::io::write::Write>::write_fmt
[INFO] [stdout]    3:     0x60fd0cfa7c86 - std[70759c8f55707aa4]::panicking::default_hook::{closure#0}
[INFO] [stdout]    4:     0x60fd0cfc4b69 - std[70759c8f55707aa4]::panicking::default_hook
[INFO] [stdout]    5:     0x60fd0cca5530 - test[9d35eded1c95d3be]::test_main_inner::<test[9d35eded1c95d3be]::test_main_static::{closure#0}>::{closure#0}
[INFO] [stdout]    6:     0x60fd0cfc4d22 - std[70759c8f55707aa4]::panicking::panic_with_hook
[INFO] [stdout]    7:     0x60fd0cfa7d32 - std[70759c8f55707aa4]::panicking::panic_handler::{closure#0}
[INFO] [stdout]    8:     0x60fd0cfa0969 - std[70759c8f55707aa4]::sys::backtrace::__rust_end_short_backtrace::<std[70759c8f55707aa4]::panicking::panic_handler::{closure#0}, !>
[INFO] [stdout]    9:     0x60fd0cfa892d - __rustc[8fa7c3cbc660c2b3]::rust_begin_unwind
[INFO] [stdout]   10:     0x60fd0cfe20ac - core[df12db4294e9bfd3]::panicking::panic_fmt
[INFO] [stdout]   11:     0x60fd0cfe1e82 - core[df12db4294e9bfd3]::result::unwrap_failed
[INFO] [stdout]   12:     0x60fd0cd0007e - <soroban_sdk[48630328866c08b0]::env::Env>::to_test_snapshot_file
[INFO] [stdout]   13:     0x60fd0cc95d7d - core[df12db4294e9bfd3]::ptr::drop_glue::<soroban_sdk[48630328866c08b0]::env::Env>
[INFO] [stdout]   14:     0x60fd0cc9787c - stellar_vault_contract[902cebde60c01b83]::test::deposit_updates_totals
[INFO] [stdout]   15:     0x60fd0cc92c79 - <stellar_vault_contract[902cebde60c01b83]::test::deposit_updates_totals::{closure#0} as core[df12db4294e9bfd3]::ops::function::FnOnce<()>>::call_once
[INFO] [stdout]   16:     0x60fd0cc9881b - test[9d35eded1c95d3be]::__rust_begin_short_backtrace::<core[df12db4294e9bfd3]::result::Result<(), alloc[2182bb758b4b3781]::string::String>, fn() -> core[df12db4294e9bfd3]::result::Result<(), alloc[2182bb758b4b3781]::string::String>>
[INFO] [stdout]   17:     0x60fd0cca5e85 - test[9d35eded1c95d3be]::run_test::{closure#0}
[INFO] [stdout]   18:     0x60fd0cc9f744 - std[70759c8f55707aa4]::sys::backtrace::__rust_begin_short_backtrace::<test[9d35eded1c95d3be]::run_test::{closure#1}, ()>
[INFO] [stdout]   19:     0x60fd0cca8fe2 - <std[70759c8f55707aa4]::thread::lifecycle::spawn_unchecked<test[9d35eded1c95d3be]::run_test::{closure#1}, ()>::{closure#1} as core[df12db4294e9bfd3]::ops::function::FnOnce<()>>::call_once::{shim:vtable#0}
[INFO] [stdout]   20:     0x60fd0cfcbd19 - <std[70759c8f55707aa4]::sys::thread::unix::Thread>::new::thread_start
[INFO] [stdout]   21:     0x7b2e1acb7dfa - <unknown>
[INFO] [stdout]   22:     0x7b2e1ad4b3d4 - clone
[INFO] [stdout]   23:                0x0 - <unknown>
[INFO] [stdout] 
[INFO] [stdout] ---- test::distribute_updates_totals stdout ----
[INFO] [stdout] Writing test snapshot file for test "test::distribute_updates_totals" to "test_snapshots/test/distribute_updates_totals.1.json".
[INFO] [stdout] 
[INFO] [stdout] thread 'test::distribute_updates_totals' (2671) panicked at /opt/rustwide/cargo-home/registry/src/index.crates.io-1949cf8c6b5b557f/soroban-sdk-23.5.3/src/env.rs:1743:32:
[INFO] [stdout] called `Result::unwrap()` on an `Err` value: Os { code: 30, kind: ReadOnlyFilesystem, message: "Read-only file system" }
[INFO] [stdout] stack backtrace:
[INFO] [stdout]    0:     0x60fd0cfcc441 - <<std[70759c8f55707aa4]::sys::backtrace::BacktraceLock>::print::DisplayBacktrace as core[df12db4294e9bfd3]::fmt::Display>::fmt
[INFO] [stdout]    1:     0x60fd0cfe194a - core[df12db4294e9bfd3]::fmt::write
[INFO] [stdout]    2:     0x60fd0cfd098c - <alloc[2182bb758b4b3781]::vec::Vec<u8> as core[df12db4294e9bfd3]::io::write::Write>::write_fmt
[INFO] [stdout]    3:     0x60fd0cfa7c86 - std[70759c8f55707aa4]::panicking::default_hook::{closure#0}
[INFO] [stdout]    4:     0x60fd0cfc4b69 - std[70759c8f55707aa4]::panicking::default_hook
[INFO] [stdout]    5:     0x60fd0cca5530 - test[9d35eded1c95d3be]::test_main_inner::<test[9d35eded1c95d3be]::test_main_static::{closure#0}>::{closure#0}
[INFO] [stdout]    6:     0x60fd0cfc4d22 - std[70759c8f55707aa4]::panicking::panic_with_hook
[INFO] [stdout]    7:     0x60fd0cfa7d32 - std[70759c8f55707aa4]::panicking::panic_handler::{closure#0}
[INFO] [stdout]    8:     0x60fd0cfa0969 - std[70759c8f55707aa4]::sys::backtrace::__rust_end_short_backtrace::<std[70759c8f55707aa4]::panicking::panic_handler::{closure#0}, !>
[INFO] [stdout]    9:     0x60fd0cfa892d - __rustc[8fa7c3cbc660c2b3]::rust_begin_unwind
[INFO] [stdout]   10:     0x60fd0cfe20ac - core[df12db4294e9bfd3]::panicking::panic_fmt
[INFO] [stdout]   11:     0x60fd0cfe1e82 - core[df12db4294e9bfd3]::result::unwrap_failed
[INFO] [stdout]   12:     0x60fd0cd0007e - <soroban_sdk[48630328866c08b0]::env::Env>::to_test_snapshot_file
[INFO] [stdout]   13:     0x60fd0cc95d7d - core[df12db4294e9bfd3]::ptr::drop_glue::<soroban_sdk[48630328866c08b0]::env::Env>
[INFO] [stdout]   14:     0x60fd0cc97b4c - stellar_vault_contract[902cebde60c01b83]::test::distribute_updates_totals
[INFO] [stdout]   15:     0x60fd0cc92c99 - <stellar_vault_contract[902cebde60c01b83]::test::distribute_updates_totals::{closure#0} as core[df12db4294e9bfd3]::ops::function::FnOnce<()>>::call_once
[INFO] [stdout]   16:     0x60fd0cc9881b - test[9d35eded1c95d3be]::__rust_begin_short_backtrace::<core[df12db4294e9bfd3]::result::Result<(), alloc[2182bb758b4b3781]::string::String>, fn() -> core[df12db4294e9bfd3]::result::Result<(), alloc[2182bb758b4b3781]::string::String>>
[INFO] [stdout]   17:     0x60fd0cca5e85 - test[9d35eded1c95d3be]::run_test::{closure#0}
[INFO] [stdout]   18:     0x60fd0cc9f744 - std[70759c8f55707aa4]::sys::backtrace::__rust_begin_short_backtrace::<test[9d35eded1c95d3be]::run_test::{closure#1}, ()>
[INFO] [stdout]   19:     0x60fd0cca8fe2 - <std[70759c8f55707aa4]::thread::lifecycle::spawn_unchecked<test[9d35eded1c95d3be]::run_test::{closure#1}, ()>::{closure#1} as core[df12db4294e9bfd3]::ops::function::FnOnce<()>>::call_once::{shim:vtable#0}
[INFO] [stdout]   20:     0x60fd0cfcbd19 - <std[70759c8f55707aa4]::sys::thread::unix::Thread>::new::thread_start
[INFO] [stdout]   21:     0x7b2e1acb7dfa - <unknown>
[INFO] [stdout]   22:     0x7b2e1ad4b3d4 - clone
[INFO] [stdout]   23:                0x0 - <unknown>
[INFO] [stdout] 
[INFO] [stdout] 
[INFO] [stdout] failures:
[INFO] [stdout]     test::deposit_updates_totals
[INFO] [stdout]     test::distribute_updates_totals
[INFO] [stdout] 
[INFO] [stdout] test result: FAILED. 0 passed; 2 failed; 0 ignored; 0 measured; 0 filtered out; finished in 0.01s
[INFO] [stdout] 
[INFO] [stderr] error: test failed, to rerun pass `-p stellar-vault-contract --lib`
[INFO] running `Command { std: "docker" "inspect" "2e7aaca2a8d6c71b7034edcb61090cc6015d7ddbc51c1415c0469849af356062", kill_on_drop: false }`
[INFO] running `Command { std: "docker" "rm" "-f" "2e7aaca2a8d6c71b7034edcb61090cc6015d7ddbc51c1415c0469849af356062", kill_on_drop: false }`
[INFO] [stdout] 2e7aaca2a8d6c71b7034edcb61090cc6015d7ddbc51c1415c0469849af356062
