[INFO] cloning repository https://github.com/pleme-io/blue
[INFO] running `Command { std: "git" "-c" "credential.helper=" "-c" "credential.helper=/workspace/cargo-home/bin/git-credential-null" "clone" "--bare" "https://github.com/pleme-io/blue" "/workspace/cache/git-repos/https%3A%2F%2Fgithub.com%2Fpleme-io%2Fblue", kill_on_drop: false }`
[INFO] [stderr] Cloning into bare repository '/workspace/cache/git-repos/https%3A%2F%2Fgithub.com%2Fpleme-io%2Fblue'...
[INFO] running `Command { std: "git" "rev-parse" "HEAD", kill_on_drop: false }`
[INFO] [stdout] 16dc471088d8dce1f45cb2fc3d2fd2afb357326c
[INFO] testing pleme-io/blue against 1.99.0-beta.8+cargoflags=--release for beta-release-1.100-2
[INFO] running `Command { std: "git" "clone" "/workspace/cache/git-repos/https%3A%2F%2Fgithub.com%2Fpleme-io%2Fblue" "/workspace/builds/worker-1-tc1/source", kill_on_drop: false }`
[INFO] [stderr] Cloning into '/workspace/builds/worker-1-tc1/source'...
[INFO] [stderr] done.
[INFO] started tweaking git repo https://github.com/pleme-io/blue
[INFO] finished tweaking git repo https://github.com/pleme-io/blue
[INFO] tweaked toml for git repo https://github.com/pleme-io/blue written to /workspace/builds/worker-1-tc1/source/Cargo.toml
[INFO] validating manifest of git repo https://github.com/pleme-io/blue on toolchain 1.99.0-beta.8
[INFO] running `Command { std: CARGO_HOME="/workspace/cargo-home" RUSTUP_HOME="/workspace/rustup-home" "/workspace/cargo-home/bin/cargo" "+1.99.0-beta.8" "metadata" "--manifest-path" "Cargo.toml" "--no-deps", kill_on_drop: false }`
[INFO] crate git repo https://github.com/pleme-io/blue already has a lockfile, it will not be regenerated
[INFO] running `Command { std: CARGO_HOME="/workspace/cargo-home" RUSTUP_HOME="/workspace/rustup-home" "/workspace/cargo-home/bin/cargo" "+1.99.0-beta.8" "fetch" "--manifest-path" "Cargo.toml", kill_on_drop: false }`
[INFO] [stderr]     Updating crates.io index
[INFO] [stderr]  Downloading crates ...
[INFO] [stderr]   Downloaded tatara-lisp-derive v0.4.3
[INFO] [stderr]   Downloaded tatara-closed-set-derive v0.4.3
[INFO] [stderr]   Downloaded katsuji v0.1.1
[INFO] [stderr]   Downloaded monosashi v0.4.3
[INFO] [stderr]   Downloaded gen-macros v0.1.34
[INFO] [stderr]   Downloaded archery v1.2.3
[INFO] [stderr]   Downloaded gen-types v0.1.34
[INFO] [stderr]   Downloaded gen-platform v0.1.34
[INFO] [stderr]   Downloaded psm v0.1.32
[INFO] [stderr]   Downloaded stacker v0.1.25
[INFO] [stderr]   Downloaded imbl-sized-chunks v0.2.0
[INFO] [stderr]   Downloaded irodori v0.2.0
[INFO] [stderr]   Downloaded ar_archive_writer v0.5.3
[INFO] [stderr]   Downloaded imbl v7.0.2
[INFO] [stderr]   Downloaded tatara-lisp-eval v0.4.3
[INFO] [stderr]   Downloaded rnix v0.14.0
[INFO] [stderr]   Downloaded object v0.39.1
[INFO] [stderr]   Downloaded tatara-lisp v0.4.3
[INFO] [stderr]   Downloaded tatara-closed-set v0.4.3
[INFO] [stderr]   Downloaded shikumi v0.1.520
[INFO] running `Command { std: "docker" "create" "-v" "/var/lib/crater-agent-workspace/builds/worker-1-tc1/source:/opt/rustwide/workdir:ro,Z" "-v" "/var/lib/crater-agent-workspace/builds/worker-1-tc1/target:/opt/rustwide/target:rw,Z" "-v" "/var/lib/crater-agent-workspace/cargo-home:/opt/rustwide/cargo-home:ro,Z" "-v" "/var/lib/crater-agent-workspace/rustup-home:/opt/rustwide/rustup-home:ro,Z" "-m" "1610612736" "--network" "none" "ghcr.io/rust-lang/crates-build-env/linux@sha256:77db811e55d90add9212f6832c23229e3de5f1c1f9905e8cb07319ea15df73ac" "sleep" "infinity", kill_on_drop: false }`
[INFO] [stdout] 0ecc1e9a18650ca14832e95ddf541a3abd3607365f3d60d3397a5dbc36c60e8b
[INFO] running `Command { std: "docker" "start" "0ecc1e9a18650ca14832e95ddf541a3abd3607365f3d60d3397a5dbc36c60e8b", kill_on_drop: false }`
[INFO] running `Command { std: "docker" "inspect" "0ecc1e9a18650ca14832e95ddf541a3abd3607365f3d60d3397a5dbc36c60e8b", kill_on_drop: false }`
[INFO] running `Command { std: "docker" "exec" "-e" "SOURCE_DIR=/opt/rustwide/workdir" "-e" "CARGO_HOME=/opt/rustwide/cargo-home" "-e" "RUSTUP_HOME=/opt/rustwide/rustup-home" "-e" "CARGO_TARGET_DIR=/opt/rustwide/target" "-w" "/opt/rustwide/workdir" "--user" "0:0" "0ecc1e9a18650ca14832e95ddf541a3abd3607365f3d60d3397a5dbc36c60e8b" "/opt/rustwide/cargo-home/bin/cargo" "+1.99.0-beta.8" "metadata" "--no-deps" "--format-version=1", kill_on_drop: false }`
[INFO] running `Command { std: "docker" "inspect" "0ecc1e9a18650ca14832e95ddf541a3abd3607365f3d60d3397a5dbc36c60e8b", kill_on_drop: false }`
[INFO] running `Command { std: "docker" "exec" "-e" "SOURCE_DIR=/opt/rustwide/workdir" "-e" "CARGO_HOME=/opt/rustwide/cargo-home" "-e" "RUSTUP_HOME=/opt/rustwide/rustup-home" "-e" "CARGO_TARGET_DIR=/opt/rustwide/target" "-e" "CARGO_INCREMENTAL=0" "-e" "RUST_BACKTRACE=full" "-e" "RUSTFLAGS=--cap-lints=warn" "-e" "RUSTDOCFLAGS=--cap-lints=warn" "-w" "/opt/rustwide/workdir" "--user" "0:0" "0ecc1e9a18650ca14832e95ddf541a3abd3607365f3d60d3397a5dbc36c60e8b" "/opt/rustwide/cargo-home/bin/cargo" "+1.99.0-beta.8" "build" "--frozen" "--message-format=json" "--release", kill_on_drop: false }`
[INFO] [stderr]    Compiling syn v3.0.3
[INFO] [stderr]    Compiling serde_core v1.0.229
[INFO] [stderr]    Compiling syn v2.0.119
[INFO] [stderr]    Compiling serde v1.0.229
[INFO] [stderr]    Compiling constant_time_eq v0.4.2
[INFO] [stderr]    Compiling arrayvec v0.7.8
[INFO] [stderr]    Compiling cc v1.4.0
[INFO] [stderr]    Compiling arrayref v0.3.9
[INFO] [stderr]    Compiling object v0.39.1
[INFO] [stderr]    Compiling memchr v2.8.3
[INFO] [stderr]    Compiling bytemuck v1.25.2
[INFO] [stderr]    Compiling generic-array v0.14.7
[INFO] [stderr]    Compiling rustc_version v0.4.1
[INFO] [stderr]    Compiling rand_core v0.9.5
[INFO] [stderr]    Compiling archery v1.2.3
[INFO] [stderr]    Compiling imbl-sized-chunks v0.2.0
[INFO] [stderr]    Compiling safe_arch v0.7.4
[INFO] [stderr]    Compiling text-size v1.1.1
[INFO] [stderr]    Compiling hashbrown v0.14.5
[INFO] [stderr]    Compiling rand_xoshiro v0.7.0
[INFO] [stderr]    Compiling zeroize v1.9.0
[INFO] [stderr]    Compiling countme v3.0.1
[INFO] [stderr]    Compiling monosashi v0.4.3
[INFO] [stderr]    Compiling signature v2.2.0
[INFO] [stderr]    Compiling curve25519-dalek v4.1.3
[INFO] [stderr]    Compiling num-traits v0.2.19
[INFO] [stderr]    Compiling ed25519 v2.2.3
[INFO] [stderr]    Compiling proc-macro2-diagnostics v0.10.1
[INFO] [stderr]    Compiling inotify-sys v0.1.8
[INFO] [stderr]    Compiling yansi v1.0.1
[INFO] [stderr]    Compiling uncased v0.9.10
[INFO] [stderr]    Compiling bitflags v2.13.1
[INFO] [stderr]    Compiling rustversion v1.0.23
[INFO] [stderr]    Compiling figment v0.10.19
[INFO] [stderr]    Compiling log v0.4.33
[INFO] [stderr]    Compiling inventory v0.3.24
[INFO] [stderr]    Compiling wide v0.7.33
[INFO] [stderr]    Compiling clap_builder v4.6.5
[INFO] [stderr]    Compiling mio v1.2.2
[INFO] [stderr]    Compiling notify-types v2.1.0
[INFO] [stderr]    Compiling inotify v0.11.4
[INFO] [stderr]    Compiling walkdir v2.5.0
[INFO] [stderr]    Compiling blue-lang-pkg v0.0.70 (/opt/rustwide/workdir/crates/blue-lang-pkg)
[INFO] [stderr]    Compiling arc-swap v1.9.2
[INFO] [stderr]    Compiling katsuji v0.1.1
[INFO] [stderr]    Compiling blue-lang-cli v0.0.70 (/opt/rustwide/workdir/crates/blue-lang-cli)
[INFO] [stderr]    Compiling block-buffer v0.10.4
[INFO] [stderr]    Compiling crypto-common v0.1.7
[INFO] [stderr]    Compiling digest v0.10.7
[INFO] [stderr]    Compiling notify v8.2.0
[INFO] [stderr]    Compiling blake3 v1.8.5
[INFO] [stderr]    Compiling stacker v0.1.25
[INFO] [stderr]    Compiling rowan v0.16.1
[INFO] [stderr]    Compiling sha2 v0.10.9
[INFO] [stderr]    Compiling imbl v7.0.2
[INFO] [stderr]    Compiling rnix v0.14.0
[INFO] [stderr]    Compiling serde_json v1.0.151
[INFO] [stderr]    Compiling indexmap v2.14.0
[INFO] [stderr]    Compiling serde_derive v1.0.229
[INFO] [stderr]    Compiling thiserror-impl v2.0.19
[INFO] [stderr]    Compiling clap_derive v4.6.4
[INFO] [stderr]    Compiling async-trait v0.1.91
[INFO] [stderr]    Compiling thiserror v2.0.19
[INFO] [stderr]    Compiling ar_archive_writer v0.5.3
[INFO] [stderr]    Compiling clap v4.6.5
[INFO] [stderr]    Compiling tatara-closed-set-derive v0.4.3
[INFO] [stderr]    Compiling tatara-lisp-derive v0.4.3
[INFO] [stderr]    Compiling curve25519-dalek-derive v0.1.1
[INFO] [stderr]    Compiling pear_codegen v0.2.9
[INFO] [stderr]    Compiling gen-macros v0.1.34
[INFO] [stderr]    Compiling tracing-attributes v0.1.31
[INFO] [stderr]    Compiling psm v0.1.32
[INFO] [stderr]    Compiling tatara-closed-set v0.4.3
[INFO] [stderr]    Compiling pear v0.2.9
[INFO] [stderr]    Compiling tracing v0.1.44
[INFO] [stderr]    Compiling ed25519-dalek v2.2.0
[INFO] [stderr]    Compiling serde_spanned v0.6.9
[INFO] [stderr]    Compiling toml_datetime v0.6.11
[INFO] [stderr]    Compiling chrono v0.4.45
[INFO] [stderr]    Compiling serde_yaml v0.9.34+deprecated
[INFO] [stderr]    Compiling irodori v0.2.0
[INFO] [stderr]    Compiling toml_edit v0.22.27
[INFO] [stderr]    Compiling blue-lang-art v0.0.70 (/opt/rustwide/workdir/crates/blue-lang-art)
[INFO] [stderr]    Compiling gen-types v0.1.34
[INFO] [stderr]    Compiling toml v0.8.23
[INFO] [stderr]    Compiling tatara-lisp v0.4.3
[INFO] [stderr]    Compiling gen-platform v0.1.34
[INFO] [stderr]    Compiling shikumi v0.1.520
[INFO] [stderr]    Compiling blue-lang-syntax v0.0.70 (/opt/rustwide/workdir/crates/blue-lang-syntax)
[INFO] [stderr]    Compiling tatara-lisp-eval v0.4.3
[INFO] [stderr]    Compiling blue-lang-waku v0.0.70 (/opt/rustwide/workdir/crates/blue-lang-waku)
[INFO] [stderr]    Compiling blue-lang-fmt v0.0.70 (/opt/rustwide/workdir/crates/blue-lang-fmt)
[INFO] [stderr]    Compiling blue-lang-check v0.0.70 (/opt/rustwide/workdir/crates/blue-lang-check)
[INFO] [stderr]    Compiling blue-lang-kiwari v0.0.70 (/opt/rustwide/workdir/crates/blue-lang-kiwari)
[INFO] [stderr]    Compiling blue-lang-bidama v0.0.70 (/opt/rustwide/workdir/crates/blue-lang-bidama)
[INFO] [stderr]    Compiling blue-lang-proc v0.0.70 (/opt/rustwide/workdir/crates/blue-lang-proc)
[INFO] [stderr]    Compiling blue-lang-runtime v0.0.70 (/opt/rustwide/workdir/crates/blue-lang-runtime)
[INFO] [stderr]    Compiling blue-lang-mondou v0.0.70 (/opt/rustwide/workdir/crates/blue-lang-mondou)
[INFO] [stderr]    Compiling blue-lang-test v0.0.70 (/opt/rustwide/workdir/crates/blue-lang-test)
[INFO] [stderr]    Compiling blue-lang-lsp v0.0.70 (/opt/rustwide/workdir/crates/blue-lang-lsp)
[INFO] [stderr]    Compiling blue-lang-wasm v0.0.70 (/opt/rustwide/workdir/crates/blue-lang-wasm)
[INFO] [stdout] warning: unused imports: `TokenKind` and `lex`
[INFO] [stdout]   --> crates/blue-lang-cli/src/reference.rs:19:18
[INFO] [stdout]    |
[INFO] [stdout] 19 |     keyword_doc, lex, TokenKind, BLOCK_KEYWORDS, FORMS, INFIX, SURFACE_KEYWORDS,
[INFO] [stdout]    |                  ^^^  ^^^^^^^^^
[INFO] [stdout]    |
[INFO] [stdout]    = note: `#[warn(unused_imports)]` (part of `#[warn(unused)]`) on by default
[INFO] [stdout] 
[INFO] [stdout] 
[INFO] [stdout] warning: function `declared_params` is never used
[INFO] [stdout]    --> crates/blue-lang-cli/src/reference.rs:194:4
[INFO] [stdout]     |
[INFO] [stdout] 194 | fn declared_params(signature: &str) -> Option<(usize, usize, bool)> {
[INFO] [stdout]     |    ^^^^^^^^^^^^^^^
[INFO] [stdout]     |
[INFO] [stdout]     = note: `#[warn(dead_code)]` (part of `#[warn(unused)]`) on by default
[INFO] [stdout] 
[INFO] [stdout] 
[INFO] [stdout] warning: function `agrees` is never used
[INFO] [stdout]    --> crates/blue-lang-cli/src/reference.rs:221:4
[INFO] [stdout]     |
[INFO] [stdout] 221 | fn agrees(arity: &str, (required, optional, variadic): (usize, usize, bool)) -> bool {
[INFO] [stdout]     |    ^^^^^^
[INFO] [stdout] 
[INFO] [stdout] 
[INFO] [stderr]     Finished `release` profile [optimized] target(s) in 2m 46s
[INFO] running `Command { std: "docker" "inspect" "0ecc1e9a18650ca14832e95ddf541a3abd3607365f3d60d3397a5dbc36c60e8b", kill_on_drop: false }`
[INFO] running `Command { std: "docker" "exec" "-e" "SOURCE_DIR=/opt/rustwide/workdir" "-e" "CARGO_HOME=/opt/rustwide/cargo-home" "-e" "RUSTUP_HOME=/opt/rustwide/rustup-home" "-e" "CARGO_TARGET_DIR=/opt/rustwide/target" "-e" "CARGO_INCREMENTAL=0" "-e" "RUST_BACKTRACE=full" "-e" "RUSTFLAGS=--cap-lints=warn" "-e" "RUSTDOCFLAGS=--cap-lints=warn" "-w" "/opt/rustwide/workdir" "--user" "0:0" "0ecc1e9a18650ca14832e95ddf541a3abd3607365f3d60d3397a5dbc36c60e8b" "/opt/rustwide/cargo-home/bin/cargo" "+1.99.0-beta.8" "test" "--frozen" "--no-run" "--message-format=json" "--release", kill_on_drop: false }`
[INFO] [stderr]    Compiling rand_core v0.9.5
[INFO] [stderr]    Compiling bitflags v2.13.1
[INFO] [stderr]    Compiling num-traits v0.2.19
[INFO] [stderr]    Compiling getrandom v0.4.3
[INFO] [stderr]    Compiling zerocopy v0.8.55
[INFO] [stderr]    Compiling fastrand v2.5.0
[INFO] [stderr]    Compiling wait-timeout v0.2.1
[INFO] [stderr]    Compiling quick-error v1.2.3
[INFO] [stderr]    Compiling bit-vec v0.8.0
[INFO] [stderr]    Compiling regex-syntax v0.8.11
[INFO] [stderr]    Compiling unarray v0.1.4
[INFO] [stderr]    Compiling blue-lang-art v0.0.70 (/opt/rustwide/workdir/crates/blue-lang-art)
[INFO] [stderr]    Compiling blue-lang-kiwari v0.0.70 (/opt/rustwide/workdir/crates/blue-lang-kiwari)
[INFO] [stderr]    Compiling blue-lang-bidama v0.0.70 (/opt/rustwide/workdir/crates/blue-lang-bidama)
[INFO] [stderr]    Compiling blue-lang-check v0.0.70 (/opt/rustwide/workdir/crates/blue-lang-check)
[INFO] [stderr]    Compiling rand_xoshiro v0.7.0
[INFO] [stderr]    Compiling bit-set v0.8.0
[INFO] [stderr]    Compiling rand_xorshift v0.4.0
[INFO] [stderr]    Compiling notify-types v2.1.0
[INFO] [stderr]    Compiling imbl v7.0.2
[INFO] [stderr]    Compiling inotify v0.11.4
[INFO] [stderr]    Compiling rustix v1.1.4
[INFO] [stderr]    Compiling rand v0.9.5
[INFO] [stderr]    Compiling blue-lang-waku v0.0.70 (/opt/rustwide/workdir/crates/blue-lang-waku)
[INFO] [stderr]    Compiling notify v8.2.0
[INFO] [stderr]    Compiling chrono v0.4.45
[INFO] [stderr]    Compiling tatara-lisp-eval v0.4.3
[INFO] [stderr]    Compiling tempfile v3.27.0
[INFO] [stderr]    Compiling gen-types v0.1.34
[INFO] [stderr]    Compiling rusty-fork v0.3.1
[INFO] [stderr]    Compiling ppv-lite86 v0.2.21
[INFO] [stderr]    Compiling gen-platform v0.1.34
[INFO] [stderr]    Compiling rand_chacha v0.9.0
[INFO] [stderr]    Compiling proptest v1.11.0
[INFO] [stderr]    Compiling shikumi v0.1.520
[INFO] [stderr]    Compiling blue-lang-proc v0.0.70 (/opt/rustwide/workdir/crates/blue-lang-proc)
[INFO] [stderr]    Compiling blue-lang-runtime v0.0.70 (/opt/rustwide/workdir/crates/blue-lang-runtime)
[INFO] [stderr]    Compiling blue-lang-pkg v0.0.70 (/opt/rustwide/workdir/crates/blue-lang-pkg)
[INFO] [stderr]    Compiling blue-lang-mondou v0.0.70 (/opt/rustwide/workdir/crates/blue-lang-mondou)
[INFO] [stderr]    Compiling blue-lang-test v0.0.70 (/opt/rustwide/workdir/crates/blue-lang-test)
[INFO] [stderr]    Compiling blue-lang-fmt v0.0.70 (/opt/rustwide/workdir/crates/blue-lang-fmt)
[INFO] [stderr]    Compiling blue-lang-lsp v0.0.70 (/opt/rustwide/workdir/crates/blue-lang-lsp)
[INFO] [stderr]    Compiling blue-lang-wasm v0.0.70 (/opt/rustwide/workdir/crates/blue-lang-wasm)
[INFO] [stderr]    Compiling blue-lang-syntax v0.0.70 (/opt/rustwide/workdir/crates/blue-lang-syntax)
[INFO] [stderr]    Compiling blue-lang-cli v0.0.70 (/opt/rustwide/workdir/crates/blue-lang-cli)
[INFO] [stdout] warning: unused imports: `TokenKind` and `lex`
[INFO] [stdout]   --> crates/blue-lang-cli/src/reference.rs:19:18
[INFO] [stdout]    |
[INFO] [stdout] 19 |     keyword_doc, lex, TokenKind, BLOCK_KEYWORDS, FORMS, INFIX, SURFACE_KEYWORDS,
[INFO] [stdout]    |                  ^^^  ^^^^^^^^^
[INFO] [stdout]    |
[INFO] [stdout]    = note: `#[warn(unused_imports)]` (part of `#[warn(unused)]`) on by default
[INFO] [stdout] 
[INFO] [stdout] 
[INFO] [stdout] warning: unused imports: `TokenKind` and `lex`
[INFO] [stdout]   --> crates/blue-lang-cli/src/reference.rs:19:18
[INFO] [stdout]    |
[INFO] [stdout] 19 |     keyword_doc, lex, TokenKind, BLOCK_KEYWORDS, FORMS, INFIX, SURFACE_KEYWORDS,
[INFO] [stdout]    |                  ^^^  ^^^^^^^^^
[INFO] [stdout]    |
[INFO] [stdout]    = note: `#[warn(unused_imports)]` (part of `#[warn(unused)]`) on by default
[INFO] [stdout] 
[INFO] [stdout] 
[INFO] [stdout] warning: function `declared_params` is never used
[INFO] [stdout]    --> crates/blue-lang-cli/src/reference.rs:194:4
[INFO] [stdout]     |
[INFO] [stdout] 194 | fn declared_params(signature: &str) -> Option<(usize, usize, bool)> {
[INFO] [stdout]     |    ^^^^^^^^^^^^^^^
[INFO] [stdout]     |
[INFO] [stdout]     = note: `#[warn(dead_code)]` (part of `#[warn(unused)]`) on by default
[INFO] [stdout] 
[INFO] [stdout] 
[INFO] [stdout] warning: function `agrees` is never used
[INFO] [stdout]    --> crates/blue-lang-cli/src/reference.rs:221:4
[INFO] [stdout]     |
[INFO] [stdout] 221 | fn agrees(arity: &str, (required, optional, variadic): (usize, usize, bool)) -> bool {
[INFO] [stdout]     |    ^^^^^^
[INFO] [stdout] 
[INFO] [stdout] 
[INFO] [stderr]     Finished `release` profile [optimized] target(s) in 4m 26s
[INFO] running `Command { std: "docker" "inspect" "0ecc1e9a18650ca14832e95ddf541a3abd3607365f3d60d3397a5dbc36c60e8b", kill_on_drop: false }`
[INFO] running `Command { std: "docker" "exec" "-e" "SOURCE_DIR=/opt/rustwide/workdir" "-e" "CARGO_HOME=/opt/rustwide/cargo-home" "-e" "RUSTUP_HOME=/opt/rustwide/rustup-home" "-e" "CARGO_TARGET_DIR=/opt/rustwide/target" "-e" "CARGO_INCREMENTAL=0" "-e" "RUST_BACKTRACE=full" "-e" "RUSTFLAGS=--cap-lints=warn" "-e" "RUSTDOCFLAGS=--cap-lints=warn" "-w" "/opt/rustwide/workdir" "--user" "0:0" "0ecc1e9a18650ca14832e95ddf541a3abd3607365f3d60d3397a5dbc36c60e8b" "/opt/rustwide/cargo-home/bin/cargo" "+1.99.0-beta.8" "test" "--frozen" "--release", kill_on_drop: false }`
[INFO] [stderr] warning: unused imports: `TokenKind` and `lex`
[INFO] [stderr]   --> crates/blue-lang-cli/src/reference.rs:19:18
[INFO] [stderr]    |
[INFO] [stderr] 19 |     keyword_doc, lex, TokenKind, BLOCK_KEYWORDS, FORMS, INFIX, SURFACE_KEYWORDS,
[INFO] [stderr]    |                  ^^^  ^^^^^^^^^
[INFO] [stderr]    |
[INFO] [stderr]    = note: `#[warn(unused_imports)]` (part of `#[warn(unused)]`) on by default
[INFO] [stderr] 
[INFO] [stderr] warning: function `declared_params` is never used
[INFO] [stderr]    --> crates/blue-lang-cli/src/reference.rs:194:4
[INFO] [stderr]     |
[INFO] [stderr] 194 | fn declared_params(signature: &str) -> Option<(usize, usize, bool)> {
[INFO] [stderr]     |    ^^^^^^^^^^^^^^^
[INFO] [stderr]     |
[INFO] [stderr]     = note: `#[warn(dead_code)]` (part of `#[warn(unused)]`) on by default
[INFO] [stderr] 
[INFO] [stderr] warning: function `agrees` is never used
[INFO] [stderr]    --> crates/blue-lang-cli/src/reference.rs:221:4
[INFO] [stderr]     |
[INFO] [stderr] 221 | fn agrees(arity: &str, (required, optional, variadic): (usize, usize, bool)) -> bool {
[INFO] [stderr]     |    ^^^^^^
[INFO] [stderr] 
[INFO] [stderr] warning: `blue-lang-cli` (bin "blue") generated 3 warnings (run `cargo fix --bin "blue" -p blue-lang-cli` to apply 1 suggestion)
[INFO] [stderr] warning: `blue-lang-cli` (bin "blue" test) generated 1 warning (1 duplicate)
[INFO] [stderr]     Finished `release` profile [optimized] target(s) in 0.41s
[INFO] [stderr]      Running unittests src/lib.rs (/opt/rustwide/target/release/deps/blue_lang_art-1fb310c51d480a9b)
[INFO] [stdout] 
[INFO] [stdout] running 12 tests
[INFO] [stdout] test tests::the_primary_is_nord10_deep_blue ... ok
[INFO] [stdout] test tests::the_shift_walks_the_frost_band_toward_blue ... ok
[INFO] [stdout] test tests::the_styled_mark_paints_four_runs ... ok
[INFO] [stdout] test tests::the_mark_uses_no_dither_glyph ... ok
[INFO] [stdout] test tests::the_theme_follows_a_customised_palette ... ok
[INFO] [stdout] test tests::the_wordmark_takes_its_version_from_the_caller ... ok
[INFO] [stdout] test tests::the_mark_emits_no_truecolor_escape ... ok
[INFO] [stdout] test tests::the_wordmark_carries_the_name_the_mark_and_the_version ... ok
[INFO] [stdout] test tests::every_theme_colour_comes_from_the_nord_palette ... ok
[INFO] [stdout] test tests::the_accent_is_the_fleets_nord8_frost_cyan ... ok
[INFO] [stdout] test tests::the_mark_is_four_solid_cells ... ok
[INFO] [stderr]      Running unittests src/lib.rs (/opt/rustwide/target/release/deps/blue_lang_bidama-f799671db32ecea9)
[INFO] [stdout] test tests::every_cell_of_the_shift_is_a_different_ink ... ok
[INFO] [stdout] 
[INFO] [stdout] test result: ok. 12 passed; 0 failed; 0 ignored; 0 measured; 0 filtered out; finished in 0.01s
[INFO] [stdout] 
[INFO] [stdout] 
[INFO] [stdout] running 57 tests
[INFO] [stdout] test beam::tests::blue_reaches_a_space_where_a_hosted_language_reaches_a_point ... ok
[INFO] [stdout] test beam::tests::a_realizable_point_names_no_contradiction_and_vice_versa ... ok
[INFO] [stdout] test beam::tests::a_model_carries_no_order_because_none_of_its_dimensions_do ... ok
[INFO] [stdout] test beam::tests::the_beam_is_realizable ... ok
[INFO] [stdout] test beam::tests::the_space_is_the_full_product ... ok
[INFO] [stdout] test beam::tests::the_two_target_domains_are_points_in_the_space ... ok
[INFO] [stdout] test beam::tests::unify_is_equality_or_conflict_and_names_every_disagreement ... ok
[INFO] [stdout] test morph::tests::blue_contains_every_language_shape ... ok
[INFO] [stdout] test morph::tests::the_combination_no_mainstream_language_offers_is_reachable ... ok
[INFO] [stdout] test morph::tests::the_default_posture_is_rubys_shape ... ok
[INFO] [stdout] test morph::tests::the_enforced_set_is_not_empty ... ok
[INFO] [stdout] test morph::tests::the_enforcement_layer_follows_the_axis ... ok
[INFO] [stdout] test morph::tests::rubys_shape_forfeits_what_ruby_actually_forfeits ... ok
[INFO] [stdout] test morph::tests::the_shapes_are_distinct_points ... ok
[INFO] [stdout] test morph::tests::the_unenforced_qualities_are_named_as_such ... ok
[INFO] [stdout] test beam::tests::support_is_reported_separately_and_is_far_smaller_than_reachable ... ok
[INFO] [stdout] test quality::tests::a_resident_evaluator_excludes_checked_macro_output ... ok
[INFO] [stdout] test quality::tests::a_resident_evaluator_excludes_a_minimal_artifact ... ok
[INFO] [stdout] test beam::tests::the_beam_guarantees_force_some_dimensions_and_leave_others_free ... ok
[INFO] [stdout] test quality::tests::a_resident_evaluator_excludes_preemption ... ok
[INFO] [stdout] test morph::tests::every_quality_states_where_it_is_enforced_and_why ... ok
[INFO] [stdout] test beam::tests::blues_shipped_point_matches_what_the_runtime_actually_does ... ok
[INFO] [stdout] test beam::tests::every_contradiction_is_live_and_none_is_total ... ok
[INFO] [stdout] test quality::tests::ambient_capability_excludes_reproducibility ... ok
[INFO] [stdout] test beam::tests::exactly_one_point_is_shipped ... ok
[INFO] [stdout] test quality::tests::each_coordinate_decides_exactly_its_own_axis ... ok
[INFO] [stdout] test beam::tests::there_are_beam_variants_a_beam_hosted_language_cannot_ask_for ... ok
[INFO] [stdout] test quality::tests::every_cross_axis_pair_has_a_named_witness ... ok
[INFO] [stdout] test quality::tests::every_minimal_exclusive_group_lies_on_one_axis ... ok
[INFO] [stdout] test quality::tests::every_derived_group_is_actually_minimal ... ok
[INFO] [stdout] test quality::tests::every_posture_grants_something ... ok
[INFO] [stdout] test quality::tests::every_posture_is_distinguishable_from_every_other ... ok
[INFO] [stdout] test quality::tests::a_resident_evaluator_keeps_a_reproducible_build ... ok
[INFO] [stdout] test quality::tests::a_resident_evaluator_keeps_process_isolation ... ok
[INFO] [stdout] test quality::tests::every_exclusive_pair_shares_an_axis ... ok
[INFO] [stdout] test tests::a_conflict_renders_as_a_sentence ... ok
[INFO] [stdout] test tests::a_heap_ceiling_is_enforced ... ok
[INFO] [stdout] test tests::compatible_packages_resolve_to_the_join_of_their_floors ... ok
[INFO] [stdout] test tests::an_empty_set_resolves_to_the_bottom ... ok
[INFO] [stdout] test tests::a_successful_resolution_reports_the_evaluator_bit ... ok
[INFO] [stdout] test quality::tests::the_derivation_finds_real_exclusions ... ok
[INFO] [stdout] test tests::every_failing_pair_is_explained_by_a_coordinate_that_actually_exceeds ... ok
[INFO] [stdout] test tests::the_resolved_posture_is_the_least_frame_satisfying_every_floor ... ok
[INFO] [stdout] test tests::every_offending_package_is_named ... ok
[INFO] [stdout] test tests::resolution_is_order_independent ... ok
[INFO] [stdout] test quality::tests::the_two_derivations_agree_on_pairs ... ok
[INFO] [stdout] test tests::the_resolver_actually_accepts_something_nontrivial ... ok
[INFO] [stdout] test quality::tests::the_macro_phase_trilemma_falls_out_of_the_enumeration ... ok
[INFO] [stdout] test tests::a_capability_ceiling_is_enforced_and_explained ... ok
[INFO] [stdout] test quality::tests::the_top_posture_forfeits_the_sealed_qualities ... ok
[INFO] [stderr]      Running unittests src/lib.rs (/opt/rustwide/target/release/deps/blue_lang_check-cf5f76addf2be851)
[INFO] [stdout] test quality::tests::sharing_excludes_isolation ... ok
[INFO] [stdout] test quality::tests::the_bottom_posture_grants_what_the_top_forfeits ... ok
[INFO] [stdout] test tests::the_resolver_actually_rejects_something ... ok
[INFO] [stdout] test quality::tests::every_quality_has_an_axis_a_tier_and_a_place_in_the_derivation ... ok
[INFO] [stdout] test quality::tests::every_quality_is_reachable ... ok
[INFO] [stdout] test quality::tests::granted_and_forfeited_partition_the_catalog ... ok
[INFO] [stdout] test tests::a_sealed_root_rejects_a_package_that_needs_the_evaluator ... ok
[INFO] [stdout] 
[INFO] [stdout] test result: ok. 57 passed; 0 failed; 0 ignored; 0 measured; 0 filtered out; finished in 0.01s
[INFO] [stdout] 
[INFO] [stdout] 
[INFO] [stdout] running 54 tests
[INFO] [stdout] test names::tests::the_resolution_order_is_local_own_imported_builtin ... ok
[INFO] [stdout] test names::tests::an_unused_local_is_a_warning_with_a_machine_fix ... ok
[INFO] [stdout] test names::tests::a_typo_in_an_uncalled_function_is_unbound ... ok
[INFO] [stdout] test names::tests::a_macro_call_is_opaque_but_reads_its_locals ... ok
[INFO] [stdout] test names::tests::the_rename_is_not_machine_applicable_when_the_new_name_is_taken ... ok
[INFO] [stdout] test names::tests::a_lambda_parameter_does_not_escape ... ok
[INFO] [stdout] test names::tests::quoted_code_is_data_and_unquoted_code_is_code ... ok
[INFO] [stdout] test names::tests::unbound_is_no_tier_at_all ... ok
[INFO] [stdout] test names::tests::own_beats_imported ... ok
[INFO] [stdout] test names::tests::a_local_beats_every_definition ... ok
[INFO] [stdout] test project::tests::a_project_code_is_letters_then_four_digits_and_never_a_registry_code ... ok
[INFO] [stdout] test names::tests::head_kind_follows_the_evaluators_order ... ok
[INFO] [stdout] test names::tests::an_underscore_name_is_deliberately_unused ... ok
[INFO] [stdout] test project::tests::an_undeclared_or_unused_project_waiver_is_reported ... ok
[INFO] [stdout] test suggest::tests::a_transposition_is_one_edit ... ok
[INFO] [stdout] test rules::tests::every_code_has_an_explanation ... ok
[INFO] [stdout] test names::tests::case_binds_its_subject_and_else_is_not_a_name ... ok
[INFO] [stdout] test names::tests::imported_beats_builtin ... ok
[INFO] [stdout] test tests::a_wrong_argument_type_is_reported ... ok
[INFO] [stdout] test tests::a_wrong_argument_points_at_the_argument ... ok
[INFO] [stdout] test tests::a_return_type_mismatch_points_at_the_body ... ok
[INFO] [stdout] test tests::a_wrong_return_type_is_reported ... ok
[INFO] [stdout] test tests::a_seam_carries_the_span_of_the_argument_it_guards ... ok
[INFO] [stdout] test tests::an_annotated_function_is_checked ... ok
[INFO] [stdout] test names::tests::a_define_is_hoisted_through_if_to_its_frame ... ok
[INFO] [stdout] test rules::tests::an_unknown_code_does_not_parse ... ok
[INFO] [stdout] test rules::tests::codes_are_unique_ordered_and_well_formed ... ok
[INFO] [stdout] test suggest::tests::closeness_rejects_distant_and_identical_names ... ok
[INFO] [stdout] test tests::an_operator_misuse_inside_a_typed_body_is_reported ... ok
[INFO] [stdout] test names::tests::candidates_are_ranked_and_carry_their_namespace ... ok
[INFO] [stdout] test names::tests::two_namespaces_in_one_tier_are_ambiguous ... ok
[INFO] [stdout] test tests::a_signature_can_be_partially_annotated ... ok
[INFO] [stdout] test names::tests::parameters_locals_and_globals_resolve ... ok
[INFO] [stdout] test project::tests::a_waiver_moves_only_its_code_in_its_form ... ok
[INFO] [stdout] test suggest::tests::distance_is_levenshtein_otherwise ... ok
[INFO] [stdout] test tests::an_operator_misuse_points_at_the_offending_operand ... ok
[INFO] [stdout] test tests::a_big_unannotated_program_still_visits_nothing ... ok
[INFO] [stdout] test tests::dyn_is_compatible_in_both_directions ... ok
[INFO] [stdout] test tests::no_diagnostic_escapes_unstamped ... ok
[INFO] [stdout] test names::tests::unused_warnings_are_only_for_the_forms_asked_about ... ok
[INFO] [stdout] test tests::an_undeclared_argument_produces_a_seam_not_an_error ... ok
[INFO] [stdout] test tests::annotation_does_not_change_the_body ... ok
[INFO] [stdout] test waiver::tests::a_waiver_attaches_to_the_definition_below_it ... ok
[INFO] [stdout] test tests::no_reported_position_is_synthetic ... ok
[INFO] [stdout] test waiver::tests::a_waiver_without_a_reason_or_code_is_malformed ... ok
[INFO] [stdout] test tests::seams_are_actually_recorded ... ok
[INFO] [stdout] test waiver::tests::apply_moves_only_the_named_code_in_the_named_form ... ok
[INFO] [stdout] test tests::cost_does_not_grow_with_untyped_code_around_it ... ok
[INFO] [stdout] test waiver::tests::a_waiver_that_suppresses_nothing_is_reported ... ok
[INFO] [stdout] test tests::the_checker_actually_reports_errors ... ok
[INFO] [stdout] test tests::unannotated_code_is_not_analyzed_at_all ... ok
[INFO] [stdout] test waiver::tests::prose_mentioning_waivers_is_not_a_waiver ... ok
[INFO] [stdout] test waiver::tests::a_project_waiver_is_left_to_the_project_door ... ok
[INFO] [stdout] test waiver::tests::a_waiver_inside_a_definition_is_misplaced ... ok
[INFO] [stdout] 
[INFO] [stdout] test result: ok. 54 passed; 0 failed; 0 ignored; 0 measured; 0 filtered out; finished in 0.02s
[INFO] [stdout] 
[INFO] [stderr]      Running tests/totality.rs (/opt/rustwide/target/release/deps/totality-fb7c282b57dae127)
[INFO] [stdout] 
[INFO] [stdout] running 3 tests
[INFO] [stdout] test the_empty_program_checks_cleanly ... ok
[INFO] [stdout] test checking_the_same_forms_twice_agrees ... ok
[INFO] [stdout] test no_parseable_prefix_panics_the_checker ... ok
[INFO] [stdout] 
[INFO] [stdout] test result: ok. 3 passed; 0 failed; 0 ignored; 0 measured; 0 filtered out; finished in 0.11s
[INFO] [stdout] 
[INFO] [stderr]      Running unittests src/main.rs (/opt/rustwide/target/release/deps/blue-a0fd4e2264855251)
[INFO] [stdout] 
[INFO] [stdout] running 27 tests
[INFO] [stdout] test config::tests::bare_and_default_differ ... ok
[INFO] [stdout] test config::tests::a_missing_config_file_falls_through_to_the_prescribed_tier ... ok
[INFO] [stdout] test config::tests::bare_is_zero_opinion ... ok
[INFO] [stdout] test deploy::tests::select_names_one_or_all_and_refuses_the_unknown ... ok
[INFO] [stdout] test deploy::tests::the_cluster_call_is_a_get_under_the_named_context ... ok
[INFO] [stdout] test config::tests::blue_config_env_matches_the_module_trio ... ok
[INFO] [stdout] test deploy::tests::every_rendered_kind_has_a_resource ... ok
[INFO] [stdout] test deploy::tests::a_verdict_reads_absent_same_and_changed ... ok
[INFO] [stdout] test config::tests::blue_dot_b_lowers_to_a_shape_shikumi_accepts ... ok
[INFO] [stdout] test config::tests::the_progressive_fold_resolves_the_prescribed_tier ... ok
[INFO] [stdout] test config::tests::the_surface_is_exactly_four_knobs ... ok
[INFO] [stdout] test config::tests::default_trait_delegates_to_prescribed ... ok
[INFO] [stdout] test deploy::tests::a_size_reads_in_mebibytes_and_bytes ... ok
[INFO] [stdout] test config::tests::prescribed_default_is_the_constants_themselves ... ok
[INFO] [stdout] test script::tests::a_shebang_names_blue_as_the_program_or_an_argument ... ok
[INFO] [stdout] test script::tests::subcommands_flags_and_other_files_are_left_to_clap ... ok
[INFO] [stdout] test reference::tests::the_signature_grammar_reads_what_it_says ... ok
[INFO] [stdout] test repl::tests::a_point_names_the_top_level_form_around_it ... ok
[INFO] [stdout] test repl::tests::an_expression_is_not_mistaken_for_a_point ... ok
[INFO] [stderr]      Running tests/ast_resolved.rs (/opt/rustwide/target/release/deps/ast_resolved-1d92cdbc1f71b8f7)
[INFO] [stdout] test script::tests::a_b_file_runs_quietly_with_its_arguments_verbatim ... ok
[INFO] [stdout] test watch::tests::the_verb_is_optional_and_defaults_to_check ... ok
[INFO] [stdout] test config::tests::every_field_is_emitted_by_the_module_trio ... ok
[INFO] [stdout] test config::tests::resolve_tier_dispatches_through_shikumi ... ok
[INFO] [stdout] test reference::tests::the_probe_sees_the_full_runtime ... ok
[INFO] [stdout] test reference::tests::every_row_names_a_bound_name ... ok
[INFO] [stdout] test reference::tests::every_signature_matches_its_arity ... ok
[INFO] [stdout] test reference::tests::every_bound_name_is_described ... ok
[INFO] [stdout] 
[INFO] [stdout] test result: ok. 27 passed; 0 failed; 0 ignored; 0 measured; 0 filtered out; finished in 0.01s
[INFO] [stdout] 
[INFO] [stdout] 
[INFO] [stdout] running 2 tests
[INFO] [stdout] test every_resolved_json_field_is_documented ... ok
[INFO] [stdout] test the_resolved_json_is_stable ... ok
[INFO] [stderr]      Running tests/capability_surface.rs (/opt/rustwide/target/release/deps/capability_surface-99ade7692afb5837)
[INFO] [stdout] 
[INFO] [stdout] test result: ok. 2 passed; 0 failed; 0 ignored; 0 measured; 0 filtered out; finished in 0.02s
[INFO] [stdout] 
[INFO] [stdout] 
[INFO] [stdout] running 6 tests
[INFO] [stdout] test each_host_capability_carries_a_real_bundle_and_a_real_import ... ok
[INFO] [stdout] test sys_installs_a_measurable_surface ... ok
[INFO] [stdout] test every_host_capability_name_is_installed_by_the_sys_layer ... ok
[INFO] [stdout] test interpreter_hostless_binds_the_host_layer_when_sys_is_enabled ... ok
[INFO] [stdout] test every_sys_name_is_claimed_by_exactly_one_host_capability ... ok
[INFO] [stdout] test no_pure_capability_grants_a_host_name ... ok
[INFO] [stdout] 
[INFO] [stdout] test result: ok. 6 passed; 0 failed; 0 ignored; 0 measured; 0 filtered out; finished in 0.01s
[INFO] [stdout] 
[INFO] [stderr]      Running tests/check_corpus.rs (/opt/rustwide/target/release/deps/check_corpus-ae69e4bf46f4a0d3)
[INFO] [stdout] 
[INFO] [stdout] running 3 tests
[INFO] [stdout] test distribution_definitions_that_replace_builtins_are_pinned ... ok
[INFO] [stdout] test the_check_stage_reports_no_error_on_the_corpus ... ok
[INFO] [stdout] test the_reach_walk_and_the_name_table_agree_on_free_names ... ok
[INFO] [stdout] 
[INFO] [stdout] test result: ok. 3 passed; 0 failed; 0 ignored; 0 measured; 0 filtered out; finished in 7.51s
[INFO] [stdout] 
[INFO] [stderr]      Running tests/check_json.rs (/opt/rustwide/target/release/deps/check_json-7cbb6b5c1958e91e)
[INFO] [stdout] 
[INFO] [stdout] running 5 tests
[INFO] [stdout] test every_field_and_code_is_documented ... ok
[INFO] [stdout] test a_syntax_error_is_a_json_diagnostic_too ... ok
[INFO] [stdout] test fix_applies_only_machine_applicable_fixes ... ok
[INFO] [stdout] test the_json_output_is_stable ... ok
[INFO] [stdout] test an_override_is_recorded_after_the_diagnostics ... ok
[INFO] [stdout] 
[INFO] [stdout] test result: ok. 5 passed; 0 failed; 0 ignored; 0 measured; 0 filtered out; finished in 0.02s
[INFO] [stdout] 
[INFO] [stderr]      Running tests/cli.rs (/opt/rustwide/target/release/deps/cli-30578c9f131ce864)
[INFO] [stdout] 
[INFO] [stdout] running 70 tests
[INFO] [stdout] test a_missing_file_fails_with_the_path_named ... ok
[INFO] [stdout] test an_explicit_tier_beats_the_config_file ... ok
[INFO] [stdout] test a_program_without_declarations_still_runs ... ok
[INFO] [stdout] test an_undeclared_input_name_is_its_own_error ... ok
[INFO] [stdout] test ast_keeps_annotations_and_erase_drops_them ... ok
[INFO] [stdout] test a_declared_input_with_no_flag_names_the_missing_flag ... ok
[INFO] [stdout] test bluefile_json_reads_back_check ... ok
[INFO] [stdout] test bluefile_json_reads_back_source ... ok
[INFO] [stdout] test bluefile_json_reads_back_app ... ok
[INFO] [stdout] test bluefile_json_reads_back_run ... ok
[INFO] [stdout] test a_file_the_formatter_refuses_is_a_compile_error_naming_the_line ... ok
[INFO] [stdout] test a_bluefile_without_a_package_call_fails ... ok
[INFO] [stdout] test bluefile_json_refuses_a_malformed_call ... ok
[INFO] [stdout] test bluefile_json_reads_back_identity_needs_and_posture ... ok
[INFO] [stdout] test bluefile_json_refuses_a_misspelled_word_naming_it ... ok
[INFO] [stdout] test check_exits_non_zero_on_a_type_error ... ok
[INFO] [stdout] test bluefile_json_reads_back_packages ... ok
[INFO] [stdout] test confirm_fails_when_there_is_no_lock ... ok
[INFO] [stdout] test config_show_prints_the_prescribed_bounds ... ok
[INFO] [stdout] test check_reports_zero_analysis_for_an_untyped_program ... ok
[INFO] [stdout] test config_show_bare_is_the_zero_opinion_floor ... ok
[INFO] [stdout] test bluefile_json_reads_back_catalog ... ok
[INFO] [stdout] test check_reports_analysis_for_an_annotated_program ... ok
[INFO] [stdout] test config_show_prints_the_execution_bounds ... ok
[INFO] [stdout] test bluefile_json_reads_back_tool ... ok
[INFO] [stdout] test a_macro_reads_a_content_addressed_input ... ok
[INFO] [stdout] test a_messy_writable_package_loaded_by_use_is_formatted ... ok
[INFO] [stdout] test fmt_check_fails_on_unformatted_input ... ok
[INFO] [stdout] test fmt_output_is_already_formatted ... ok
[INFO] [stdout] test deps_resolves_against_a_distribution_on_the_load_path ... ok
[INFO] [stdout] test fmt_check_settles_on_a_commented_file ... ok
[INFO] [stdout] test fmt_does_not_turn_a_call_into_a_method_send ... ok
[INFO] [stdout] test bluefile_json_reads_back_generate ... ok
[INFO] [stdout] test erase_is_the_identity_on_untyped_source ... ok
[INFO] [stdout] test deps_reports_the_manifest_including_a_computed_version ... ok
[INFO] [stdout] test confirm_fails_on_a_zeroed_hash ... ok
[INFO] [stdout] test fmt_write_places_a_comment_inside_a_body ... ok
[INFO] [stdout] test deps_says_it_cannot_resolve_rather_than_printing_a_hollow_resolution ... ok
[INFO] [stdout] test fmt_write_refuses_a_comment_it_cannot_place ... ok
[INFO] [stdout] test fmt_check_does_not_rewrite_the_file ... ok
[INFO] [stdout] test bluefile_needs_exactly_one_mode_and_json_one_file ... ok
[INFO] [stdout] test fmt_write_preserves_comments ... ok
[INFO] [stdout] test fmt_write_still_works_without_comments ... ok
[INFO] [stdout] test input_bytes_must_match_the_declared_hash ... ok
[INFO] [stdout] test help_lists_every_subcommand ... ok
[INFO] [stdout] test no_arguments_is_an_error_not_a_silent_success ... ok
[INFO] [stdout] test fmt_write_rewrites_in_place ... ok
[INFO] [stdout] test posture_reports_the_declared_floor ... ok
[INFO] [stdout] test run_executes_a_program_and_prints_its_value ... ok
[INFO] [stdout] test run_rejects_a_type_error_with_a_failing_exit_code ... ok
[INFO] [stdout] test run_refuses_a_read_only_messy_file_and_leaves_it_alone ... ok
[INFO] [stdout] test run_accepts_the_same_program_without_annotations ... ok
[INFO] [stdout] test solver_max_steps_is_read_from_the_deployed_yaml ... ok
[INFO] [stdout] test every_bidama_lock_is_confirmed_fresh ... ok
[INFO] [stdout] test max_expr_depth_is_read_from_the_deployed_yaml ... ok
[INFO] [stdout] test lock_writes_a_lock_that_confirm_accepts ... ok
[INFO] [stdout] test max_call_depth_is_read_from_the_deployed_yaml ... ok
[INFO] [stdout] test test_exits_non_zero_when_a_test_fails ... ok
[INFO] [stdout] test write_stdout_prints_plain_text ... ok
[INFO] [stdout] test run_quiet_prints_only_what_the_program_writes ... ok
[INFO] [stdout] test test_failure_reports_the_expression_as_written ... ok
[INFO] [stdout] test run_passes_the_programs_arguments_to_argv ... ok
[INFO] [stdout] test test_formats_the_file_under_test ... ok
[INFO] [stdout] test test_on_a_file_with_no_tests_reports_zero_and_fails ... ok
[INFO] [stdout] test test_runs_a_passing_suite_and_exits_zero ... ok
[INFO] [stdout] test run_formats_a_messy_writable_file_in_place_and_runs_it ... ok
[INFO] [stdout] test confirm_fails_until_an_edited_bluefile_is_relocked ... ok
[INFO] [stdout] test max_steps_is_read_from_the_deployed_yaml ... ok
[INFO] [stdout] test a_deep_recursion_completes_on_the_default_bounds ... ok
[INFO] [stdout] test a_run_past_fifty_million_steps_completes_under_the_default_config ... ok
[INFO] [stdout] 
[INFO] [stderr]      Running tests/deploy.rs (/opt/rustwide/target/release/deps/deploy-3922c1cde9ba4906)
[INFO] [stdout] test result: ok. 70 passed; 0 failed; 0 ignored; 0 measured; 0 filtered out; finished in 16.20s
[INFO] [stdout] 
[INFO] [stdout] 
[INFO] [stdout] running 4 tests
[INFO] [stdout] test lock_refuses_every_bad_entry_by_name ... ok
[INFO] [stdout] test diff_without_a_context_is_refused_before_touching_anything ... ok
[INFO] [stdout] test image_build_refuses_an_undeclared_image_before_nix ... ok
[INFO] [stdout] test render_write_writes_what_render_prints ... ok
[INFO] [stdout] 
[INFO] [stdout] test result: ok. 4 passed; 0 failed; 0 ignored; 0 measured; 0 filtered out; finished in 0.04s
[INFO] [stdout] 
[INFO] [stderr]      Running tests/doc.rs (/opt/rustwide/target/release/deps/doc-26c78e693c92b10a)
[INFO] [stdout] 
[INFO] [stdout] running 5 tests
[INFO] [stdout] test a_builtin_has_its_signature_doc_tier_and_spec_row_example ... ok
[INFO] [stdout] test a_bidama_definition_has_its_doc_namespace_and_test_example ... ok
[INFO] [stdout] test an_unknown_name_fails_naming_where_it_looked ... ok
[INFO] [stdout] test a_package_name_lists_the_package ... ok
[INFO] [stdout] test a_bare_name_answers_every_owner_and_file_gives_the_tier ... ok
[INFO] [stdout] 
[INFO] [stdout] test result: ok. 5 passed; 0 failed; 0 ignored; 0 measured; 0 filtered out; finished in 9.96s
[INFO] [stdout] 
[INFO] [stderr]      Running tests/legacy_names.rs (/opt/rustwide/target/release/deps/legacy_names-6314cf446ba5c952)
[INFO] [stdout] 
[INFO] [stdout] running 3 tests
[INFO] [stdout] test a_move_that_cannot_mean_one_thing_is_refused ... ok
[INFO] [stdout] test the_bridge_warns_outside_refuses_inside_and_closes_at_the_next_minor ... ok
[INFO] [stdout] test a_moved_name_bridges_to_its_new_home ... ok
[INFO] [stdout] 
[INFO] [stdout] test result: ok. 3 passed; 0 failed; 0 ignored; 0 measured; 0 filtered out; finished in 0.15s
[INFO] [stdout] 
[INFO] [stderr]      Running tests/lsp_session.rs (/opt/rustwide/target/release/deps/lsp_session-f4362d559d7f081b)
[INFO] [stdout] 
[INFO] [stdout] running 2 tests
[INFO] [stdout] test a_real_session_returns_semantic_tokens_for_an_open_buffer ... ok
[INFO] [stdout] test a_buffer_that_does_not_parse_still_answers_a_token_request ... ok
[INFO] [stdout] 
[INFO] [stdout] test result: ok. 2 passed; 0 failed; 0 ignored; 0 measured; 0 filtered out; finished in 0.08s
[INFO] [stdout] 
[INFO] [stderr]      Running tests/migrate.rs (/opt/rustwide/target/release/deps/migrate-8ffa9580f30b9c85)
[INFO] [stdout] 
[INFO] [stdout] running 1 test
[INFO] [stdout] test a_transitive_reference_is_listed_needed_and_proven ... ok
[INFO] [stdout] 
[INFO] [stdout] test result: ok. 1 passed; 0 failed; 0 ignored; 0 measured; 0 filtered out; finished in 0.16s
[INFO] [stdout] 
[INFO] [stderr]      Running tests/observe.rs (/opt/rustwide/target/release/deps/observe-471e6bf2469d7cd7)
[INFO] [stdout] 
[INFO] [stdout] running 11 tests
[INFO] [stdout] test a_runtime_error_prints_the_blue_call_stack ... ok
[INFO] [stdout] test try_still_catches_an_error_with_a_stack ... ok
[INFO] [stdout] test run_format_json_carries_the_stack ... ok
[INFO] [stdout] test a_deep_stack_is_bounded_and_folded ... ok
[INFO] [stdout] test coverage_counts_calls_and_lists_the_uncovered ... ok
[INFO] [stdout] test profile_charges_each_definition_its_own_allocations ... ok
[INFO] [stdout] test a_directory_runs_every_file_with_tests ... ok
[INFO] [stdout] test a_test_error_names_its_line_and_its_stack ... ok
[INFO] [stdout] test profile_counts_every_call ... ok
[INFO] [stdout] test trace_prints_each_call_and_its_value ... ok
[INFO] [stdout] test filter_runs_only_matching_tests ... ok
[INFO] [stdout] 
[INFO] [stdout] test result: ok. 11 passed; 0 failed; 0 ignored; 0 measured; 0 filtered out; finished in 0.07s
[INFO] [stdout] 
[INFO] [stderr]      Running tests/project_rules.rs (/opt/rustwide/target/release/deps/project_rules-6e26095b9898c60e)
[INFO] [stdout] 
[INFO] [stdout] running 8 tests
[INFO] [stdout] test a_waiver_names_a_project_code_like_a_registry_one ... ok
[INFO] [stdout] test fix_applies_a_project_rules_fix ... ok
[INFO] [stdout] test a_file_with_no_project_rules_is_checked_as_before ... ok
[INFO] [stdout] test a_project_rule_reports_a_finding_at_its_node ... ok
[INFO] [stdout] test a_project_finding_is_a_json_diagnostic_with_its_fix ... ok
[INFO] [stdout] test a_warning_rule_reports_without_failing ... ok
[INFO] [stdout] test a_rule_reaching_for_read_file_is_refused_by_the_frame ... ok
[INFO] [stdout] test a_runaway_rule_is_a_rule_failure_not_a_hang ... ok
[INFO] [stdout] 
[INFO] [stdout] test result: ok. 8 passed; 0 failed; 0 ignored; 0 measured; 0 filtered out; finished in 1.34s
[INFO] [stdout] 
[INFO] [stderr]      Running tests/registry_graph.rs (/opt/rustwide/target/release/deps/registry_graph-2ca46da637ab293c)
[INFO] [stdout] 
[INFO] [stdout] running 2 tests
[INFO] [stdout] test the_registry_dependency_graph_is_acyclic ... ok
[INFO] [stdout] test no_sibling_dev_dependency_carries_a_version ... ok
[INFO] [stderr]      Running tests/replay.rs (/opt/rustwide/target/release/deps/replay-4c7ece4d0267a58d)
[INFO] [stdout] 
[INFO] [stdout] test result: ok. 2 passed; 0 failed; 0 ignored; 0 measured; 0 filtered out; finished in 0.06s
[INFO] [stdout] 
[INFO] [stdout] 
[INFO] [stdout] running 3 tests
[INFO] [stdout] test a_file_that_is_not_a_trace_is_refused_by_name ... ok
[INFO] [stdout] test replay_reproduces_the_crash_from_the_trace_alone ... ok
[INFO] [stdout] test a_tampered_trace_is_not_reported_as_reproduced ... ok
[INFO] [stdout] 
[INFO] [stdout] test result: ok. 3 passed; 0 failed; 0 ignored; 0 measured; 0 filtered out; finished in 0.03s
[INFO] [stdout] 
[INFO] [stderr]      Running tests/scripts.rs (/opt/rustwide/target/release/deps/scripts-54df138da9919791)
[INFO] [stdout] 
[INFO] [stdout] running 12 tests
[INFO] [stdout] test a_file_without_a_blue_shebang_is_not_run ... ok
[INFO] [stdout] test a_bare_file_runs_quietly_with_its_arguments_verbatim ... ok
[INFO] [stdout] test a_subcommand_beats_a_file_of_its_name ... ok
[INFO] [stdout] test the_formatter_keeps_the_shebang ... ok
[INFO] [stdout] test a_script_in_a_project_uses_the_projects_packages ... ok
[INFO] [stdout] test a_failing_script_exits_non_zero ... ok
[INFO] [stdout] test blue_path_overrides_the_compiled_in_distribution ... ok
[INFO] [stdout] test a_missing_b_file_is_reported_as_a_missing_file ... ok
[INFO] [stdout] test a_shebang_script_runs_directly ... ok
[INFO] [stdout] test a_script_with_no_structure_uses_the_standard_distribution ... ok
[INFO] [stdout] test blue_new_writes_what_passes_its_own_gates ... ok
[INFO] [stdout] test blue_watch_reruns_on_save ... ok
[INFO] [stdout] 
[INFO] [stdout] test result: ok. 12 passed; 0 failed; 0 ignored; 0 measured; 0 filtered out; finished in 1.58s
[INFO] [stdout] 
[INFO] [stderr]      Running tests/serve.rs (/opt/rustwide/target/release/deps/serve-27d5726f95c2b4d5)
[INFO] [stdout] 
[INFO] [stdout] running 10 tests
[INFO] [stdout] test a_budget_ends_an_infinite_loop_as_exhausted ... ok
[INFO] [stdout] test a_function_redefined_in_the_session_changes_every_caller ... ok
[INFO] [stdout] test expand_answers_the_form_one_step_or_fully ... ok
[INFO] [stdout] test reset_forgets_and_bad_requests_are_named ... ok
[INFO] [stdout] test eval_once_prints_the_value_or_says_why_not ... ok
[INFO] [stdout] test reaching_the_host_is_refused_as_volatile_unless_the_session_allows_it ... ok
[INFO] [stdout] test the_repl_reads_multi_line_input_and_its_commands_from_a_pipe ... ok
[INFO] [stdout] test load_then_eval_complete_and_doc_in_the_files_context ... ok
[INFO] [stdout] test eval_answers_a_value_and_what_the_code_wrote ... ok
[INFO] [stderr]      Running unittests src/lib.rs (/opt/rustwide/target/release/deps/blue_lang_fmt-7d8ad99ebbd394a7)
[INFO] [stdout] test interrupt_halts_an_infinite_loop_while_it_runs ... ok
[INFO] [stdout] 
[INFO] [stdout] test result: ok. 10 passed; 0 failed; 0 ignored; 0 measured; 0 filtered out; finished in 0.45s
[INFO] [stdout] 
[INFO] [stdout] 
[INFO] [stdout] running 35 tests
[INFO] [stdout] test doc::tests::a_comment_is_zero_wide_to_the_width_decision ... ok
[INFO] [stdout] test doc::tests::text_renders_verbatim ... ok
[INFO] [stdout] test doc::tests::a_hard_line_breaks_its_group_and_is_indented ... ok
[INFO] [stdout] test doc::tests::width_changes_the_output ... ok
[INFO] [stdout] test tests::a_lambda_is_its_own_group ... ok
[INFO] [stdout] test doc::tests::a_group_that_does_not_fit_breaks_every_line_inside_it ... ok
[INFO] [stdout] test doc::tests::a_break_parent_breaks_only_its_own_group ... ok
[INFO] [stdout] test doc::tests::no_line_ends_in_whitespace ... ok
[INFO] [stdout] test doc::tests::a_group_that_fits_stays_flat ... ok
[INFO] [stdout] test doc::tests::nest_indents_the_broken_lines ... ok
[INFO] [stdout] test doc::tests::rendering_is_deterministic ... ok
[INFO] [stdout] test tests::a_blank_line_in_a_body_is_kept_as_one ... ok
[INFO] [stdout] test tests::a_comment_after_an_operator_is_placed ... ok
[INFO] [stdout] test tests::a_comment_between_a_binding_and_its_value_is_refused_by_line ... ok
[INFO] [stdout] test tests::a_long_chain_breaks_after_each_operator ... ok
[INFO] [stdout] test doc::tests::inner_groups_decide_independently ... ok
[INFO] [stdout] test tests::a_symbol_key_always_renders_as_the_shorthand ... ok
[INFO] [stdout] test tests::a_long_map_breaks_one_entry_per_line ... ok
[INFO] [stdout] test tests::a_non_symbol_key_keeps_the_rocket_because_it_must ... ok
[INFO] [stdout] test tests::an_else_holding_only_an_if_renders_as_elsif ... ok
[INFO] [stdout] test tests::both_spellings_of_one_call_format_identically ... ok
[INFO] [stdout] test tests::an_ordinary_call_renders_as_a_call ... ok
[INFO] [stdout] test tests::top_level_rhythm ... ok
[INFO] [stdout] test tests::left_associativity_survives_the_round_trip ... ok
[INFO] [stdout] test tests::unary_forms_render_back_to_their_surface ... ok
[INFO] [stdout] test tests::if_else_renders_as_a_block ... ok
[INFO] [stdout] test tests::def_and_if_render_as_blocks ... ok
[INFO] [stdout] test tests::comments_inside_a_body_are_placed ... ok
[INFO] [stdout] test tests::comments_inside_a_call_and_a_list_are_placed ... ok
[INFO] [stdout] test tests::floats_render_so_they_lex_back_as_floats ... ok
[INFO] [stdout] test tests::precedence_is_preserved_without_redundant_parens ... ok
[INFO] [stdout] test tests::send_syntax_parses_and_converges_on_the_call_form ... ok
[INFO] [stdout] test tests::strings_are_re_escaped ... ok
[INFO] [stdout] test tests::parens_are_emitted_only_where_precedence_requires_them ... ok
[INFO] [stdout] test tests::nested_blocks_indent_cumulatively ... ok
[INFO] [stdout] 
[INFO] [stdout] test result: ok. 35 passed; 0 failed; 0 ignored; 0 measured; 0 filtered out; finished in 0.03s
[INFO] [stdout] 
[INFO] [stderr]      Running tests/corpus.rs (/opt/rustwide/target/release/deps/corpus-d3d119127a37c61b)
[INFO] [stdout] 
[INFO] [stdout] running 6 tests
[INFO] [stdout] test the_formatter_width_is_the_law_width ... ok
[INFO] [stdout] test the_width_law_tells_a_long_token_from_a_missed_break ... ok
[INFO] [stdout] test the_corpus_walk_finds_the_repository ... ok
[INFO] [stdout] test no_formatted_line_is_wider_than_the_width_unless_it_must_be ... ok
[INFO] [stdout] test every_file_formats ... ok
[INFO] [stdout] test every_file_keeps_its_meaning_and_its_comments ... ok
[INFO] [stdout] 
[INFO] [stdout] test result: ok. 6 passed; 0 failed; 0 ignored; 0 measured; 0 filtered out; finished in 2.09s
[INFO] [stdout] 
[INFO] [stderr]      Running tests/every_form.rs (/opt/rustwide/target/release/deps/every_form-a037a1ddc25422ba)
[INFO] [stdout] 
[INFO] [stdout] running 3 tests
[INFO] [stdout] test the_vocabulary_reaches_the_printers_special_heads ... ok
[INFO] [stdout] test found_cases_round_trip ... ok
[INFO] [stderr]      Running tests/laws.rs (/opt/rustwide/target/release/deps/laws-4f1c86273ef237ed)
[INFO] [stdout] test every_accepted_program_round_trips ... ok
[INFO] [stdout] 
[INFO] [stdout] test result: ok. 3 passed; 0 failed; 0 ignored; 0 measured; 0 filtered out; finished in 1.62s
[INFO] [stdout] 
[INFO] [stdout] 
[INFO] [stdout] running 31 tests
[INFO] [stdout] test callees_are_unique ... ok
[INFO] [stdout] test a_binding_inside_an_expression_stays_a_call ... ok
[INFO] [stdout] test a_leading_comment_survives_formatting ... ok
[INFO] [stdout] test a_trailing_comment_stays_trailing ... ok
[INFO] [stdout] test a_binding_renders_as_an_assignment ... ok
[INFO] [stdout] test a_comment_with_no_line_is_refused_with_its_line ... ok
[INFO] [stdout] test a_hash_inside_a_string_is_not_a_comment ... ok
[INFO] [stdout] test equal_trees_format_to_equal_text ... ok
[INFO] [stdout] test a_deliberate_blank_line_after_a_comment_is_kept ... ok
[INFO] [stdout] test a_comment_block_is_not_padded_with_blank_lines ... ok
[INFO] [stdout] test a_comment_inside_a_body_is_placed_where_it_sat ... ok
[INFO] [stdout] test a_comment_between_forms_stays_between_them ... ok
[INFO] [stdout] test comments_around_a_definition_survive ... ok
[INFO] [stdout] test a_hand_written_concat_stays_a_call ... ok
[INFO] [stdout] test a_multi_line_comment_block_survives_in_order ... ok
[INFO] [stdout] test a_def_still_renders_as_a_def ... ok
[INFO] [stdout] test interpolation_renders_as_interpolation ... ok
[INFO] [stdout] test placeable_comments_do_not_trigger_the_refusal ... ok
[INFO] [stdout] test every_surface_keyword_appears_in_the_corpus ... ok
[INFO] [stdout] test formatting_with_comments_is_idempotent ... ok
[INFO] [stdout] test formatting_with_comments_preserves_the_tree ... ok
[INFO] [stdout] test the_formatter_actually_reformats_something ... ok
[INFO] [stdout] test width_is_a_constant_not_a_parameter ... ok
[INFO] [stdout] test no_comment_is_lost ... ok
[INFO] [stdout] test formatting_is_idempotent ... ok
[INFO] [stdout] test every_printed_form_keeps_its_own_binding ... ok
[INFO] [stdout] test every_operator_in_the_table_round_trips ... ok
[INFO] [stdout] test every_corpus_entry_parses ... ok
[INFO] [stdout] test formatting_preserves_the_tree ... ok
[INFO] [stdout] test generated_programs_obey_every_layout_law ... ok
[INFO] [stdout] test generated_comments_are_kept_in_order ... ok
[INFO] [stdout] 
[INFO] [stdout] test result: ok. 31 passed; 0 failed; 0 ignored; 0 measured; 0 filtered out; finished in 0.23s
[INFO] [stdout] 
[INFO] [stderr]      Running tests/totality.rs (/opt/rustwide/target/release/deps/totality-696b725fbe7ea3c3)
[INFO] [stdout] 
[INFO] [stdout] running 4 tests
[INFO] [stdout] test lossless_formatting_preserves_comment_count ... ok
[INFO] [stdout] test formatting_is_idempotent_over_the_corpus ... ok
[INFO] [stdout] test hostile_inputs_do_not_abort_the_formatter ... ok
[INFO] [stdout] test no_prefix_of_the_corpus_panics_the_formatter ... ok
[INFO] [stderr]      Running unittests src/lib.rs (/opt/rustwide/target/release/deps/blue_lang_kiwari-ff1d480ecae91399)
[INFO] [stdout] 
[INFO] [stdout] test result: ok. 4 passed; 0 failed; 0 ignored; 0 measured; 0 filtered out; finished in 0.22s
[INFO] [stdout] 
[INFO] [stdout] 
[INFO] [stdout] running 0 tests
[INFO] [stdout] 
[INFO] [stdout] test result: ok. 0 passed; 0 failed; 0 ignored; 0 measured; 0 filtered out; finished in 0.00s
[INFO] [stderr]      Running tests/differential.rs (/opt/rustwide/target/release/deps/differential-a570b71bfe0313b5)
[INFO] [stdout] 
[INFO] [stdout] 
[INFO] [stdout] running 1 test
[INFO] [stderr]      Running tests/seam.rs (/opt/rustwide/target/release/deps/seam-0b33f783f573783b)
[INFO] [stdout] test the_emitted_parser_agrees_with_blue_on_the_corpus_and_every_prefix ... ok
[INFO] [stdout] 
[INFO] [stdout] test result: ok. 1 passed; 0 failed; 0 ignored; 0 measured; 0 filtered out; finished in 0.00s
[INFO] [stdout] 
[INFO] [stdout] 
[INFO] [stdout] running 1 test
[INFO] [stdout] test exactly_one_module_may_use_unsafe_and_it_is_the_tree_sitter_seam ... ok
[INFO] [stdout] 
[INFO] [stdout] test result: ok. 1 passed; 0 failed; 0 ignored; 0 measured; 0 filtered out; finished in 0.01s
[INFO] [stderr]      Running tests/spec.rs (/opt/rustwide/target/release/deps/spec-807cf9db203957bc)
[INFO] [stdout] 
[INFO] [stdout] 
[INFO] [stdout] running 4 tests
[INFO] [stdout] test the_reserved_words_are_parse_rs_words ... ok
[INFO] [stdout] test the_infix_table_is_parse_rs_table ... ok
[INFO] [stdout] test the_lowered_names_are_the_parser_s ... ok
[INFO] [stdout] test the_operator_aliases_are_kigou_aliases ... ok
[INFO] [stdout] 
[INFO] [stdout] test result: ok. 4 passed; 0 failed; 0 ignored; 0 measured; 0 filtered out; finished in 0.01s
[INFO] [stdout] 
[INFO] [stderr]      Running unittests src/lib.rs (/opt/rustwide/target/release/deps/blue_lang_lsp-322803299be19d1c)
[INFO] [stdout] 
[INFO] [stdout] running 74 tests
[INFO] [stdout] test analysis::tests::a_parse_error_does_not_cascade_into_type_errors ... ok
[INFO] [stdout] test analysis::tests::a_parse_error_is_reported_with_a_position ... ok
[INFO] [stdout] test analysis::tests::a_synthetic_span_becomes_the_whole_document_not_the_origin ... ok
[INFO] [stdout] test analysis::tests::a_type_error_is_reported_at_its_own_position ... ok
[INFO] [stdout] test analysis::tests::formatting_preserves_every_comment ... ok
[INFO] [stdout] test analysis::tests::hover_finds_a_declaration_from_its_call_site ... ok
[INFO] [stdout] test analysis::tests::declarations_are_found_for_defs_and_macros ... ok
[INFO] [stdout] test analysis::tests::positions_are_line_and_character ... ok
[INFO] [stdout] test analysis::tests::an_offset_past_the_end_is_clamped_rather_than_panicking ... ok
[INFO] [stdout] test analysis::tests::characters_are_counted_in_utf16_code_units ... ok
[INFO] [stdout] test analysis::tests::a_type_error_is_reported_and_tagged ... ok
[INFO] [stdout] test server::tests::a_clean_document_pushes_an_empty_diagnostic_list ... ok
[INFO] [stdout] test analysis::tests::hover_reports_the_signature_as_canonical_blue_source ... ok
[INFO] [stdout] test analysis::tests::positions_round_trip_through_offsets ... ok
[INFO] [stdout] test analysis::tests::a_clean_document_has_no_diagnostics_and_formats ... ok
[INFO] [stdout] test analysis::tests::an_unparseable_document_yields_no_formatting ... ok
[INFO] [stdout] test server::tests::an_unframed_message_does_not_desynchronise_the_stream ... ok
[INFO] [stdout] test server::tests::an_unknown_request_errors_and_an_unknown_notification_is_silent ... ok
[INFO] [stdout] test server::tests::a_reply_carries_the_requests_id ... ok
[INFO] [stdout] test server::tests::a_change_replaces_the_document_and_re_publishes ... ok
[INFO] [stdout] test server::tests::closing_a_document_clears_its_diagnostics ... ok
[INFO] [stdout] test analysis::tests::the_editor_and_the_cli_format_identically ... ok
[INFO] [stdout] test analysis::tests::hover_on_nothing_is_none ... ok
[INFO] [stdout] test server::tests::code_actions_offer_the_fixes ... ok
[INFO] [stdout] test server::tests::hover_on_a_document_the_server_does_not_have_is_null ... ok
[INFO] [stdout] test server::tests::initialize_advertises_semantic_tokens_with_a_derived_legend ... ok
[INFO] [stdout] test server::tests::opening_a_document_pushes_diagnostics ... ok
[INFO] [stdout] test analysis::tests::a_type_diagnostic_position_counts_utf16_code_units ... ok
[INFO] [stdout] test analysis::tests::an_untyped_program_produces_no_type_diagnostics ... ok
[INFO] [stdout] test server::tests::sync_is_advertised_as_full_because_that_is_what_is_implemented ... ok
[INFO] [stdout] test server::tests::semantic_tokens_for_an_unopened_document_is_null_not_empty ... ok
[INFO] [stdout] test server::tests::the_loop_ends_at_eof ... ok
[INFO] [stdout] test server::tests::completion_offers_names_in_scope ... ok
[INFO] [stdout] test server::tests::formatting_returns_a_whole_document_edit ... ok
[INFO] [stdout] test server::tests::shutdown_is_acknowledged_and_recorded ... ok
[INFO] [stdout] test server::tests::the_stdio_loop_frames_a_reply ... ok
[INFO] [stdout] test shift::tests::a_capability_declaration_reaches_the_restricted_rung ... ok
[INFO] [stdout] test shift::tests::a_file_with_no_declarations_has_no_rung ... ok
[INFO] [stdout] test shift::tests::a_fully_annotated_program_is_checked ... ok
[INFO] [stdout] test shift::tests::an_unannotated_program_is_dynamic_and_costs_nothing ... ok
[INFO] [stdout] test server::tests::hover_carries_the_shift_reading ... ok
[INFO] [stdout] test shift::tests::rungs_are_ordered_loose_to_locked ... ok
[INFO] [stdout] test server::tests::the_pushed_reading_moves_with_the_document ... ok
[INFO] [stdout] test shift::tests::the_reading_changes_as_the_program_shifts ... ok
[INFO] [stdout] test server::tests::hover_returns_the_signature ... ok
[INFO] [stdout] test shift::tests::the_ramp_fills_with_the_rung ... ok
[INFO] [stdout] test tokens::tests::a_broken_buffer_paints_nothing_rather_than_half ... ok
[INFO] [stdout] test server::tests::hover_names_what_is_holding_the_shift_back ... ok
[INFO] [stdout] test tokens::tests::a_qualified_name_paints_its_package_as_a_namespace ... ok
[INFO] [stdout] test analysis::tests::a_declaration_range_is_the_declaration_not_the_whole_file ... ok
[INFO] [stdout] test shift::tests::an_unparseable_document_has_no_rung ... ok
[INFO] [stdout] test shift::tests::one_untyped_declaration_holds_the_whole_document_back ... ok
[INFO] [stdout] test server::tests::every_edit_pushes_a_shift_reading ... ok
[INFO] [stdout] test analysis::tests::no_type_diagnostic_lands_on_a_default_or_whole_document_range ... ok
[INFO] [stdout] test server::tests::semantic_tokens_full_paints_an_open_document ... ok
[INFO] [stdout] test shift::tests::the_report_names_what_is_holding_it_back ... ok
[INFO] [stdout] test shift::tests::the_summary_carries_the_position_and_its_cost ... ok
[INFO] [stdout] test tokens::tests::brackets_and_separators_carry_no_token ... ok
[INFO] [stdout] test server::tests::formatting_an_unparseable_document_returns_null_not_an_empty_edit ... ok
[INFO] [stdout] test tokens::tests::adjacent_paren_makes_a_call_head_and_a_space_does_not ... ok
[INFO] [stdout] test tokens::tests::encoding_a_real_program_never_underflows ... ok
[INFO] [stdout] test tokens::tests::no_token_ever_spans_a_line ... ok
[INFO] [stdout] test tokens::tests::encoding_is_delta_on_the_same_line_and_absolute_across_lines ... ok
[INFO] [stdout] test tokens::tests::literals_and_trivia ... ok
[INFO] [stdout] test tokens::tests::def_name_is_a_function_declaration ... ok
[INFO] [stdout] test tokens::tests::modifier_bits_are_distinct_powers_of_two ... ok
[INFO] [stdout] test tokens::tests::keywords_come_from_blue_not_from_a_transcription ... ok
[INFO] [stdout] test tokens::tests::hash_label_is_a_property ... ok
[INFO] [stdout] test tokens::tests::legend_order_matches_discriminants ... ok
[INFO] [stdout] test tokens::tests::positions_are_utf16_code_units ... ok
[INFO] [stdout] test server::tests::diagnostics_carry_their_code ... ok
[INFO] [stdout] test server::tests::the_shift_request_returns_located_factors ... ok
[INFO] [stdout] test shift::tests::a_capability_declaration_does_not_rescue_an_untyped_file ... ok
[INFO] [stderr]      Running tests/engine_session.rs (/opt/rustwide/target/release/deps/engine_session-d6817c73e9d10f26)
[INFO] [stdout] test server::tests::initialize_advertises_only_what_is_implemented ... ok
[INFO] [stdout] 
[INFO] [stdout] test result: ok. 74 passed; 0 failed; 0 ignored; 0 measured; 0 filtered out; finished in 0.09s
[INFO] [stdout] 
[INFO] [stdout] 
[INFO] [stdout] running 15 tests
[INFO] [stdout] test references_find_every_use ... ok
[INFO] [stdout] test signature_help_reads_the_open_call ... ok
[INFO] [stdout] test rename_edits_every_use_and_refuses_a_capture ... ok
[INFO] [stdout] test fix_all_applies_what_blue_check_fix_applies ... ok
[INFO] [stdout] test hover_reads_a_bidamas_definition ... ok
[INFO] [stdout] test document_symbols_list_the_files_items ... ok
[INFO] [stdout] test rename_reaches_every_open_document ... ok
[INFO] [stdout] test definition_reaches_into_a_bidama_and_to_locals ... ok
[INFO] [stdout] test workspace_symbols_search_open_files_and_loaded_bidamas ... ok
[INFO] [stdout] test one_parse_per_revision ... ok
[INFO] [stdout] test completion_inside_junjo_offers_retsus_first_at_the_imports_tier ... ok
[INFO] [stdout] test each_bidama_loads_once_per_session ... ok
[INFO] [stdout] test a_name_one_use_away_carries_its_use ... ok
[INFO] [stdout] test completion_ranks_by_the_resolution_tiers ... ok
[INFO] [stderr]      Running tests/totality.rs (/opt/rustwide/target/release/deps/totality-28ed9ba5e75994cf)
[INFO] [stdout] test completion_mid_edit_answers_from_the_last_revision_that_parsed ... ok
[INFO] [stdout] 
[INFO] [stdout] test result: ok. 15 passed; 0 failed; 0 ignored; 0 measured; 0 filtered out; finished in 2.41s
[INFO] [stdout] 
[INFO] [stdout] 
[INFO] [stdout] running 6 tests
[INFO] [stdout] test analysing_the_same_source_twice_agrees ... ok
[INFO] [stdout] test hostile_sources_do_not_abort_the_lsp ... ok
[INFO] [stdout] test non_ascii_source_does_not_panic_the_offset_mapping ... ok
[INFO] [stdout] test hover_survives_the_delete_race ... ok
[INFO] [stdout] test hover_survives_any_position_including_out_of_bounds ... ok
[INFO] [stdout] test no_prefix_of_the_corpus_panics_analyse ... ok
[INFO] [stdout] 
[INFO] [stdout] test result: ok. 6 passed; 0 failed; 0 ignored; 0 measured; 0 filtered out; finished in 5.69s
[INFO] [stderr]      Running unittests src/lib.rs (/opt/rustwide/target/release/deps/blue_lang_mondou-b9087861c5fbfd57)
[INFO] [stdout] 
[INFO] [stdout] 
[INFO] [stdout] running 14 tests
[INFO] [stdout] test def_hash::tests::components_are_emitted_callees_first ... ok
[INFO] [stdout] test items::tests::the_doc_is_the_comment_block_directly_above_and_skips_a_waiver ... ok
[INFO] [stdout] test signature::tests::the_open_call_and_the_argument_index_are_read_off_the_tokens ... ok
[INFO] [stdout] test signature::tests::parameters_split_at_the_top_level_only ... ok
[INFO] [stdout] test items::tests::items_name_each_definition_test_and_use ... ok
[INFO] [stdout] test def_hash::tests::the_hash_prints_as_a_b3_declaration ... ok
[INFO] [stdout] test def_hash::tests::equal_trees_hash_equal_and_different_kinds_do_not ... ok
[INFO] [stdout] test def_hash::tests::a_value_definition_a_function_reads_is_part_of_its_hash ... ok
[INFO] [stdout] test locals::tests::locals_in_scope_are_the_enclosing_frames_innermost_first ... ok
[INFO] [stdout] test def_hash::tests::a_rename_changes_names_and_no_hash ... ok
[INFO] [stdout] test def_hash::tests::layout_comments_and_position_are_not_in_the_hash ... ok
[INFO] [stdout] test def_hash::tests::an_edit_to_a_callee_changes_every_caller_and_nothing_else ... ok
[INFO] [stdout] test def_hash::tests::mutual_recursion_hashes_as_one_unit_with_distinct_members ... ok
[INFO] [stderr]      Running unittests src/lib.rs (/opt/rustwide/target/release/deps/blue_lang_pkg-49b2a159fc64eeb7)
[INFO] [stdout] test def_hash::tests::a_long_chain_does_not_overflow ... ok
[INFO] [stdout] 
[INFO] [stdout] test result: ok. 14 passed; 0 failed; 0 ignored; 0 measured; 0 filtered out; finished in 0.12s
[INFO] [stdout] 
[INFO] [stdout] 
[INFO] [stdout] running 149 tests
[INFO] [stdout] test bluefile::tests::a_manifest_naming_something_outside_the_frame_is_refused ... ok
[INFO] [stdout] test bluefile::tests::a_misspelled_word_is_an_escape_naming_it ... ok
[INFO] [stdout] test bluefile::tests::a_non_string_package_argument_is_malformed_not_dropped ... ok
[INFO] [stdout] test bluefile::tests::a_bluefile_without_the_new_words_has_an_empty_project ... ok
[INFO] [stdout] test bluefile::tests::a_non_string_needs_argument_is_malformed_not_dropped ... ok
[INFO] [stdout] test bluefile::tests::a_posture_that_is_neither_string_nor_keyword_is_malformed ... ok
[INFO] [stdout] test bluefile::tests::a_malformed_version_is_reported_as_a_version_error ... ok
[INFO] [stdout] test bluefile::tests::a_manifest_can_be_conditional ... ok
[INFO] [stdout] test bluefile::tests::a_malformed_rule_is_refused_naming_its_argument ... ok
[INFO] [stdout] test bluefile::tests::a_read_of_an_undeclared_run_is_refused ... ok
[INFO] [stdout] test bluefile::tests::a_bluefile_declares_a_package_and_its_needs ... ok
[INFO] [stdout] test bluefile::tests::a_refused_manifest_never_runs_its_earlier_forms ... ok
[INFO] [stdout] test bluefile::tests::a_run_may_read_one_declared_later ... ok
[INFO] [stdout] test bluefile::tests::a_second_declaration_of_one_name_is_refused ... ok
[INFO] [stdout] test bluefile::tests::an_empty_generated_map_is_absent_from_the_json ... ok
[INFO] [stdout] test bluefile::tests::a_runtime_error_in_a_bluefile_is_reported ... ok
[INFO] [stdout] test bluefile::tests::a_syntax_error_in_a_bluefile_is_reported_as_one ... ok
[INFO] [stdout] test bluefile::tests::a_malformed_range_is_reported ... ok
[INFO] [stdout] test bluefile::tests::a_generator_without_inputs_serializes_as_before ... ok
[INFO] [stdout] test bluefile::tests::a_bluefile_with_no_package_call_is_rejected ... ok
[INFO] [stdout] test bluefile::tests::app_records_a_program ... ok
[INFO] [stdout] test bluefile::tests::catalog_records_where_the_catalogue_is_committed ... ok
[INFO] [stdout] test bluefile::tests::an_undeclared_posture_is_the_top_not_the_bottom ... ok
[INFO] [stdout] test bluefile::tests::an_unknown_posture_is_rejected_not_ignored ... ok
[INFO] [stdout] test bluefile::tests::every_when_round_trips_through_its_label ... ok
[INFO] [stdout] test bluefile::tests::every_word_is_described ... ok
[INFO] [stdout] test bluefile::tests::a_declared_posture_lowers_the_floor ... ok
[INFO] [stdout] test bluefile::tests::check_records_a_test_file ... ok
[INFO] [stdout] test bluefile::tests::generate_records_the_inputs_its_program_reads ... ok
[INFO] [stdout] test bluefile::tests::a_manifest_can_compute_its_own_values ... ok
[INFO] [stdout] test bluefile::tests::packages_records_local_roots_in_declaration_order ... ok
[INFO] [stdout] test bluefile::tests::every_word_is_unclaimed_by_the_runtime_and_bound_by_the_manifest ... ok
[INFO] [stdout] test bluefile::tests::rule_records_a_definition_under_its_code ... ok
[INFO] [stdout] test bluefile::tests::the_manifest_frame_grants_exactly_the_vocabulary_it_always_did ... ok
[INFO] [stdout] test bluefile::tests::the_manifest_frame_refuses_the_host_surface ... ok
[INFO] [stdout] test bluefile::tests::the_word_table_is_the_manifest_capability ... ok
[INFO] [stdout] test bluefile::tests::reads_must_be_a_list_of_strings ... ok
[INFO] [stdout] test bluefile::tests::a_catalog_with_no_packages_is_refused ... ok
[INFO] [stdout] test bluefile::tests::run_records_a_program_and_the_runs_it_reads ... ok
[INFO] [stdout] test bluefile::tests::a_manifest_can_use_a_macro ... ok
[INFO] [stdout] test bluefile::tests::the_frame_permits_every_operator_the_parser_lowers_to ... ok
[INFO] [stdout] test deploy::diff::tests::a_changed_scalar_and_a_missing_field_are_reported_with_their_paths ... ok
[INFO] [stdout] test deploy::diff::tests::fields_only_the_cluster_holds_are_not_changes ... ok
[INFO] [stdout] test canonical::tests::a_file_the_formatter_refuses_is_a_compile_error_naming_the_line ... ok
[INFO] [stdout] test canonical::tests::a_canonical_file_is_compiled_as_written ... ok
[INFO] [stdout] test canonical::tests::a_store_path_is_never_written ... ok
[INFO] [stdout] test canonical::tests::a_read_only_messy_file_is_refused_and_left_alone ... ok
[INFO] [stdout] test bluefile::tests::generate_records_a_committed_file_and_its_program ... ok
[INFO] [stdout] test deploy::diff::tests::identical_objects_have_no_changes ... ok
[INFO] [stdout] test deploy::diff::tests::named_lists_match_by_name_not_position ... ok
[INFO] [stdout] test deploy::render::tests::a_workload_of_a_declared_image_renders_a_deployment_and_a_service ... ok
[INFO] [stdout] test deploy::diff::tests::other_lists_match_by_position ... ok
[INFO] [stdout] test deploy::service::tests::a_minimal_service_takes_every_default ... ok
[INFO] [stdout] test bluefile::tests::source_records_a_named_distribution_root ... ok
[INFO] [stdout] test deploy::render::tests::rendering_an_undeclared_workload_names_the_declared_ones ... ok
[INFO] [stdout] test bluefile::tests::tool_records_a_nixpkgs_attribute ... ok
[INFO] [stdout] test deploy::service::tests::settings_flags_and_tables_are_recorded_typed ... ok
[INFO] [stdout] test bluefile::tests::runs_that_read_each_other_in_a_cycle_are_refused ... ok
[INFO] [stdout] test deploy::tests::a_deviation_with_its_reason_is_recorded ... ok
[INFO] [stdout] test deploy::tests::a_dns_label_is_what_kubernetes_accepts ... ok
[INFO] [stdout] test deploy::service::tests::names_and_types_follow_their_rules ... ok
[INFO] [stdout] test deploy::tests::a_misspelled_field_is_refused_naming_it ... ok
[INFO] [stdout] test bluefile::tests::a_path_leaving_the_project_is_malformed ... ok
[INFO] [stdout] test deploy::render::tests::a_workload_of_a_pinned_image_assumes_nothing_about_it ... ok
[INFO] [stdout] test deploy::service::tests::a_service_may_not_share_an_image_name_or_an_output ... ok
[INFO] [stdout] test bluefile::tests::wrong_arity_is_malformed_and_quotes_the_signature ... ok
[INFO] [stdout] test canonical::tests::a_writable_messy_file_is_rewritten_and_the_canonical_text_compiled ... ok
[INFO] [stdout] test deploy::render::tests::rendering_is_deterministic_and_ends_in_a_newline ... ok
[INFO] [stdout] test deploy::tests::a_pinned_ref_is_a_digest_or_a_tag_other_than_latest ... ok
[INFO] [stdout] test deploy::tests::a_reason_without_a_deviation_is_refused ... ok
[INFO] [stdout] test deploy::tests::a_workload_image_is_declared_or_pinned ... ok
[INFO] [stdout] test deploy::tests::a_project_without_images_or_workloads_has_neither_key ... ok
[INFO] [stdout] test deploy::tests::a_quantity_is_a_decimal_and_a_suffix ... ok
[INFO] [stdout] test deploy::tests::a_shell_or_tools_without_a_reason_is_refused ... ok
[INFO] [stdout] test deploy::tests::a_workload_records_its_defaults ... ok
[INFO] [stdout] test deploy::tests::an_image_records_its_args_assets_and_ports ... ok
[INFO] [stdout] test deploy::tests::env_names_are_c_identifiers ... ok
[INFO] [stdout] test deploy::tests::a_workload_records_resources_env_and_secrets ... ok
[INFO] [stdout] test deploy::tests::every_refused_entry_is_reported_in_one_pass_naming_itself ... ok
[INFO] [stdout] test embedded::tests::the_standard_distribution_is_compiled_in_and_serves_by_name ... ok
[INFO] [stdout] test deploy::tests::a_workload_output_may_not_overwrite_another_committed_file ... ok
[INFO] [stdout] test load_path::tests::a_missing_package_names_itself_and_where_we_looked ... ok
[INFO] [stdout] test deploy::service::tests::every_broken_rule_is_refused_by_name ... ok
[INFO] [stdout] test load_path::tests::empty_segments_are_dropped_rather_than_meaning_the_cwd ... ok
[INFO] [stdout] test load_path::tests::roots_are_searched_in_order_so_a_local_root_can_override ... ok
[INFO] [stdout] test load_path::tests::an_empty_path_says_so_rather_than_blaming_the_name ... ok
[INFO] [stdout] test load_path::tests::available_lists_every_bidama_on_the_path ... ok
[INFO] [stdout] test deploy::tests::an_image_is_distroless_unless_it_says_otherwise ... ok
[INFO] [stdout] test load_path::tests::a_file_in_a_project_finds_the_projects_package_roots ... ok
[INFO] [stdout] test load_path::tests::a_root_overrides_the_compiled_in_package ... ok
[INFO] [stdout] test embedded::tests::each_package_carries_its_own_bluefile ... ok
[INFO] [stdout] test deploy::tests::image_specs_are_refused_by_rule ... ok
[INFO] [stdout] test deploy::tests::workload_combinations_are_refused_by_rule ... ok
[INFO] [stdout] test load_path::tests::the_same_call_without_the_import_fails ... ok
[INFO] [stdout] test load_path::tests::a_package_is_what_its_bluefile_names_and_none_is_blue ... ok
[INFO] [stdout] test load_path::tests::the_standard_distribution_answers_after_every_root ... ok
[INFO] [stdout] test lock::tests::a_failed_prefetch_is_an_error_naming_the_source ... ok
[INFO] [stdout] test lock::tests::a_pin_survives_reordered_and_extra_keys ... ok
[INFO] [stdout] test lock::tests::a_hand_edited_manifest_is_stale_even_with_the_right_hash ... ok
[INFO] [stdout] test lock::tests::a_pin_that_does_not_match_the_declared_sources_is_stale ... ok
[INFO] [stdout] test load_path::tests::the_nearest_project_owns_the_file ... ok
[INFO] [stdout] test lock::tests::an_unknown_key_or_a_future_schema_is_stale_not_ignored ... ok
[INFO] [stdout] test lock::tests::a_lock_pins_every_source_and_records_the_evaluation ... ok
[INFO] [stdout] test lock::tests::no_lock_is_stale_as_missing ... ok
[INFO] [stdout] test lock::tests::a_missing_rev_is_named_by_its_key ... ok
[INFO] [stdout] test lock::tests::two_disagreeing_nar_hashes_are_refused_not_chosen_between ... ok
[INFO] [stdout] test lock::tests::a_pin_is_read_by_key_from_real_prefetch_output ... ok
[INFO] [stdout] test project_rules::tests::a_path_names_a_node_and_an_absent_one_names_none ... ok
[INFO] [stdout] test project_rules::tests::a_fix_is_proved_by_reparsing_and_parenthesised_when_it_must_be ... ok
[INFO] [stdout] test lock::tests::a_rendered_lock_round_trips_and_is_confirmed_fresh ... ok
[INFO] [stdout] test lock::tests::a_zeroed_hash_is_stale ... ok
[INFO] [stdout] test lock::tests::freshness_serializes_with_a_status_and_a_reason ... ok
[INFO] [stdout] test solve::learning::learning_never_changes_the_resolution ... ok
[INFO] [stdout] test lock::tests::an_edited_bluefile_is_stale_until_relocked ... ok
[INFO] [stdout] test solve::learning::learning_skips_a_dead_end_already_proved ... ok
[INFO] [stdout] test project_rules::tests::a_fix_that_cannot_be_proved_is_maybe_incorrect ... ok
[INFO] [stdout] test solve::learning::the_dead_end_is_paid_for_once_regardless_of_branching ... ok
[INFO] [stdout] test solve::learning::learned_facts_do_not_leak_between_solves ... ok
[INFO] [stdout] test solve::learning::learning_does_not_degrade_the_conflict_report ... ok
[INFO] [stdout] test solve::soundness::a_context_dependent_failure_does_not_condemn_the_candidate ... ok
[INFO] [stdout] test solve::soundness::a_context_dependent_subtree_failure_does_not_condemn_the_candidate ... ok
[INFO] [stdout] test solve::soundness::learning_is_answer_preserving_across_a_family_of_graphs ... ok
[INFO] [stdout] test solve::tests::the_solver_backtracks_past_an_unsatisfiable_newest_version ... ok
[INFO] [stdout] test solve::tests::a_conflict_names_both_requirements_and_what_was_available ... ok
[INFO] [stdout] test version::tests::a_pre_release_is_rejected_rather_than_silently_truncated ... ok
[INFO] [stdout] test solve::tests::transitive_dependencies_resolve ... ok
[INFO] [stdout] test solve::tests::a_diamond_resolves_to_a_single_shared_version ... ok
[INFO] [stdout] test solve::tests::a_rejected_candidate_does_not_poison_the_retry ... ok
[INFO] [stdout] test version::tests::a_bare_version_means_caret_not_exact ... ok
[INFO] [stdout] test solve::tests::a_single_dependency_resolves_to_the_newest_match ... ok
[INFO] [stdout] test solve::tests::an_empty_root_resolves_to_an_empty_set ... ok
[INFO] [stdout] test solve::tests::the_same_graph_resolves_with_a_normal_budget ... ok
[INFO] [stdout] test solve::tests::an_unpublished_package_is_distinguishable_from_an_unsatisfiable_one ... ok
[INFO] [stdout] test solve::tests::exhaustion_is_reported_as_its_own_case_not_as_a_conflict ... ok
[INFO] [stdout] test solve::tests::resolution_is_deterministic ... ok
[INFO] [stdout] test version::tests::incompatible_ranges_intersect_to_empty ... ok
[INFO] [stdout] test version::tests::caret_treats_zero_x_minor_as_breaking ... ok
[INFO] [stdout] test version::tests::an_unbounded_intersection_normalizes_to_any ... ok
[INFO] [stdout] test version::tests::intersection_is_commutative_and_idempotent ... ok
[INFO] [stdout] test version::tests::malformed_versions_are_rejected ... ok
[INFO] [stdout] test version::tests::any_is_the_intersection_identity ... ok
[INFO] [stdout] test version::tests::newest_first_sorts_and_dedups ... ok
[INFO] [stdout] test version::tests::ranges_intersect ... ok
[INFO] [stdout] test load_path::tests::an_imported_function_is_actually_callable ... ok
[INFO] [stdout] test version::tests::same_set_as_separates_genuinely_different_ranges ... ok
[INFO] [stdout] test version::tests::versions_parse_and_order ... ok
[INFO] [stdout] test bluefile::tests::every_bluefile_in_the_distribution_stays_inside_the_frame ... ok
[INFO] [stdout] test version::tests::exact_intersections_are_membership_questions ... ok
[INFO] [stdout] test load_path::tests::the_repos_own_distribution_is_a_valid_root ... ok
[INFO] [stdout] 
[INFO] [stdout] test result: ok. 149 passed; 0 failed; 0 ignored; 0 measured; 0 filtered out; finished in 0.08s
[INFO] [stdout] 
[INFO] [stderr]      Running tests/distribution.rs (/opt/rustwide/target/release/deps/distribution-e4ef58e521da3013)
[INFO] [stdout] 
[INFO] [stdout] running 9 tests
[INFO] [stdout] test every_manifest_names_its_own_directory ... ok
[INFO] [stdout] test every_declared_dependency_exists ... ok
[INFO] [stdout] test no_two_packages_define_the_same_name ... ok
[INFO] [stdout] test every_declared_dependency_is_actually_imported ... ok
[INFO] [stdout] test every_bidama_has_a_name_ledger_row ... ok
[INFO] [stdout] test every_legacy_prefix_is_in_the_ledger ... ok
[INFO] [stdout] test every_moved_name_is_in_the_ledger ... ok
[INFO] [stdout] test exact_duplicate_shapes_only_fall ... ok
[INFO] [stdout] test every_bidama_passes_its_own_tests ... FAILED
[INFO] [stdout] 
[INFO] [stdout] failures:
[INFO] [stdout] 
[INFO] [stdout] ---- every_bidama_passes_its_own_tests stdout ----
[INFO] [stdout] 
[INFO] [stdout] thread '<unnamed>' (7104) panicked at crates/blue-lang-pkg/tests/distribution.rs:186:5:
[INFO] [stdout] 11 problem(s) across the distribution:
[INFO] [stdout] anaritikusu: ERROR the database for a simulated day: every view's numbers, checked by hand, and the fold as the differential
[INFO] [stdout]   /opt/rustwide/workdir/crates/blue-lang-pkg/../../bidamas/kueri/kueri.b:2494:17: in native `exec_capture`: No such file or directory (os error 2)
[INFO] [stdout]   at kueri::duckdb_at (/opt/rustwide/workdir/crates/blue-lang-pkg/../../bidamas/kueri/kueri.b:2494:17)
[INFO] [stdout]   at kueri::run_at (/opt/rustwide/workdir/crates/blue-lang-pkg/../../bidamas/kueri/kueri.b:2544:11)
[INFO] [stdout]   at anaritikusu::build (/opt/rustwide/workdir/crates/blue-lang-pkg/../../bidamas/anaritikusu/anaritikusu.b:2095:3)
[INFO] [stdout]   at <top level> (/opt/rustwide/workdir/crates/blue-lang-pkg/../../bidamas/anaritikusu/anaritikusu.b:2622:8)
[INFO] [stdout] anaritikusu: ERROR observed breaches and uses no permit covered: each found, with the reason, and asking for its task
[INFO] [stdout]   /opt/rustwide/workdir/crates/blue-lang-pkg/../../bidamas/kueri/kueri.b:2494:17: in native `exec_capture`: No such file or directory (os error 2)
[INFO] [stdout]   at kueri::duckdb_at (/opt/rustwide/workdir/crates/blue-lang-pkg/../../bidamas/kueri/kueri.b:2494:17)
[INFO] [stdout]   at kueri::run_at (/opt/rustwide/workdir/crates/blue-lang-pkg/../../bidamas/kueri/kueri.b:2544:11)
[INFO] [stdout]   at anaritikusu::build (/opt/rustwide/workdir/crates/blue-lang-pkg/../../bidamas/anaritikusu/anaritikusu.b:2095:3)
[INFO] [stdout]   at <top level> (/opt/rustwide/workdir/crates/blue-lang-pkg/../../bidamas/anaritikusu/anaritikusu.b:3097:8)
[INFO] [stdout] anaritikusu: ERROR a stricter reader: an applied event becomes a breach, and asks for its task
[INFO] [stdout]   /opt/rustwide/workdir/crates/blue-lang-pkg/../../bidamas/kueri/kueri.b:2494:17: in native `exec_capture`: No such file or directory (os error 2)
[INFO] [stdout]   at kueri::duckdb_at (/opt/rustwide/workdir/crates/blue-lang-pkg/../../bidamas/kueri/kueri.b:2494:17)
[INFO] [stdout]   at kueri::run_at (/opt/rustwide/workdir/crates/blue-lang-pkg/../../bidamas/kueri/kueri.b:2544:11)
[INFO] [stdout]   at anaritikusu::build (/opt/rustwide/workdir/crates/blue-lang-pkg/../../bidamas/anaritikusu/anaritikusu.b:2095:3)
[INFO] [stdout]   at <top level> (/opt/rustwide/workdir/crates/blue-lang-pkg/../../bidamas/anaritikusu/anaritikusu.b:3220:8)
[INFO] [stdout] anaritikusu: ERROR as of, with two records of the linked entity in one second: the state after the later one
[INFO] [stdout]   /opt/rustwide/workdir/crates/blue-lang-pkg/../../bidamas/kueri/kueri.b:2494:17: in native `exec_capture`: No such file or directory (os error 2)
[INFO] [stdout]   at kueri::duckdb_at (/opt/rustwide/workdir/crates/blue-lang-pkg/../../bidamas/kueri/kueri.b:2494:17)
[INFO] [stdout]   at kueri::run_at (/opt/rustwide/workdir/crates/blue-lang-pkg/../../bidamas/kueri/kueri.b:2544:11)
[INFO] [stdout]   at anaritikusu::build (/opt/rustwide/workdir/crates/blue-lang-pkg/../../bidamas/anaritikusu/anaritikusu.b:2095:3)
[INFO] [stdout]   at <top level> (/opt/rustwide/workdir/crates/blue-lang-pkg/../../bidamas/anaritikusu/anaritikusu.b:3330:8)
[INFO] [stdout] kueri: ERROR q_write_sql writes the @generated file a consumer commits and gates fresh
[INFO] [stdout]   /opt/rustwide/workdir/crates/blue-lang-pkg/../../bidamas/kueri/kueri.b:2396:3: in native `write_file`: ./kueri-write-test.sql: Read-only file system (os error 30)
[INFO] [stdout]   at kueri::write_sql (/opt/rustwide/workdir/crates/blue-lang-pkg/../../bidamas/kueri/kueri.b:2396:3)
[INFO] [stdout]   at <top level> (/opt/rustwide/workdir/crates/blue-lang-pkg/../../bidamas/kueri/kueri.b:3266:10)
[INFO] [stdout] kueri: ERROR the DuckDB seam: an empty result is not a failure, a broken query is not empty, and 1.0 needs its type
[INFO] [stdout]   /opt/rustwide/workdir/crates/blue-lang-pkg/../../bidamas/kueri/kueri.b:2488:17: in native `exec_capture`: No such file or directory (os error 2)
[INFO] [stdout]   at kueri::duckdb (/opt/rustwide/workdir/crates/blue-lang-pkg/../../bidamas/kueri/kueri.b:2488:17)
[INFO] [stdout]   at <top level> (/opt/rustwide/workdir/crates/blue-lang-pkg/../../bidamas/kueri/kueri.b:3280:7)
[INFO] [stdout] kueri: ERROR end to end: both dialects' SQL, over fixture files, gives the known leverage and tipping answers
[INFO] [stdout]   /opt/rustwide/workdir/crates/blue-lang-pkg/../../bidamas/kueri/kueri.b:3309:11: in native `write_file`: ./kueri-e2e-horizons.tsv: Read-only file system (os error 30)
[INFO] [stdout]   at fn (/opt/rustwide/workdir/crates/blue-lang-pkg/../../bidamas/kueri/kueri.b:3309:11)
[INFO] [stdout]   at <top level> (/opt/rustwide/workdir/crates/blue-lang-pkg/../../bidamas/kueri/kueri.b:3308:3)
[INFO] [stdout] kueri: ERROR JSON Lines and literal rows load with declared types, and struct fields and explode read them
[INFO] [stdout]   /opt/rustwide/workdir/crates/blue-lang-pkg/../../bidamas/kueri/kueri.b:3415:3: in native `write_file`: ./kueri-records-1792299409505641294.jsonl: Read-only file system (os error 30)
[INFO] [stdout] kueri: ERROR lead, lag, coalesce, a conditional, null tests and an asof join: rendered once and run
[INFO] [stdout]   /opt/rustwide/workdir/crates/blue-lang-pkg/../../bidamas/kueri/kueri.b:2488:17: in native `exec_capture`: No such file or directory (os error 2)
[INFO] [stdout]   at kueri::duckdb (/opt/rustwide/workdir/crates/blue-lang-pkg/../../bidamas/kueri/kueri.b:2488:17)
[INFO] [stdout]   at kueri::script_rows (/opt/rustwide/workdir/crates/blue-lang-pkg/../../bidamas/kueri/kueri.b:2533:11)
[INFO] [stdout]   at kueri::example_run (/opt/rustwide/workdir/crates/blue-lang-pkg/../../bidamas/kueri/kueri.b:3406:5)
[INFO] [stdout]   at <top level> (/opt/rustwide/workdir/crates/blue-lang-pkg/../../bidamas/kueri/kueri.b:3618:10)
[INFO] [stdout] kueri: ERROR a script builds a database file of views, upstream first, and q_rows never reads a failure as no rows
[INFO] [stdout]   /opt/rustwide/workdir/crates/blue-lang-pkg/../../bidamas/kueri/kueri.b:2494:17: in native `exec_capture`: No such file or directory (os error 2)
[INFO] [stdout]   at kueri::duckdb_at (/opt/rustwide/workdir/crates/blue-lang-pkg/../../bidamas/kueri/kueri.b:2494:17)
[INFO] [stdout]   at <top level> (/opt/rustwide/workdir/crates/blue-lang-pkg/../../bidamas/kueri/kueri.b:3689:25)
[INFO] [stdout] kueri: ERROR q_rows reads values by conversion, so a DuckDB display change never changes a value's type
[INFO] [stdout]   /opt/rustwide/workdir/crates/blue-lang-pkg/../../bidamas/kueri/kueri.b:2488:17: in native `exec_capture`: No such file or directory (os error 2)
[INFO] [stdout]   at kueri::duckdb (/opt/rustwide/workdir/crates/blue-lang-pkg/../../bidamas/kueri/kueri.b:2488:17)
[INFO] [stdout]   at kueri::rows (/opt/rustwide/workdir/crates/blue-lang-pkg/../../bidamas/kueri/kueri.b:2522:11)
[INFO] [stdout]   at <top level> (/opt/rustwide/workdir/crates/blue-lang-pkg/../../bidamas/kueri/kueri.b:3709:10)
[INFO] [stdout] stack backtrace:
[INFO] [stdout]    0:     0x570b6ac670c1 - <<std[70759c8f55707aa4]::sys::backtrace::BacktraceLock>::print::DisplayBacktrace as core[df12db4294e9bfd3]::fmt::Display>::fmt
[INFO] [stdout]    1:     0x570b6ac7f71a - core[df12db4294e9bfd3]::fmt::write
[INFO] [stdout]    2:     0x570b6ac6c06c - <alloc[2182bb758b4b3781]::vec::Vec<u8> as core[df12db4294e9bfd3]::io::write::Write>::write_fmt
[INFO] [stdout]    3:     0x570b6ac3eee6 - std[70759c8f55707aa4]::panicking::default_hook::{closure#0}
[INFO] [stdout]    4:     0x570b6ac5db59 - std[70759c8f55707aa4]::panicking::default_hook
[INFO] [stdout]    5:     0x570b6a93e9e0 - test[9d35eded1c95d3be]::test_main_inner::<test[9d35eded1c95d3be]::test_main_static::{closure#0}>::{closure#0}
[INFO] [stdout]    6:     0x570b6ac5de82 - std[70759c8f55707aa4]::panicking::panic_with_hook
[INFO] [stdout]    7:     0x570b6ac3ef92 - std[70759c8f55707aa4]::panicking::panic_handler::{closure#0}
[INFO] [stdout]    8:     0x570b6ac37889 - std[70759c8f55707aa4]::sys::backtrace::__rust_end_short_backtrace::<std[70759c8f55707aa4]::panicking::panic_handler::{closure#0}, !>
[INFO] [stdout]    9:     0x570b6ac3ff2d - __rustc[8fa7c3cbc660c2b3]::rust_begin_unwind
[INFO] [stdout]   10:     0x570b6ac7fe7c - core[df12db4294e9bfd3]::panicking::panic_fmt
[INFO] [stdout]   11:     0x570b6a8fcbe2 - distribution[c2ec72641dcb8b9c]::every_bidama_passes_its_own_tests_inner
[INFO] [stdout]   12:     0x570b6a90dc2e - std[70759c8f55707aa4]::sys::backtrace::__rust_begin_short_backtrace::<distribution[c2ec72641dcb8b9c]::every_bidama_passes_its_own_tests_inner, ()>
[INFO] [stdout]   13:     0x570b6a90fee1 - <std[70759c8f55707aa4]::thread::lifecycle::spawn_unchecked<distribution[c2ec72641dcb8b9c]::every_bidama_passes_its_own_tests_inner, ()>::{closure#1} as core[df12db4294e9bfd3]::ops::function::FnOnce<()>>::call_once::{shim:vtable#0}
[INFO] [stdout]   14:     0x570b6ac65cc9 - <std[70759c8f55707aa4]::sys::thread::unix::Thread>::new::thread_start
[INFO] [stdout]   15:     0x789fcd0aedfa - <unknown>
[INFO] [stdout]   16:     0x789fcd1423d4 - clone
[INFO] [stdout]   17:                0x0 - <unknown>
[INFO] [stdout] 
[INFO] [stdout] thread 'every_bidama_passes_its_own_tests' (7096) panicked at crates/blue-lang-pkg/tests/distribution.rs:142:10:
[INFO] [stdout] the distribution gate panicked: Any { .. }
[INFO] [stdout] stack backtrace:
[INFO] [stdout]    0:     0x570b6ac670c1 - <<std[70759c8f55707aa4]::sys::backtrace::BacktraceLock>::print::DisplayBacktrace as core[df12db4294e9bfd3]::fmt::Display>::fmt
[INFO] [stdout]    1:     0x570b6ac7f71a - core[df12db4294e9bfd3]::fmt::write
[INFO] [stdout]    2:     0x570b6ac6c06c - <alloc[2182bb758b4b3781]::vec::Vec<u8> as core[df12db4294e9bfd3]::io::write::Write>::write_fmt
[INFO] [stdout]    3:     0x570b6ac3eee6 - std[70759c8f55707aa4]::panicking::default_hook::{closure#0}
[INFO] [stdout]    4:     0x570b6ac5db59 - std[70759c8f55707aa4]::panicking::default_hook
[INFO] [stdout]    5:     0x570b6a93e9e0 - test[9d35eded1c95d3be]::test_main_inner::<test[9d35eded1c95d3be]::test_main_static::{closure#0}>::{closure#0}
[INFO] [stdout]    6:     0x570b6ac5de82 - std[70759c8f55707aa4]::panicking::panic_with_hook
[INFO] [stdout]    7:     0x570b6ac3ef92 - std[70759c8f55707aa4]::panicking::panic_handler::{closure#0}
[INFO] [stdout]    8:     0x570b6ac37889 - std[70759c8f55707aa4]::sys::backtrace::__rust_end_short_backtrace::<std[70759c8f55707aa4]::panicking::panic_handler::{closure#0}, !>
[INFO] [stdout]    9:     0x570b6ac3ff2d - __rustc[8fa7c3cbc660c2b3]::rust_begin_unwind
[INFO] [stdout]   10:     0x570b6ac7fe7c - core[df12db4294e9bfd3]::panicking::panic_fmt
[INFO] [stdout]   11:     0x570b6ac7fc52 - core[df12db4294e9bfd3]::result::unwrap_failed
[INFO] [stdout]   12:     0x570b6a900468 - <distribution[c2ec72641dcb8b9c]::every_bidama_passes_its_own_tests::{closure#0} as core[df12db4294e9bfd3]::ops::function::FnOnce<()>>::call_once
[INFO] [stdout]   13:     0x570b6a931ccb - test[9d35eded1c95d3be]::__rust_begin_short_backtrace::<core[df12db4294e9bfd3]::result::Result<(), alloc[2182bb758b4b3781]::string::String>, fn() -> core[df12db4294e9bfd3]::result::Result<(), alloc[2182bb758b4b3781]::string::String>>
[INFO] [stdout]   14:     0x570b6a93f335 - test[9d35eded1c95d3be]::run_test::{closure#0}
[INFO] [stdout]   15:     0x570b6a938bf4 - std[70759c8f55707aa4]::sys::backtrace::__rust_begin_short_backtrace::<test[9d35eded1c95d3be]::run_test::{closure#1}, ()>
[INFO] [stdout]   16:     0x570b6a942492 - <std[70759c8f55707aa4]::thread::lifecycle::spawn_unchecked<test[9d35eded1c95d3be]::run_test::{closure#1}, ()>::{closure#1} as core[df12db4294e9bfd3]::ops::function::FnOnce<()>>::call_once::{shim:vtable#0}
[INFO] [stdout]   17:     0x570b6ac65cc9 - <std[70759c8f55707aa4]::sys::thread::unix::Thread>::new::thread_start
[INFO] [stdout]   18:     0x789fcd0aedfa - <unknown>
[INFO] [stdout]   19:     0x789fcd1423d4 - clone
[INFO] [stdout]   20:                0x0 - <unknown>
[INFO] [stdout] 
[INFO] [stdout] 
[INFO] [stdout] failures:
[INFO] [stdout]     every_bidama_passes_its_own_tests
[INFO] [stdout] 
[INFO] [stdout] test result: FAILED. 8 passed; 1 failed; 0 ignored; 0 measured; 0 filtered out; finished in 34.13s
[INFO] [stdout] 
[INFO] [stderr] error: test failed, to rerun pass `-p blue-lang-pkg --test distribution`
[INFO] running `Command { std: "docker" "inspect" "0ecc1e9a18650ca14832e95ddf541a3abd3607365f3d60d3397a5dbc36c60e8b", kill_on_drop: false }`
[INFO] running `Command { std: "docker" "rm" "-f" "0ecc1e9a18650ca14832e95ddf541a3abd3607365f3d60d3397a5dbc36c60e8b", kill_on_drop: false }`
[INFO] [stdout] 0ecc1e9a18650ca14832e95ddf541a3abd3607365f3d60d3397a5dbc36c60e8b
