[INFO] cloning repository https://github.com/n2dio/aurelia
[INFO] running `Command { std: "git" "-c" "credential.helper=" "-c" "credential.helper=/workspace/cargo-home/bin/git-credential-null" "clone" "--bare" "https://github.com/n2dio/aurelia" "/workspace/cache/git-repos/https%3A%2F%2Fgithub.com%2Fn2dio%2Faurelia", kill_on_drop: false }`
[INFO] [stderr] Cloning into bare repository '/workspace/cache/git-repos/https%3A%2F%2Fgithub.com%2Fn2dio%2Faurelia'...
[INFO] running `Command { std: "git" "rev-parse" "HEAD", kill_on_drop: false }`
[INFO] [stdout] 7551c71356ce47f633d713c7f1d557fac2f2e223
[INFO] testing n2dio/aurelia against 1.99.0-beta.8+cargoflags=--release for beta-release-1.100-2
[INFO] running `Command { std: "git" "clone" "/workspace/cache/git-repos/https%3A%2F%2Fgithub.com%2Fn2dio%2Faurelia" "/workspace/builds/worker-5-tc1/source", kill_on_drop: false }`
[INFO] [stderr] Cloning into '/workspace/builds/worker-5-tc1/source'...
[INFO] [stderr] done.
[INFO] started tweaking git repo https://github.com/n2dio/aurelia
[INFO] finished tweaking git repo https://github.com/n2dio/aurelia
[INFO] tweaked toml for git repo https://github.com/n2dio/aurelia written to /workspace/builds/worker-5-tc1/source/Cargo.toml
[INFO] validating manifest of git repo https://github.com/n2dio/aurelia on toolchain 1.99.0-beta.8
[INFO] running `Command { std: CARGO_HOME="/workspace/cargo-home" RUSTUP_HOME="/workspace/rustup-home" "/workspace/cargo-home/bin/cargo" "+1.99.0-beta.8" "metadata" "--manifest-path" "Cargo.toml" "--no-deps", kill_on_drop: false }`
[INFO] crate git repo https://github.com/n2dio/aurelia already has a lockfile, it will not be regenerated
[INFO] running `Command { std: CARGO_HOME="/workspace/cargo-home" RUSTUP_HOME="/workspace/rustup-home" "/workspace/cargo-home/bin/cargo" "+1.99.0-beta.8" "fetch" "--manifest-path" "Cargo.toml", kill_on_drop: false }`
[INFO] [stderr]     Updating crates.io index
[INFO] [stderr]     Updating git repository `https://github.com/elbart/sql-press`
[INFO] [stderr]  Downloading crates ...
[INFO] [stderr]   Downloaded getrandom v0.2.6
[INFO] [stderr]   Downloaded quote v1.0.18
[INFO] [stderr]   Downloaded unic-ucd-version v0.9.0
[INFO] [stderr]   Downloaded unic-common v0.9.0
[INFO] [stderr]   Downloaded slug v0.1.4
[INFO] [stderr]   Downloaded wasm-bindgen-shared v0.2.80
[INFO] [stderr]   Downloaded unic-char-range v0.9.0
[INFO] [stderr]   Downloaded futures-macro v0.3.21
[INFO] [stderr]   Downloaded futures-io v0.3.21
[INFO] [stderr]   Downloaded unic-char-property v0.9.0
[INFO] [stderr]   Downloaded humansize v1.1.1
[INFO] [stderr]   Downloaded wasm-bindgen-backend v0.2.80
[INFO] [stderr]   Downloaded uncased v0.9.6
[INFO] [stderr]   Downloaded siphasher v0.3.10
[INFO] [stderr]   Downloaded chrono-tz-build v0.0.2
[INFO] [stderr]   Downloaded wasm-bindgen-macro v0.2.80
[INFO] [stderr]   Downloaded wasm-bindgen-macro-support v0.2.80
[INFO] [stderr]   Downloaded once_cell v1.10.0
[INFO] [stderr]   Downloaded unic-segment v0.9.0
[INFO] [stderr]   Downloaded unic-ucd-segment v0.9.0
[INFO] [stderr]   Downloaded proc-macro2 v1.0.38
[INFO] [stderr]   Downloaded crossbeam-utils v0.8.8
[INFO] [stderr]   Downloaded tracing-core v0.1.26
[INFO] [stderr]   Downloaded js-sys v0.3.57
[INFO] [stderr]   Downloaded time v0.3.9
[INFO] [stderr]   Downloaded wasm-bindgen v0.2.80
[INFO] [stderr]   Downloaded tracing v0.1.34
[INFO] [stderr]   Downloaded wasm-bindgen-futures v0.4.30
[INFO] [stderr]   Downloaded mio v0.8.3
[INFO] [stderr]   Downloaded tokio-util v0.7.1
[INFO] [stderr]   Downloaded parse-zoneinfo v0.3.0
[INFO] [stderr]   Downloaded fastrand v1.7.0
[INFO] [stderr]   Downloaded http v0.2.7
[INFO] [stderr]   Downloaded tera v1.15.0
[INFO] [stderr]   Downloaded indexmap v1.8.1
[INFO] [stderr]   Downloaded rustls-pemfile v0.3.0
[INFO] [stderr]   Downloaded tower v0.4.12
[INFO] [stderr]   Downloaded refinery v0.8.4
[INFO] [stderr]   Downloaded deunicode v0.4.3
[INFO] [stderr]   Downloaded refinery-macros v0.8.4
[INFO] [stderr]   Downloaded simple_asn1 v0.6.1
[INFO] [stderr]   Downloaded hyper-rustls v0.23.0
[INFO] [stderr]   Downloaded fast_log v1.5.4
[INFO] [stderr]   Downloaded dyn-clone v1.0.5
[INFO] [stderr]   Downloaded refinery-core v0.8.4
[INFO] [stderr]   Downloaded crossbeam v0.8.1
[INFO] [stderr]   Downloaded postgres-types v0.2.3
[INFO] [stderr]   Downloaded postgres-protocol v0.6.4
[INFO] [stderr]   Downloaded futures-executor v0.3.21
[INFO] [stderr]   Downloaded async-trait v0.1.53
[INFO] [stderr]   Downloaded serde_path_to_error v0.1.7
[INFO] [stderr]   Downloaded axum-core v0.2.4
[INFO] [stderr]   Downloaded jsonwebtoken v8.1.0
[INFO] [stderr]   Downloaded security-framework v2.6.1
[INFO] [stderr]   Downloaded openssl-sys v0.9.73
[INFO] [stderr]   Downloaded futures v0.3.21
[INFO] [stderr]   Downloaded crossbeam-epoch v0.9.8
[INFO] [stderr]   Downloaded tokio-postgres v0.7.6
[INFO] [stderr]   Downloaded oauth2 v4.2.0
[INFO] [stderr]   Downloaded ron v0.7.0
[INFO] [stderr]   Downloaded anyhow v1.0.57
[INFO] [stderr]   Downloaded reqwest v0.11.10
[INFO] [stderr]   Downloaded tracing-bunyan-formatter v0.3.2
[INFO] [stderr]   Downloaded crossbeam-channel v0.5.4
[INFO] [stderr]   Downloaded syn v1.0.94
[INFO] [stderr]   Downloaded axum v0.5.5
[INFO] [stderr]   Downloaded openidconnect v2.3.1
[INFO] [stderr]   Downloaded hyper v0.14.18
[INFO] [stderr]   Downloaded openssl v0.10.40
[INFO] [stderr]   Downloaded rustls v0.20.5
[INFO] [stderr]   Downloaded tokio v1.18.2
[INFO] [stderr]   Downloaded libc v0.2.125
[INFO] [stderr]   Downloaded chrono-tz v0.6.1
[INFO] [stderr]   Downloaded web-sys v0.3.57
[INFO] running `Command { std: "docker" "create" "-v" "/var/lib/crater-agent-workspace/builds/worker-5-tc1/source:/opt/rustwide/workdir:ro,Z" "-v" "/var/lib/crater-agent-workspace/builds/worker-5-tc1/target:/opt/rustwide/target:rw,Z" "-v" "/var/lib/crater-agent-workspace/cargo-home:/opt/rustwide/cargo-home:ro,Z" "-v" "/var/lib/crater-agent-workspace/rustup-home:/opt/rustwide/rustup-home:ro,Z" "-m" "1610612736" "--network" "none" "ghcr.io/rust-lang/crates-build-env/linux@sha256:77db811e55d90add9212f6832c23229e3de5f1c1f9905e8cb07319ea15df73ac" "sleep" "infinity", kill_on_drop: false }`
[INFO] [stdout] 8f58c3148cbb00bd1d9ea0e9124953411707c950147d7e84a6c3acdf68f408a1
[INFO] running `Command { std: "docker" "start" "8f58c3148cbb00bd1d9ea0e9124953411707c950147d7e84a6c3acdf68f408a1", kill_on_drop: false }`
[INFO] running `Command { std: "docker" "inspect" "8f58c3148cbb00bd1d9ea0e9124953411707c950147d7e84a6c3acdf68f408a1", kill_on_drop: false }`
[INFO] running `Command { std: "docker" "exec" "-e" "SOURCE_DIR=/opt/rustwide/workdir" "-e" "CARGO_HOME=/opt/rustwide/cargo-home" "-e" "RUSTUP_HOME=/opt/rustwide/rustup-home" "-e" "CARGO_TARGET_DIR=/opt/rustwide/target" "-w" "/opt/rustwide/workdir" "--user" "0:0" "8f58c3148cbb00bd1d9ea0e9124953411707c950147d7e84a6c3acdf68f408a1" "/opt/rustwide/cargo-home/bin/cargo" "+1.99.0-beta.8" "metadata" "--no-deps" "--format-version=1", kill_on_drop: false }`
[INFO] running `Command { std: "docker" "inspect" "8f58c3148cbb00bd1d9ea0e9124953411707c950147d7e84a6c3acdf68f408a1", kill_on_drop: false }`
[INFO] running `Command { std: "docker" "exec" "-e" "SOURCE_DIR=/opt/rustwide/workdir" "-e" "CARGO_HOME=/opt/rustwide/cargo-home" "-e" "RUSTUP_HOME=/opt/rustwide/rustup-home" "-e" "CARGO_TARGET_DIR=/opt/rustwide/target" "-e" "CARGO_INCREMENTAL=0" "-e" "RUST_BACKTRACE=full" "-e" "RUSTFLAGS=--cap-lints=warn" "-e" "RUSTDOCFLAGS=--cap-lints=warn" "-w" "/opt/rustwide/workdir" "--user" "0:0" "8f58c3148cbb00bd1d9ea0e9124953411707c950147d7e84a6c3acdf68f408a1" "/opt/rustwide/cargo-home/bin/cargo" "+1.99.0-beta.8" "build" "--frozen" "--message-format=json" "--release", kill_on_drop: false }`
[INFO] [stderr]    Compiling libc v0.2.125
[INFO] [stderr]    Compiling proc-macro2 v1.0.38
[INFO] [stderr]    Compiling syn v1.0.94
[INFO] [stderr]    Compiling once_cell v1.10.0
[INFO] [stderr]    Compiling cc v1.0.73
[INFO] [stderr]    Compiling serde v1.0.137
[INFO] [stderr]    Compiling smallvec v1.8.0
[INFO] [stderr]    Compiling futures-task v0.3.21
[INFO] [stderr]    Compiling futures-channel v0.3.21
[INFO] [stderr]    Compiling base64 v0.13.0
[INFO] [stderr]    Compiling futures-util v0.3.21
[INFO] [stderr]    Compiling untrusted v0.7.1
[INFO] [stderr]    Compiling futures-io v0.3.21
[INFO] [stderr]    Compiling tracing-core v0.1.26
[INFO] [stderr]    Compiling uncased v0.9.6
[INFO] [stderr]    Compiling crypto-common v0.1.3
[INFO] [stderr]    Compiling num-traits v0.2.15
[INFO] [stderr]    Compiling serde_json v1.0.81
[INFO] [stderr]    Compiling digest v0.10.3
[INFO] [stderr]    Compiling unicode-normalization v0.1.19
[INFO] [stderr]    Compiling http v0.2.7
[INFO] [stderr]    Compiling num-integer v0.1.45
[INFO] [stderr]    Compiling crossbeam-utils v0.8.8
[INFO] [stderr]    Compiling indexmap v1.8.1
[INFO] [stderr]    Compiling siphasher v0.3.10
[INFO] [stderr]    Compiling tinyvec v1.6.0
[INFO] [stderr]    Compiling spin v0.5.2
[INFO] [stderr]    Compiling crossbeam-queue v0.3.5
[INFO] [stderr]    Compiling regex-syntax v0.6.25
[INFO] [stderr]    Compiling async-trait v0.1.53
[INFO] [stderr]    Compiling block-buffer v0.10.2
[INFO] [stderr]    Compiling sha2 v0.10.2
[INFO] [stderr]    Compiling unicase v2.6.0
[INFO] [stderr]    Compiling unicode-bidi v0.3.8
[INFO] [stderr]    Compiling regex v1.5.5
[INFO] [stderr]    Compiling phf_shared v0.10.0
[INFO] [stderr]    Compiling hmac v0.12.1
[INFO] [stderr]    Compiling futures-core v0.3.21
[INFO] [stderr]    Compiling getrandom v0.2.6
[INFO] [stderr]    Compiling openssl v0.10.40
[INFO] [stderr]    Compiling parking_lot_core v0.9.3
[INFO] [stderr]    Compiling socket2 v0.4.4
[INFO] [stderr]    Compiling mio v0.8.3
[INFO] [stderr]    Compiling quote v1.0.18
[INFO] [stderr]    Compiling parking_lot v0.12.0
[INFO] [stderr]    Compiling signal-hook-registry v1.4.0
[INFO] [stderr]    Compiling num_cpus v1.13.1
[INFO] [stderr]    Compiling ring v0.16.20
[INFO] [stderr]    Compiling rand_core v0.6.3
[INFO] [stderr]    Compiling ahash v0.7.6
[INFO] [stderr]    Compiling rand_chacha v0.3.1
[INFO] [stderr]    Compiling hashbrown v0.11.2
[INFO] [stderr]    Compiling rand v0.8.5
[INFO] [stderr]    Compiling openssl-sys v0.9.73
[INFO] [stderr]    Compiling http-body v0.4.4
[INFO] [stderr]    Compiling idna v0.2.3
[INFO] [stderr]    Compiling time v0.1.43
[INFO] [stderr]    Compiling pin-project-lite v0.2.9
[INFO] [stderr]    Compiling want v0.3.0
[INFO] [stderr]    Compiling stringprep v0.1.2
[INFO] [stderr]    Compiling httparse v1.7.1
[INFO] [stderr]    Compiling md-5 v0.10.1
[INFO] [stderr]    Compiling rustls v0.20.5
[INFO] [stderr]    Compiling ucd-trie v0.1.3
[INFO] [stderr]    Compiling native-tls v0.2.10
[INFO] [stderr]    Compiling url v2.2.2
[INFO] [stderr]    Compiling tokio v1.18.2
[INFO] [stderr]    Compiling pest v2.1.3
[INFO] [stderr]    Compiling phf_generator v0.10.0
[INFO] [stderr]    Compiling quickcheck v1.0.3
[INFO] [stderr]    Compiling lock_api v0.4.7
[INFO] [stderr]    Compiling maplit v1.0.2
[INFO] [stderr]    Compiling openssl-probe v0.1.5
[INFO] [stderr]    Compiling parking_lot_core v0.8.5
[INFO] [stderr]    Compiling walkdir v2.3.2
[INFO] [stderr]    Compiling pest_meta v2.1.3
[INFO] [stderr]    Compiling phf v0.10.1
[INFO] [stderr]    Compiling phf_codegen v0.10.0
[INFO] [stderr]    Compiling thread_local v1.1.4
[INFO] [stderr]    Compiling crossbeam-epoch v0.9.8
[INFO] [stderr]    Compiling time v0.3.9
[INFO] [stderr]    Compiling parse-zoneinfo v0.3.0
[INFO] [stderr]    Compiling num-bigint v0.4.3
[INFO] [stderr]    Compiling futures-sink v0.3.21
[INFO] [stderr]    Compiling fallible-iterator v0.2.0
[INFO] [stderr]    Compiling either v1.6.1
[INFO] [stderr]    Compiling cpufeatures v0.2.2
[INFO] [stderr]    Compiling itertools v0.10.3
[INFO] [stderr]    Compiling nom v7.1.1
[INFO] [stderr]    Compiling postgres-protocol v0.6.4
[INFO] [stderr]    Compiling chrono-tz-build v0.0.2
[INFO] [stderr]    Compiling webpki v0.21.4
[INFO] [stderr]    Compiling sct v0.6.1
[INFO] [stderr]    Compiling rustls v0.19.1
[INFO] [stderr]    Compiling mime_guess v2.0.4
[INFO] [stderr]    Compiling parking_lot v0.11.2
[INFO] [stderr]    Compiling dirs-sys v0.3.7
[INFO] [stderr]    Compiling pest_generator v2.1.3
[INFO] [stderr]    Compiling sha-1 v0.10.0
[INFO] [stderr]    Compiling bstr v0.2.17
[INFO] [stderr]    Compiling unic-char-range v0.9.0
[INFO] [stderr]    Compiling crc-catalog v1.1.1
[INFO] [stderr]    Compiling same-file v1.0.6
[INFO] [stderr]    Compiling num_threads v0.1.6
[INFO] [stderr]    Compiling unic-common v0.9.0
[INFO] [stderr]    Compiling unic-ucd-version v0.9.0
[INFO] [stderr]    Compiling globset v0.4.8
[INFO] [stderr]    Compiling crc v2.1.0
[INFO] [stderr]    Compiling unic-char-property v0.9.0
[INFO] [stderr]    Compiling hkdf v0.12.3
[INFO] [stderr]    Compiling dirs v4.0.0
[INFO] [stderr]    Compiling futures-intrusive v0.4.0
[INFO] [stderr]    Compiling postgres-types v0.2.3
[INFO] [stderr]    Compiling sqlformat v0.1.8
[INFO] [stderr]    Compiling chrono-tz v0.6.1
[INFO] [stderr]    Compiling webpki-roots v0.21.1
[INFO] [stderr]    Compiling chrono v0.4.19
[INFO] [stderr]    Compiling serde_derive v1.0.137
[INFO] [stderr]    Compiling tokio-macros v1.7.0
[INFO] [stderr]    Compiling futures-macro v0.3.21
[INFO] [stderr]    Compiling tracing-attributes v0.1.21
[INFO] [stderr]    Compiling thiserror-impl v1.0.31
[INFO] [stderr]    Compiling openssl-macros v0.1.0
[INFO] [stderr]    Compiling tokio-rustls v0.22.0
[INFO] [stderr]    Compiling pin-project-internal v1.0.10
[INFO] [stderr]    Compiling tokio-stream v0.1.8
[INFO] [stderr]    Compiling sqlx-rt v0.5.13
[INFO] [stderr]    Compiling thiserror v1.0.31
[INFO] [stderr]    Compiling tracing v0.1.34
[INFO] [stderr]    Compiling webpki v0.22.0
[INFO] [stderr]    Compiling sct v0.7.0
[INFO] [stderr]    Compiling webpki-roots v0.22.3
[INFO] [stderr]    Compiling pest_derive v2.1.0
[INFO] [stderr]    Compiling hashlink v0.7.0
[INFO] [stderr]    Compiling atoi v0.4.0
[INFO] [stderr]    Compiling hashbrown v0.12.1
[INFO] [stderr]    Compiling rustls-pemfile v0.3.0
[INFO] [stderr]    Compiling unicode-segmentation v1.9.0
[INFO] [stderr]    Compiling bitflags v1.3.2
[INFO] [stderr]    Compiling pin-project v1.0.10
[INFO] [stderr]    Compiling ipnet v2.5.0
[INFO] [stderr]    Compiling dlv-list v0.3.0
[INFO] [stderr]    Compiling event-listener v2.5.2
[INFO] [stderr]    Compiling uuid v0.8.2
[INFO] [stderr]    Compiling ordered-multimap v0.4.3
[INFO] [stderr]    Compiling heck v0.4.0
[INFO] [stderr]    Compiling crossbeam-deque v0.8.1
[INFO] [stderr]    Compiling ignore v0.4.18
[INFO] [stderr]    Compiling unic-ucd-segment v0.9.0
[INFO] [stderr]    Compiling ordered-float v2.10.0
[INFO] [stderr]    Compiling headers-core v0.2.0
[INFO] [stderr]    Compiling crossbeam-channel v0.5.4
[INFO] [stderr]    Compiling tracing-log v0.1.3
[INFO] [stderr]    Compiling dotenv v0.15.0
[INFO] [stderr]    Compiling anyhow v1.0.57
[INFO] [stderr]    Compiling deunicode v0.4.3
[INFO] [stderr]    Compiling slug v0.1.4
[INFO] [stderr]    Compiling headers v0.3.7
[INFO] [stderr]    Compiling unic-segment v0.9.0
[INFO] [stderr]    Compiling tracing-subscriber v0.3.11
[INFO] [stderr]    Compiling globwalk v0.8.1
[INFO] [stderr]    Compiling crossbeam v0.8.1
[INFO] [stderr]    Compiling rust-ini v0.18.0
[INFO] [stderr]    Compiling simple_asn1 v0.6.1
[INFO] [stderr]    Compiling dyn-clonable-impl v0.9.0
[INFO] [stderr]    Compiling futures-executor v0.3.21
[INFO] [stderr]    Compiling axum-core v0.2.4
[INFO] [stderr]    Compiling gethostname v0.2.3
[INFO] [stderr]    Compiling futures v0.3.21
[INFO] [stderr]    Compiling pem v1.0.2
[INFO] [stderr]    Compiling dyn-clone v1.0.5
[INFO] [stderr]    Compiling pathdiff v0.2.1
[INFO] [stderr]    Compiling humansize v1.1.1
[INFO] [stderr]    Compiling dyn-clonable v0.9.0
[INFO] [stderr]    Compiling sql-press v0.1.0 (https://github.com/elbart/sql-press#9f65949b)
[INFO] [stderr]    Compiling tokio-util v0.7.1
[INFO] [stderr]    Compiling serde_urlencoded v0.7.1
[INFO] [stderr]    Compiling tokio-native-tls v0.3.0
[INFO] [stderr]    Compiling tokio-rustls v0.23.4
[INFO] [stderr]    Compiling h2 v0.3.13
[INFO] [stderr]    Compiling toml v0.5.9
[INFO] [stderr]    Compiling sqlx-core v0.5.13
[INFO] [stderr]    Compiling tower v0.4.12
[INFO] [stderr]    Compiling refinery-core v0.8.4
[INFO] [stderr]    Compiling tokio-postgres v0.7.6
[INFO] [stderr]    Compiling serde_path_to_error v0.1.7
[INFO] [stderr]    Compiling refinery-macros v0.8.4
[INFO] [stderr]    Compiling serde-value v0.7.0
[INFO] [stderr]    Compiling tower-http v0.3.3
[INFO] [stderr]    Compiling ron v0.7.0
[INFO] [stderr]    Compiling json5 v0.4.1
[INFO] [stderr]    Compiling fast_log v1.5.4
[INFO] [stderr]    Compiling tracing-bunyan-formatter v0.3.2
[INFO] [stderr]    Compiling jsonwebtoken v8.1.0
[INFO] [stderr]    Compiling config v0.13.1
[INFO] [stderr]    Compiling hyper v0.14.18
[INFO] [stderr]    Compiling tera v1.15.0
[INFO] [stderr]    Compiling refinery v0.8.4
[INFO] [stderr]    Compiling sqlx-macros v0.5.13
[INFO] [stderr]    Compiling sqlx v0.5.13
[INFO] [stderr]    Compiling hyper-tls v0.5.0
[INFO] [stderr]    Compiling hyper-rustls v0.23.0
[INFO] [stderr]    Compiling reqwest v0.11.10
[INFO] [stderr]    Compiling axum v0.5.5
[INFO] [stderr]    Compiling oauth2 v4.2.0
[INFO] [stderr]    Compiling openidconnect v2.3.1
[INFO] [stderr]    Compiling aurelia v0.1.2 (/opt/rustwide/workdir)
[INFO] [stderr]     Finished `release` profile [optimized] target(s) in 3m 59s
[INFO] [stderr] warning: the following packages contain code that will be rejected by a future version of Rust: openssl v0.10.40, sqlx-core v0.5.13
[INFO] [stderr] note: to see what the problems were, use the option `--future-incompat-report`, or run `cargo report future-incompatibilities --id 5`
[INFO] running `Command { std: "docker" "inspect" "8f58c3148cbb00bd1d9ea0e9124953411707c950147d7e84a6c3acdf68f408a1", kill_on_drop: false }`
[INFO] running `Command { std: "docker" "exec" "-e" "SOURCE_DIR=/opt/rustwide/workdir" "-e" "CARGO_HOME=/opt/rustwide/cargo-home" "-e" "RUSTUP_HOME=/opt/rustwide/rustup-home" "-e" "CARGO_TARGET_DIR=/opt/rustwide/target" "-e" "CARGO_INCREMENTAL=0" "-e" "RUST_BACKTRACE=full" "-e" "RUSTFLAGS=--cap-lints=warn" "-e" "RUSTDOCFLAGS=--cap-lints=warn" "-w" "/opt/rustwide/workdir" "--user" "0:0" "8f58c3148cbb00bd1d9ea0e9124953411707c950147d7e84a6c3acdf68f408a1" "/opt/rustwide/cargo-home/bin/cargo" "+1.99.0-beta.8" "test" "--frozen" "--no-run" "--message-format=json" "--release", kill_on_drop: false }`
[INFO] [stderr]    Compiling aurelia v0.1.2 (/opt/rustwide/workdir)
[INFO] [stderr]     Finished `release` profile [optimized] target(s) in 12.37s
[INFO] [stderr] warning: the following packages contain code that will be rejected by a future version of Rust: openssl v0.10.40, sqlx-core v0.5.13
[INFO] [stderr] note: to see what the problems were, use the option `--future-incompat-report`, or run `cargo report future-incompatibilities --id 5`
[INFO] running `Command { std: "docker" "inspect" "8f58c3148cbb00bd1d9ea0e9124953411707c950147d7e84a6c3acdf68f408a1", kill_on_drop: false }`
[INFO] running `Command { std: "docker" "exec" "-e" "SOURCE_DIR=/opt/rustwide/workdir" "-e" "CARGO_HOME=/opt/rustwide/cargo-home" "-e" "RUSTUP_HOME=/opt/rustwide/rustup-home" "-e" "CARGO_TARGET_DIR=/opt/rustwide/target" "-e" "CARGO_INCREMENTAL=0" "-e" "RUST_BACKTRACE=full" "-e" "RUSTFLAGS=--cap-lints=warn" "-e" "RUSTDOCFLAGS=--cap-lints=warn" "-w" "/opt/rustwide/workdir" "--user" "0:0" "8f58c3148cbb00bd1d9ea0e9124953411707c950147d7e84a6c3acdf68f408a1" "/opt/rustwide/cargo-home/bin/cargo" "+1.99.0-beta.8" "test" "--frozen" "--release", kill_on_drop: false }`
[INFO] [stderr]     Finished `release` profile [optimized] target(s) in 0.34s
[INFO] [stderr] warning: the following packages contain code that will be rejected by a future version of Rust: openssl v0.10.40, sqlx-core v0.5.13
[INFO] [stderr] note: to see what the problems were, use the option `--future-incompat-report`, or run `cargo report future-incompatibilities --id 5`
[INFO] [stderr]      Running unittests src/lib.rs (/opt/rustwide/target/release/deps/aurelia-ff40fa842a4f5d05)
[INFO] [stderr]      Running tests/api/main.rs (/opt/rustwide/target/release/deps/api-854e133fe7879f25)
[INFO] [stdout] 
[INFO] [stdout] running 0 tests
[INFO] [stdout] 
[INFO] [stdout] test result: ok. 0 passed; 0 failed; 0 ignored; 0 measured; 0 filtered out; finished in 0.00s
[INFO] [stdout] 
[INFO] [stdout] 
[INFO] [stdout] running 2 tests
[INFO] [stdout] test handler::authentication::test_oidc_login ... FAILED
[INFO] [stdout] test handler::authentication::test_oidc_login_cb ... FAILED
[INFO] [stdout] 
[INFO] [stdout] failures:
[INFO] [stdout] 
[INFO] [stdout] ---- handler::authentication::test_oidc_login stdout ----
[INFO] [stdout] 
[INFO] [stdout] thread 'handler::authentication::test_oidc_login' (5127) panicked at src/database/mod.rs:14:13:
[INFO] [stdout] Error connecting to database with URL: postgresql://aurelia:aurelia@localhost:5430/aurelia
[INFO] [stdout] stack backtrace:
[INFO] [stdout]    0:     0x571a9afd3161 - <<std[70759c8f55707aa4]::sys::backtrace::BacktraceLock>::print::DisplayBacktrace as core[df12db4294e9bfd3]::fmt::Display>::fmt
[INFO] [stdout]    1:     0x571a9afec1ca - core[df12db4294e9bfd3]::fmt::write
[INFO] [stdout]    2:     0x571a9afd7efc - <alloc[2182bb758b4b3781]::vec::Vec<u8> as core[df12db4294e9bfd3]::io::write::Write>::write_fmt
[INFO] [stdout]    3:     0x571a9afad686 - std[70759c8f55707aa4]::panicking::default_hook::{closure#0}
[INFO] [stdout]    4:     0x571a9afca7b9 - std[70759c8f55707aa4]::panicking::default_hook
[INFO] [stdout]    5:     0x571a9aa77a30 - test[9d35eded1c95d3be]::test_main_inner::<test[9d35eded1c95d3be]::test_main_static::{closure#0}>::{closure#0}
[INFO] [stdout]    6:     0x571a9afcaae2 - std[70759c8f55707aa4]::panicking::panic_with_hook
[INFO] [stdout]    7:     0x571a9afad732 - std[70759c8f55707aa4]::panicking::panic_handler::{closure#0}
[INFO] [stdout]    8:     0x571a9afa6009 - std[70759c8f55707aa4]::sys::backtrace::__rust_end_short_backtrace::<std[70759c8f55707aa4]::panicking::panic_handler::{closure#0}, !>
[INFO] [stdout]    9:     0x571a9afae5bd - __rustc[8fa7c3cbc660c2b3]::rust_begin_unwind
[INFO] [stdout]   10:     0x571a9afec92c - core[df12db4294e9bfd3]::panicking::panic_fmt
[INFO] [stdout]   11:     0x571a9aa3179f - aurelia[e96ef956b26a6b2c]::database::init_connection::{closure#0}::{closure#0}
[INFO] [stdout]   12:     0x571a9aa2fe43 - aurelia[e96ef956b26a6b2c]::testing::util::spawn_test_application::<api[ec8e51b61d3151b5]::cfg_fn, aurelia[e96ef956b26a6b2c]::testing::client::AureliaTestClient>::{closure#0}
[INFO] [stdout]   13:     0x571a9aa3148f - aurelia[e96ef956b26a6b2c]::testing::util::get_tc::<api[ec8e51b61d3151b5]::cfg_fn, aurelia[e96ef956b26a6b2c]::testing::client::AureliaTestClient>::{closure#0}
[INFO] [stdout]   14:     0x571a9aa31e3f - <core[df12db4294e9bfd3]::pin::Pin<&mut api[ec8e51b61d3151b5]::handler::authentication::test_oidc_login::{closure#0}> as core[df12db4294e9bfd3]::future::future::Future>::poll
[INFO] [stdout]   15:     0x571a9a9cf57b - <tokio[6999d151d7ed8ef7]::runtime::basic_scheduler::Context>::enter::<core[df12db4294e9bfd3]::task::poll::Poll<()>, <tokio[6999d151d7ed8ef7]::runtime::basic_scheduler::CoreGuard>::block_on<core[df12db4294e9bfd3]::pin::Pin<&mut api[ec8e51b61d3151b5]::handler::authentication::test_oidc_login::{closure#0}>>::{closure#0}::{closure#0}>
[INFO] [stdout]   16:     0x571a9a9f885a - <tokio[6999d151d7ed8ef7]::macros::scoped_tls::ScopedKey<tokio[6999d151d7ed8ef7]::runtime::basic_scheduler::Context>>::set::<<tokio[6999d151d7ed8ef7]::runtime::basic_scheduler::CoreGuard>::enter<<tokio[6999d151d7ed8ef7]::runtime::basic_scheduler::CoreGuard>::block_on<core[df12db4294e9bfd3]::pin::Pin<&mut api[ec8e51b61d3151b5]::handler::authentication::test_oidc_login::{closure#0}>>::{closure#0}, ()>::{closure#0}, (alloc[2182bb758b4b3781]::boxed::Box<tokio[6999d151d7ed8ef7]::runtime::basic_scheduler::Core>, ())>
[INFO] [stdout]   17:     0x571a9a9d6beb - api[ec8e51b61d3151b5]::handler::authentication::test_oidc_login
[INFO] [stdout]   18:     0x571a9aa5fe59 - <api[ec8e51b61d3151b5]::handler::authentication::test_oidc_login::{closure#0} as core[df12db4294e9bfd3]::ops::function::FnOnce<()>>::call_once
[INFO] [stdout]   19:     0x571a9aa6ad1b - test[9d35eded1c95d3be]::__rust_begin_short_backtrace::<core[df12db4294e9bfd3]::result::Result<(), alloc[2182bb758b4b3781]::string::String>, fn() -> core[df12db4294e9bfd3]::result::Result<(), alloc[2182bb758b4b3781]::string::String>>
[INFO] [stdout]   20:     0x571a9aa78385 - test[9d35eded1c95d3be]::run_test::{closure#0}
[INFO] [stdout]   21:     0x571a9aa71c44 - std[70759c8f55707aa4]::sys::backtrace::__rust_begin_short_backtrace::<test[9d35eded1c95d3be]::run_test::{closure#1}, ()>
[INFO] [stdout]   22:     0x571a9aa7b4e2 - <std[70759c8f55707aa4]::thread::lifecycle::spawn_unchecked<test[9d35eded1c95d3be]::run_test::{closure#1}, ()>::{closure#1} as core[df12db4294e9bfd3]::ops::function::FnOnce<()>>::call_once::{shim:vtable#0}
[INFO] [stdout]   23:     0x571a9afd1da9 - <std[70759c8f55707aa4]::sys::thread::unix::Thread>::new::thread_start
[INFO] [stdout]   24:     0x7dd2f7ad0dfa - <unknown>
[INFO] [stdout]   25:     0x7dd2f7b643d4 - clone
[INFO] [stdout]   26:                0x0 - <unknown>
[INFO] [stdout] 
[INFO] [stdout] ---- handler::authentication::test_oidc_login_cb stdout ----
[INFO] [stdout] 
[INFO] [stdout] thread 'handler::authentication::test_oidc_login_cb' (5128) panicked at src/database/mod.rs:14:13:
[INFO] [stdout] Error connecting to database with URL: postgresql://aurelia:aurelia@localhost:5430/aurelia
[INFO] [stdout] stack backtrace:
[INFO] [stdout]    0:     0x571a9afd3161 - <<std[70759c8f55707aa4]::sys::backtrace::BacktraceLock>::print::DisplayBacktrace as core[df12db4294e9bfd3]::fmt::Display>::fmt
[INFO] [stdout]    1:     0x571a9afec1ca - core[df12db4294e9bfd3]::fmt::write
[INFO] [stdout]    2:     0x571a9afd7efc - <alloc[2182bb758b4b3781]::vec::Vec<u8> as core[df12db4294e9bfd3]::io::write::Write>::write_fmt
[INFO] [stdout]    3:     0x571a9afad686 - std[70759c8f55707aa4]::panicking::default_hook::{closure#0}
[INFO] [stdout]    4:     0x571a9afca7b9 - std[70759c8f55707aa4]::panicking::default_hook
[INFO] [stdout]    5:     0x571a9aa77a30 - test[9d35eded1c95d3be]::test_main_inner::<test[9d35eded1c95d3be]::test_main_static::{closure#0}>::{closure#0}
[INFO] [stdout]    6:     0x571a9afcaae2 - std[70759c8f55707aa4]::panicking::panic_with_hook
[INFO] [stdout]    7:     0x571a9afad732 - std[70759c8f55707aa4]::panicking::panic_handler::{closure#0}
[INFO] [stdout]    8:     0x571a9afa6009 - std[70759c8f55707aa4]::sys::backtrace::__rust_end_short_backtrace::<std[70759c8f55707aa4]::panicking::panic_handler::{closure#0}, !>
[INFO] [stdout]    9:     0x571a9afae5bd - __rustc[8fa7c3cbc660c2b3]::rust_begin_unwind
[INFO] [stdout]   10:     0x571a9afec92c - core[df12db4294e9bfd3]::panicking::panic_fmt
[INFO] [stdout]   11:     0x571a9aa3179f - aurelia[e96ef956b26a6b2c]::database::init_connection::{closure#0}::{closure#0}
[INFO] [stdout]   12:     0x571a9aa2fe43 - aurelia[e96ef956b26a6b2c]::testing::util::spawn_test_application::<api[ec8e51b61d3151b5]::cfg_fn, aurelia[e96ef956b26a6b2c]::testing::client::AureliaTestClient>::{closure#0}
[INFO] [stdout]   13:     0x571a9aa3148f - aurelia[e96ef956b26a6b2c]::testing::util::get_tc::<api[ec8e51b61d3151b5]::cfg_fn, aurelia[e96ef956b26a6b2c]::testing::client::AureliaTestClient>::{closure#0}
[INFO] [stdout]   14:     0x571a9aa3281b - <core[df12db4294e9bfd3]::pin::Pin<&mut api[ec8e51b61d3151b5]::handler::authentication::test_oidc_login_cb::{closure#0}> as core[df12db4294e9bfd3]::future::future::Future>::poll
[INFO] [stdout]   15:     0x571a9a9cf6cb - <tokio[6999d151d7ed8ef7]::runtime::basic_scheduler::Context>::enter::<core[df12db4294e9bfd3]::task::poll::Poll<()>, <tokio[6999d151d7ed8ef7]::runtime::basic_scheduler::CoreGuard>::block_on<core[df12db4294e9bfd3]::pin::Pin<&mut api[ec8e51b61d3151b5]::handler::authentication::test_oidc_login_cb::{closure#0}>>::{closure#0}::{closure#0}>
[INFO] [stdout]   16:     0x571a9a9f8b1a - <tokio[6999d151d7ed8ef7]::macros::scoped_tls::ScopedKey<tokio[6999d151d7ed8ef7]::runtime::basic_scheduler::Context>>::set::<<tokio[6999d151d7ed8ef7]::runtime::basic_scheduler::CoreGuard>::enter<<tokio[6999d151d7ed8ef7]::runtime::basic_scheduler::CoreGuard>::block_on<core[df12db4294e9bfd3]::pin::Pin<&mut api[ec8e51b61d3151b5]::handler::authentication::test_oidc_login_cb::{closure#0}>>::{closure#0}, ()>::{closure#0}, (alloc[2182bb758b4b3781]::boxed::Box<tokio[6999d151d7ed8ef7]::runtime::basic_scheduler::Core>, ())>
[INFO] [stdout]   17:     0x571a9a9d729b - api[ec8e51b61d3151b5]::handler::authentication::test_oidc_login_cb
[INFO] [stdout]   18:     0x571a9aa5fe79 - <api[ec8e51b61d3151b5]::handler::authentication::test_oidc_login_cb::{closure#0} as core[df12db4294e9bfd3]::ops::function::FnOnce<()>>::call_once
[INFO] [stdout]   19:     0x571a9aa6ad1b - test[9d35eded1c95d3be]::__rust_begin_short_backtrace::<core[df12db4294e9bfd3]::result::Result<(), alloc[2182bb758b4b3781]::string::String>, fn() -> core[df12db4294e9bfd3]::result::Result<(), alloc[2182bb758b4b3781]::string::String>>
[INFO] [stdout]   20:     0x571a9aa78385 - test[9d35eded1c95d3be]::run_test::{closure#0}
[INFO] [stdout]   21:     0x571a9aa71c44 - std[70759c8f55707aa4]::sys::backtrace::__rust_begin_short_backtrace::<test[9d35eded1c95d3be]::run_test::{closure#1}, ()>
[INFO] [stdout]   22:     0x571a9aa7b4e2 - <std[70759c8f55707aa4]::thread::lifecycle::spawn_unchecked<test[9d35eded1c95d3be]::run_test::{closure#1}, ()>::{closure#1} as core[df12db4294e9bfd3]::ops::function::FnOnce<()>>::call_once::{shim:vtable#0}
[INFO] [stdout]   23:     0x571a9afd1da9 - <std[70759c8f55707aa4]::sys::thread::unix::Thread>::new::thread_start
[INFO] [stdout]   24:     0x7dd2f7ad0dfa - <unknown>
[INFO] [stdout]   25:     0x7dd2f7b643d4 - clone
[INFO] [stdout]   26:                0x0 - <unknown>
[INFO] [stdout] 
[INFO] [stdout] 
[INFO] [stdout] failures:
[INFO] [stdout]     handler::authentication::test_oidc_login
[INFO] [stdout]     handler::authentication::test_oidc_login_cb
[INFO] [stdout] 
[INFO] [stdout] test result: FAILED. 0 passed; 2 failed; 0 ignored; 0 measured; 0 filtered out; finished in 34.28s
[INFO] [stdout] 
[INFO] [stderr] error: test failed, to rerun pass `--test api`
[INFO] running `Command { std: "docker" "inspect" "8f58c3148cbb00bd1d9ea0e9124953411707c950147d7e84a6c3acdf68f408a1", kill_on_drop: false }`
[INFO] running `Command { std: "docker" "rm" "-f" "8f58c3148cbb00bd1d9ea0e9124953411707c950147d7e84a6c3acdf68f408a1", kill_on_drop: false }`
[INFO] [stdout] 8f58c3148cbb00bd1d9ea0e9124953411707c950147d7e84a6c3acdf68f408a1
