[INFO] cloning repository https://github.com/mustafa-ans/unit-testing-axum
[INFO] running `Command { std: "git" "-c" "credential.helper=" "-c" "credential.helper=/workspace/cargo-home/bin/git-credential-null" "clone" "--bare" "https://github.com/mustafa-ans/unit-testing-axum" "/workspace/cache/git-repos/https%3A%2F%2Fgithub.com%2Fmustafa-ans%2Funit-testing-axum", kill_on_drop: false }`
[INFO] [stderr] Cloning into bare repository '/workspace/cache/git-repos/https%3A%2F%2Fgithub.com%2Fmustafa-ans%2Funit-testing-axum'...
[INFO] running `Command { std: "git" "rev-parse" "HEAD", kill_on_drop: false }`
[INFO] [stdout] 63dea542d22e93ad2c69dfa10c66ae5102b2c30b
[INFO] testing mustafa-ans/unit-testing-axum against 1.99.0-beta.8+cargoflags=--release for beta-release-1.100-2
[INFO] running `Command { std: "git" "clone" "/workspace/cache/git-repos/https%3A%2F%2Fgithub.com%2Fmustafa-ans%2Funit-testing-axum" "/workspace/builds/worker-0-tc1/source", kill_on_drop: false }`
[INFO] [stderr] Cloning into '/workspace/builds/worker-0-tc1/source'...
[INFO] [stderr] done.
[INFO] started tweaking git repo https://github.com/mustafa-ans/unit-testing-axum
[INFO] finished tweaking git repo https://github.com/mustafa-ans/unit-testing-axum
[INFO] tweaked toml for git repo https://github.com/mustafa-ans/unit-testing-axum written to /workspace/builds/worker-0-tc1/source/Cargo.toml
[INFO] validating manifest of git repo https://github.com/mustafa-ans/unit-testing-axum on toolchain 1.99.0-beta.8
[INFO] running `Command { std: CARGO_HOME="/workspace/cargo-home" RUSTUP_HOME="/workspace/rustup-home" "/workspace/cargo-home/bin/cargo" "+1.99.0-beta.8" "metadata" "--manifest-path" "Cargo.toml" "--no-deps", kill_on_drop: false }`
[INFO] crate git repo https://github.com/mustafa-ans/unit-testing-axum already has a lockfile, it will not be regenerated
[INFO] running `Command { std: CARGO_HOME="/workspace/cargo-home" RUSTUP_HOME="/workspace/rustup-home" "/workspace/cargo-home/bin/cargo" "+1.99.0-beta.8" "fetch" "--manifest-path" "Cargo.toml", kill_on_drop: false }`
[INFO] [stderr]  Downloading crates ...
[INFO] [stderr]   Downloaded errno v0.3.5
[INFO] [stderr]   Downloaded whoami v1.4.0
[INFO] [stderr]   Downloaded tokio-stream v0.1.12
[INFO] [stderr]   Downloaded url v2.4.1
[INFO] [stderr]   Downloaded cpufeatures v0.2.6
[INFO] [stderr]   Downloaded iana-time-zone v0.1.58
[INFO] [stderr]   Downloaded openssl-sys v0.9.93
[INFO] [stderr]   Downloaded serde_json v1.0.108
[INFO] [stderr]   Downloaded openssl v0.10.57
[INFO] [stderr]   Downloaded rustix v0.37.13
[INFO] running `Command { std: "docker" "create" "-v" "/var/lib/crater-agent-workspace/builds/worker-0-tc1/source:/opt/rustwide/workdir:ro,Z" "-v" "/var/lib/crater-agent-workspace/builds/worker-0-tc1/target:/opt/rustwide/target:rw,Z" "-v" "/var/lib/crater-agent-workspace/cargo-home:/opt/rustwide/cargo-home:ro,Z" "-v" "/var/lib/crater-agent-workspace/rustup-home:/opt/rustwide/rustup-home:ro,Z" "-m" "1610612736" "--network" "none" "ghcr.io/rust-lang/crates-build-env/linux@sha256:77db811e55d90add9212f6832c23229e3de5f1c1f9905e8cb07319ea15df73ac" "sleep" "infinity", kill_on_drop: false }`
[INFO] [stdout] c6263a3700e0be1943aaf12ff19010e4959b52ab6038a1d009dda9d1e4679dbf
[INFO] running `Command { std: "docker" "start" "c6263a3700e0be1943aaf12ff19010e4959b52ab6038a1d009dda9d1e4679dbf", kill_on_drop: false }`
[INFO] running `Command { std: "docker" "inspect" "c6263a3700e0be1943aaf12ff19010e4959b52ab6038a1d009dda9d1e4679dbf", kill_on_drop: false }`
[INFO] running `Command { std: "docker" "exec" "-e" "SOURCE_DIR=/opt/rustwide/workdir" "-e" "CARGO_HOME=/opt/rustwide/cargo-home" "-e" "RUSTUP_HOME=/opt/rustwide/rustup-home" "-e" "CARGO_TARGET_DIR=/opt/rustwide/target" "-w" "/opt/rustwide/workdir" "--user" "0:0" "c6263a3700e0be1943aaf12ff19010e4959b52ab6038a1d009dda9d1e4679dbf" "/opt/rustwide/cargo-home/bin/cargo" "+1.99.0-beta.8" "metadata" "--no-deps" "--format-version=1", kill_on_drop: false }`
[INFO] running `Command { std: "docker" "inspect" "c6263a3700e0be1943aaf12ff19010e4959b52ab6038a1d009dda9d1e4679dbf", kill_on_drop: false }`
[INFO] running `Command { std: "docker" "exec" "-e" "SOURCE_DIR=/opt/rustwide/workdir" "-e" "CARGO_HOME=/opt/rustwide/cargo-home" "-e" "RUSTUP_HOME=/opt/rustwide/rustup-home" "-e" "CARGO_TARGET_DIR=/opt/rustwide/target" "-e" "CARGO_INCREMENTAL=0" "-e" "RUST_BACKTRACE=full" "-e" "RUSTFLAGS=--cap-lints=warn" "-e" "RUSTDOCFLAGS=--cap-lints=warn" "-w" "/opt/rustwide/workdir" "--user" "0:0" "c6263a3700e0be1943aaf12ff19010e4959b52ab6038a1d009dda9d1e4679dbf" "/opt/rustwide/cargo-home/bin/cargo" "+1.99.0-beta.8" "build" "--frozen" "--message-format=json" "--release", kill_on_drop: false }`
[INFO] [stderr]    Compiling libc v0.2.149
[INFO] [stderr]    Compiling unicode-ident v1.0.8
[INFO] [stderr]    Compiling futures-core v0.3.28
[INFO] [stderr]    Compiling pin-project-lite v0.2.13
[INFO] [stderr]    Compiling openssl-sys v0.9.93
[INFO] [stderr]    Compiling bytes v1.4.0
[INFO] [stderr]    Compiling smallvec v1.11.1
[INFO] [stderr]    Compiling futures-task v0.3.28
[INFO] [stderr]    Compiling serde v1.0.190
[INFO] [stderr]    Compiling openssl v0.10.57
[INFO] [stderr]    Compiling futures-util v0.3.28
[INFO] [stderr]    Compiling itoa v1.0.6
[INFO] [stderr]    Compiling generic-array v0.14.7
[INFO] [stderr]    Compiling num-integer v0.1.45
[INFO] [stderr]    Compiling syn v1.0.109
[INFO] [stderr]    Compiling parking_lot_core v0.8.6
[INFO] [stderr]    Compiling proc-macro2 v1.0.69
[INFO] [stderr]    Compiling once_cell v1.17.1
[INFO] [stderr]    Compiling num-bigint v0.4.3
[INFO] [stderr]    Compiling crossbeam-utils v0.8.15
[INFO] [stderr]    Compiling num-traits v0.2.15
[INFO] [stderr]    Compiling subtle v2.4.1
[INFO] [stderr]    Compiling futures-sink v0.3.28
[INFO] [stderr]    Compiling serde_json v1.0.108
[INFO] [stderr]    Compiling rustversion v1.0.14
[INFO] [stderr]    Compiling thiserror v1.0.50
[INFO] [stderr]    Compiling crossbeam-queue v0.3.8
[INFO] [stderr]    Compiling tinyvec v1.6.0
[INFO] [stderr]    Compiling ahash v0.7.6
[INFO] [stderr]    Compiling memchr v2.5.0
[INFO] [stderr]    Compiling bitflags v2.4.1
[INFO] [stderr]    Compiling native-tls v0.2.11
[INFO] [stderr]    Compiling instant v0.1.12
[INFO] [stderr]    Compiling lock_api v0.4.9
[INFO] [stderr]    Compiling futures-channel v0.3.28
[INFO] [stderr]    Compiling quote v1.0.33
[INFO] [stderr]    Compiling unicode-bidi v0.3.13
[INFO] [stderr]    Compiling scopeguard v1.1.0
[INFO] [stderr]    Compiling percent-encoding v2.3.0
[INFO] [stderr]    Compiling cpufeatures v0.2.6
[INFO] [stderr]    Compiling paste v1.0.12
[INFO] [stderr]    Compiling http v0.2.9
[INFO] [stderr]    Compiling block-buffer v0.10.4
[INFO] [stderr]    Compiling parking_lot_core v0.9.7
[INFO] [stderr]    Compiling mio v0.8.6
[INFO] [stderr]    Compiling syn v2.0.38
[INFO] [stderr]    Compiling socket2 v0.5.5
[INFO] [stderr]    Compiling getrandom v0.2.9
[INFO] [stderr]    Compiling num_cpus v1.15.0
[INFO] [stderr]    Compiling signal-hook-registry v1.4.1
[INFO] [stderr]    Compiling crypto-common v0.1.6
[INFO] [stderr]    Compiling parking_lot v0.12.1
[INFO] [stderr]    Compiling digest v0.10.6
[INFO] [stderr]    Compiling unicode-normalization v0.1.22
[INFO] [stderr]    Compiling tokio v1.33.0
[INFO] [stderr]    Compiling hashbrown v0.12.3
[INFO] [stderr]    Compiling rand_core v0.6.4
[INFO] [stderr]    Compiling form_urlencoded v1.2.0
[INFO] [stderr]    Compiling ryu v1.0.13
[INFO] [stderr]    Compiling either v1.8.1
[INFO] [stderr]    Compiling rand_chacha v0.3.1
[INFO] [stderr]    Compiling itertools v0.10.5
[INFO] [stderr]    Compiling parking_lot v0.11.2
[INFO] [stderr]    Compiling nom v7.1.3
[INFO] [stderr]    Compiling idna v0.4.0
[INFO] [stderr]    Compiling http-body v0.4.5
[INFO] [stderr]    Compiling hmac v0.12.1
[INFO] [stderr]    Compiling sha1 v0.10.5
[INFO] [stderr]    Compiling dirs-sys v0.3.7
[INFO] [stderr]    Compiling indexmap v1.9.3
[INFO] [stderr]    Compiling tower-layer v0.3.2
[INFO] [stderr]    Compiling async-trait v0.1.74
[INFO] [stderr]    Compiling crc-catalog v2.2.0
[INFO] [stderr]    Compiling iana-time-zone v0.1.58
[INFO] [stderr]    Compiling chrono v0.4.31
[INFO] [stderr]    Compiling crc v3.0.1
[INFO] [stderr]    Compiling dirs v4.0.0
[INFO] [stderr]    Compiling url v2.4.1
[INFO] [stderr]    Compiling hkdf v0.12.3
[INFO] [stderr]    Compiling bigdecimal v0.3.1
[INFO] [stderr]    Compiling futures-intrusive v0.4.2
[INFO] [stderr]    Compiling rand v0.8.5
[INFO] [stderr]    Compiling hashlink v0.8.1
[INFO] [stderr]    Compiling sqlformat v0.2.1
[INFO] [stderr]    Compiling sha2 v0.10.6
[INFO] [stderr]    Compiling stringprep v0.1.2
[INFO] [stderr]    Compiling md-5 v0.10.5
[INFO] [stderr]    Compiling atoi v1.0.0
[INFO] [stderr]    Compiling axum-core v0.3.4
[INFO] [stderr]    Compiling unicode-segmentation v1.10.1
[INFO] [stderr]    Compiling byteorder v1.4.3
[INFO] [stderr]    Compiling base64 v0.13.1
[INFO] [stderr]    Compiling bitflags v1.3.2
[INFO] [stderr]    Compiling whoami v1.4.0
[INFO] [stderr]    Compiling heck v0.4.1
[INFO] [stderr]    Compiling headers-core v0.2.0
[INFO] [stderr]    Compiling axum v0.6.20
[INFO] [stderr]    Compiling socket2 v0.4.9
[INFO] [stderr]    Compiling dotenvy v0.15.7
[INFO] [stderr]    Compiling openssl-macros v0.1.1
[INFO] [stderr]    Compiling serde_derive v1.0.190
[INFO] [stderr]    Compiling tokio-macros v2.1.0
[INFO] [stderr]    Compiling thiserror-impl v1.0.50
[INFO] [stderr]    Compiling tokio-stream v0.1.12
[INFO] [stderr]    Compiling headers v0.3.8
[INFO] [stderr]    Compiling tracing-log v0.1.3
[INFO] [stderr]    Compiling regex v1.7.3
[INFO] [stderr]    Compiling http-range-header v0.3.0
[INFO] [stderr]    Compiling sync_wrapper v0.1.2
[INFO] [stderr]    Compiling matchit v0.7.3
[INFO] [stderr]    Compiling tower-http v0.4.4
[INFO] [stderr]    Compiling tracing-attributes v0.1.23
[INFO] [stderr]    Compiling pin-project-internal v1.0.12
[INFO] [stderr]    Compiling pin-project v1.0.12
[INFO] [stderr]    Compiling tracing v0.1.37
[INFO] [stderr]    Compiling tracing-subscriber v0.3.16
[INFO] [stderr]    Compiling tokio-native-tls v0.3.1
[INFO] [stderr]    Compiling sqlx-rt v0.6.3
[INFO] [stderr]    Compiling serde_path_to_error v0.1.14
[INFO] [stderr]    Compiling serde_urlencoded v0.7.1
[INFO] [stderr]    Compiling hyper v0.14.27
[INFO] [stderr]    Compiling tower v0.4.13
[INFO] [stderr]    Compiling sqlx-core v0.6.3
[INFO] [stderr]    Compiling sqlx-macros v0.6.3
[INFO] [stderr]    Compiling sqlx v0.6.3
[INFO] [stderr]    Compiling rust-medium v0.1.0 (/opt/rustwide/workdir)
[INFO] [stdout] warning: struct `First` is never constructed
[INFO] [stdout]   --> src/models/get_user.rs:17:12
[INFO] [stdout]    |
[INFO] [stdout] 17 | pub struct First{
[INFO] [stdout]    |            ^^^^^
[INFO] [stdout]    |
[INFO] [stdout]    = note: `#[warn(dead_code)]` (part of `#[warn(unused)]`) on by default
[INFO] [stdout] 
[INFO] [stdout] 
[INFO] [stderr]     Finished `release` profile [optimized] target(s) in 2m 09s
[INFO] [stderr] warning: the following packages contain code that will be rejected by a future version of Rust: sqlx-core v0.6.3
[INFO] [stderr] note: to see what the problems were, use the option `--future-incompat-report`, or run `cargo report future-incompatibilities --id 4`
[INFO] running `Command { std: "docker" "inspect" "c6263a3700e0be1943aaf12ff19010e4959b52ab6038a1d009dda9d1e4679dbf", kill_on_drop: false }`
[INFO] running `Command { std: "docker" "exec" "-e" "SOURCE_DIR=/opt/rustwide/workdir" "-e" "CARGO_HOME=/opt/rustwide/cargo-home" "-e" "RUSTUP_HOME=/opt/rustwide/rustup-home" "-e" "CARGO_TARGET_DIR=/opt/rustwide/target" "-e" "CARGO_INCREMENTAL=0" "-e" "RUST_BACKTRACE=full" "-e" "RUSTFLAGS=--cap-lints=warn" "-e" "RUSTDOCFLAGS=--cap-lints=warn" "-w" "/opt/rustwide/workdir" "--user" "0:0" "c6263a3700e0be1943aaf12ff19010e4959b52ab6038a1d009dda9d1e4679dbf" "/opt/rustwide/cargo-home/bin/cargo" "+1.99.0-beta.8" "test" "--frozen" "--no-run" "--message-format=json" "--release", kill_on_drop: false }`
[INFO] [stderr]    Compiling rust-medium v0.1.0 (/opt/rustwide/workdir)
[INFO] [stdout] warning: struct `First` is never constructed
[INFO] [stdout]   --> src/models/get_user.rs:17:12
[INFO] [stdout]    |
[INFO] [stdout] 17 | pub struct First{
[INFO] [stdout]    |            ^^^^^
[INFO] [stdout]    |
[INFO] [stdout]    = note: `#[warn(dead_code)]` (part of `#[warn(unused)]`) on by default
[INFO] [stdout] 
[INFO] [stdout] 
[INFO] [stderr]     Finished `release` profile [optimized] target(s) in 9.85s
[INFO] [stderr] warning: the following packages contain code that will be rejected by a future version of Rust: sqlx-core v0.6.3
[INFO] [stderr] note: to see what the problems were, use the option `--future-incompat-report`, or run `cargo report future-incompatibilities --id 4`
[INFO] running `Command { std: "docker" "inspect" "c6263a3700e0be1943aaf12ff19010e4959b52ab6038a1d009dda9d1e4679dbf", kill_on_drop: false }`
[INFO] running `Command { std: "docker" "exec" "-e" "SOURCE_DIR=/opt/rustwide/workdir" "-e" "CARGO_HOME=/opt/rustwide/cargo-home" "-e" "RUSTUP_HOME=/opt/rustwide/rustup-home" "-e" "CARGO_TARGET_DIR=/opt/rustwide/target" "-e" "CARGO_INCREMENTAL=0" "-e" "RUST_BACKTRACE=full" "-e" "RUSTFLAGS=--cap-lints=warn" "-e" "RUSTDOCFLAGS=--cap-lints=warn" "-w" "/opt/rustwide/workdir" "--user" "0:0" "c6263a3700e0be1943aaf12ff19010e4959b52ab6038a1d009dda9d1e4679dbf" "/opt/rustwide/cargo-home/bin/cargo" "+1.99.0-beta.8" "test" "--frozen" "--release", kill_on_drop: false }`
[INFO] [stderr] warning: struct `First` is never constructed
[INFO] [stderr]   --> src/models/get_user.rs:17:12
[INFO] [stderr]    |
[INFO] [stderr] 17 | pub struct First{
[INFO] [stderr]    |            ^^^^^
[INFO] [stderr]    |
[INFO] [stderr]    = note: `#[warn(dead_code)]` (part of `#[warn(unused)]`) on by default
[INFO] [stderr] 
[INFO] [stderr] warning: `rust-medium` (bin "rust-medium" test) generated 1 warning
[INFO] [stderr]     Finished `release` profile [optimized] target(s) in 0.22s
[INFO] [stderr] warning: the following packages contain code that will be rejected by a future version of Rust: sqlx-core v0.6.3
[INFO] [stderr] note: to see what the problems were, use the option `--future-incompat-report`, or run `cargo report future-incompatibilities --id 4`
[INFO] [stderr]      Running unittests src/main.rs (/opt/rustwide/target/release/deps/rust_medium-ed8c22da704ef323)
[INFO] [stdout] 
[INFO] [stdout] running 10 tests
[INFO] [stdout] test controllers::add_user::tests::test_create_user_route ... FAILED
[INFO] [stdout] test controllers::delete_user::tests::check_database_connectivity ... FAILED
[INFO] [stdout] test controllers::add_user::tests::test_username_uniqueness ... FAILED
[INFO] [stdout] test controllers::get_user::tests::test_get_user_handler_route ... FAILED
[INFO] [stdout] test controllers::edit_user::tests::test_update_user_not_found ... FAILED
[INFO] [stdout] test controllers::delete_user::tests::test_delete_user_route_user_not_found ... FAILED
[INFO] [stdout] test controllers::edit_user::tests::check_database_connectivity ... FAILED
[INFO] [stdout] test controllers::delete_user::tests::test_delete_user_route ... FAILED
[INFO] [stderr] error: test failed, to rerun pass `--bin rust-medium`
[INFO] [stdout] test controllers::add_user::tests::check_database_connectivity ... FAILED
[INFO] [stdout] test controllers::edit_user::tests::test_update_user_route ... FAILED
[INFO] [stdout] 
[INFO] [stdout] failures:
[INFO] [stdout] 
[INFO] [stdout] ---- controllers::add_user::tests::test_create_user_route stdout ----
[INFO] [stdout] 
[INFO] [stdout] thread 'controllers::add_user::tests::test_create_user_route' (3307) panicked at src/controllers/add_user.rs:106:57:
[INFO] [stdout] set DATABASE_URL env variable: NotPresent
[INFO] [stdout] stack backtrace:
[INFO] [stdout]    0:     0x623f4147eaf1 - <<std[70759c8f55707aa4]::sys::backtrace::BacktraceLock>::print::DisplayBacktrace as core[df12db4294e9bfd3]::fmt::Display>::fmt
[INFO] [stdout]    1:     0x623f41495c0a - core[df12db4294e9bfd3]::fmt::write
[INFO] [stdout]    2:     0x623f414834cc - <alloc[2182bb758b4b3781]::vec::Vec<u8> as core[df12db4294e9bfd3]::io::write::Write>::write_fmt
[INFO] [stdout]    3:     0x623f41459bd6 - std[70759c8f55707aa4]::panicking::default_hook::{closure#0}
[INFO] [stdout]    4:     0x623f41476709 - std[70759c8f55707aa4]::panicking::default_hook
[INFO] [stdout]    5:     0x623f41337460 - test[9d35eded1c95d3be]::test_main_inner::<test[9d35eded1c95d3be]::test_main_static::{closure#0}>::{closure#0}
[INFO] [stdout]    6:     0x623f41476a32 - std[70759c8f55707aa4]::panicking::panic_with_hook
[INFO] [stdout]    7:     0x623f41459c82 - std[70759c8f55707aa4]::panicking::panic_handler::{closure#0}
[INFO] [stdout]    8:     0x623f41452559 - std[70759c8f55707aa4]::sys::backtrace::__rust_end_short_backtrace::<std[70759c8f55707aa4]::panicking::panic_handler::{closure#0}, !>
[INFO] [stdout]    9:     0x623f4145ab0d - __rustc[8fa7c3cbc660c2b3]::rust_begin_unwind
[INFO] [stdout]   10:     0x623f4149636c - core[df12db4294e9bfd3]::panicking::panic_fmt
[INFO] [stdout]   11:     0x623f41496142 - core[df12db4294e9bfd3]::result::unwrap_failed
[INFO] [stdout]   12:     0x623f412da620 - rust_medium[700a50a7481fc523]::controllers::add_user::tests::create_connection_pool::{closure#0}
[INFO] [stdout]   13:     0x623f412da746 - rust_medium[700a50a7481fc523]::controllers::add_user::tests::test_create_user_route::{closure#0}
[INFO] [stdout]   14:     0x623f413115d3 - <tokio[46145197c1edec19]::runtime::scheduler::current_thread::Context>::enter::<core[df12db4294e9bfd3]::task::poll::Poll<()>, <tokio[46145197c1edec19]::runtime::scheduler::current_thread::CoreGuard>::block_on<core[df12db4294e9bfd3]::pin::Pin<&mut core[df12db4294e9bfd3]::pin::Pin<&mut dyn core[df12db4294e9bfd3]::future::future::Future<Output = ()>>>>::{closure#0}::{closure#0}>
[INFO] [stdout]   15:     0x623f412e7cf2 - <tokio[46145197c1edec19]::runtime::context::scoped::Scoped<tokio[46145197c1edec19]::runtime::scheduler::Context>>::set::<<tokio[46145197c1edec19]::runtime::scheduler::current_thread::CoreGuard>::enter<<tokio[46145197c1edec19]::runtime::scheduler::current_thread::CoreGuard>::block_on<core[df12db4294e9bfd3]::pin::Pin<&mut core[df12db4294e9bfd3]::pin::Pin<&mut dyn core[df12db4294e9bfd3]::future::future::Future<Output = ()>>>>::{closure#0}, core[df12db4294e9bfd3]::option::Option<()>>::{closure#0}, (alloc[2182bb758b4b3781]::boxed::Box<tokio[46145197c1edec19]::runtime::scheduler::current_thread::Core>, core[df12db4294e9bfd3]::option::Option<()>)>
[INFO] [stdout]   16:     0x623f41311927 - <tokio[46145197c1edec19]::runtime::scheduler::current_thread::CoreGuard>::block_on::<core[df12db4294e9bfd3]::pin::Pin<&mut core[df12db4294e9bfd3]::pin::Pin<&mut dyn core[df12db4294e9bfd3]::future::future::Future<Output = ()>>>>
[INFO] [stdout]   17:     0x623f412ea2ca - tokio[46145197c1edec19]::runtime::context::runtime::enter_runtime::<<tokio[46145197c1edec19]::runtime::scheduler::current_thread::CurrentThread>::block_on<core[df12db4294e9bfd3]::pin::Pin<&mut dyn core[df12db4294e9bfd3]::future::future::Future<Output = ()>>>::{closure#0}, ()>
[INFO] [stdout]   18:     0x623f413112a5 - <tokio[46145197c1edec19]::runtime::runtime::Runtime>::block_on::<core[df12db4294e9bfd3]::pin::Pin<&mut dyn core[df12db4294e9bfd3]::future::future::Future<Output = ()>>>
[INFO] [stdout]   19:     0x623f412dcdeb - rust_medium[700a50a7481fc523]::controllers::add_user::tests::test_create_user_route
[INFO] [stdout]   20:     0x623f41305fe9 - <rust_medium[700a50a7481fc523]::controllers::add_user::tests::test_create_user_route::{closure#0} as core[df12db4294e9bfd3]::ops::function::FnOnce<()>>::call_once
[INFO] [stdout]   21:     0x623f4132a74b - test[9d35eded1c95d3be]::__rust_begin_short_backtrace::<core[df12db4294e9bfd3]::result::Result<(), alloc[2182bb758b4b3781]::string::String>, fn() -> core[df12db4294e9bfd3]::result::Result<(), alloc[2182bb758b4b3781]::string::String>>
[INFO] [stdout]   22:     0x623f41337db5 - test[9d35eded1c95d3be]::run_test::{closure#0}
[INFO] [stdout]   23:     0x623f41331674 - std[70759c8f55707aa4]::sys::backtrace::__rust_begin_short_backtrace::<test[9d35eded1c95d3be]::run_test::{closure#1}, ()>
[INFO] [stdout]   24:     0x623f4133af12 - <std[70759c8f55707aa4]::thread::lifecycle::spawn_unchecked<test[9d35eded1c95d3be]::run_test::{closure#1}, ()>::{closure#1} as core[df12db4294e9bfd3]::ops::function::FnOnce<()>>::call_once::{shim:vtable#0}
[INFO] [stdout]   25:     0x623f4147dcf9 - <std[70759c8f55707aa4]::sys::thread::unix::Thread>::new::thread_start
[INFO] [stdout]   26:     0x71dc02bfadfa - <unknown>
[INFO] [stdout]   27:     0x71dc02c8e3d4 - clone
[INFO] [stdout]   28:                0x0 - <unknown>
[INFO] [stdout] 
[INFO] [stdout] ---- controllers::delete_user::tests::check_database_connectivity stdout ----
[INFO] [stdout] 
[INFO] [stdout] thread 'controllers::delete_user::tests::check_database_connectivity' (3309) panicked at src/controllers/delete_user.rs:67:56:
[INFO] [stdout] set DATABASE_URL env variable: NotPresent
[INFO] [stdout] stack backtrace:
[INFO] [stdout]    0:     0x623f4147eaf1 - <<std[70759c8f55707aa4]::sys::backtrace::BacktraceLock>::print::DisplayBacktrace as core[df12db4294e9bfd3]::fmt::Display>::fmt
[INFO] [stdout]    1:     0x623f41495c0a - core[df12db4294e9bfd3]::fmt::write
[INFO] [stdout]    2:     0x623f414834cc - <alloc[2182bb758b4b3781]::vec::Vec<u8> as core[df12db4294e9bfd3]::io::write::Write>::write_fmt
[INFO] [stdout]    3:     0x623f41459bd6 - std[70759c8f55707aa4]::panicking::default_hook::{closure#0}
[INFO] [stdout]    4:     0x623f41476709 - std[70759c8f55707aa4]::panicking::default_hook
[INFO] [stdout]    5:     0x623f41337460 - test[9d35eded1c95d3be]::test_main_inner::<test[9d35eded1c95d3be]::test_main_static::{closure#0}>::{closure#0}
[INFO] [stdout]    6:     0x623f41476a32 - std[70759c8f55707aa4]::panicking::panic_with_hook
[INFO] [stdout]    7:     0x623f41459c82 - std[70759c8f55707aa4]::panicking::panic_handler::{closure#0}
[INFO] [stdout]    8:     0x623f41452559 - std[70759c8f55707aa4]::sys::backtrace::__rust_end_short_backtrace::<std[70759c8f55707aa4]::panicking::panic_handler::{closure#0}, !>
[INFO] [stdout]    9:     0x623f4145ab0d - __rustc[8fa7c3cbc660c2b3]::rust_begin_unwind
[INFO] [stdout]   10:     0x623f4149636c - core[df12db4294e9bfd3]::panicking::panic_fmt
[INFO] [stdout]   11:     0x623f41496142 - core[df12db4294e9bfd3]::result::unwrap_failed
[INFO] [stdout]   12:     0x623f4130dc35 - rust_medium[700a50a7481fc523]::controllers::delete_user::tests::check_database_connectivity::{closure#0}
[INFO] [stdout]   13:     0x623f413115d3 - <tokio[46145197c1edec19]::runtime::scheduler::current_thread::Context>::enter::<core[df12db4294e9bfd3]::task::poll::Poll<()>, <tokio[46145197c1edec19]::runtime::scheduler::current_thread::CoreGuard>::block_on<core[df12db4294e9bfd3]::pin::Pin<&mut core[df12db4294e9bfd3]::pin::Pin<&mut dyn core[df12db4294e9bfd3]::future::future::Future<Output = ()>>>>::{closure#0}::{closure#0}>
[INFO] [stdout]   14:     0x623f412e7cf2 - <tokio[46145197c1edec19]::runtime::context::scoped::Scoped<tokio[46145197c1edec19]::runtime::scheduler::Context>>::set::<<tokio[46145197c1edec19]::runtime::scheduler::current_thread::CoreGuard>::enter<<tokio[46145197c1edec19]::runtime::scheduler::current_thread::CoreGuard>::block_on<core[df12db4294e9bfd3]::pin::Pin<&mut core[df12db4294e9bfd3]::pin::Pin<&mut dyn core[df12db4294e9bfd3]::future::future::Future<Output = ()>>>>::{closure#0}, core[df12db4294e9bfd3]::option::Option<()>>::{closure#0}, (alloc[2182bb758b4b3781]::boxed::Box<tokio[46145197c1edec19]::runtime::scheduler::current_thread::Core>, core[df12db4294e9bfd3]::option::Option<()>)>
[INFO] [stdout]   15:     0x623f41311927 - <tokio[46145197c1edec19]::runtime::scheduler::current_thread::CoreGuard>::block_on::<core[df12db4294e9bfd3]::pin::Pin<&mut core[df12db4294e9bfd3]::pin::Pin<&mut dyn core[df12db4294e9bfd3]::future::future::Future<Output = ()>>>>
[INFO] [stdout]   16:     0x623f412ea2ca - tokio[46145197c1edec19]::runtime::context::runtime::enter_runtime::<<tokio[46145197c1edec19]::runtime::scheduler::current_thread::CurrentThread>::block_on<core[df12db4294e9bfd3]::pin::Pin<&mut dyn core[df12db4294e9bfd3]::future::future::Future<Output = ()>>>::{closure#0}, ()>
[INFO] [stdout]   17:     0x623f413112a5 - <tokio[46145197c1edec19]::runtime::runtime::Runtime>::block_on::<core[df12db4294e9bfd3]::pin::Pin<&mut dyn core[df12db4294e9bfd3]::future::future::Future<Output = ()>>>
[INFO] [stdout]   18:     0x623f4131015b - rust_medium[700a50a7481fc523]::controllers::delete_user::tests::check_database_connectivity
[INFO] [stdout]   19:     0x623f41305fa9 - <rust_medium[700a50a7481fc523]::controllers::delete_user::tests::check_database_connectivity::{closure#0} as core[df12db4294e9bfd3]::ops::function::FnOnce<()>>::call_once
[INFO] [stdout]   20:     0x623f4132a74b - test[9d35eded1c95d3be]::__rust_begin_short_backtrace::<core[df12db4294e9bfd3]::result::Result<(), alloc[2182bb758b4b3781]::string::String>, fn() -> core[df12db4294e9bfd3]::result::Result<(), alloc[2182bb758b4b3781]::string::String>>
[INFO] [stdout]   21:     0x623f41337db5 - test[9d35eded1c95d3be]::run_test::{closure#0}
[INFO] [stdout]   22:     0x623f41331674 - std[70759c8f55707aa4]::sys::backtrace::__rust_begin_short_backtrace::<test[9d35eded1c95d3be]::run_test::{closure#1}, ()>
[INFO] [stdout]   23:     0x623f4133af12 - <std[70759c8f55707aa4]::thread::lifecycle::spawn_unchecked<test[9d35eded1c95d3be]::run_test::{closure#1}, ()>::{closure#1} as core[df12db4294e9bfd3]::ops::function::FnOnce<()>>::call_once::{shim:vtable#0}
[INFO] [stdout]   24:     0x623f4147dcf9 - <std[70759c8f55707aa4]::sys::thread::unix::Thread>::new::thread_start
[INFO] [stdout]   25:     0x71dc02bfadfa - <unknown>
[INFO] [stdout]   26:     0x71dc02c8e3d4 - clone
[INFO] [stdout]   27:                0x0 - <unknown>
[INFO] [stdout] 
[INFO] [stdout] ---- controllers::add_user::tests::test_username_uniqueness stdout ----
[INFO] [stdout] 
[INFO] [stdout] thread 'controllers::add_user::tests::test_username_uniqueness' (3308) panicked at src/controllers/add_user.rs:106:57:
[INFO] [stdout] set DATABASE_URL env variable: NotPresent
[INFO] [stdout] stack backtrace:
[INFO] [stdout]    0:     0x623f4147eaf1 - <<std[70759c8f55707aa4]::sys::backtrace::BacktraceLock>::print::DisplayBacktrace as core[df12db4294e9bfd3]::fmt::Display>::fmt
[INFO] [stdout]    1:     0x623f41495c0a - core[df12db4294e9bfd3]::fmt::write
[INFO] [stdout]    2:     0x623f414834cc - <alloc[2182bb758b4b3781]::vec::Vec<u8> as core[df12db4294e9bfd3]::io::write::Write>::write_fmt
[INFO] [stdout]    3:     0x623f41459bd6 - std[70759c8f55707aa4]::panicking::default_hook::{closure#0}
[INFO] [stdout]    4:     0x623f41476709 - std[70759c8f55707aa4]::panicking::default_hook
[INFO] [stdout]    5:     0x623f41337460 - test[9d35eded1c95d3be]::test_main_inner::<test[9d35eded1c95d3be]::test_main_static::{closure#0}>::{closure#0}
[INFO] [stdout]    6:     0x623f41476a32 - std[70759c8f55707aa4]::panicking::panic_with_hook
[INFO] [stdout]    7:     0x623f41459c82 - std[70759c8f55707aa4]::panicking::panic_handler::{closure#0}
[INFO] [stdout]    8:     0x623f41452559 - std[70759c8f55707aa4]::sys::backtrace::__rust_end_short_backtrace::<std[70759c8f55707aa4]::panicking::panic_handler::{closure#0}, !>
[INFO] [stdout]    9:     0x623f4145ab0d - __rustc[8fa7c3cbc660c2b3]::rust_begin_unwind
[INFO] [stdout]   10:     0x623f4149636c - core[df12db4294e9bfd3]::panicking::panic_fmt
[INFO] [stdout]   11:     0x623f41496142 - core[df12db4294e9bfd3]::result::unwrap_failed
[INFO] [stdout]   12:     0x623f412da620 - rust_medium[700a50a7481fc523]::controllers::add_user::tests::create_connection_pool::{closure#0}
[INFO] [stdout]   13:     0x623f412daf1f - rust_medium[700a50a7481fc523]::controllers::add_user::tests::test_username_uniqueness::{closure#0}
[INFO] [stdout]   14:     0x623f413115d3 - <tokio[46145197c1edec19]::runtime::scheduler::current_thread::Context>::enter::<core[df12db4294e9bfd3]::task::poll::Poll<()>, <tokio[46145197c1edec19]::runtime::scheduler::current_thread::CoreGuard>::block_on<core[df12db4294e9bfd3]::pin::Pin<&mut core[df12db4294e9bfd3]::pin::Pin<&mut dyn core[df12db4294e9bfd3]::future::future::Future<Output = ()>>>>::{closure#0}::{closure#0}>
[INFO] [stdout]   15:     0x623f412e7cf2 - <tokio[46145197c1edec19]::runtime::context::scoped::Scoped<tokio[46145197c1edec19]::runtime::scheduler::Context>>::set::<<tokio[46145197c1edec19]::runtime::scheduler::current_thread::CoreGuard>::enter<<tokio[46145197c1edec19]::runtime::scheduler::current_thread::CoreGuard>::block_on<core[df12db4294e9bfd3]::pin::Pin<&mut core[df12db4294e9bfd3]::pin::Pin<&mut dyn core[df12db4294e9bfd3]::future::future::Future<Output = ()>>>>::{closure#0}, core[df12db4294e9bfd3]::option::Option<()>>::{closure#0}, (alloc[2182bb758b4b3781]::boxed::Box<tokio[46145197c1edec19]::runtime::scheduler::current_thread::Core>, core[df12db4294e9bfd3]::option::Option<()>)>
[INFO] [stdout]   16:     0x623f41311927 - <tokio[46145197c1edec19]::runtime::scheduler::current_thread::CoreGuard>::block_on::<core[df12db4294e9bfd3]::pin::Pin<&mut core[df12db4294e9bfd3]::pin::Pin<&mut dyn core[df12db4294e9bfd3]::future::future::Future<Output = ()>>>>
[INFO] [stdout]   17:     0x623f412ea2ca - tokio[46145197c1edec19]::runtime::context::runtime::enter_runtime::<<tokio[46145197c1edec19]::runtime::scheduler::current_thread::CurrentThread>::block_on<core[df12db4294e9bfd3]::pin::Pin<&mut dyn core[df12db4294e9bfd3]::future::future::Future<Output = ()>>>::{closure#0}, ()>
[INFO] [stdout]   18:     0x623f413112a5 - <tokio[46145197c1edec19]::runtime::runtime::Runtime>::block_on::<core[df12db4294e9bfd3]::pin::Pin<&mut dyn core[df12db4294e9bfd3]::future::future::Future<Output = ()>>>
[INFO] [stdout]   19:     0x623f412dcfdb - rust_medium[700a50a7481fc523]::controllers::add_user::tests::test_username_uniqueness
[INFO] [stdout]   20:     0x623f41306009 - <rust_medium[700a50a7481fc523]::controllers::add_user::tests::test_username_uniqueness::{closure#0} as core[df12db4294e9bfd3]::ops::function::FnOnce<()>>::call_once
[INFO] [stdout]   21:     0x623f4132a74b - test[9d35eded1c95d3be]::__rust_begin_short_backtrace::<core[df12db4294e9bfd3]::result::Result<(), alloc[2182bb758b4b3781]::string::String>, fn() -> core[df12db4294e9bfd3]::result::Result<(), alloc[2182bb758b4b3781]::string::String>>
[INFO] [stdout]   22:     0x623f41337db5 - test[9d35eded1c95d3be]::run_test::{closure#0}
[INFO] [stdout]   23:     0x623f41331674 - std[70759c8f55707aa4]::sys::backtrace::__rust_begin_short_backtrace::<test[9d35eded1c95d3be]::run_test::{closure#1}, ()>
[INFO] [stdout]   24:     0x623f4133af12 - <std[70759c8f55707aa4]::thread::lifecycle::spawn_unchecked<test[9d35eded1c95d3be]::run_test::{closure#1}, ()>::{closure#1} as core[df12db4294e9bfd3]::ops::function::FnOnce<()>>::call_once::{shim:vtable#0}
[INFO] [stdout]   25:     0x623f4147dcf9 - <std[70759c8f55707aa4]::sys::thread::unix::Thread>::new::thread_start
[INFO] [stdout]   26:     0x71dc02bfadfa - <unknown>
[INFO] [stdout]   27:     0x71dc02c8e3d4 - clone
[INFO] [stdout]   28:                0x0 - <unknown>
[INFO] [stdout] 
[INFO] [stdout] ---- controllers::get_user::tests::test_get_user_handler_route stdout ----
[INFO] [stdout] 
[INFO] [stdout] thread 'controllers::get_user::tests::test_get_user_handler_route' (3315) panicked at src/controllers/get_user.rs:47:57:
[INFO] [stdout] set DATABASE_URL env variable: NotPresent
[INFO] [stdout] stack backtrace:
[INFO] [stdout]    0:     0x623f4147eaf1 - <<std[70759c8f55707aa4]::sys::backtrace::BacktraceLock>::print::DisplayBacktrace as core[df12db4294e9bfd3]::fmt::Display>::fmt
[INFO] [stdout]    1:     0x623f41495c0a - core[df12db4294e9bfd3]::fmt::write
[INFO] [stdout]    2:     0x623f414834cc - <alloc[2182bb758b4b3781]::vec::Vec<u8> as core[df12db4294e9bfd3]::io::write::Write>::write_fmt
[INFO] [stdout]    3:     0x623f41459bd6 - std[70759c8f55707aa4]::panicking::default_hook::{closure#0}
[INFO] [stdout]    4:     0x623f41476709 - std[70759c8f55707aa4]::panicking::default_hook
[INFO] [stdout]    5:     0x623f41337460 - test[9d35eded1c95d3be]::test_main_inner::<test[9d35eded1c95d3be]::test_main_static::{closure#0}>::{closure#0}
[INFO] [stdout]    6:     0x623f41476a32 - std[70759c8f55707aa4]::panicking::panic_with_hook
[INFO] [stdout]    7:     0x623f41459c82 - std[70759c8f55707aa4]::panicking::panic_handler::{closure#0}
[INFO] [stdout]    8:     0x623f41452559 - std[70759c8f55707aa4]::sys::backtrace::__rust_end_short_backtrace::<std[70759c8f55707aa4]::panicking::panic_handler::{closure#0}, !>
[INFO] [stdout]    9:     0x623f4145ab0d - __rustc[8fa7c3cbc660c2b3]::rust_begin_unwind
[INFO] [stdout]   10:     0x623f4149636c - core[df12db4294e9bfd3]::panicking::panic_fmt
[INFO] [stdout]   11:     0x623f41496142 - core[df12db4294e9bfd3]::result::unwrap_failed
[INFO] [stdout]   12:     0x623f4131dabc - rust_medium[700a50a7481fc523]::controllers::get_user::tests::test_get_user_handler_route::{closure#0}
[INFO] [stdout]   13:     0x623f413115d3 - <tokio[46145197c1edec19]::runtime::scheduler::current_thread::Context>::enter::<core[df12db4294e9bfd3]::task::poll::Poll<()>, <tokio[46145197c1edec19]::runtime::scheduler::current_thread::CoreGuard>::block_on<core[df12db4294e9bfd3]::pin::Pin<&mut core[df12db4294e9bfd3]::pin::Pin<&mut dyn core[df12db4294e9bfd3]::future::future::Future<Output = ()>>>>::{closure#0}::{closure#0}>
[INFO] [stdout]   14:     0x623f412e7cf2 - <tokio[46145197c1edec19]::runtime::context::scoped::Scoped<tokio[46145197c1edec19]::runtime::scheduler::Context>>::set::<<tokio[46145197c1edec19]::runtime::scheduler::current_thread::CoreGuard>::enter<<tokio[46145197c1edec19]::runtime::scheduler::current_thread::CoreGuard>::block_on<core[df12db4294e9bfd3]::pin::Pin<&mut core[df12db4294e9bfd3]::pin::Pin<&mut dyn core[df12db4294e9bfd3]::future::future::Future<Output = ()>>>>::{closure#0}, core[df12db4294e9bfd3]::option::Option<()>>::{closure#0}, (alloc[2182bb758b4b3781]::boxed::Box<tokio[46145197c1edec19]::runtime::scheduler::current_thread::Core>, core[df12db4294e9bfd3]::option::Option<()>)>
[INFO] [stdout]   15:     0x623f41311927 - <tokio[46145197c1edec19]::runtime::scheduler::current_thread::CoreGuard>::block_on::<core[df12db4294e9bfd3]::pin::Pin<&mut core[df12db4294e9bfd3]::pin::Pin<&mut dyn core[df12db4294e9bfd3]::future::future::Future<Output = ()>>>>
[INFO] [stdout]   16:     0x623f412ea2ca - tokio[46145197c1edec19]::runtime::context::runtime::enter_runtime::<<tokio[46145197c1edec19]::runtime::scheduler::current_thread::CurrentThread>::block_on<core[df12db4294e9bfd3]::pin::Pin<&mut dyn core[df12db4294e9bfd3]::future::future::Future<Output = ()>>>::{closure#0}, ()>
[INFO] [stdout]   17:     0x623f413112a5 - <tokio[46145197c1edec19]::runtime::runtime::Runtime>::block_on::<core[df12db4294e9bfd3]::pin::Pin<&mut dyn core[df12db4294e9bfd3]::future::future::Future<Output = ()>>>
[INFO] [stdout]   18:     0x623f4131fcfb - rust_medium[700a50a7481fc523]::controllers::get_user::tests::test_get_user_handler_route
[INFO] [stdout]   19:     0x623f41306049 - <rust_medium[700a50a7481fc523]::controllers::get_user::tests::test_get_user_handler_route::{closure#0} as core[df12db4294e9bfd3]::ops::function::FnOnce<()>>::call_once
[INFO] [stdout]   20:     0x623f4132a74b - test[9d35eded1c95d3be]::__rust_begin_short_backtrace::<core[df12db4294e9bfd3]::result::Result<(), alloc[2182bb758b4b3781]::string::String>, fn() -> core[df12db4294e9bfd3]::result::Result<(), alloc[2182bb758b4b3781]::string::String>>
[INFO] [stdout]   21:     0x623f41337db5 - test[9d35eded1c95d3be]::run_test::{closure#0}
[INFO] [stdout]   22:     0x623f41331674 - std[70759c8f55707aa4]::sys::backtrace::__rust_begin_short_backtrace::<test[9d35eded1c95d3be]::run_test::{closure#1}, ()>
[INFO] [stdout]   23:     0x623f4133af12 - <std[70759c8f55707aa4]::thread::lifecycle::spawn_unchecked<test[9d35eded1c95d3be]::run_test::{closure#1}, ()>::{closure#1} as core[df12db4294e9bfd3]::ops::function::FnOnce<()>>::call_once::{shim:vtable#0}
[INFO] [stdout]   24:     0x623f4147dcf9 - <std[70759c8f55707aa4]::sys::thread::unix::Thread>::new::thread_start
[INFO] [stdout]   25:     0x71dc02bfadfa - <unknown>
[INFO] [stdout]   26:     0x71dc02c8e3d4 - clone
[INFO] [stdout]   27:                0x0 - <unknown>
[INFO] [stdout] 
[INFO] [stdout] ---- controllers::edit_user::tests::test_update_user_not_found stdout ----
[INFO] [stdout] 
[INFO] [stdout] thread 'controllers::edit_user::tests::test_update_user_not_found' (3313) panicked at src/controllers/edit_user.rs:82:57:
[INFO] [stdout] set DATABASE_URL env variable: NotPresent
[INFO] [stdout] stack backtrace:
[INFO] [stdout]    0:     0x623f4147eaf1 - <<std[70759c8f55707aa4]::sys::backtrace::BacktraceLock>::print::DisplayBacktrace as core[df12db4294e9bfd3]::fmt::Display>::fmt
[INFO] [stdout]    1:     0x623f41495c0a - core[df12db4294e9bfd3]::fmt::write
[INFO] [stdout]    2:     0x623f414834cc - <alloc[2182bb758b4b3781]::vec::Vec<u8> as core[df12db4294e9bfd3]::io::write::Write>::write_fmt
[INFO] [stdout]    3:     0x623f41459bd6 - std[70759c8f55707aa4]::panicking::default_hook::{closure#0}
[INFO] [stdout]    4:     0x623f41476709 - std[70759c8f55707aa4]::panicking::default_hook
[INFO] [stdout]    5:     0x623f41337460 - test[9d35eded1c95d3be]::test_main_inner::<test[9d35eded1c95d3be]::test_main_static::{closure#0}>::{closure#0}
[INFO] [stdout]    6:     0x623f41476a32 - std[70759c8f55707aa4]::panicking::panic_with_hook
[INFO] [stdout]    7:     0x623f41459c82 - std[70759c8f55707aa4]::panicking::panic_handler::{closure#0}
[INFO] [stdout]    8:     0x623f41452559 - std[70759c8f55707aa4]::sys::backtrace::__rust_end_short_backtrace::<std[70759c8f55707aa4]::panicking::panic_handler::{closure#0}, !>
[INFO] [stdout]    9:     0x623f4145ab0d - __rustc[8fa7c3cbc660c2b3]::rust_begin_unwind
[INFO] [stdout]   10:     0x623f4149636c - core[df12db4294e9bfd3]::panicking::panic_fmt
[INFO] [stdout]   11:     0x623f41496142 - core[df12db4294e9bfd3]::result::unwrap_failed
[INFO] [stdout]   12:     0x623f413036e0 - rust_medium[700a50a7481fc523]::controllers::edit_user::tests::create_connection_pool::{closure#0}
[INFO] [stdout]   13:     0x623f41303f26 - rust_medium[700a50a7481fc523]::controllers::edit_user::tests::test_update_user_not_found::{closure#0}
[INFO] [stdout]   14:     0x623f413115d3 - <tokio[46145197c1edec19]::runtime::scheduler::current_thread::Context>::enter::<core[df12db4294e9bfd3]::task::poll::Poll<()>, <tokio[46145197c1edec19]::runtime::scheduler::current_thread::CoreGuard>::block_on<core[df12db4294e9bfd3]::pin::Pin<&mut core[df12db4294e9bfd3]::pin::Pin<&mut dyn core[df12db4294e9bfd3]::future::future::Future<Output = ()>>>>::{closure#0}::{closure#0}>
[INFO] [stdout]   15:     0x623f412e7cf2 - <tokio[46145197c1edec19]::runtime::context::scoped::Scoped<tokio[46145197c1edec19]::runtime::scheduler::Context>>::set::<<tokio[46145197c1edec19]::runtime::scheduler::current_thread::CoreGuard>::enter<<tokio[46145197c1edec19]::runtime::scheduler::current_thread::CoreGuard>::block_on<core[df12db4294e9bfd3]::pin::Pin<&mut core[df12db4294e9bfd3]::pin::Pin<&mut dyn core[df12db4294e9bfd3]::future::future::Future<Output = ()>>>>::{closure#0}, core[df12db4294e9bfd3]::option::Option<()>>::{closure#0}, (alloc[2182bb758b4b3781]::boxed::Box<tokio[46145197c1edec19]::runtime::scheduler::current_thread::Core>, core[df12db4294e9bfd3]::option::Option<()>)>
[INFO] [stdout]   16:     0x623f41311927 - <tokio[46145197c1edec19]::runtime::scheduler::current_thread::CoreGuard>::block_on::<core[df12db4294e9bfd3]::pin::Pin<&mut core[df12db4294e9bfd3]::pin::Pin<&mut dyn core[df12db4294e9bfd3]::future::future::Future<Output = ()>>>>
[INFO] [stdout]   17:     0x623f412ea2ca - tokio[46145197c1edec19]::runtime::context::runtime::enter_runtime::<<tokio[46145197c1edec19]::runtime::scheduler::current_thread::CurrentThread>::block_on<core[df12db4294e9bfd3]::pin::Pin<&mut dyn core[df12db4294e9bfd3]::future::future::Future<Output = ()>>>::{closure#0}, ()>
[INFO] [stdout]   18:     0x623f413112a5 - <tokio[46145197c1edec19]::runtime::runtime::Runtime>::block_on::<core[df12db4294e9bfd3]::pin::Pin<&mut dyn core[df12db4294e9bfd3]::future::future::Future<Output = ()>>>
[INFO] [stdout]   19:     0x623f413062fe - <rust_medium[700a50a7481fc523]::controllers::edit_user::tests::test_update_user_not_found::{closure#0} as core[df12db4294e9bfd3]::ops::function::FnOnce<()>>::call_once
[INFO] [stdout]   20:     0x623f4132a74b - test[9d35eded1c95d3be]::__rust_begin_short_backtrace::<core[df12db4294e9bfd3]::result::Result<(), alloc[2182bb758b4b3781]::string::String>, fn() -> core[df12db4294e9bfd3]::result::Result<(), alloc[2182bb758b4b3781]::string::String>>
[INFO] [stdout]   21:     0x623f41337db5 - test[9d35eded1c95d3be]::run_test::{closure#0}
[INFO] [stdout]   22:     0x623f41331674 - std[70759c8f55707aa4]::sys::backtrace::__rust_begin_short_backtrace::<test[9d35eded1c95d3be]::run_test::{closure#1}, ()>
[INFO] [stdout]   23:     0x623f4133af12 - <std[70759c8f55707aa4]::thread::lifecycle::spawn_unchecked<test[9d35eded1c95d3be]::run_test::{closure#1}, ()>::{closure#1} as core[df12db4294e9bfd3]::ops::function::FnOnce<()>>::call_once::{shim:vtable#0}
[INFO] [stdout]   24:     0x623f4147dcf9 - <std[70759c8f55707aa4]::sys::thread::unix::Thread>::new::thread_start
[INFO] [stdout]   25:     0x71dc02bfadfa - <unknown>
[INFO] [stdout]   26:     0x71dc02c8e3d4 - clone
[INFO] [stdout]   27:                0x0 - <unknown>
[INFO] [stdout] 
[INFO] [stdout] ---- controllers::delete_user::tests::test_delete_user_route_user_not_found stdout ----
[INFO] [stdout] 
[INFO] [stdout] thread 'controllers::delete_user::tests::test_delete_user_route_user_not_found' (3311) panicked at src/controllers/delete_user.rs:81:57:
[INFO] [stdout] set DATABASE_URL env variable: NotPresent
[INFO] [stdout] stack backtrace:
[INFO] [stdout]    0:     0x623f4147eaf1 - <<std[70759c8f55707aa4]::sys::backtrace::BacktraceLock>::print::DisplayBacktrace as core[df12db4294e9bfd3]::fmt::Display>::fmt
[INFO] [stdout]    1:     0x623f41495c0a - core[df12db4294e9bfd3]::fmt::write
[INFO] [stdout]    2:     0x623f414834cc - <alloc[2182bb758b4b3781]::vec::Vec<u8> as core[df12db4294e9bfd3]::io::write::Write>::write_fmt
[INFO] [stdout]    3:     0x623f41459bd6 - std[70759c8f55707aa4]::panicking::default_hook::{closure#0}
[INFO] [stdout]    4:     0x623f41476709 - std[70759c8f55707aa4]::panicking::default_hook
[INFO] [stdout]    5:     0x623f41337460 - test[9d35eded1c95d3be]::test_main_inner::<test[9d35eded1c95d3be]::test_main_static::{closure#0}>::{closure#0}
[INFO] [stdout]    6:     0x623f41476a32 - std[70759c8f55707aa4]::panicking::panic_with_hook
[INFO] [stdout]    7:     0x623f41459c82 - std[70759c8f55707aa4]::panicking::panic_handler::{closure#0}
[INFO] [stdout]    8:     0x623f41452559 - std[70759c8f55707aa4]::sys::backtrace::__rust_end_short_backtrace::<std[70759c8f55707aa4]::panicking::panic_handler::{closure#0}, !>
[INFO] [stdout]    9:     0x623f4145ab0d - __rustc[8fa7c3cbc660c2b3]::rust_begin_unwind
[INFO] [stdout]   10:     0x623f4149636c - core[df12db4294e9bfd3]::panicking::panic_fmt
[INFO] [stdout]   11:     0x623f41496142 - core[df12db4294e9bfd3]::result::unwrap_failed
[INFO] [stdout]   12:     0x623f4130d2c0 - rust_medium[700a50a7481fc523]::controllers::delete_user::tests::create_connection_pool::{closure#0}
[INFO] [stdout]   13:     0x623f4130dda6 - rust_medium[700a50a7481fc523]::controllers::delete_user::tests::test_delete_user_route_user_not_found::{closure#0}
[INFO] [stdout]   14:     0x623f413115d3 - <tokio[46145197c1edec19]::runtime::scheduler::current_thread::Context>::enter::<core[df12db4294e9bfd3]::task::poll::Poll<()>, <tokio[46145197c1edec19]::runtime::scheduler::current_thread::CoreGuard>::block_on<core[df12db4294e9bfd3]::pin::Pin<&mut core[df12db4294e9bfd3]::pin::Pin<&mut dyn core[df12db4294e9bfd3]::future::future::Future<Output = ()>>>>::{closure#0}::{closure#0}>
[INFO] [stdout]   15:     0x623f412e7cf2 - <tokio[46145197c1edec19]::runtime::context::scoped::Scoped<tokio[46145197c1edec19]::runtime::scheduler::Context>>::set::<<tokio[46145197c1edec19]::runtime::scheduler::current_thread::CoreGuard>::enter<<tokio[46145197c1edec19]::runtime::scheduler::current_thread::CoreGuard>::block_on<core[df12db4294e9bfd3]::pin::Pin<&mut core[df12db4294e9bfd3]::pin::Pin<&mut dyn core[df12db4294e9bfd3]::future::future::Future<Output = ()>>>>::{closure#0}, core[df12db4294e9bfd3]::option::Option<()>>::{closure#0}, (alloc[2182bb758b4b3781]::boxed::Box<tokio[46145197c1edec19]::runtime::scheduler::current_thread::Core>, core[df12db4294e9bfd3]::option::Option<()>)>
[INFO] [stdout]   16:     0x623f41311927 - <tokio[46145197c1edec19]::runtime::scheduler::current_thread::CoreGuard>::block_on::<core[df12db4294e9bfd3]::pin::Pin<&mut core[df12db4294e9bfd3]::pin::Pin<&mut dyn core[df12db4294e9bfd3]::future::future::Future<Output = ()>>>>
[INFO] [stdout]   17:     0x623f412ea2ca - tokio[46145197c1edec19]::runtime::context::runtime::enter_runtime::<<tokio[46145197c1edec19]::runtime::scheduler::current_thread::CurrentThread>::block_on<core[df12db4294e9bfd3]::pin::Pin<&mut dyn core[df12db4294e9bfd3]::future::future::Future<Output = ()>>>::{closure#0}, ()>
[INFO] [stdout]   18:     0x623f413112a5 - <tokio[46145197c1edec19]::runtime::runtime::Runtime>::block_on::<core[df12db4294e9bfd3]::pin::Pin<&mut dyn core[df12db4294e9bfd3]::future::future::Future<Output = ()>>>
[INFO] [stdout]   19:     0x623f4131031b - rust_medium[700a50a7481fc523]::controllers::delete_user::tests::test_delete_user_route_user_not_found
[INFO] [stdout]   20:     0x623f41305fc9 - <rust_medium[700a50a7481fc523]::controllers::delete_user::tests::test_delete_user_route_user_not_found::{closure#0} as core[df12db4294e9bfd3]::ops::function::FnOnce<()>>::call_once
[INFO] [stdout]   21:     0x623f4132a74b - test[9d35eded1c95d3be]::__rust_begin_short_backtrace::<core[df12db4294e9bfd3]::result::Result<(), alloc[2182bb758b4b3781]::string::String>, fn() -> core[df12db4294e9bfd3]::result::Result<(), alloc[2182bb758b4b3781]::string::String>>
[INFO] [stdout]   22:     0x623f41337db5 - test[9d35eded1c95d3be]::run_test::{closure#0}
[INFO] [stdout]   23:     0x623f41331674 - std[70759c8f55707aa4]::sys::backtrace::__rust_begin_short_backtrace::<test[9d35eded1c95d3be]::run_test::{closure#1}, ()>
[INFO] [stdout]   24:     0x623f4133af12 - <std[70759c8f55707aa4]::thread::lifecycle::spawn_unchecked<test[9d35eded1c95d3be]::run_test::{closure#1}, ()>::{closure#1} as core[df12db4294e9bfd3]::ops::function::FnOnce<()>>::call_once::{shim:vtable#0}
[INFO] [stdout]   25:     0x623f4147dcf9 - <std[70759c8f55707aa4]::sys::thread::unix::Thread>::new::thread_start
[INFO] [stdout]   26:     0x71dc02bfadfa - <unknown>
[INFO] [stdout]   27:     0x71dc02c8e3d4 - clone
[INFO] [stdout]   28:                0x0 - <unknown>
[INFO] [stdout] 
[INFO] [stdout] ---- controllers::edit_user::tests::check_database_connectivity stdout ----
[INFO] [stdout] 
[INFO] [stdout] thread 'controllers::edit_user::tests::check_database_connectivity' (3312) panicked at src/controllers/edit_user.rs:68:56:
[INFO] [stdout] set DATABASE_URL env variable: NotPresent
[INFO] [stdout] stack backtrace:
[INFO] [stdout]    0:     0x623f4147eaf1 - <<std[70759c8f55707aa4]::sys::backtrace::BacktraceLock>::print::DisplayBacktrace as core[df12db4294e9bfd3]::fmt::Display>::fmt
[INFO] [stdout]    1:     0x623f41495c0a - core[df12db4294e9bfd3]::fmt::write
[INFO] [stdout]    2:     0x623f414834cc - <alloc[2182bb758b4b3781]::vec::Vec<u8> as core[df12db4294e9bfd3]::io::write::Write>::write_fmt
[INFO] [stdout]    3:     0x623f41459bd6 - std[70759c8f55707aa4]::panicking::default_hook::{closure#0}
[INFO] [stdout]    4:     0x623f41476709 - std[70759c8f55707aa4]::panicking::default_hook
[INFO] [stdout]    5:     0x623f41337460 - test[9d35eded1c95d3be]::test_main_inner::<test[9d35eded1c95d3be]::test_main_static::{closure#0}>::{closure#0}
[INFO] [stdout]    6:     0x623f41476a32 - std[70759c8f55707aa4]::panicking::panic_with_hook
[INFO] [stdout]    7:     0x623f41459c82 - std[70759c8f55707aa4]::panicking::panic_handler::{closure#0}
[INFO] [stdout]    8:     0x623f41452559 - std[70759c8f55707aa4]::sys::backtrace::__rust_end_short_backtrace::<std[70759c8f55707aa4]::panicking::panic_handler::{closure#0}, !>
[INFO] [stdout]    9:     0x623f4145ab0d - __rustc[8fa7c3cbc660c2b3]::rust_begin_unwind
[INFO] [stdout]   10:     0x623f4149636c - core[df12db4294e9bfd3]::panicking::panic_fmt
[INFO] [stdout]   11:     0x623f41496142 - core[df12db4294e9bfd3]::result::unwrap_failed
[INFO] [stdout]   12:     0x623f413047e5 - rust_medium[700a50a7481fc523]::controllers::edit_user::tests::check_database_connectivity::{closure#0}
[INFO] [stdout]   13:     0x623f413115d3 - <tokio[46145197c1edec19]::runtime::scheduler::current_thread::Context>::enter::<core[df12db4294e9bfd3]::task::poll::Poll<()>, <tokio[46145197c1edec19]::runtime::scheduler::current_thread::CoreGuard>::block_on<core[df12db4294e9bfd3]::pin::Pin<&mut core[df12db4294e9bfd3]::pin::Pin<&mut dyn core[df12db4294e9bfd3]::future::future::Future<Output = ()>>>>::{closure#0}::{closure#0}>
[INFO] [stdout]   14:     0x623f412e7cf2 - <tokio[46145197c1edec19]::runtime::context::scoped::Scoped<tokio[46145197c1edec19]::runtime::scheduler::Context>>::set::<<tokio[46145197c1edec19]::runtime::scheduler::current_thread::CoreGuard>::enter<<tokio[46145197c1edec19]::runtime::scheduler::current_thread::CoreGuard>::block_on<core[df12db4294e9bfd3]::pin::Pin<&mut core[df12db4294e9bfd3]::pin::Pin<&mut dyn core[df12db4294e9bfd3]::future::future::Future<Output = ()>>>>::{closure#0}, core[df12db4294e9bfd3]::option::Option<()>>::{closure#0}, (alloc[2182bb758b4b3781]::boxed::Box<tokio[46145197c1edec19]::runtime::scheduler::current_thread::Core>, core[df12db4294e9bfd3]::option::Option<()>)>
[INFO] [stdout]   15:     0x623f41311927 - <tokio[46145197c1edec19]::runtime::scheduler::current_thread::CoreGuard>::block_on::<core[df12db4294e9bfd3]::pin::Pin<&mut core[df12db4294e9bfd3]::pin::Pin<&mut dyn core[df12db4294e9bfd3]::future::future::Future<Output = ()>>>>
[INFO] [stdout]   16:     0x623f412ea2ca - tokio[46145197c1edec19]::runtime::context::runtime::enter_runtime::<<tokio[46145197c1edec19]::runtime::scheduler::current_thread::CurrentThread>::block_on<core[df12db4294e9bfd3]::pin::Pin<&mut dyn core[df12db4294e9bfd3]::future::future::Future<Output = ()>>>::{closure#0}, ()>
[INFO] [stdout]   17:     0x623f413112a5 - <tokio[46145197c1edec19]::runtime::runtime::Runtime>::block_on::<core[df12db4294e9bfd3]::pin::Pin<&mut dyn core[df12db4294e9bfd3]::future::future::Future<Output = ()>>>
[INFO] [stdout]   18:     0x623f413064fe - <rust_medium[700a50a7481fc523]::controllers::edit_user::tests::check_database_connectivity::{closure#0} as core[df12db4294e9bfd3]::ops::function::FnOnce<()>>::call_once
[INFO] [stdout]   19:     0x623f4132a74b - test[9d35eded1c95d3be]::__rust_begin_short_backtrace::<core[df12db4294e9bfd3]::result::Result<(), alloc[2182bb758b4b3781]::string::String>, fn() -> core[df12db4294e9bfd3]::result::Result<(), alloc[2182bb758b4b3781]::string::String>>
[INFO] [stdout]   20:     0x623f41337db5 - test[9d35eded1c95d3be]::run_test::{closure#0}
[INFO] [stdout]   21:     0x623f41331674 - std[70759c8f55707aa4]::sys::backtrace::__rust_begin_short_backtrace::<test[9d35eded1c95d3be]::run_test::{closure#1}, ()>
[INFO] [stdout]   22:     0x623f4133af12 - <std[70759c8f55707aa4]::thread::lifecycle::spawn_unchecked<test[9d35eded1c95d3be]::run_test::{closure#1}, ()>::{closure#1} as core[df12db4294e9bfd3]::ops::function::FnOnce<()>>::call_once::{shim:vtable#0}
[INFO] [stdout]   23:     0x623f4147dcf9 - <std[70759c8f55707aa4]::sys::thread::unix::Thread>::new::thread_start
[INFO] [stdout]   24:     0x71dc02bfadfa - <unknown>
[INFO] [stdout]   25:     0x71dc02c8e3d4 - clone
[INFO] [stdout]   26:                0x0 - <unknown>
[INFO] [stdout] 
[INFO] [stdout] ---- controllers::delete_user::tests::test_delete_user_route stdout ----
[INFO] [stdout] 
[INFO] [stdout] thread 'controllers::delete_user::tests::test_delete_user_route' (3310) panicked at src/controllers/delete_user.rs:81:57:
[INFO] [stdout] set DATABASE_URL env variable: NotPresent
[INFO] [stdout] stack backtrace:
[INFO] [stdout]    0:     0x623f4147eaf1 - <<std[70759c8f55707aa4]::sys::backtrace::BacktraceLock>::print::DisplayBacktrace as core[df12db4294e9bfd3]::fmt::Display>::fmt
[INFO] [stdout]    1:     0x623f41495c0a - core[df12db4294e9bfd3]::fmt::write
[INFO] [stdout]    2:     0x623f414834cc - <alloc[2182bb758b4b3781]::vec::Vec<u8> as core[df12db4294e9bfd3]::io::write::Write>::write_fmt
[INFO] [stdout]    3:     0x623f41459bd6 - std[70759c8f55707aa4]::panicking::default_hook::{closure#0}
[INFO] [stdout]    4:     0x623f41476709 - std[70759c8f55707aa4]::panicking::default_hook
[INFO] [stdout]    5:     0x623f41337460 - test[9d35eded1c95d3be]::test_main_inner::<test[9d35eded1c95d3be]::test_main_static::{closure#0}>::{closure#0}
[INFO] [stdout]    6:     0x623f41476a32 - std[70759c8f55707aa4]::panicking::panic_with_hook
[INFO] [stdout]    7:     0x623f41459c82 - std[70759c8f55707aa4]::panicking::panic_handler::{closure#0}
[INFO] [stdout]    8:     0x623f41452559 - std[70759c8f55707aa4]::sys::backtrace::__rust_end_short_backtrace::<std[70759c8f55707aa4]::panicking::panic_handler::{closure#0}, !>
[INFO] [stdout]    9:     0x623f4145ab0d - __rustc[8fa7c3cbc660c2b3]::rust_begin_unwind
[INFO] [stdout]   10:     0x623f4149636c - core[df12db4294e9bfd3]::panicking::panic_fmt
[INFO] [stdout]   11:     0x623f41496142 - core[df12db4294e9bfd3]::result::unwrap_failed
[INFO] [stdout]   12:     0x623f4130d2c0 - rust_medium[700a50a7481fc523]::controllers::delete_user::tests::create_connection_pool::{closure#0}
[INFO] [stdout]   13:     0x623f4130d3e6 - rust_medium[700a50a7481fc523]::controllers::delete_user::tests::test_delete_user_route::{closure#0}
[INFO] [stdout]   14:     0x623f413115d3 - <tokio[46145197c1edec19]::runtime::scheduler::current_thread::Context>::enter::<core[df12db4294e9bfd3]::task::poll::Poll<()>, <tokio[46145197c1edec19]::runtime::scheduler::current_thread::CoreGuard>::block_on<core[df12db4294e9bfd3]::pin::Pin<&mut core[df12db4294e9bfd3]::pin::Pin<&mut dyn core[df12db4294e9bfd3]::future::future::Future<Output = ()>>>>::{closure#0}::{closure#0}>
[INFO] [stdout]   15:     0x623f412e7cf2 - <tokio[46145197c1edec19]::runtime::context::scoped::Scoped<tokio[46145197c1edec19]::runtime::scheduler::Context>>::set::<<tokio[46145197c1edec19]::runtime::scheduler::current_thread::CoreGuard>::enter<<tokio[46145197c1edec19]::runtime::scheduler::current_thread::CoreGuard>::block_on<core[df12db4294e9bfd3]::pin::Pin<&mut core[df12db4294e9bfd3]::pin::Pin<&mut dyn core[df12db4294e9bfd3]::future::future::Future<Output = ()>>>>::{closure#0}, core[df12db4294e9bfd3]::option::Option<()>>::{closure#0}, (alloc[2182bb758b4b3781]::boxed::Box<tokio[46145197c1edec19]::runtime::scheduler::current_thread::Core>, core[df12db4294e9bfd3]::option::Option<()>)>
[INFO] [stdout]   16:     0x623f41311927 - <tokio[46145197c1edec19]::runtime::scheduler::current_thread::CoreGuard>::block_on::<core[df12db4294e9bfd3]::pin::Pin<&mut core[df12db4294e9bfd3]::pin::Pin<&mut dyn core[df12db4294e9bfd3]::future::future::Future<Output = ()>>>>
[INFO] [stdout]   17:     0x623f412ea2ca - tokio[46145197c1edec19]::runtime::context::runtime::enter_runtime::<<tokio[46145197c1edec19]::runtime::scheduler::current_thread::CurrentThread>::block_on<core[df12db4294e9bfd3]::pin::Pin<&mut dyn core[df12db4294e9bfd3]::future::future::Future<Output = ()>>>::{closure#0}, ()>
[INFO] [stdout]   18:     0x623f413112a5 - <tokio[46145197c1edec19]::runtime::runtime::Runtime>::block_on::<core[df12db4294e9bfd3]::pin::Pin<&mut dyn core[df12db4294e9bfd3]::future::future::Future<Output = ()>>>
[INFO] [stdout]   19:     0x623f4130ff5b - rust_medium[700a50a7481fc523]::controllers::delete_user::tests::test_delete_user_route
[INFO] [stdout]   20:     0x623f41305f89 - <rust_medium[700a50a7481fc523]::controllers::delete_user::tests::test_delete_user_route::{closure#0} as core[df12db4294e9bfd3]::ops::function::FnOnce<()>>::call_once
[INFO] [stdout]   21:     0x623f4132a74b - test[9d35eded1c95d3be]::__rust_begin_short_backtrace::<core[df12db4294e9bfd3]::result::Result<(), alloc[2182bb758b4b3781]::string::String>, fn() -> core[df12db4294e9bfd3]::result::Result<(), alloc[2182bb758b4b3781]::string::String>>
[INFO] [stdout]   22:     0x623f41337db5 - test[9d35eded1c95d3be]::run_test::{closure#0}
[INFO] [stdout]   23:     0x623f41331674 - std[70759c8f55707aa4]::sys::backtrace::__rust_begin_short_backtrace::<test[9d35eded1c95d3be]::run_test::{closure#1}, ()>
[INFO] [stdout]   24:     0x623f4133af12 - <std[70759c8f55707aa4]::thread::lifecycle::spawn_unchecked<test[9d35eded1c95d3be]::run_test::{closure#1}, ()>::{closure#1} as core[df12db4294e9bfd3]::ops::function::FnOnce<()>>::call_once::{shim:vtable#0}
[INFO] [stdout]   25:     0x623f4147dcf9 - <std[70759c8f55707aa4]::sys::thread::unix::Thread>::new::thread_start
[INFO] [stdout]   26:     0x71dc02bfadfa - <unknown>
[INFO] [stdout]   27:     0x71dc02c8e3d4 - clone
[INFO] [stdout]   28:                0x0 - <unknown>
[INFO] [stdout] 
[INFO] [stdout] ---- controllers::add_user::tests::check_database_connectivity stdout ----
[INFO] [stdout] 
[INFO] [stdout] thread 'controllers::add_user::tests::check_database_connectivity' (3306) panicked at src/controllers/add_user.rs:92:56:
[INFO] [stdout] set DATABASE_URL env variable: NotPresent
[INFO] [stdout] stack backtrace:
[INFO] [stdout]    0:     0x623f4147eaf1 - <<std[70759c8f55707aa4]::sys::backtrace::BacktraceLock>::print::DisplayBacktrace as core[df12db4294e9bfd3]::fmt::Display>::fmt
[INFO] [stdout]    1:     0x623f41495c0a - core[df12db4294e9bfd3]::fmt::write
[INFO] [stdout]    2:     0x623f414834cc - <alloc[2182bb758b4b3781]::vec::Vec<u8> as core[df12db4294e9bfd3]::io::write::Write>::write_fmt
[INFO] [stdout]    3:     0x623f41459bd6 - std[70759c8f55707aa4]::panicking::default_hook::{closure#0}
[INFO] [stdout]    4:     0x623f41476709 - std[70759c8f55707aa4]::panicking::default_hook
[INFO] [stdout]    5:     0x623f41337460 - test[9d35eded1c95d3be]::test_main_inner::<test[9d35eded1c95d3be]::test_main_static::{closure#0}>::{closure#0}
[INFO] [stdout]    6:     0x623f41476a32 - std[70759c8f55707aa4]::panicking::panic_with_hook
[INFO] [stdout]    7:     0x623f41459c82 - std[70759c8f55707aa4]::panicking::panic_handler::{closure#0}
[INFO] [stdout]    8:     0x623f41452559 - std[70759c8f55707aa4]::sys::backtrace::__rust_end_short_backtrace::<std[70759c8f55707aa4]::panicking::panic_handler::{closure#0}, !>
[INFO] [stdout]    9:     0x623f4145ab0d - __rustc[8fa7c3cbc660c2b3]::rust_begin_unwind
[INFO] [stdout]   10:     0x623f4149636c - core[df12db4294e9bfd3]::panicking::panic_fmt
[INFO] [stdout]   11:     0x623f41496142 - core[df12db4294e9bfd3]::result::unwrap_failed
[INFO] [stdout]   12:     0x623f412dc2f5 - rust_medium[700a50a7481fc523]::controllers::add_user::tests::check_database_connectivity::{closure#0}
[INFO] [stdout]   13:     0x623f413115d3 - <tokio[46145197c1edec19]::runtime::scheduler::current_thread::Context>::enter::<core[df12db4294e9bfd3]::task::poll::Poll<()>, <tokio[46145197c1edec19]::runtime::scheduler::current_thread::CoreGuard>::block_on<core[df12db4294e9bfd3]::pin::Pin<&mut core[df12db4294e9bfd3]::pin::Pin<&mut dyn core[df12db4294e9bfd3]::future::future::Future<Output = ()>>>>::{closure#0}::{closure#0}>
[INFO] [stdout]   14:     0x623f412e7cf2 - <tokio[46145197c1edec19]::runtime::context::scoped::Scoped<tokio[46145197c1edec19]::runtime::scheduler::Context>>::set::<<tokio[46145197c1edec19]::runtime::scheduler::current_thread::CoreGuard>::enter<<tokio[46145197c1edec19]::runtime::scheduler::current_thread::CoreGuard>::block_on<core[df12db4294e9bfd3]::pin::Pin<&mut core[df12db4294e9bfd3]::pin::Pin<&mut dyn core[df12db4294e9bfd3]::future::future::Future<Output = ()>>>>::{closure#0}, core[df12db4294e9bfd3]::option::Option<()>>::{closure#0}, (alloc[2182bb758b4b3781]::boxed::Box<tokio[46145197c1edec19]::runtime::scheduler::current_thread::Core>, core[df12db4294e9bfd3]::option::Option<()>)>
[INFO] [stdout]   15:     0x623f41311927 - <tokio[46145197c1edec19]::runtime::scheduler::current_thread::CoreGuard>::block_on::<core[df12db4294e9bfd3]::pin::Pin<&mut core[df12db4294e9bfd3]::pin::Pin<&mut dyn core[df12db4294e9bfd3]::future::future::Future<Output = ()>>>>
[INFO] [stdout]   16:     0x623f412ea2ca - tokio[46145197c1edec19]::runtime::context::runtime::enter_runtime::<<tokio[46145197c1edec19]::runtime::scheduler::current_thread::CurrentThread>::block_on<core[df12db4294e9bfd3]::pin::Pin<&mut dyn core[df12db4294e9bfd3]::future::future::Future<Output = ()>>>::{closure#0}, ()>
[INFO] [stdout]   17:     0x623f413112a5 - <tokio[46145197c1edec19]::runtime::runtime::Runtime>::block_on::<core[df12db4294e9bfd3]::pin::Pin<&mut dyn core[df12db4294e9bfd3]::future::future::Future<Output = ()>>>
[INFO] [stdout]   18:     0x623f412dd1db - rust_medium[700a50a7481fc523]::controllers::add_user::tests::check_database_connectivity
[INFO] [stdout]   19:     0x623f41306029 - <rust_medium[700a50a7481fc523]::controllers::add_user::tests::check_database_connectivity::{closure#0} as core[df12db4294e9bfd3]::ops::function::FnOnce<()>>::call_once
[INFO] [stdout]   20:     0x623f4132a74b - test[9d35eded1c95d3be]::__rust_begin_short_backtrace::<core[df12db4294e9bfd3]::result::Result<(), alloc[2182bb758b4b3781]::string::String>, fn() -> core[df12db4294e9bfd3]::result::Result<(), alloc[2182bb758b4b3781]::string::String>>
[INFO] [stdout]   21:     0x623f41337db5 - test[9d35eded1c95d3be]::run_test::{closure#0}
[INFO] [stdout]   22:     0x623f41331674 - std[70759c8f55707aa4]::sys::backtrace::__rust_begin_short_backtrace::<test[9d35eded1c95d3be]::run_test::{closure#1}, ()>
[INFO] [stdout]   23:     0x623f4133af12 - <std[70759c8f55707aa4]::thread::lifecycle::spawn_unchecked<test[9d35eded1c95d3be]::run_test::{closure#1}, ()>::{closure#1} as core[df12db4294e9bfd3]::ops::function::FnOnce<()>>::call_once::{shim:vtable#0}
[INFO] [stdout]   24:     0x623f4147dcf9 - <std[70759c8f55707aa4]::sys::thread::unix::Thread>::new::thread_start
[INFO] [stdout]   25:     0x71dc02bfadfa - <unknown>
[INFO] [stdout]   26:     0x71dc02c8e3d4 - clone
[INFO] [stdout]   27:                0x0 - <unknown>
[INFO] [stdout] 
[INFO] [stdout] ---- controllers::edit_user::tests::test_update_user_route stdout ----
[INFO] [stdout] 
[INFO] [stdout] thread 'controllers::edit_user::tests::test_update_user_route' (3314) panicked at src/controllers/edit_user.rs:82:57:
[INFO] [stdout] set DATABASE_URL env variable: NotPresent
[INFO] [stdout] stack backtrace:
[INFO] [stdout]    0:     0x623f4147eaf1 - <<std[70759c8f55707aa4]::sys::backtrace::BacktraceLock>::print::DisplayBacktrace as core[df12db4294e9bfd3]::fmt::Display>::fmt
[INFO] [stdout]    1:     0x623f41495c0a - core[df12db4294e9bfd3]::fmt::write
[INFO] [stdout]    2:     0x623f414834cc - <alloc[2182bb758b4b3781]::vec::Vec<u8> as core[df12db4294e9bfd3]::io::write::Write>::write_fmt
[INFO] [stdout]    3:     0x623f41459bd6 - std[70759c8f55707aa4]::panicking::default_hook::{closure#0}
[INFO] [stdout]    4:     0x623f41476709 - std[70759c8f55707aa4]::panicking::default_hook
[INFO] [stdout]    5:     0x623f41337460 - test[9d35eded1c95d3be]::test_main_inner::<test[9d35eded1c95d3be]::test_main_static::{closure#0}>::{closure#0}
[INFO] [stdout]    6:     0x623f41476a32 - std[70759c8f55707aa4]::panicking::panic_with_hook
[INFO] [stdout]    7:     0x623f41459c82 - std[70759c8f55707aa4]::panicking::panic_handler::{closure#0}
[INFO] [stdout]    8:     0x623f41452559 - std[70759c8f55707aa4]::sys::backtrace::__rust_end_short_backtrace::<std[70759c8f55707aa4]::panicking::panic_handler::{closure#0}, !>
[INFO] [stdout]    9:     0x623f4145ab0d - __rustc[8fa7c3cbc660c2b3]::rust_begin_unwind
[INFO] [stdout]   10:     0x623f4149636c - core[df12db4294e9bfd3]::panicking::panic_fmt
[INFO] [stdout]   11:     0x623f41496142 - core[df12db4294e9bfd3]::result::unwrap_failed
[INFO] [stdout]   12:     0x623f413036e0 - rust_medium[700a50a7481fc523]::controllers::edit_user::tests::create_connection_pool::{closure#0}
[INFO] [stdout]   13:     0x623f41303806 - rust_medium[700a50a7481fc523]::controllers::edit_user::tests::test_update_user_route::{closure#0}
[INFO] [stdout]   14:     0x623f413115d3 - <tokio[46145197c1edec19]::runtime::scheduler::current_thread::Context>::enter::<core[df12db4294e9bfd3]::task::poll::Poll<()>, <tokio[46145197c1edec19]::runtime::scheduler::current_thread::CoreGuard>::block_on<core[df12db4294e9bfd3]::pin::Pin<&mut core[df12db4294e9bfd3]::pin::Pin<&mut dyn core[df12db4294e9bfd3]::future::future::Future<Output = ()>>>>::{closure#0}::{closure#0}>
[INFO] [stdout]   15:     0x623f412e7cf2 - <tokio[46145197c1edec19]::runtime::context::scoped::Scoped<tokio[46145197c1edec19]::runtime::scheduler::Context>>::set::<<tokio[46145197c1edec19]::runtime::scheduler::current_thread::CoreGuard>::enter<<tokio[46145197c1edec19]::runtime::scheduler::current_thread::CoreGuard>::block_on<core[df12db4294e9bfd3]::pin::Pin<&mut core[df12db4294e9bfd3]::pin::Pin<&mut dyn core[df12db4294e9bfd3]::future::future::Future<Output = ()>>>>::{closure#0}, core[df12db4294e9bfd3]::option::Option<()>>::{closure#0}, (alloc[2182bb758b4b3781]::boxed::Box<tokio[46145197c1edec19]::runtime::scheduler::current_thread::Core>, core[df12db4294e9bfd3]::option::Option<()>)>
[INFO] [stdout]   16:     0x623f41311927 - <tokio[46145197c1edec19]::runtime::scheduler::current_thread::CoreGuard>::block_on::<core[df12db4294e9bfd3]::pin::Pin<&mut core[df12db4294e9bfd3]::pin::Pin<&mut dyn core[df12db4294e9bfd3]::future::future::Future<Output = ()>>>>
[INFO] [stdout]   17:     0x623f412ea2ca - tokio[46145197c1edec19]::runtime::context::runtime::enter_runtime::<<tokio[46145197c1edec19]::runtime::scheduler::current_thread::CurrentThread>::block_on<core[df12db4294e9bfd3]::pin::Pin<&mut dyn core[df12db4294e9bfd3]::future::future::Future<Output = ()>>>::{closure#0}, ()>
[INFO] [stdout]   18:     0x623f413112a5 - <tokio[46145197c1edec19]::runtime::runtime::Runtime>::block_on::<core[df12db4294e9bfd3]::pin::Pin<&mut dyn core[df12db4294e9bfd3]::future::future::Future<Output = ()>>>
[INFO] [stdout]   19:     0x623f413060fe - <rust_medium[700a50a7481fc523]::controllers::edit_user::tests::test_update_user_route::{closure#0} as core[df12db4294e9bfd3]::ops::function::FnOnce<()>>::call_once
[INFO] [stdout]   20:     0x623f4132a74b - test[9d35eded1c95d3be]::__rust_begin_short_backtrace::<core[df12db4294e9bfd3]::result::Result<(), alloc[2182bb758b4b3781]::string::String>, fn() -> core[df12db4294e9bfd3]::result::Result<(), alloc[2182bb758b4b3781]::string::String>>
[INFO] [stdout]   21:     0x623f41337db5 - test[9d35eded1c95d3be]::run_test::{closure#0}
[INFO] [stdout]   22:     0x623f41331674 - std[70759c8f55707aa4]::sys::backtrace::__rust_begin_short_backtrace::<test[9d35eded1c95d3be]::run_test::{closure#1}, ()>
[INFO] [stdout]   23:     0x623f4133af12 - <std[70759c8f55707aa4]::thread::lifecycle::spawn_unchecked<test[9d35eded1c95d3be]::run_test::{closure#1}, ()>::{closure#1} as core[df12db4294e9bfd3]::ops::function::FnOnce<()>>::call_once::{shim:vtable#0}
[INFO] [stdout]   24:     0x623f4147dcf9 - <std[70759c8f55707aa4]::sys::thread::unix::Thread>::new::thread_start
[INFO] [stdout]   25:     0x71dc02bfadfa - <unknown>
[INFO] [stdout]   26:     0x71dc02c8e3d4 - clone
[INFO] [stdout]   27:                0x0 - <unknown>
[INFO] [stdout] 
[INFO] [stdout] 
[INFO] [stdout] failures:
[INFO] [stdout]     controllers::add_user::tests::check_database_connectivity
[INFO] [stdout]     controllers::add_user::tests::test_create_user_route
[INFO] [stdout]     controllers::add_user::tests::test_username_uniqueness
[INFO] [stdout]     controllers::delete_user::tests::check_database_connectivity
[INFO] [stdout]     controllers::delete_user::tests::test_delete_user_route
[INFO] [stdout]     controllers::delete_user::tests::test_delete_user_route_user_not_found
[INFO] [stdout]     controllers::edit_user::tests::check_database_connectivity
[INFO] [stdout]     controllers::edit_user::tests::test_update_user_not_found
[INFO] [stdout]     controllers::edit_user::tests::test_update_user_route
[INFO] [stdout]     controllers::get_user::tests::test_get_user_handler_route
[INFO] [stdout] 
[INFO] [stdout] test result: FAILED. 0 passed; 10 failed; 0 ignored; 0 measured; 0 filtered out; finished in 0.01s
[INFO] [stdout] 
[INFO] running `Command { std: "docker" "inspect" "c6263a3700e0be1943aaf12ff19010e4959b52ab6038a1d009dda9d1e4679dbf", kill_on_drop: false }`
[INFO] running `Command { std: "docker" "rm" "-f" "c6263a3700e0be1943aaf12ff19010e4959b52ab6038a1d009dda9d1e4679dbf", kill_on_drop: false }`
[INFO] [stdout] c6263a3700e0be1943aaf12ff19010e4959b52ab6038a1d009dda9d1e4679dbf
