[INFO] cloning repository https://github.com/moneycaringcoder/herdr-standup
[INFO] running `Command { std: "git" "-c" "credential.helper=" "-c" "credential.helper=/workspace/cargo-home/bin/git-credential-null" "clone" "--bare" "https://github.com/moneycaringcoder/herdr-standup" "/workspace/cache/git-repos/https%3A%2F%2Fgithub.com%2Fmoneycaringcoder%2Fherdr-standup", kill_on_drop: false }`
[INFO] [stderr] Cloning into bare repository '/workspace/cache/git-repos/https%3A%2F%2Fgithub.com%2Fmoneycaringcoder%2Fherdr-standup'...
[INFO] running `Command { std: "git" "rev-parse" "HEAD", kill_on_drop: false }`
[INFO] [stdout] 19839d8041ca414238995440e4da5c959607c36a
[INFO] testing moneycaringcoder/herdr-standup against 1.99.0-beta.8+cargoflags=--release for beta-release-1.100-2
[INFO] running `Command { std: "git" "clone" "/workspace/cache/git-repos/https%3A%2F%2Fgithub.com%2Fmoneycaringcoder%2Fherdr-standup" "/workspace/builds/worker-4-tc1/source", kill_on_drop: false }`
[INFO] [stderr] Cloning into '/workspace/builds/worker-4-tc1/source'...
[INFO] [stderr] done.
[INFO] started tweaking git repo https://github.com/moneycaringcoder/herdr-standup
[INFO] finished tweaking git repo https://github.com/moneycaringcoder/herdr-standup
[INFO] tweaked toml for git repo https://github.com/moneycaringcoder/herdr-standup written to /workspace/builds/worker-4-tc1/source/Cargo.toml
[INFO] validating manifest of git repo https://github.com/moneycaringcoder/herdr-standup on toolchain 1.99.0-beta.8
[INFO] running `Command { std: CARGO_HOME="/workspace/cargo-home" RUSTUP_HOME="/workspace/rustup-home" "/workspace/cargo-home/bin/cargo" "+1.99.0-beta.8" "metadata" "--manifest-path" "Cargo.toml" "--no-deps", kill_on_drop: false }`
[INFO] crate git repo https://github.com/moneycaringcoder/herdr-standup already has a lockfile, it will not be regenerated
[INFO] running `Command { std: CARGO_HOME="/workspace/cargo-home" RUSTUP_HOME="/workspace/rustup-home" "/workspace/cargo-home/bin/cargo" "+1.99.0-beta.8" "fetch" "--manifest-path" "Cargo.toml", kill_on_drop: false }`
[INFO] [stderr]     Updating git repository `https://github.com/moneycaringcoder/herdr-crook`
[INFO] [stderr]  Downloading crates ...
[INFO] [stderr]   Downloaded instability v0.3.13
[INFO] running `Command { std: "docker" "create" "-v" "/var/lib/crater-agent-workspace/builds/worker-4-tc1/source:/opt/rustwide/workdir:ro,Z" "-v" "/var/lib/crater-agent-workspace/builds/worker-4-tc1/target:/opt/rustwide/target:rw,Z" "-v" "/var/lib/crater-agent-workspace/cargo-home:/opt/rustwide/cargo-home:ro,Z" "-v" "/var/lib/crater-agent-workspace/rustup-home:/opt/rustwide/rustup-home:ro,Z" "-m" "1610612736" "--network" "none" "ghcr.io/rust-lang/crates-build-env/linux@sha256:77db811e55d90add9212f6832c23229e3de5f1c1f9905e8cb07319ea15df73ac" "sleep" "infinity", kill_on_drop: false }`
[INFO] [stdout] 79b4666e05a4cd60723257212ecc4b9ad4c9d3d82ee59bc430c250e5b2562969
[INFO] running `Command { std: "docker" "start" "79b4666e05a4cd60723257212ecc4b9ad4c9d3d82ee59bc430c250e5b2562969", kill_on_drop: false }`
[INFO] running `Command { std: "docker" "inspect" "79b4666e05a4cd60723257212ecc4b9ad4c9d3d82ee59bc430c250e5b2562969", kill_on_drop: false }`
[INFO] running `Command { std: "docker" "exec" "-e" "SOURCE_DIR=/opt/rustwide/workdir" "-e" "CARGO_HOME=/opt/rustwide/cargo-home" "-e" "RUSTUP_HOME=/opt/rustwide/rustup-home" "-e" "CARGO_TARGET_DIR=/opt/rustwide/target" "-w" "/opt/rustwide/workdir" "--user" "0:0" "79b4666e05a4cd60723257212ecc4b9ad4c9d3d82ee59bc430c250e5b2562969" "/opt/rustwide/cargo-home/bin/cargo" "+1.99.0-beta.8" "metadata" "--no-deps" "--format-version=1", kill_on_drop: false }`
[INFO] running `Command { std: "docker" "inspect" "79b4666e05a4cd60723257212ecc4b9ad4c9d3d82ee59bc430c250e5b2562969", kill_on_drop: false }`
[INFO] running `Command { std: "docker" "exec" "-e" "SOURCE_DIR=/opt/rustwide/workdir" "-e" "CARGO_HOME=/opt/rustwide/cargo-home" "-e" "RUSTUP_HOME=/opt/rustwide/rustup-home" "-e" "CARGO_TARGET_DIR=/opt/rustwide/target" "-e" "CARGO_INCREMENTAL=0" "-e" "RUST_BACKTRACE=full" "-e" "RUSTFLAGS=--cap-lints=warn" "-e" "RUSTDOCFLAGS=--cap-lints=warn" "-w" "/opt/rustwide/workdir" "--user" "0:0" "79b4666e05a4cd60723257212ecc4b9ad4c9d3d82ee59bc430c250e5b2562969" "/opt/rustwide/cargo-home/bin/cargo" "+1.99.0-beta.8" "build" "--frozen" "--message-format=json" "--release", kill_on_drop: false }`
[INFO] [stderr]    Compiling proc-macro2 v1.0.107
[INFO] [stderr]    Compiling quote v1.0.47
[INFO] [stderr]    Compiling unicode-ident v1.0.24
[INFO] [stderr]    Compiling libc v0.2.189
[INFO] [stderr]    Compiling foldhash v0.2.0
[INFO] [stderr]    Compiling equivalent v1.0.2
[INFO] [stderr]    Compiling allocator-api2 v0.2.21
[INFO] [stderr]    Compiling rustversion v1.0.23
[INFO] [stderr]    Compiling cfg-if v1.0.4
[INFO] [stderr]    Compiling ident_case v1.0.1
[INFO] [stderr]    Compiling itoa v1.0.18
[INFO] [stderr]    Compiling bitflags v2.13.1
[INFO] [stderr]    Compiling thiserror v2.0.20
[INFO] [stderr]    Compiling strsim v0.11.1
[INFO] [stderr]    Compiling signal-hook v0.3.18
[INFO] [stderr]    Compiling heck v0.5.0
[INFO] [stderr]    Compiling parking_lot_core v0.9.12
[INFO] [stderr]    Compiling either v1.18.0
[INFO] [stderr]    Compiling unicode-segmentation v1.13.3
[INFO] [stderr]    Compiling hashbrown v0.17.1
[INFO] [stderr]    Compiling hashbrown v0.16.1
[INFO] [stderr]    Compiling rustix v1.1.4
[INFO] [stderr]    Compiling itertools v0.14.0
[INFO] [stderr]    Compiling serde_core v1.0.229
[INFO] [stderr]    Compiling castaway v0.2.4
[INFO] [stderr]    Compiling convert_case v0.10.0
[INFO] [stderr]    Compiling syn v3.0.3
[INFO] [stderr]    Compiling syn v2.0.119
[INFO] [stderr]    Compiling smallvec v1.15.2
[INFO] [stderr]    Compiling static_assertions v1.1.0
[INFO] [stderr]    Compiling unicode-width v0.2.0
[INFO] [stderr]    Compiling ryu v1.0.23
[INFO] [stderr]    Compiling instability v0.3.13
[INFO] [stderr]    Compiling log v0.4.34
[INFO] [stderr]    Compiling scopeguard v1.2.0
[INFO] [stderr]    Compiling lock_api v0.4.14
[INFO] [stderr]    Compiling compact_str v0.9.1
[INFO] [stderr]    Compiling lru v0.18.3
[INFO] [stderr]    Compiling linux-raw-sys v0.12.1
[INFO] [stderr]    Compiling litrs v1.0.0
[INFO] [stderr]    Compiling errno v0.3.14
[INFO] [stderr]    Compiling mio v1.2.2
[INFO] [stderr]    Compiling signal-hook-registry v1.4.8
[INFO] [stderr]    Compiling indoc v2.0.7
[INFO] [stderr]    Compiling zmij v1.0.23
[INFO] [stderr]    Compiling document-features v0.2.12
[INFO] [stderr]    Compiling parking_lot v0.12.5
[INFO] [stderr]    Compiling signal-hook-mio v0.2.5
[INFO] [stderr]    Compiling serde_json v1.0.151
[INFO] [stderr]    Compiling unicode-truncate v2.0.1
[INFO] [stderr]    Compiling line-clipping v0.3.8
[INFO] [stderr]    Compiling signal-hook v0.4.4
[INFO] [stderr]    Compiling memchr v2.8.3
[INFO] [stderr]    Compiling serde v1.0.229
[INFO] [stderr]    Compiling strum_macros v0.28.0
[INFO] [stderr]    Compiling derive_more-impl v2.1.1
[INFO] [stderr]    Compiling derive_more v2.1.1
[INFO] [stderr]    Compiling crossterm v0.29.0
[INFO] [stderr]    Compiling darling_core v0.24.1
[INFO] [stderr]    Compiling strum v0.28.0
[INFO] [stderr]    Compiling thiserror-impl v2.0.20
[INFO] [stderr]    Compiling serde_derive v1.0.229
[INFO] [stderr]    Compiling crook v0.2.0 (https://github.com/moneycaringcoder/herdr-crook?tag=v0.2.0#b13b54a1)
[INFO] [stderr]    Compiling kasuari v0.4.12
[INFO] [stderr]    Compiling ratatui-core v0.1.2
[INFO] [stderr]    Compiling darling_macro v0.24.1
[INFO] [stderr]    Compiling darling v0.24.1
[INFO] [stderr]    Compiling ratatui-crossterm v0.1.2
[INFO] [stderr]    Compiling ratatui-widgets v0.3.2
[INFO] [stderr]    Compiling ratatui v0.30.2
[INFO] [stderr]    Compiling standup v0.2.0 (/opt/rustwide/workdir)
[INFO] [stderr]     Finished `release` profile [optimized] target(s) in 1m 11s
[INFO] running `Command { std: "docker" "inspect" "79b4666e05a4cd60723257212ecc4b9ad4c9d3d82ee59bc430c250e5b2562969", kill_on_drop: false }`
[INFO] running `Command { std: "docker" "exec" "-e" "SOURCE_DIR=/opt/rustwide/workdir" "-e" "CARGO_HOME=/opt/rustwide/cargo-home" "-e" "RUSTUP_HOME=/opt/rustwide/rustup-home" "-e" "CARGO_TARGET_DIR=/opt/rustwide/target" "-e" "CARGO_INCREMENTAL=0" "-e" "RUST_BACKTRACE=full" "-e" "RUSTFLAGS=--cap-lints=warn" "-e" "RUSTDOCFLAGS=--cap-lints=warn" "-w" "/opt/rustwide/workdir" "--user" "0:0" "79b4666e05a4cd60723257212ecc4b9ad4c9d3d82ee59bc430c250e5b2562969" "/opt/rustwide/cargo-home/bin/cargo" "+1.99.0-beta.8" "test" "--frozen" "--no-run" "--message-format=json" "--release", kill_on_drop: false }`
[INFO] [stderr]    Compiling standup v0.2.0 (/opt/rustwide/workdir)
[INFO] [stderr]     Finished `release` profile [optimized] target(s) in 3m 09s
[INFO] running `Command { std: "docker" "inspect" "79b4666e05a4cd60723257212ecc4b9ad4c9d3d82ee59bc430c250e5b2562969", kill_on_drop: false }`
[INFO] running `Command { std: "docker" "exec" "-e" "SOURCE_DIR=/opt/rustwide/workdir" "-e" "CARGO_HOME=/opt/rustwide/cargo-home" "-e" "RUSTUP_HOME=/opt/rustwide/rustup-home" "-e" "CARGO_TARGET_DIR=/opt/rustwide/target" "-e" "CARGO_INCREMENTAL=0" "-e" "RUST_BACKTRACE=full" "-e" "RUSTFLAGS=--cap-lints=warn" "-e" "RUSTDOCFLAGS=--cap-lints=warn" "-w" "/opt/rustwide/workdir" "--user" "0:0" "79b4666e05a4cd60723257212ecc4b9ad4c9d3d82ee59bc430c250e5b2562969" "/opt/rustwide/cargo-home/bin/cargo" "+1.99.0-beta.8" "test" "--frozen" "--release", kill_on_drop: false }`
[INFO] [stderr]     Finished `release` profile [optimized] target(s) in 0.16s
[INFO] [stderr]      Running unittests src/lib.rs (/opt/rustwide/target/release/deps/standup-ebc4afddb9428d5b)
[INFO] [stdout] 
[INFO] [stdout] running 48 tests
[INFO] [stdout] test clock::tests::now_is_plausible ... ok
[INFO] [stdout] test clock::tests::midnight_is_the_start_of_the_local_day ... ok
[INFO] [stdout] test clock::tests::the_boundaries_are_their_own_starts ... ok
[INFO] [stdout] test clock::tests::a_week_starts_on_the_monday_before_it ... ok
[INFO] [stdout] test clock::tests::a_fractional_offset_survives_as_seconds ... ok
[INFO] [stdout] test clock::tests::the_offset_matches_the_zone_it_prints ... ok
[INFO] [stdout] test clock::tests::a_stamp_always_names_its_zone ... ok
[INFO] [stdout] test clock::tests::a_month_starts_on_its_first_day ... ok
[INFO] [stdout] test config::tests::a_bare_wildcard_matches_the_basename_only ... ok
[INFO] [stdout] test config::tests::a_bare_pattern_matches_the_basename_at_any_depth ... ok
[INFO] [stdout] test config::tests::a_wildcard_never_crosses_a_separator ... ok
[INFO] [stdout] test config::tests::a_file_named_like_a_directory_is_not_excluded ... ok
[INFO] [stdout] test config::tests::both_spellings_of_a_valued_flag_work ... ok
[INFO] [stdout] test config::tests::an_empty_list_matches_nothing ... ok
[INFO] [stdout] test config::tests::contradictory_windows_are_refused_rather_than_ranked ... ok
[INFO] [stdout] test config::tests::an_explicit_since_is_distinguishable_from_the_default ... ok
[INFO] [stdout] test config::tests::each_rollup_flag_selects_its_own_period ... ok
[INFO] [stdout] test config::tests::a_rollup_refuses_to_share_the_window_with_anything ... ok
[INFO] [stdout] test config::tests::a_trailing_slash_matches_a_directory_at_any_depth ... ok
[INFO] [stdout] test config::tests::a_valued_flag_with_no_value_is_an_error ... ok
[INFO] [stdout] test config::tests::repeated_paths_all_survive ... ok
[INFO] [stdout] test config::tests::formats_parse_by_name_and_alias ... ok
[INFO] [stdout] test git::tests::a_binary_file_counts_as_a_file_and_no_lines ... ok
[INFO] [stdout] test config::tests::the_two_rollups_are_mutually_exclusive ... ok
[INFO] [stdout] test git::tests::an_unreadable_version_is_no_answer_at_all ... ok
[INFO] [stdout] test git::tests::churn_counts_the_union_of_paths_not_the_sum_of_file_counts ... ok
[INFO] [stdout] test git::tests::shortstat_survives_either_half_being_absent ... ok
[INFO] [stdout] test git::tests::the_git_binary_is_resolved_to_something_runnable ... ok
[INFO] [stdout] test git::tests::a_numstat_path_may_contain_tabs_and_newlines ... ok
[INFO] [stdout] test git::tests::a_subject_containing_the_separators_does_not_desynchronise_the_parser ... ok
[INFO] [stdout] test config::tests::the_default_list_covers_the_obvious_cases ... ok
[INFO] [stdout] test git::tests::a_refused_fetch_is_reported_by_the_object_it_could_not_read ... ok
[INFO] [stdout] test herdr::tests::a_dot_component_is_dropped_but_the_path_survives ... ok
[INFO] [stdout] test git::tests::a_git_version_is_read_as_major_and_minor ... ok
[INFO] [stdout] test herdr::tests::pane_ids_order_by_number_not_by_character ... ok
[INFO] [stdout] test standup::tests::an_agent_in_a_subdirectory_is_credited_to_the_checkout ... ok
[INFO] [stdout] test standup::tests::an_agent_outside_every_checkout_is_credited_nowhere ... ok
[INFO] [stdout] test standup::tests::an_unplaceable_agent_is_credited_to_nobody_and_said_out_loud ... ok
[INFO] [stdout] test herdr::tests::the_kernels_deleted_marker_is_not_part_of_the_name ... ok
[INFO] [stdout] test herdr::tests::an_empty_string_is_absent_not_a_value ... ok
[INFO] [stdout] test standup::tests::a_workspace_spanning_two_checkouts_credits_each_agent_where_it_worked ... ok
[INFO] [stdout] test standup::tests::two_unnamed_agents_sharing_a_checkout_stay_two_agents ... ok
[INFO] [stdout] test state_file::tests::advisory_lock_retries_interrupted_acquisition ... ok
[INFO] [stdout] test standup::tests::an_agent_with_no_directory_is_placed_when_there_is_only_one_candidate ... ok
[INFO] [stdout] test state_file::tests::containing_directory_is_synced_after_rename ... ok
[INFO] [stdout] test state_file::tests::containing_directory_sync_failure_is_returned_after_rename ... ok
[INFO] [stdout] test standup::tests::large_overlapping_worktrees_roll_up_distinct_commits_files_and_days ... ok
[INFO] [stderr] error: test failed, to rerun pass `--lib`
[INFO] [stdout] test git::tests::a_timeout_kills_descendants_before_joining_pipe_readers ... FAILED
[INFO] [stdout] 
[INFO] [stdout] failures:
[INFO] [stdout] 
[INFO] [stdout] ---- git::tests::a_timeout_kills_descendants_before_joining_pipe_readers stdout ----
[INFO] [stdout] 
[INFO] [stdout] thread 'git::tests::a_timeout_kills_descendants_before_joining_pipe_readers' (1490) panicked at src/git.rs:2353:13:
[INFO] [stdout] git descendant 1513 survived the timeout
[INFO] [stdout] stack backtrace:
[INFO] [stdout]    0:     0x55d78bf04555 - <unknown>
[INFO] [stdout]    1:     0x55d78bee5f44 - <unknown>
[INFO] [stdout]    2:     0x55d78bf03bfb - <unknown>
[INFO] [stdout]    3:     0x55d78bf037f9 - <unknown>
[INFO] [stdout]    4:     0x55d78bf0347a - <unknown>
[INFO] [stdout]    5:     0x55d78bf02fb3 - <unknown>
[INFO] [stdout]    6:     0x55d78bf28e61 - <unknown>
[INFO] [stdout]    7:     0x55d78bf28e19 - <unknown>
[INFO] [stdout]    8:     0x55d78bf2931c - <unknown>
[INFO] [stdout]    9:     0x55d78bee5ddb - <unknown>
[INFO] [stdout]   10:     0x55d78bedeb83 - <unknown>
[INFO] [stdout]   11:     0x55d78bf424db - <unknown>
[INFO] [stdout]   12:     0x55d78bf3e492 - <unknown>
[INFO] [stdout]   13:     0x55d78bf3dbfc - <unknown>
[INFO] [stdout]   14:     0x55d78bf58a5c - <unknown>
[INFO] [stdout]   15:     0x55d78bf2ab6a - <unknown>
[INFO] [stdout]   16:     0x781f798b0dfa - <unknown>
[INFO] [stdout]   17:     0x781f799443d4 - clone
[INFO] [stdout]   18:                0x0 - <unknown>
[INFO] [stdout] 
[INFO] [stdout] 
[INFO] [stdout] failures:
[INFO] [stdout]     git::tests::a_timeout_kills_descendants_before_joining_pipe_readers
[INFO] [stdout] 
[INFO] [stdout] test result: FAILED. 47 passed; 1 failed; 0 ignored; 0 measured; 0 filtered out; finished in 4.03s
[INFO] [stdout] 
[INFO] running `Command { std: "docker" "inspect" "79b4666e05a4cd60723257212ecc4b9ad4c9d3d82ee59bc430c250e5b2562969", kill_on_drop: false }`
[INFO] running `Command { std: "docker" "rm" "-f" "79b4666e05a4cd60723257212ecc4b9ad4c9d3d82ee59bc430c250e5b2562969", kill_on_drop: false }`
[INFO] [stdout] 79b4666e05a4cd60723257212ecc4b9ad4c9d3d82ee59bc430c250e5b2562969
