[INFO] cloning repository https://github.com/kkayal/lale
[INFO] running `Command { std: "git" "-c" "credential.helper=" "-c" "credential.helper=/workspace/cargo-home/bin/git-credential-null" "clone" "--bare" "https://github.com/kkayal/lale" "/workspace/cache/git-repos/https%3A%2F%2Fgithub.com%2Fkkayal%2Flale", kill_on_drop: false }`
[INFO] [stderr] Cloning into bare repository '/workspace/cache/git-repos/https%3A%2F%2Fgithub.com%2Fkkayal%2Flale'...
[INFO] running `Command { std: "git" "rev-parse" "HEAD", kill_on_drop: false }`
[INFO] [stdout] fa87e74ce4ffdeae45bd91357a1e5fd499bce38c
[INFO] testing kkayal/lale/fa87e74ce4ffdeae45bd91357a1e5fd499bce38c against 1.99.0-beta.8+cargoflags=--release for beta-release-1.100-2
[INFO] running `Command { std: "git" "clone" "/workspace/cache/git-repos/https%3A%2F%2Fgithub.com%2Fkkayal%2Flale" "/workspace/builds/worker-7-tc1/source", kill_on_drop: false }`
[INFO] [stderr] Cloning into '/workspace/builds/worker-7-tc1/source'...
[INFO] [stderr] done.
[INFO] started tweaking git repo https://github.com/kkayal/lale
[INFO] finished tweaking git repo https://github.com/kkayal/lale
[INFO] tweaked toml for git repo https://github.com/kkayal/lale written to /workspace/builds/worker-7-tc1/source/Cargo.toml
[INFO] validating manifest of git repo https://github.com/kkayal/lale on toolchain 1.99.0-beta.8
[INFO] running `Command { std: CARGO_HOME="/workspace/cargo-home" RUSTUP_HOME="/workspace/rustup-home" "/workspace/cargo-home/bin/cargo" "+1.99.0-beta.8" "metadata" "--manifest-path" "Cargo.toml" "--no-deps", kill_on_drop: false }`
[INFO] crate git repo https://github.com/kkayal/lale already has a lockfile, it will not be regenerated
[INFO] running `Command { std: CARGO_HOME="/workspace/cargo-home" RUSTUP_HOME="/workspace/rustup-home" "/workspace/cargo-home/bin/cargo" "+1.99.0-beta.8" "fetch" "--manifest-path" "Cargo.toml", kill_on_drop: false }`
[INFO] [stderr]     Updating crates.io index
[INFO] [stderr]  Downloading crates ...
[INFO] [stderr]   Downloaded proc-macro2 v1.0.105
[INFO] [stderr]   Downloaded find-msvc-tools v0.1.6
[INFO] [stderr]   Downloaded terminal_size v0.4.3
[INFO] [stderr]   Downloaded tower-lsp-macros v0.9.0
[INFO] [stderr]   Downloaded cc v1.2.51
[INFO] [stderr]   Downloaded dashmap v6.2.1
[INFO] [stderr]   Downloaded pest_generator v2.8.5
[INFO] [stderr]   Downloaded pest_meta v2.8.5
[INFO] [stderr]   Downloaded pest_derive v2.8.5
[INFO] [stderr]   Downloaded tower-lsp v0.20.0
[INFO] [stderr]   Downloaded clap v4.5.54
[INFO] [stderr]   Downloaded lsp-types v0.94.1
[INFO] [stderr]   Downloaded pest v2.8.5
[INFO] [stderr]   Downloaded clap_builder v4.5.54
[INFO] [stderr]   Downloaded syn v2.0.113
[INFO] [stderr]   Downloaded libc v0.2.179
[INFO] running `Command { std: "docker" "create" "-v" "/var/lib/crater-agent-workspace/builds/worker-7-tc1/source:/opt/rustwide/workdir:ro,Z" "-v" "/var/lib/crater-agent-workspace/builds/worker-7-tc1/target:/opt/rustwide/target:rw,Z" "-v" "/var/lib/crater-agent-workspace/cargo-home:/opt/rustwide/cargo-home:ro,Z" "-v" "/var/lib/crater-agent-workspace/rustup-home:/opt/rustwide/rustup-home:ro,Z" "-m" "1610612736" "--network" "none" "ghcr.io/rust-lang/crates-build-env/linux@sha256:77db811e55d90add9212f6832c23229e3de5f1c1f9905e8cb07319ea15df73ac" "sleep" "infinity", kill_on_drop: false }`
[INFO] [stdout] 77561d932b25034a5d57a4d4d95bb933df65e908b93eca799b688cc1b7752d5e
[INFO] running `Command { std: "docker" "start" "77561d932b25034a5d57a4d4d95bb933df65e908b93eca799b688cc1b7752d5e", kill_on_drop: false }`
[INFO] running `Command { std: "docker" "inspect" "77561d932b25034a5d57a4d4d95bb933df65e908b93eca799b688cc1b7752d5e", kill_on_drop: false }`
[INFO] running `Command { std: "docker" "exec" "-e" "SOURCE_DIR=/opt/rustwide/workdir" "-e" "CARGO_HOME=/opt/rustwide/cargo-home" "-e" "RUSTUP_HOME=/opt/rustwide/rustup-home" "-e" "CARGO_TARGET_DIR=/opt/rustwide/target" "-w" "/opt/rustwide/workdir" "--user" "0:0" "77561d932b25034a5d57a4d4d95bb933df65e908b93eca799b688cc1b7752d5e" "/opt/rustwide/cargo-home/bin/cargo" "+1.99.0-beta.8" "metadata" "--no-deps" "--format-version=1", kill_on_drop: false }`
[INFO] running `Command { std: "docker" "inspect" "77561d932b25034a5d57a4d4d95bb933df65e908b93eca799b688cc1b7752d5e", kill_on_drop: false }`
[INFO] running `Command { std: "docker" "exec" "-e" "SOURCE_DIR=/opt/rustwide/workdir" "-e" "CARGO_HOME=/opt/rustwide/cargo-home" "-e" "RUSTUP_HOME=/opt/rustwide/rustup-home" "-e" "CARGO_TARGET_DIR=/opt/rustwide/target" "-e" "CARGO_INCREMENTAL=0" "-e" "RUST_BACKTRACE=full" "-e" "RUSTFLAGS=--cap-lints=warn" "-e" "RUSTDOCFLAGS=--cap-lints=warn" "-w" "/opt/rustwide/workdir" "--user" "0:0" "77561d932b25034a5d57a4d4d95bb933df65e908b93eca799b688cc1b7752d5e" "/opt/rustwide/cargo-home/bin/cargo" "+1.99.0-beta.8" "build" "--frozen" "--message-format=json" "--release", kill_on_drop: false }`
[INFO] [stderr]    Compiling proc-macro2 v1.0.105
[INFO] [stderr]    Compiling smallvec v1.15.1
[INFO] [stderr]    Compiling zerocopy v0.8.31
[INFO] [stderr]    Compiling libc v0.2.179
[INFO] [stderr]    Compiling memchr v2.7.6
[INFO] [stderr]    Compiling rustix v1.1.3
[INFO] [stderr]    Compiling find-msvc-tools v0.1.6
[INFO] [stderr]    Compiling ahash v0.8.12
[INFO] [stderr]    Compiling bitflags v2.10.0
[INFO] [stderr]    Compiling linux-raw-sys v0.11.0
[INFO] [stderr]    Compiling pkg-config v0.3.32
[INFO] [stderr]    Compiling unicode-ident v1.0.22
[INFO] [stderr]    Compiling quote v1.0.47
[INFO] [stderr]    Compiling futures-sink v0.3.33
[INFO] [stderr]    Compiling futures-core v0.3.33
[INFO] [stderr]    Compiling cc v1.2.51
[INFO] [stderr]    Compiling unicase v2.9.0
[INFO] [stderr]    Compiling fallible-streaming-iterator v0.1.9
[INFO] [stderr]    Compiling fallible-iterator v0.3.0
[INFO] [stderr]    Compiling futures-channel v0.3.33
[INFO] [stderr]    Compiling colored v3.0.0
[INFO] [stderr]    Compiling slab v0.4.12
[INFO] [stderr]    Compiling futures-task v0.3.33
[INFO] [stderr]    Compiling percent-encoding v2.3.2
[INFO] [stderr]    Compiling futures-io v0.3.33
[INFO] [stderr]    Compiling crossbeam-utils v0.8.22
[INFO] [stderr]    Compiling form_urlencoded v1.2.2
[INFO] [stderr]    Compiling pest v2.8.5
[INFO] [stderr]    Compiling libsqlite3-sys v0.30.1
[INFO] [stderr]    Compiling serde_json v1.0.151
[INFO] [stderr]    Compiling syn v2.0.113
[INFO] [stderr]    Compiling syn v3.0.3
[INFO] [stderr]    Compiling parking_lot_core v0.9.12
[INFO] [stderr]    Compiling errno v0.3.14
[INFO] [stderr]    Compiling mio v1.1.1
[INFO] [stderr]    Compiling terminal_size v0.4.3
[INFO] [stderr]    Compiling signal-hook-registry v1.4.8
[INFO] [stderr]    Compiling socket2 v0.6.5
[INFO] [stderr]    Compiling clap_builder v4.5.54
[INFO] [stderr]    Compiling parking_lot v0.12.5
[INFO] [stderr]    Compiling pest_meta v2.8.5
[INFO] [stderr]    Compiling hashbrown v0.14.5
[INFO] [stderr]    Compiling hashlink v0.9.1
[INFO] [stderr]    Compiling dashmap v5.5.3
[INFO] [stderr]    Compiling dashmap v6.2.1
[INFO] [stderr]    Compiling serde_derive v1.0.229
[INFO] [stderr]    Compiling serde_repr v0.1.21
[INFO] [stderr]    Compiling async-trait v0.1.91
[INFO] [stderr]    Compiling clap v4.5.54
[INFO] [stderr]    Compiling synstructure v0.13.2
[INFO] [stderr]    Compiling pest_generator v2.8.5
[INFO] [stderr]    Compiling zerovec-derive v0.11.3
[INFO] [stderr]    Compiling displaydoc v0.2.6
[INFO] [stderr]    Compiling clap_derive v4.5.49
[INFO] [stderr]    Compiling pest_derive v2.8.5
[INFO] [stderr]    Compiling futures-macro v0.3.33
[INFO] [stderr]    Compiling zerofrom-derive v0.1.7
[INFO] [stderr]    Compiling yoke-derive v0.8.2
[INFO] [stderr]    Compiling serde v1.0.229
[INFO] [stderr]    Compiling pin-project-internal v1.1.13
[INFO] [stderr]    Compiling tokio-macros v2.6.1
[INFO] [stderr]    Compiling tracing-attributes v0.1.31
[INFO] [stderr]    Compiling futures-util v0.3.33
[INFO] [stderr]    Compiling tower-lsp-macros v0.9.0
[INFO] [stderr]    Compiling auto_impl v1.3.0
[INFO] [stderr]    Compiling tokio v1.50.0
[INFO] [stderr]    Compiling zerofrom v0.1.8
[INFO] [stderr]    Compiling pin-project v1.1.13
[INFO] [stderr]    Compiling yoke v0.8.3
[INFO] [stderr]    Compiling zerovec v0.11.6
[INFO] [stderr]    Compiling zerotrie v0.2.4
[INFO] [stderr]    Compiling tracing v0.1.44
[INFO] [stderr]    Compiling tinystr v0.8.3
[INFO] [stderr]    Compiling potential_utf v0.1.5
[INFO] [stderr]    Compiling icu_locale_core v2.2.0
[INFO] [stderr]    Compiling icu_collections v2.2.0
[INFO] [stderr]    Compiling icu_provider v2.2.0
[INFO] [stderr]    Compiling icu_properties v2.2.0
[INFO] [stderr]    Compiling icu_normalizer v2.2.0
[INFO] [stderr]    Compiling tower v0.4.13
[INFO] [stderr]    Compiling futures v0.3.33
[INFO] [stderr]    Compiling idna_adapter v1.2.2
[INFO] [stderr]    Compiling idna v1.1.0
[INFO] [stderr]    Compiling url v2.5.8
[INFO] [stderr]    Compiling lsp-types v0.94.1
[INFO] [stderr]    Compiling tokio-util v0.7.19
[INFO] [stderr]    Compiling tower-lsp v0.20.0
[INFO] [stderr]    Compiling rusqlite v0.32.1
[INFO] [stderr]    Compiling lale v0.1.0 (/opt/rustwide/workdir)
[INFO] [stderr]    Compiling lale-lsp v0.1.0 (/opt/rustwide/workdir/lale-lsp)
[INFO] [stderr]     Finished `release` profile [optimized] target(s) in 3m 45s
[INFO] running `Command { std: "docker" "inspect" "77561d932b25034a5d57a4d4d95bb933df65e908b93eca799b688cc1b7752d5e", kill_on_drop: false }`
[INFO] running `Command { std: "docker" "exec" "-e" "SOURCE_DIR=/opt/rustwide/workdir" "-e" "CARGO_HOME=/opt/rustwide/cargo-home" "-e" "RUSTUP_HOME=/opt/rustwide/rustup-home" "-e" "CARGO_TARGET_DIR=/opt/rustwide/target" "-e" "CARGO_INCREMENTAL=0" "-e" "RUST_BACKTRACE=full" "-e" "RUSTFLAGS=--cap-lints=warn" "-e" "RUSTDOCFLAGS=--cap-lints=warn" "-w" "/opt/rustwide/workdir" "--user" "0:0" "77561d932b25034a5d57a4d4d95bb933df65e908b93eca799b688cc1b7752d5e" "/opt/rustwide/cargo-home/bin/cargo" "+1.99.0-beta.8" "test" "--frozen" "--no-run" "--message-format=json" "--release", kill_on_drop: false }`
[INFO] [stderr]    Compiling rustix v1.1.3
[INFO] [stderr]    Compiling getrandom v0.4.3
[INFO] [stderr]    Compiling fastrand v2.4.1
[INFO] [stderr]    Compiling terminal_size v0.4.3
[INFO] [stderr]    Compiling tempfile v3.25.0
[INFO] [stderr]    Compiling clap_builder v4.5.54
[INFO] [stderr]    Compiling clap v4.5.54
[INFO] [stderr]    Compiling lale v0.1.0 (/opt/rustwide/workdir)
[INFO] [stderr]    Compiling lale-lsp v0.1.0 (/opt/rustwide/workdir/lale-lsp)
[INFO] [stderr]     Finished `release` profile [optimized] target(s) in 6m 43s
[INFO] running `Command { std: "docker" "inspect" "77561d932b25034a5d57a4d4d95bb933df65e908b93eca799b688cc1b7752d5e", kill_on_drop: false }`
[INFO] running `Command { std: "docker" "exec" "-e" "SOURCE_DIR=/opt/rustwide/workdir" "-e" "CARGO_HOME=/opt/rustwide/cargo-home" "-e" "RUSTUP_HOME=/opt/rustwide/rustup-home" "-e" "CARGO_TARGET_DIR=/opt/rustwide/target" "-e" "CARGO_INCREMENTAL=0" "-e" "RUST_BACKTRACE=full" "-e" "RUSTFLAGS=--cap-lints=warn" "-e" "RUSTDOCFLAGS=--cap-lints=warn" "-w" "/opt/rustwide/workdir" "--user" "0:0" "77561d932b25034a5d57a4d4d95bb933df65e908b93eca799b688cc1b7752d5e" "/opt/rustwide/cargo-home/bin/cargo" "+1.99.0-beta.8" "test" "--frozen" "--release", kill_on_drop: false }`
[INFO] [stderr]     Finished `release` profile [optimized] target(s) in 0.29s
[INFO] [stderr]      Running unittests src/lib.rs (/opt/rustwide/target/release/deps/lale-1c6b36fe218823a4)
[INFO] [stdout] 
[INFO] [stdout] running 269 tests
[INFO] [stdout] test ast::definitions::tests::test_spanned_map ... ok
[INFO] [stdout] test ast::definitions::tests::test_spanned_with_vec ... ok
[INFO] [stdout] test ast::definitions::tests::test_spanned_clone ... ok
[INFO] [stdout] test ast::token_stream::tests::test_over_as_identifier ... ok
[INFO] [stdout] test ast::token_stream::tests::test_test_suite_and_case_keywords ... ok
[INFO] [stdout] test ast::token_stream::tests::test_returns_keyword ... ok
[INFO] [stdout] test config::tests::test_default_stdlib ... ok
[INFO] [stdout] test ast::token_stream::tests::test_string_literal ... ok
[INFO] [stdout] test ast::token_stream::tests::test_full_source ... ok
[INFO] [stdout] test ast::definitions::tests::test_spanned_equality_ignores_location ... ok
[INFO] [stdout] test ast::token_stream::tests::test_embedding ... ok
[INFO] [stdout] test config::tests::test_default_backend ... ok
[INFO] [stdout] test config::tests::test_stdlib_is_enabled ... ok
[INFO] [stdout] test interpreter::tests::test_checked_signed_add_ok ... ok
[INFO] [stdout] test interpreter::tests::test_checked_signed_add_overflow ... ok
[INFO] [stdout] test ast::definitions::tests::test_spanned_value_and_location ... ok
[INFO] [stdout] test ast::definitions::tests::test_spanned_new ... ok
[INFO] [stdout] test error::tests::test_error_conversion ... ok
[INFO] [stdout] test error::tests::test_ir_error_display ... ok
[INFO] [stdout] test ast::token_stream::tests::test_simple_def ... ok
[INFO] [stdout] test ast::token_stream::tests::test_comment ... ok
[INFO] [stdout] test interpreter::tests::test_checked_binary_mixed_tag_signed_ty ... ok
[INFO] [stdout] test config::tests::test_stdlib_is_none ... ok
[INFO] [stdout] test interpreter::tests::test_checked_signed_sub_underflow ... ok
[INFO] [stdout] test interpreter::tests::test_checked_neg_value_ok ... ok
[INFO] [stdout] test error::tests::test_compile_error_from_string ... ok
[INFO] [stdout] test interpreter::tests::test_checked_unsigned_mul_overflow ... ok
[INFO] [stdout] test interpreter::tests::test_checked_unsigned_sub_underflow ... ok
[INFO] [stdout] test ast::definitions::tests::test_source_location_dummy ... ok
[INFO] [stdout] test interpreter::tests::test_extract_float_from_int ... ok
[INFO] [stdout] test interpreter::tests::test_scalar_dot_uint ... ok
[INFO] [stdout] test interpreter::tests::test_checked_signed_mul_overflow ... ok
[INFO] [stdout] test interpreter::tests::test_checked_unsigned_add_overflow ... ok
[INFO] [stdout] test interpreter::tests::test_checked_signed_neg_min_overflow ... ok
[INFO] [stdout] test interpreter::tests::test_extract_float_from_uint ... ok
[INFO] [stdout] test interpreter::tests::test_scalar_dot_int ... ok
[INFO] [stdout] test interpreter::tests::test_vec3_cross_same_vector ... ok
[INFO] [stdout] test interpreter::tests::test_vec4_construction ... ok
[INFO] [stdout] test interpreter::tests::test_vec3_cross_parallel ... ok
[INFO] [stdout] test interpreter::tests::test_vec2_construction_and_dot ... ok
[INFO] [stdout] test interpreter::tests::test_vec4_dot_product ... ok
[INFO] [stdout] test ast::token_stream::tests::test_loop_var ... ok
[INFO] [stdout] test interpreter::tests::test_vec3_cross_product_values ... ok
[INFO] [stdout] test interpreter::tests::test_vec2_dot_negative ... ok
[INFO] [stdout] test interpreter::tests::test_vec3_cross_negative ... ok
[INFO] [stdout] test interpreter::tests::test_vec3_dot_zero ... ok
[INFO] [stdout] test interpreter::tests::test_vec3_construction_and_cross ... ok
[INFO] [stdout] test ir::blocks::tests::test_terminated_block ... ok
[INFO] [stdout] test ir::blocks::tests::test_new_block ... ok
[INFO] [stdout] test interpreter::tests::test_vec_dot_product_values ... ok
[INFO] [stdout] test ir::blocks::tests::test_branch_successors ... ok
[INFO] [stdout] test ir::builder::tests::test_simple_function ... ok
[INFO] [stdout] test ir::builder::tests::test_const_string_struct ... ok
[INFO] [stdout] test ir::builder::tests::test_control_flow ... ok
[INFO] [stdout] test ir::builder::tests::test_put_text ... ok
[INFO] [stdout] test ir::builder::tests::test_text_struct_build ... ok
[INFO] [stdout] test ir::function::tests::test_alloc_value ... ok
[INFO] [stdout] test ir::function::tests::test_add_param ... ok
[INFO] [stdout] test ir::instructions::tests::test_operands ... ok
[INFO] [stdout] test ir::instructions::tests::test_some_instruction ... ok
[INFO] [stdout] test ir::module::tests::test_add_struct ... ok
[INFO] [stdout] test ir::module::tests::test_add_function ... ok
[INFO] [stdout] test ir::module::tests::test_add_global ... ok
[INFO] [stdout] test ir::types::tests::test_float_classification ... ok
[INFO] [stdout] test ir::types::tests::test_integer_classification ... ok
[INFO] [stdout] test ir::types::tests::test_typed_pointers ... ok
[INFO] [stdout] test ir::values::tests::test_block_id_display ... ok
[INFO] [stdout] test ir::values::tests::test_func_id_display ... ok
[INFO] [stdout] test ir::function::tests::test_create_block ... ok
[INFO] [stdout] test ir::module::tests::test_new_module ... ok
[INFO] [stdout] test ir::module::tests::test_stdlib_externs ... ok
[INFO] [stdout] test ir::instructions::tests::test_insert_field ... ok
[INFO] [stdout] test ir::types::tests::test_bit_sizes ... ok
[INFO] [stdout] test ir::instructions::tests::test_none_instruction ... ok
[INFO] [stdout] test semantic_analysis::analyzer::tests::test_compare_eq_false_zero ... ok
[INFO] [stdout] test ir::values::tests::test_operand_display ... ok
[INFO] [stdout] test ir_gen::tests::test_collect_stdlib_nonexistent_path ... ok
[INFO] [stdout] test ir::values::tests::test_value_id_display ... ok
[INFO] [stdout] test semantic_analysis::analyzer::tests::test_compare_eq_true_nonzero ... ok
[INFO] [stdout] test ir::verifier::tests::test_verifier_accepts_valid_ir ... ok
[INFO] [stdout] test ir::types::tests::test_display ... ok
[INFO] [stdout] test ir::function::tests::test_new_function ... ok
[INFO] [stdout] test ir::printer::tests::test_print_simple_function ... ok
[INFO] [stdout] test ir::instructions::tests::test_dest ... ok
[INFO] [stdout] test ir::instructions::tests::test_extract_field ... ok
[INFO] [stdout] test ir::instructions::tests::test_is_terminator ... ok
[INFO] [stdout] test ir::instructions::tests::test_struct_field_ptr ... ok
[INFO] [stdout] test semantic_analysis::analyzer::tests::test_compare_lt_true_does_not_exclude_zero ... ok
[INFO] [stdout] test ir_gen::tests::test_collect_stdlib_valid_file ... ok
[INFO] [stdout] test ir::instructions::tests::test_build_struct ... ok
[INFO] [stdout] test semantic_analysis::analyzer::tests::test_equivalent_forms_conversion ... ok
[INFO] [stdout] test semantic_analysis::analyzer::tests::test_equivalent_forms_grouped ... ok
[INFO] [stdout] test ir::parser::tests::round_trip_simple_module ... ok
[INFO] [stdout] test semantic_analysis::analyzer::tests::test_compare_eq_true_zero ... ok
[INFO] [stdout] test semantic_analysis::analyzer::tests::test_compare_gt_true_excludes_zero ... ok
[INFO] [stdout] test semantic_analysis::analyzer::tests::test_compare_gt_false_excludes_zero ... ok
[INFO] [stdout] test semantic_analysis::analyzer::tests::test_compare_gt_true_does_not_exclude_zero ... ok
[INFO] [stdout] test semantic_analysis::analyzer::tests::test_compare_gteq_true_does_not_exclude_zero ... ok
[INFO] [stdout] test semantic_analysis::analyzer::tests::test_compare_gteq_true_excludes_zero ... ok
[INFO] [stdout] test semantic_analysis::analyzer::tests::test_compare_lt_true_excludes_zero ... ok
[INFO] [stdout] test semantic_analysis::analyzer::tests::test_compare_lteq_true_excludes_zero ... ok
[INFO] [stdout] test semantic_analysis::analyzer::tests::test_compare_lteq_true_does_not_exclude_zero ... ok
[INFO] [stdout] test semantic_analysis::analyzer::tests::test_equivalent_forms_bare_identifier ... ok
[INFO] [stdout] test semantic_analysis::analyzer::tests::test_compare_noteq_true_nonzero ... ok
[INFO] [stdout] test semantic_analysis::analyzer::tests::test_compare_noteq_true_zero ... ok
[INFO] [stdout] test semantic_analysis::analyzer::tests::test_extract_facts_from_and ... ok
[INFO] [stdout] test semantic_analysis::analyzer::tests::test_extract_facts_from_and_false_gives_none ... ok
[INFO] [stdout] test semantic_analysis::analyzer::tests::test_extract_facts_from_gt_five ... ok
[INFO] [stdout] test semantic_analysis::analyzer::tests::test_extract_facts_from_gt_zero ... ok
[INFO] [stdout] test semantic_analysis::analyzer::tests::test_extract_facts_from_not_eq_zero ... ok
[INFO] [stdout] test semantic_analysis::analyzer::tests::test_equivalent_forms_nested ... ok
[INFO] [stdout] test semantic_analysis::analyzer::tests::test_extract_facts_constant_plus_expr_conservative ... ok
[INFO] [stdout] test semantic_analysis::analyzer::tests::test_extract_simple_int ... ok
[INFO] [stdout] test semantic_analysis::analyzer::tests::test_extract_through_conversion ... ok
[INFO] [stdout] test semantic_analysis::analyzer::tests::test_extract_through_grouped ... ok
[INFO] [stdout] test semantic_analysis::analyzer::tests::test_extract_facts_from_not_expr ... ok
[INFO] [stdout] test semantic_analysis::analyzer::tests::test_extract_facts_irrelevant_condition ... ok
[INFO] [stdout] test semantic_analysis::analyzer::tests::test_extract_facts_with_conversion ... ok
[INFO] [stdout] test semantic_analysis::analyzer::tests::test_extract_non_literal ... ok
[INFO] [stdout] test semantic_analysis::analyzer::tests::test_eval_const_value_arithmetic ... ok
[INFO] [stdout] test semantic_analysis::analyzer::tests::test_eval_const_value_int ... ok
[INFO] [stdout] test semantic_analysis::analyzer::tests::test_structurally_equal_binary_different_left ... ok
[INFO] [stdout] test semantic_analysis::analyzer::tests::test_structurally_equal_binary_different_right ... ok
[INFO] [stdout] test semantic_analysis::analyzer::tests::test_structurally_equal_binary_symmetric ... ok
[INFO] [stdout] test semantic_analysis::analyzer::tests::test_structurally_equal_grouped_vs_ungrouped ... ok
[INFO] [stdout] test semantic_analysis::analyzer::tests::test_structurally_equal_identifiers ... ok
[INFO] [stdout] test semantic_analysis::analyzer::tests::test_structurally_equal_int_literals ... ok
[INFO] [stdout] test semantic_analysis::analyzer::tests::test_structurally_equal_binary_different_operator ... ok
[INFO] [stdout] test semantic_analysis::analyzer::tests::test_structurally_equal_with_conversion ... ok
[INFO] [stdout] test semantic_analysis::analyzer::tests::test_structurally_equal_with_grouped ... ok
[INFO] [stdout] test semantic_analysis::analyzer::tests::test_expr_const_value_wrappers_and_neg ... ok
[INFO] [stdout] test semantic_analysis::analyzer::tests::test_eval_const_value_negative ... ok
[INFO] [stdout] test semantic_analysis::analyzer::tests::test_is_guarded_nonzero_conversion_fact_to_bare_divisor ... ok
[INFO] [stdout] test semantic_analysis::analyzer::tests::test_expr_const_value_literals ... ok
[INFO] [stdout] test semantic_analysis::analyzer::tests::test_expr_const_value_binary_not_folded_yet ... ok
[INFO] [stdout] test semantic_analysis::analyzer::tests::test_eval_const_value_bool ... ok
[INFO] [stdout] test semantic_analysis::analyzer::tests::test_eval_const_value_uint ... ok
[INFO] [stdout] test semantic_analysis::analyzer::tests::test_eval_const_value_unevaluable ... ok
[INFO] [stdout] test semantic_analysis::analyzer::tests::test_typed_fold_division_by_zero_traps ... ok
[INFO] [stdout] test semantic_analysis::analyzer::tests::test_eval_const_value_string ... ok
[INFO] [stdout] test semantic_analysis::analyzer::tests::test_is_guarded_nonzero_with_binary_expression ... ok
[INFO] [stdout] test semantic_analysis::analyzer::tests::test_is_guarded_nonzero_conversion_transparent ... ok
[INFO] [stdout] test semantic_analysis::const_eval::tests::division_by_zero_traps_for_ints ... ok
[INFO] [stdout] test semantic_analysis::const_eval::tests::float_arithmetic_folds ... ok
[INFO] [stdout] test semantic_analysis::const_eval::tests::float_comparison_folds ... ok
[INFO] [stdout] test semantic_analysis::analyzer::tests::test_is_guarded_nonzero_constants ... ok
[INFO] [stdout] test semantic_analysis::const_eval::tests::float_division_by_zero_traps ... ok
[INFO] [stdout] test semantic_analysis::const_eval::tests::float_nan_comparison_traps ... ok
[INFO] [stdout] test semantic_analysis::const_eval::tests::int_comparisons_fold ... ok
[INFO] [stdout] test semantic_analysis::const_eval::tests::non_numeric_operand_is_unknown ... ok
[INFO] [stdout] test semantic_analysis::const_eval::tests::coerces_literal_tags_by_declared_type ... ok
[INFO] [stdout] test semantic_analysis::analyzer::tests::test_is_guarded_nonzero_with_guard_stack ... ok
[INFO] [stdout] test semantic_analysis::analyzer::tests::test_typed_fold_float_coerces_int_tag ... ok
[INFO] [stdout] test semantic_analysis::const_eval::tests::float_nan_result_traps ... ok
[INFO] [stdout] test semantic_analysis::analyzer::tests::test_typed_fold_add_variables ... ok
[INFO] [stdout] test semantic_analysis::const_eval::tests::signed_mul_checked_overflow_traps ... ok
[INFO] [stdout] test semantic_analysis::const_eval::tests::signed_add_checked_overflow_traps ... ok
[INFO] [stdout] test semantic_analysis::const_eval::tests::signed_neg_unchecked_wraps ... ok
[INFO] [stdout] test semantic_analysis::const_eval::tests::signed_neg_checked_overflow_traps ... ok
[INFO] [stdout] test semantic_analysis::const_eval::tests::signed_add_unchecked_wraps ... ok
[INFO] [stdout] test semantic_analysis::const_eval::tests::signed_div_wraps_min_div_neg_one ... ok
[INFO] [stdout] test semantic_analysis::const_eval::tests::signed_rem_is_euclidean ... ok
[INFO] [stdout] test semantic_analysis::const_eval::tests::signed_sub_checked_underflow_traps ... ok
[INFO] [stdout] test semantic_analysis::const_eval::tests::unsigned_div_and_rem ... ok
[INFO] [stdout] test semantic_analysis::const_eval::tests::unsigned_add_checked_overflow_traps ... ok
[INFO] [stdout] test semantic_analysis::const_eval::tests::unsigned_mul_checked_overflow_traps ... ok
[INFO] [stdout] test semantic_analysis::const_eval::tests::unsigned_mul_unchecked_wraps_to_width ... ok
[INFO] [stdout] test semantic_analysis::const_eval::tests::unsigned_neg_is_invalid ... ok
[INFO] [stdout] test semantic_analysis::const_eval::tests::unsigned_sub_unchecked_wraps ... ok
[INFO] [stdout] test semantic_analysis::const_eval::tests::wrap_unsigned_matches_modulo ... ok
[INFO] [stdout] test semantic_analysis::const_value::tests::test_db_round_trip ... ok
[INFO] [stdout] test semantic_analysis::const_value::tests::test_is_non_zero ... ok
[INFO] [stdout] test semantic_analysis::const_value::tests::test_numeric_coercions ... ok
[INFO] [stdout] test semantic_analysis::module_resolver::tests::test_module_graph_empty ... ok
[INFO] [stdout] test semantic_analysis::const_value::tests::test_float_round_trips_bits ... ok
[INFO] [stdout] test semantic_analysis::module_resolver::tests::test_module_graph_no_cycle ... ok
[INFO] [stdout] test semantic_analysis::module_resolver::tests::test_module_graph_with_cycle ... ok
[INFO] [stdout] test semantic_analysis::module_resolver::tests::test_resolve_module_path_absolute ... ok
[INFO] [stdout] test semantic_analysis::module_resolver::tests::test_module_id_display ... ok
[INFO] [stdout] test semantic_analysis::module_resolver::tests::test_resolve_module_path_relative_subdirectory ... ok
[INFO] [stdout] test semantic_analysis::module_resolver::tests::test_topological_sort ... ok
[INFO] [stdout] test semantic_analysis::analyzer::tests::test_typed_fold_trap_propagates_from_operand ... ok
[INFO] [stdout] test semantic_analysis::const_eval::tests::wrap_signed_matches_twos_complement ... ok
[INFO] [stdout] test semantic_analysis::qualified_names::tests::test_qualified_function_name_simple_name ... ok
[INFO] [stdout] test semantic_analysis::const_eval::tests::unsigned_add_unchecked_wraps ... ok
[INFO] [stdout] test semantic_analysis::qualified_names::tests::test_type_def_name ... ok
[INFO] [stdout] test semantic_analysis::qualified_names::tests::test_variable_key_display ... ok
[INFO] [stdout] test semantic_analysis::const_eval::tests::unsigned_sub_underflow_traps_when_checked ... ok
[INFO] [stdout] test semantic_analysis::analyzer::tests::test_typed_fold_nested_binary ... ok
[INFO] [stdout] test semantic_analysis::qualified_names::tests::test_variable_key_global ... ok
[INFO] [stdout] test semantic_analysis::qualified_names::tests::test_qualified_function_name_construction ... ok
[INFO] [stdout] test semantic_analysis::analyzer::tests::test_expr_const_value_identifier ... ok
[INFO] [stdout] test semantic_analysis::qualified_names::tests::test_qualified_function_name_param_extraction ... ok
[INFO] [stdout] test semantic_analysis::analyzer::tests::test_typed_fold_neg ... ok
[INFO] [stdout] test semantic_analysis::analyzer::tests::test_typed_fold_non_numeric_operator_is_unknown ... ok
[INFO] [stdout] test semantic_analysis::qualified_names::tests::test_variable_key_local ... ok
[INFO] [stdout] test semantic_analysis::analyzer::tests::test_typed_fold_add_literals_with_hint ... ok
[INFO] [stdout] test semantic_analysis::sqlite_symbol_management::tests::test_fn_info_cache_stores_return_unit ... ok
[INFO] [stdout] test semantic_analysis::sqlite_symbol_management::tests::test_module_registration ... ok
[INFO] [stdout] test types::tests::test_all_division_symbols_equivalent ... ok
[INFO] [stdout] test types::tests::test_equivalent_units ... ok
[INFO] [stdout] test types::tests::test_division_binds_denominator ... ok
[INFO] [stdout] test types::tests::test_multiply ... ok
[INFO] [stdout] test types::tests::test_parse_bracketed ... ok
[INFO] [stdout] test types::tests::test_parse_complex_expression ... ok
[INFO] [stdout] test types::tests::test_no_superscript_unaffected ... ok
[INFO] [stdout] test types::tests::test_parse_compound ... ok
[INFO] [stdout] test types::tests::test_parse_division ... ok
[INFO] [stdout] test types::tests::test_parse_division_slash ... ok
[INFO] [stdout] test types::tests::test_parse_dot_operator ... ok
[INFO] [stdout] test semantic_analysis::sqlite_symbol_management::tests::test_variable_const_value_is_scope_aware ... ok
[INFO] [stdout] test types::tests::test_parse_fraction_slash ... ok
[INFO] [stdout] test types::tests::test_parse_fraction_slash_compound ... ok
[INFO] [stdout] test types::tests::test_parse_mixed_mul_signs ... ok
[INFO] [stdout] test types::tests::test_parse_simple ... ok
[INFO] [stdout] test types::tests::test_parse_superscript_in_compound_unit ... ok
[INFO] [stdout] test types::tests::test_parse_superscript_multi_digit ... ok
[INFO] [stdout] test types::tests::test_parse_superscript_negative ... ok
[INFO] [stdout] test types::tests::test_parse_superscript_in_bracketed ... ok
[INFO] [stdout] test types::tests::test_parse_superscript_negative_in_compound ... ok
[INFO] [stdout] test types::tests::test_parse_superscript_positive_sign ... ok
[INFO] [stdout] test semantic_analysis::sqlite_symbol_management::tests::test_variable_const_value_globals_do_not_collide ... ok
[INFO] [stdout] test types::tests::test_parse_superscript_single_digit ... ok
[INFO] [stdout] test types::tests::test_parse_superscript_zero_exponent ... ok
[INFO] [stdout] test types::tests::test_power ... ok
[INFO] [stdout] test types::tests::test_power_fractional ... ok
[INFO] [stdout] test types::tests::test_rational_normalization ... ok
[INFO] [stdout] test unit_analysis::tests::test_append_string_operations ... ok
[INFO] [stdout] test unit_analysis::tests::test_append_array_operations ... ok
[INFO] [stdout] test types::tests::test_superscript_and_caret_combine ... ok
[INFO] [stdout] test semantic_analysis::analyzer::tests::test_typed_fold_overflow_traps ... ok
[INFO] [stdout] test unit_analysis::tests::test_power_allows_int_exponent_with_float_base ... ok
[INFO] [stdout] test unit_analysis::tests::test_power_allows_matching_float_types ... ok
[INFO] [stdout] test unit_analysis::tests::test_power_rejects_int_base_with_float_exponent ... ok
[INFO] [stdout] test unit_analysis::tests::test_shift_operators_reject_float_operands ... ok
[INFO] [stdout] test semantic_analysis::analyzer::tests::test_typed_fold_unknown_operand ... ok
[INFO] [stdout] test unit_analysis::tests::test_shift_operators_require_integers ... ok
[INFO] [stdout] test unit_analysis::tests::test_type_check_matching_types ... ok
[INFO] [stdout] test unit_analysis::tests::test_type_check_mismatched_types ... ok
[INFO] [stdout] test unit_analysis::tests::test_vector_cross_product_different_inner_types_rejected ... ok
[INFO] [stdout] test unit_analysis::tests::test_vector_cross_product_scalar_rejected ... ok
[INFO] [stdout] test unit_analysis::tests::test_vector_cross_product_vec2_rejected ... ok
[INFO] [stdout] test unit_analysis::tests::test_vector_cross_product_vec4_rejected ... ok
[INFO] [stdout] test unit_analysis::tests::test_vector_cross_product_vec3_only ... ok
[INFO] [stdout] test unit_analysis::tests::test_vector_cross_vec3_mixed_inner_rejected ... ok
[INFO] [stdout] test unit_analysis::tests::test_vector_cross_vec3_u64 ... ok
[INFO] [stdout] test unit_analysis::tests::test_vector_dot_product_different_dimensions ... ok
[INFO] [stdout] test unit_analysis::tests::test_vector_dot_product_mixed_vector_scalar ... ok
[INFO] [stdout] test unit_analysis::tests::test_vector_dot_product_same_dimension_and_type ... ok
[INFO] [stdout] test unit_analysis::tests::test_vector_dot_product_different_inner_types ... ok
[INFO] [stdout] test unit_analysis::tests::test_vector_dot_product_scalar ... ok
[INFO] [stdout] test semantic_analysis::sqlite_symbol_management::tests::test_sqlite_scope_management ... ok
[INFO] [stdout] test unit_analysis::tests::test_vector_dot_vec2_mixed_inner_rejected ... ok
[INFO] [stdout] test semantic_analysis::analyzer::tests::test_typed_fold_comparison_uses_operand_type ... ok
[INFO] [stdout] test unit_analysis::tests::test_vector_dot_vec3_i32 ... ok
[INFO] [stdout] test unit_analysis::tests::test_vector_mul_vec2_rejected ... ok
[INFO] [stdout] test unit_analysis::tests::test_vector_mul_vec3_rejected ... ok
[INFO] [stdout] test unit_analysis::tests::test_vector_mul_mixed_dimensions_rejected ... ok
[INFO] [stdout] test unit_analysis::tests::test_vector_mul_vec4_rejected ... ok
[INFO] [stdout] test unit_analysis::tests::test_vector_dot_scalar_u64 ... ok
[INFO] [stdout] test types::tests::test_unitless ... ok
[INFO] [stdout] test semantic_analysis::sqlite_symbol_management::tests::test_variable_const_value_round_trip_global ... ok
[INFO] [stdout] test semantic_analysis::sqlite_symbol_management::tests::test_sqlite_update_unit ... ok
[INFO] [stdout] test semantic_analysis::sqlite_symbol_management::tests::test_sqlite_symbol_manager_basic ... ok
[INFO] [stdout] test semantic_analysis::sqlite_symbol_management::tests::test_mark_variable_shared_clears_and_is_sticky ... ok
[INFO] [stdout] test semantic_analysis::sqlite_symbol_management::tests::test_effectively_constant_requires_never_reassigned ... ok
[INFO] [stdout] test semantic_analysis::sqlite_symbol_management::tests::test_variable_constants_view_derives_is_constant ... ok
[INFO] [stdout] test semantic_analysis::analyzer::tests::test_typed_fold_unsigned_operands ... ok
[INFO] [stdout] test semantic_analysis::sqlite_symbol_management::tests::test_fn_info_cache_with_parameters ... ok
[INFO] [stdout] 
[INFO] [stdout] test result: ok. 269 passed; 0 failed; 0 ignored; 0 measured; 0 filtered out; finished in 0.11s
[INFO] [stdout] 
[INFO] [stderr]      Running unittests src/main.rs (/opt/rustwide/target/release/deps/lale-39472e5585f3d6c6)
[INFO] [stdout] 
[INFO] [stdout] running 0 tests
[INFO] [stdout] 
[INFO] [stdout] test result: ok. 0 passed; 0 failed; 0 ignored; 0 measured; 0 filtered out; finished in 0.00s
[INFO] [stdout] 
[INFO] [stderr]      Running unittests src/bin/validate.rs (/opt/rustwide/target/release/deps/lale_validate-c6cda5ea494a71b5)
[INFO] [stdout] 
[INFO] [stderr]      Running unittests src/bin/xtask.rs (/opt/rustwide/target/release/deps/xtask-492ed87c9812657d)
[INFO] [stdout] running 0 tests
[INFO] [stdout] 
[INFO] [stdout] test result: ok. 0 passed; 0 failed; 0 ignored; 0 measured; 0 filtered out; finished in 0.00s
[INFO] [stdout] 
[INFO] [stdout] 
[INFO] [stdout] running 0 tests
[INFO] [stdout] 
[INFO] [stdout] test result: ok. 0 passed; 0 failed; 0 ignored; 0 measured; 0 filtered out; finished in 0.00s
[INFO] [stdout] 
[INFO] [stderr]      Running tests/abi_conformance_tests.rs (/opt/rustwide/target/release/deps/abi_conformance_tests-7802cdab5bc661e9)
[INFO] [stdout] 
[INFO] [stdout] running 3 tests
[INFO] [stdout] test extern_ffi_signatures_match_abi ... ok
[INFO] [stdout] test primitive_sizes_match_abi ... ok
[INFO] [stdout] test text_fat_pointer_layout ... ok
[INFO] [stderr]      Running tests/allocate_release_tests.rs (/opt/rustwide/target/release/deps/allocate_release_tests-2fee4578dfd0f2a7)
[INFO] [stdout] 
[INFO] [stdout] test result: ok. 3 passed; 0 failed; 0 ignored; 0 measured; 0 filtered out; finished in 0.10s
[INFO] [stdout] 
[INFO] [stdout] 
[INFO] [stdout] running 26 tests
[INFO] [stdout] test test_allocate_without_release_warns ... FAILED
[INFO] [stdout] test test_allocate_write_variable_and_release ... FAILED
[INFO] [stdout] test test_allocate_with_explicit_release_no_warn ... FAILED
[INFO] [stdout] test test_allocate_with_u64_literal ... FAILED
[INFO] [stdout] test test_allocate_with_zero_size ... FAILED
[INFO] [stdout] test test_allocate_directly_passed_to_function ... FAILED
[INFO] [stdout] test test_allocate_with_on_exit_release_no_warn ... FAILED
[INFO] [stdout] test test_allocate_write_and_release ... FAILED
[INFO] [stdout] test test_allocate_in_function_release_in_caller ... FAILED
[INFO] [stdout] test test_allocate_without_release_reports_leak ... FAILED
[INFO] [stdout] test test_release_without_argument_is_parse_error ... ok
[INFO] [stdout] test test_release_undefined_variable_is_semantic_error ... ok
[INFO] [stdout] test test_allocate_multiple_vars ... FAILED
[INFO] [stdout] test test_allocate_with_large_u64_literal ... FAILED
[INFO] [stdout] test test_allocate_without_release_compiles ... FAILED
[INFO] [stdout] test test_allocate_global_no_warn ... FAILED
[INFO] [stdout] test test_allocate_in_var_initializer ... FAILED
[INFO] [stdout] test test_allocate_with_variable_size ... FAILED
[INFO] [stdout] test test_basic_allocate_and_release ... FAILED
[INFO] [stdout] test test_reassign_allocate_without_release_warns ... FAILED
[INFO] [stdout] test test_release_non_allocated_no_warn ... FAILED
[INFO] [stdout] test test_multiple_allocates_out_of_order_release ... FAILED
[INFO] [stdout] test test_release_with_addition_expression ... FAILED
[INFO] [stdout] test test_release_in_function ... FAILED
[INFO] [stdout] test test_release_with_literal_pointer_expression ... FAILED
[INFO] [stdout] test test_multiple_allocates_and_releases ... FAILED
[INFO] [stdout] 
[INFO] [stdout] failures:
[INFO] [stdout] 
[INFO] [stdout] ---- test_allocate_without_release_warns stdout ----
[INFO] [stdout] 
[INFO] [stdout] thread 'test_allocate_without_release_warns' (5768) panicked at tests/allocate_release_tests.rs:463:3:
[INFO] [stdout] Expected compilation success (warning only)
[INFO] [stdout] stack backtrace:
[INFO] [stdout]    0:     0x613846094691 - <<std[70759c8f55707aa4]::sys::backtrace::BacktraceLock>::print::DisplayBacktrace as core[df12db4294e9bfd3]::fmt::Display>::fmt
[INFO] [stdout]    1:     0x6138460a88da - core[df12db4294e9bfd3]::fmt::write
[INFO] [stdout]    2:     0x613846098b9c - <alloc[2182bb758b4b3781]::vec::Vec<u8> as core[df12db4294e9bfd3]::io::write::Write>::write_fmt
[INFO] [stdout]    3:     0x613846070716 - std[70759c8f55707aa4]::panicking::default_hook::{closure#0}
[INFO] [stdout]    4:     0x61384608cdf9 - std[70759c8f55707aa4]::panicking::default_hook
[INFO] [stdout]    5:     0x613846028cc0 - test[9d35eded1c95d3be]::test_main_inner::<test[9d35eded1c95d3be]::test_main_static::{closure#0}>::{closure#0}
[INFO] [stdout]    6:     0x61384608cfb2 - std[70759c8f55707aa4]::panicking::panic_with_hook
[INFO] [stdout]    7:     0x6138460707f4 - std[70759c8f55707aa4]::panicking::panic_handler::{closure#0}
[INFO] [stdout]    8:     0x613846069549 - std[70759c8f55707aa4]::sys::backtrace::__rust_end_short_backtrace::<std[70759c8f55707aa4]::panicking::panic_handler::{closure#0}, !>
[INFO] [stdout]    9:     0x6138460713bd - __rustc[8fa7c3cbc660c2b3]::rust_begin_unwind
[INFO] [stdout]   10:     0x6138460a900c - core[df12db4294e9bfd3]::panicking::panic_fmt
[INFO] [stdout]   11:     0x61384601ac71 - <allocate_release_tests[94892d0ac703eb5c]::test_allocate_without_release_warns::{closure#0} as core[df12db4294e9bfd3]::ops::function::FnOnce<()>>::call_once
[INFO] [stdout]   12:     0x61384601bfab - test[9d35eded1c95d3be]::__rust_begin_short_backtrace::<core[df12db4294e9bfd3]::result::Result<(), alloc[2182bb758b4b3781]::string::String>, fn() -> core[df12db4294e9bfd3]::result::Result<(), alloc[2182bb758b4b3781]::string::String>>
[INFO] [stdout]   13:     0x613846029615 - test[9d35eded1c95d3be]::run_test::{closure#0}
[INFO] [stdout]   14:     0x613846022ed4 - std[70759c8f55707aa4]::sys::backtrace::__rust_begin_short_backtrace::<test[9d35eded1c95d3be]::run_test::{closure#1}, ()>
[INFO] [stdout]   15:     0x61384602c772 - <std[70759c8f55707aa4]::thread::lifecycle::spawn_unchecked<test[9d35eded1c95d3be]::run_test::{closure#1}, ()>::{closure#1} as core[df12db4294e9bfd3]::ops::function::FnOnce<()>>::call_once::{shim:vtable#0}
[INFO] [stdout]   16:     0x613846093f69 - <std[70759c8f55707aa4]::sys::thread::unix::Thread>::new::thread_start
[INFO] [stdout]   17:     0x7ba612827dfa - <unknown>
[INFO] [stdout]   18:     0x7ba6128bb3d4 - clone
[INFO] [stdout]   19:                0x0 - <unknown>
[INFO] [stdout] 
[INFO] [stdout] ---- test_allocate_write_variable_and_release stdout ----
[INFO] [stdout] 
[INFO] [stdout] thread 'test_allocate_write_variable_and_release' (5770) panicked at tests/allocate_release_tests.rs:166:3:
[INFO] [stdout] Expected success, got: Err("Error: Semantic(\"stdlib:5:14: Internal error: module resolver not initialized for use statement. The compiler was not configured for multi-file compilation.\\nstdlib:4:14: Internal error: module resolver not initialized for use statement. The compiler was not configured for multi-file compilation.\\nstdlib:5:14: Internal error: module resolver not initialized for use statement. The compiler was not configured for multi-file compilation.\\nstdlib:6:14: Internal error: module resolver not initialized for use statement. The compiler was not configured for multi-file compilation.\")\n")
[INFO] [stdout] stack backtrace:
[INFO] [stdout]    0:     0x613846094691 - <<std[70759c8f55707aa4]::sys::backtrace::BacktraceLock>::print::DisplayBacktrace as core[df12db4294e9bfd3]::fmt::Display>::fmt
[INFO] [stdout]    1:     0x6138460a88da - core[df12db4294e9bfd3]::fmt::write
[INFO] [stdout]    2:     0x613846098b9c - <alloc[2182bb758b4b3781]::vec::Vec<u8> as core[df12db4294e9bfd3]::io::write::Write>::write_fmt
[INFO] [stdout]    3:     0x613846070716 - std[70759c8f55707aa4]::panicking::default_hook::{closure#0}
[INFO] [stdout]    4:     0x61384608cdf9 - std[70759c8f55707aa4]::panicking::default_hook
[INFO] [stdout]    5:     0x613846028cc0 - test[9d35eded1c95d3be]::test_main_inner::<test[9d35eded1c95d3be]::test_main_static::{closure#0}>::{closure#0}
[INFO] [stdout]    6:     0x61384608cfb2 - std[70759c8f55707aa4]::panicking::panic_with_hook
[INFO] [stdout]    7:     0x6138460707c2 - std[70759c8f55707aa4]::panicking::panic_handler::{closure#0}
[INFO] [stdout]    8:     0x613846069549 - std[70759c8f55707aa4]::sys::backtrace::__rust_end_short_backtrace::<std[70759c8f55707aa4]::panicking::panic_handler::{closure#0}, !>
[INFO] [stdout]    9:     0x6138460713bd - __rustc[8fa7c3cbc660c2b3]::rust_begin_unwind
[INFO] [stdout]   10:     0x6138460a900c - core[df12db4294e9bfd3]::panicking::panic_fmt
[INFO] [stdout]   11:     0x61384601b106 - <allocate_release_tests[94892d0ac703eb5c]::test_allocate_write_variable_and_release::{closure#0} as core[df12db4294e9bfd3]::ops::function::FnOnce<()>>::call_once
[INFO] [stdout]   12:     0x61384601bfab - test[9d35eded1c95d3be]::__rust_begin_short_backtrace::<core[df12db4294e9bfd3]::result::Result<(), alloc[2182bb758b4b3781]::string::String>, fn() -> core[df12db4294e9bfd3]::result::Result<(), alloc[2182bb758b4b3781]::string::String>>
[INFO] [stdout]   13:     0x613846029615 - test[9d35eded1c95d3be]::run_test::{closure#0}
[INFO] [stdout]   14:     0x613846022ed4 - std[70759c8f55707aa4]::sys::backtrace::__rust_begin_short_backtrace::<test[9d35eded1c95d3be]::run_test::{closure#1}, ()>
[INFO] [stdout]   15:     0x61384602c772 - <std[70759c8f55707aa4]::thread::lifecycle::spawn_unchecked<test[9d35eded1c95d3be]::run_test::{closure#1}, ()>::{closure#1} as core[df12db4294e9bfd3]::ops::function::FnOnce<()>>::call_once::{shim:vtable#0}
[INFO] [stdout]   16:     0x613846093f69 - <std[70759c8f55707aa4]::sys::thread::unix::Thread>::new::thread_start
[INFO] [stdout]   17:     0x7ba612827dfa - <unknown>
[INFO] [stdout]   18:     0x7ba6128bb3d4 - clone
[INFO] [stdout]   19:                0x0 - <unknown>
[INFO] [stdout] 
[INFO] [stdout] ---- test_allocate_with_explicit_release_no_warn stdout ----
[INFO] [stdout] 
[INFO] [stdout] thread 'test_allocate_with_explicit_release_no_warn' (5758) panicked at tests/allocate_release_tests.rs:506:3:
[INFO] [stdout] Expected success
[INFO] [stdout] stack backtrace:
[INFO] [stdout]    0:     0x613846094691 - <<std[70759c8f55707aa4]::sys::backtrace::BacktraceLock>::print::DisplayBacktrace as core[df12db4294e9bfd3]::fmt::Display>::fmt
[INFO] [stdout]    1:     0x6138460a88da - core[df12db4294e9bfd3]::fmt::write
[INFO] [stdout]    2:     0x613846098b9c - <alloc[2182bb758b4b3781]::vec::Vec<u8> as core[df12db4294e9bfd3]::io::write::Write>::write_fmt
[INFO] [stdout]    3:     0x613846070716 - std[70759c8f55707aa4]::panicking::default_hook::{closure#0}
[INFO] [stdout]    4:     0x61384608cdf9 - std[70759c8f55707aa4]::panicking::default_hook
[INFO] [stdout]    5:     0x613846028cc0 - test[9d35eded1c95d3be]::test_main_inner::<test[9d35eded1c95d3be]::test_main_static::{closure#0}>::{closure#0}
[INFO] [stdout]    6:     0x61384608cfb2 - std[70759c8f55707aa4]::panicking::panic_with_hook
[INFO] [stdout]    7:     0x6138460707f4 - std[70759c8f55707aa4]::panicking::panic_handler::{closure#0}
[INFO] [stdout]    8:     0x613846069549 - std[70759c8f55707aa4]::sys::backtrace::__rust_end_short_backtrace::<std[70759c8f55707aa4]::panicking::panic_handler::{closure#0}, !>
[INFO] [stdout]    9:     0x6138460713bd - __rustc[8fa7c3cbc660c2b3]::rust_begin_unwind
[INFO] [stdout]   10:     0x6138460a900c - core[df12db4294e9bfd3]::panicking::panic_fmt
[INFO] [stdout]   11:     0x61384601b7bf - <allocate_release_tests[94892d0ac703eb5c]::test_allocate_with_explicit_release_no_warn::{closure#0} as core[df12db4294e9bfd3]::ops::function::FnOnce<()>>::call_once
[INFO] [stdout]   12:     0x61384601bfab - test[9d35eded1c95d3be]::__rust_begin_short_backtrace::<core[df12db4294e9bfd3]::result::Result<(), alloc[2182bb758b4b3781]::string::String>, fn() -> core[df12db4294e9bfd3]::result::Result<(), alloc[2182bb758b4b3781]::string::String>>
[INFO] [stdout]   13:     0x613846029615 - test[9d35eded1c95d3be]::run_test::{closure#0}
[INFO] [stdout]   14:     0x613846022ed4 - std[70759c8f55707aa4]::sys::backtrace::__rust_begin_short_backtrace::<test[9d35eded1c95d3be]::run_test::{closure#1}, ()>
[INFO] [stdout]   15:     0x61384602c772 - <std[70759c8f55707aa4]::thread::lifecycle::spawn_unchecked<test[9d35eded1c95d3be]::run_test::{closure#1}, ()>::{closure#1} as core[df12db4294e9bfd3]::ops::function::FnOnce<()>>::call_once::{shim:vtable#0}
[INFO] [stdout]   16:     0x613846093f69 - <std[70759c8f55707aa4]::sys::thread::unix::Thread>::new::thread_start
[INFO] [stdout]   17:     0x7ba612827dfa - <unknown>
[INFO] [stdout]   18:     0x7ba6128bb3d4 - clone
[INFO] [stdout]   19:                0x0 - <unknown>
[INFO] [stdout] 
[INFO] [stdout] ---- test_allocate_with_u64_literal stdout ----
[INFO] [stdout] 
[INFO] [stdout] thread 'test_allocate_with_u64_literal' (5762) panicked at tests/allocate_release_tests.rs:384:3:
[INFO] [stdout] Expected success, got: Err("Error: Semantic(\"stdlib:5:14: Internal error: module resolver not initialized for use statement. The compiler was not configured for multi-file compilation.\\nstdlib:4:14: Internal error: module resolver not initialized for use statement. The compiler was not configured for multi-file compilation.\\nstdlib:5:14: Internal error: module resolver not initialized for use statement. The compiler was not configured for multi-file compilation.\\nstdlib:6:14: Internal error: module resolver not initialized for use statement. The compiler was not configured for multi-file compilation.\")\n")
[INFO] [stdout] stack backtrace:
[INFO] [stdout]    0:     0x613846094691 - <<std[70759c8f55707aa4]::sys::backtrace::BacktraceLock>::print::DisplayBacktrace as core[df12db4294e9bfd3]::fmt::Display>::fmt
[INFO] [stdout]    1:     0x6138460a88da - core[df12db4294e9bfd3]::fmt::write
[INFO] [stdout]    2:     0x613846098b9c - <alloc[2182bb758b4b3781]::vec::Vec<u8> as core[df12db4294e9bfd3]::io::write::Write>::write_fmt
[INFO] [stdout]    3:     0x613846070716 - std[70759c8f55707aa4]::panicking::default_hook::{closure#0}
[INFO] [stdout]    4:     0x61384608cdf9 - std[70759c8f55707aa4]::panicking::default_hook
[INFO] [stdout]    5:     0x613846028cc0 - test[9d35eded1c95d3be]::test_main_inner::<test[9d35eded1c95d3be]::test_main_static::{closure#0}>::{closure#0}
[INFO] [stdout]    6:     0x61384608cfb2 - std[70759c8f55707aa4]::panicking::panic_with_hook
[INFO] [stdout]    7:     0x6138460707c2 - std[70759c8f55707aa4]::panicking::panic_handler::{closure#0}
[INFO] [stdout]    8:     0x613846069549 - std[70759c8f55707aa4]::sys::backtrace::__rust_end_short_backtrace::<std[70759c8f55707aa4]::panicking::panic_handler::{closure#0}, !>
[INFO] [stdout]    9:     0x6138460713bd - __rustc[8fa7c3cbc660c2b3]::rust_begin_unwind
[INFO] [stdout]   10:     0x6138460a900c - core[df12db4294e9bfd3]::panicking::panic_fmt
[INFO] [stdout]   11:     0x61384601a5b6 - <allocate_release_tests[94892d0ac703eb5c]::test_allocate_with_u64_literal::{closure#0} as core[df12db4294e9bfd3]::ops::function::FnOnce<()>>::call_once
[INFO] [stdout]   12:     0x61384601bfab - test[9d35eded1c95d3be]::__rust_begin_short_backtrace::<core[df12db4294e9bfd3]::result::Result<(), alloc[2182bb758b4b3781]::string::String>, fn() -> core[df12db4294e9bfd3]::result::Result<(), alloc[2182bb758b4b3781]::string::String>>
[INFO] [stdout]   13:     0x613846029615 - test[9d35eded1c95d3be]::run_test::{closure#0}
[INFO] [stdout]   14:     0x613846022ed4 - std[70759c8f55707aa4]::sys::backtrace::__rust_begin_short_backtrace::<test[9d35eded1c95d3be]::run_test::{closure#1}, ()>
[INFO] [stdout]   15:     0x61384602c772 - <std[70759c8f55707aa4]::thread::lifecycle::spawn_unchecked<test[9d35eded1c95d3be]::run_test::{closure#1}, ()>::{closure#1} as core[df12db4294e9bfd3]::ops::function::FnOnce<()>>::call_once::{shim:vtable#0}
[INFO] [stdout]   16:     0x613846093f69 - <std[70759c8f55707aa4]::sys::thread::unix::Thread>::new::thread_start
[INFO] [stdout]   17:     0x7ba612827dfa - <unknown>
[INFO] [stdout]   18:     0x7ba6128bb3d4 - clone
[INFO] [stdout]   19:                0x0 - <unknown>
[INFO] [stdout] 
[INFO] [stdout] ---- test_allocate_with_zero_size stdout ----
[INFO] [stdout] 
[INFO] [stdout] thread 'test_allocate_with_zero_size' (5765) panicked at tests/allocate_release_tests.rs:416:3:
[INFO] [stdout] Expected success, got: Err("Error: Semantic(\"stdlib:5:14: Internal error: module resolver not initialized for use statement. The compiler was not configured for multi-file compilation.\\nstdlib:4:14: Internal error: module resolver not initialized for use statement. The compiler was not configured for multi-file compilation.\\nstdlib:5:14: Internal error: module resolver not initialized for use statement. The compiler was not configured for multi-file compilation.\\nstdlib:6:14: Internal error: module resolver not initialized for use statement. The compiler was not configured for multi-file compilation.\")\n")
[INFO] [stdout] stack backtrace:
[INFO] [stdout]    0:     0x613846094691 - <<std[70759c8f55707aa4]::sys::backtrace::BacktraceLock>::print::DisplayBacktrace as core[df12db4294e9bfd3]::fmt::Display>::fmt
[INFO] [stdout]    1:     0x6138460a88da - core[df12db4294e9bfd3]::fmt::write
[INFO] [stdout]    2:     0x613846098b9c - <alloc[2182bb758b4b3781]::vec::Vec<u8> as core[df12db4294e9bfd3]::io::write::Write>::write_fmt
[INFO] [stdout]    3:     0x613846070716 - std[70759c8f55707aa4]::panicking::default_hook::{closure#0}
[INFO] [stdout]    4:     0x61384608cdf9 - std[70759c8f55707aa4]::panicking::default_hook
[INFO] [stdout]    5:     0x613846028cc0 - test[9d35eded1c95d3be]::test_main_inner::<test[9d35eded1c95d3be]::test_main_static::{closure#0}>::{closure#0}
[INFO] [stdout]    6:     0x61384608cfb2 - std[70759c8f55707aa4]::panicking::panic_with_hook
[INFO] [stdout]    7:     0x6138460707c2 - std[70759c8f55707aa4]::panicking::panic_handler::{closure#0}
[INFO] [stdout]    8:     0x613846069549 - std[70759c8f55707aa4]::sys::backtrace::__rust_end_short_backtrace::<std[70759c8f55707aa4]::panicking::panic_handler::{closure#0}, !>
[INFO] [stdout]    9:     0x6138460713bd - __rustc[8fa7c3cbc660c2b3]::rust_begin_unwind
[INFO] [stdout]   10:     0x6138460a900c - core[df12db4294e9bfd3]::panicking::panic_fmt
[INFO] [stdout]   11:     0x61384601a4d6 - <allocate_release_tests[94892d0ac703eb5c]::test_allocate_with_zero_size::{closure#0} as core[df12db4294e9bfd3]::ops::function::FnOnce<()>>::call_once
[INFO] [stdout]   12:     0x61384601bfab - test[9d35eded1c95d3be]::__rust_begin_short_backtrace::<core[df12db4294e9bfd3]::result::Result<(), alloc[2182bb758b4b3781]::string::String>, fn() -> core[df12db4294e9bfd3]::result::Result<(), alloc[2182bb758b4b3781]::string::String>>
[INFO] [stdout]   13:     0x613846029615 - test[9d35eded1c95d3be]::run_test::{closure#0}
[INFO] [stdout]   14:     0x613846022ed4 - std[70759c8f55707aa4]::sys::backtrace::__rust_begin_short_backtrace::<test[9d35eded1c95d3be]::run_test::{closure#1}, ()>
[INFO] [stdout]   15:     0x61384602c772 - <std[70759c8f55707aa4]::thread::lifecycle::spawn_unchecked<test[9d35eded1c95d3be]::run_test::{closure#1}, ()>::{closure#1} as core[df12db4294e9bfd3]::ops::function::FnOnce<()>>::call_once::{shim:vtable#0}
[INFO] [stdout]   16:     0x613846093f69 - <std[70759c8f55707aa4]::sys::thread::unix::Thread>::new::thread_start
[INFO] [stdout]   17:     0x7ba612827dfa - <unknown>
[INFO] [stdout]   18:     0x7ba6128bb3d4 - clone
[INFO] [stdout]   19:                0x0 - <unknown>
[INFO] [stdout] 
[INFO] [stdout] ---- test_allocate_directly_passed_to_function stdout ----
[INFO] [stdout] 
[INFO] [stdout] thread 'test_allocate_directly_passed_to_function' (5753) panicked at tests/allocate_release_tests.rs:326:3:
[INFO] [stdout] Expected success, got: Err("Error: Semantic(\"stdlib:5:14: Internal error: module resolver not initialized for use statement. The compiler was not configured for multi-file compilation.\\nstdlib:4:14: Internal error: module resolver not initialized for use statement. The compiler was not configured for multi-file compilation.\\nstdlib:5:14: Internal error: module resolver not initialized for use statement. The compiler was not configured for multi-file compilation.\\nstdlib:6:14: Internal error: module resolver not initialized for use statement. The compiler was not configured for multi-file compilation.\")\n")
[INFO] [stdout] stack backtrace:
[INFO] [stdout]    0:     0x613846094691 - <<std[70759c8f55707aa4]::sys::backtrace::BacktraceLock>::print::DisplayBacktrace as core[df12db4294e9bfd3]::fmt::Display>::fmt
[INFO] [stdout]    1:     0x6138460a88da - core[df12db4294e9bfd3]::fmt::write
[INFO] [stdout]    2:     0x613846098b9c - <alloc[2182bb758b4b3781]::vec::Vec<u8> as core[df12db4294e9bfd3]::io::write::Write>::write_fmt
[INFO] [stdout]    3:     0x613846070716 - std[70759c8f55707aa4]::panicking::default_hook::{closure#0}
[INFO] [stdout]    4:     0x61384608cdf9 - std[70759c8f55707aa4]::panicking::default_hook
[INFO] [stdout]    5:     0x613846028cc0 - test[9d35eded1c95d3be]::test_main_inner::<test[9d35eded1c95d3be]::test_main_static::{closure#0}>::{closure#0}
[INFO] [stdout]    6:     0x61384608cfb2 - std[70759c8f55707aa4]::panicking::panic_with_hook
[INFO] [stdout]    7:     0x6138460707c2 - std[70759c8f55707aa4]::panicking::panic_handler::{closure#0}
[INFO] [stdout]    8:     0x613846069549 - std[70759c8f55707aa4]::sys::backtrace::__rust_end_short_backtrace::<std[70759c8f55707aa4]::panicking::panic_handler::{closure#0}, !>
[INFO] [stdout]    9:     0x6138460713bd - __rustc[8fa7c3cbc660c2b3]::rust_begin_unwind
[INFO] [stdout]   10:     0x6138460a900c - core[df12db4294e9bfd3]::panicking::panic_fmt
[INFO] [stdout]   11:     0x61384601b1e6 - <allocate_release_tests[94892d0ac703eb5c]::test_allocate_directly_passed_to_function::{closure#0} as core[df12db4294e9bfd3]::ops::function::FnOnce<()>>::call_once
[INFO] [stdout]   12:     0x61384601bfab - test[9d35eded1c95d3be]::__rust_begin_short_backtrace::<core[df12db4294e9bfd3]::result::Result<(), alloc[2182bb758b4b3781]::string::String>, fn() -> core[df12db4294e9bfd3]::result::Result<(), alloc[2182bb758b4b3781]::string::String>>
[INFO] [stdout]   13:     0x613846029615 - test[9d35eded1c95d3be]::run_test::{closure#0}
[INFO] [stdout]   14:     0x613846022ed4 - std[70759c8f55707aa4]::sys::backtrace::__rust_begin_short_backtrace::<test[9d35eded1c95d3be]::run_test::{closure#1}, ()>
[INFO] [stdout]   15:     0x61384602c772 - <std[70759c8f55707aa4]::thread::lifecycle::spawn_unchecked<test[9d35eded1c95d3be]::run_test::{closure#1}, ()>::{closure#1} as core[df12db4294e9bfd3]::ops::function::FnOnce<()>>::call_once::{shim:vtable#0}
[INFO] [stdout]   16:     0x613846093f69 - <std[70759c8f55707aa4]::sys::thread::unix::Thread>::new::thread_start
[INFO] [stdout]   17:     0x7ba612827dfa - <unknown>
[INFO] [stdout]   18:     0x7ba6128bb3d4 - clone
[INFO] [stdout]   19:                0x0 - <unknown>
[INFO] [stdout] 
[INFO] [stdout] ---- test_allocate_with_on_exit_release_no_warn stdout ----
[INFO] [stdout] 
[INFO] [stdout] thread 'test_allocate_with_on_exit_release_no_warn' (5761) panicked at tests/allocate_release_tests.rs:487:3:
[INFO] [stdout] Expected success
[INFO] [stdout] stack backtrace:
[INFO] [stdout]    0:     0x613846094691 - <<std[70759c8f55707aa4]::sys::backtrace::BacktraceLock>::print::DisplayBacktrace as core[df12db4294e9bfd3]::fmt::Display>::fmt
[INFO] [stdout]    1:     0x6138460a88da - core[df12db4294e9bfd3]::fmt::write
[INFO] [stdout]    2:     0x613846098b9c - <alloc[2182bb758b4b3781]::vec::Vec<u8> as core[df12db4294e9bfd3]::io::write::Write>::write_fmt
[INFO] [stdout]    3:     0x613846070716 - std[70759c8f55707aa4]::panicking::default_hook::{closure#0}
[INFO] [stdout]    4:     0x61384608cdf9 - std[70759c8f55707aa4]::panicking::default_hook
[INFO] [stdout]    5:     0x613846028cc0 - test[9d35eded1c95d3be]::test_main_inner::<test[9d35eded1c95d3be]::test_main_static::{closure#0}>::{closure#0}
[INFO] [stdout]    6:     0x61384608cfb2 - std[70759c8f55707aa4]::panicking::panic_with_hook
[INFO] [stdout]    7:     0x6138460707f4 - std[70759c8f55707aa4]::panicking::panic_handler::{closure#0}
[INFO] [stdout]    8:     0x613846069549 - std[70759c8f55707aa4]::sys::backtrace::__rust_end_short_backtrace::<std[70759c8f55707aa4]::panicking::panic_handler::{closure#0}, !>
[INFO] [stdout]    9:     0x6138460713bd - __rustc[8fa7c3cbc660c2b3]::rust_begin_unwind
[INFO] [stdout]   10:     0x6138460a900c - core[df12db4294e9bfd3]::panicking::panic_fmt
[INFO] [stdout]   11:     0x61384601b34f - <allocate_release_tests[94892d0ac703eb5c]::test_allocate_with_on_exit_release_no_warn::{closure#0} as core[df12db4294e9bfd3]::ops::function::FnOnce<()>>::call_once
[INFO] [stdout]   12:     0x61384601bfab - test[9d35eded1c95d3be]::__rust_begin_short_backtrace::<core[df12db4294e9bfd3]::result::Result<(), alloc[2182bb758b4b3781]::string::String>, fn() -> core[df12db4294e9bfd3]::result::Result<(), alloc[2182bb758b4b3781]::string::String>>
[INFO] [stdout]   13:     0x613846029615 - test[9d35eded1c95d3be]::run_test::{closure#0}
[INFO] [stdout]   14:     0x613846022ed4 - std[70759c8f55707aa4]::sys::backtrace::__rust_begin_short_backtrace::<test[9d35eded1c95d3be]::run_test::{closure#1}, ()>
[INFO] [stdout]   15:     0x61384602c772 - <std[70759c8f55707aa4]::thread::lifecycle::spawn_unchecked<test[9d35eded1c95d3be]::run_test::{closure#1}, ()>::{closure#1} as core[df12db4294e9bfd3]::ops::function::FnOnce<()>>::call_once::{shim:vtable#0}
[INFO] [stdout]   16:     0x613846093f69 - <std[70759c8f55707aa4]::sys::thread::unix::Thread>::new::thread_start
[INFO] [stdout]   17:     0x7ba612827dfa - <unknown>
[INFO] [stdout]   18:     0x7ba6128bb3d4 - clone
[INFO] [stdout]   19:                0x0 - <unknown>
[INFO] [stdout] 
[INFO] [stdout] ---- test_allocate_write_and_release stdout ----
[INFO] [stdout] 
[INFO] [stdout] thread 'test_allocate_write_and_release' (5769) panicked at tests/allocate_release_tests.rs:149:3:
[INFO] [stdout] Expected success, got: Err("Error: Semantic(\"stdlib:5:14: Internal error: module resolver not initialized for use statement. The compiler was not configured for multi-file compilation.\\nstdlib:4:14: Internal error: module resolver not initialized for use statement. The compiler was not configured for multi-file compilation.\\nstdlib:5:14: Internal error: module resolver not initialized for use statement. The compiler was not configured for multi-file compilation.\\nstdlib:6:14: Internal error: module resolver not initialized for use statement. The compiler was not configured for multi-file compilation.\")\n")
[INFO] [stdout] stack backtrace:
[INFO] [stdout]    0:     0x613846094691 - <<std[70759c8f55707aa4]::sys::backtrace::BacktraceLock>::print::DisplayBacktrace as core[df12db4294e9bfd3]::fmt::Display>::fmt
[INFO] [stdout]    1:     0x6138460a88da - core[df12db4294e9bfd3]::fmt::write
[INFO] [stdout]    2:     0x613846098b9c - <alloc[2182bb758b4b3781]::vec::Vec<u8> as core[df12db4294e9bfd3]::io::write::Write>::write_fmt
[INFO] [stdout]    3:     0x613846070716 - std[70759c8f55707aa4]::panicking::default_hook::{closure#0}
[INFO] [stdout]    4:     0x61384608cdf9 - std[70759c8f55707aa4]::panicking::default_hook
[INFO] [stdout]    5:     0x613846028cc0 - test[9d35eded1c95d3be]::test_main_inner::<test[9d35eded1c95d3be]::test_main_static::{closure#0}>::{closure#0}
[INFO] [stdout]    6:     0x61384608cfb2 - std[70759c8f55707aa4]::panicking::panic_with_hook
[INFO] [stdout]    7:     0x6138460707c2 - std[70759c8f55707aa4]::panicking::panic_handler::{closure#0}
[INFO] [stdout]    8:     0x613846069549 - std[70759c8f55707aa4]::sys::backtrace::__rust_end_short_backtrace::<std[70759c8f55707aa4]::panicking::panic_handler::{closure#0}, !>
[INFO] [stdout]    9:     0x6138460713bd - __rustc[8fa7c3cbc660c2b3]::rust_begin_unwind
[INFO] [stdout]   10:     0x6138460a900c - core[df12db4294e9bfd3]::panicking::panic_fmt
[INFO] [stdout]   11:     0x61384601a696 - <allocate_release_tests[94892d0ac703eb5c]::test_allocate_write_and_release::{closure#0} as core[df12db4294e9bfd3]::ops::function::FnOnce<()>>::call_once
[INFO] [stdout]   12:     0x61384601bfab - test[9d35eded1c95d3be]::__rust_begin_short_backtrace::<core[df12db4294e9bfd3]::result::Result<(), alloc[2182bb758b4b3781]::string::String>, fn() -> core[df12db4294e9bfd3]::result::Result<(), alloc[2182bb758b4b3781]::string::String>>
[INFO] [stdout]   13:     0x613846029615 - test[9d35eded1c95d3be]::run_test::{closure#0}
[INFO] [stdout]   14:     0x613846022ed4 - std[70759c8f55707aa4]::sys::backtrace::__rust_begin_short_backtrace::<test[9d35eded1c95d3be]::run_test::{closure#1}, ()>
[INFO] [stdout]   15:     0x61384602c772 - <std[70759c8f55707aa4]::thread::lifecycle::spawn_unchecked<test[9d35eded1c95d3be]::run_test::{closure#1}, ()>::{closure#1} as core[df12db4294e9bfd3]::ops::function::FnOnce<()>>::call_once::{shim:vtable#0}
[INFO] [stdout]   16:     0x613846093f69 - <std[70759c8f55707aa4]::sys::thread::unix::Thread>::new::thread_start
[INFO] [stdout]   17:     0x7ba612827dfa - <unknown>
[INFO] [stdout]   18:     0x7ba6128bb3d4 - clone
[INFO] [stdout]   19:                0x0 - <unknown>
[INFO] [stdout] 
[INFO] [stdout] ---- test_allocate_in_function_release_in_caller stdout ----
[INFO] [stdout] 
[INFO] [stdout] thread 'test_allocate_in_function_release_in_caller' (5755) panicked at tests/allocate_release_tests.rs:266:3:
[INFO] [stdout] Expected success, got: Err("Error: Semantic(\"stdlib:5:14: Internal error: module resolver not initialized for use statement. The compiler was not configured for multi-file compilation.\\nstdlib:4:14: Internal error: module resolver not initialized for use statement. The compiler was not configured for multi-file compilation.\\nstdlib:5:14: Internal error: module resolver not initialized for use statement. The compiler was not configured for multi-file compilation.\\nstdlib:6:14: Internal error: module resolver not initialized for use statement. The compiler was not configured for multi-file compilation.\")\n")
[INFO] [stdout] stack backtrace:
[INFO] [stdout]    0:     0x613846094691 - <<std[70759c8f55707aa4]::sys::backtrace::BacktraceLock>::print::DisplayBacktrace as core[df12db4294e9bfd3]::fmt::Display>::fmt
[INFO] [stdout]    1:     0x6138460a88da - core[df12db4294e9bfd3]::fmt::write
[INFO] [stdout]    2:     0x613846098b9c - <alloc[2182bb758b4b3781]::vec::Vec<u8> as core[df12db4294e9bfd3]::io::write::Write>::write_fmt
[INFO] [stdout]    3:     0x613846070716 - std[70759c8f55707aa4]::panicking::default_hook::{closure#0}
[INFO] [stdout]    4:     0x61384608cdf9 - std[70759c8f55707aa4]::panicking::default_hook
[INFO] [stdout]    5:     0x613846028cc0 - test[9d35eded1c95d3be]::test_main_inner::<test[9d35eded1c95d3be]::test_main_static::{closure#0}>::{closure#0}
[INFO] [stdout]    6:     0x61384608cfb2 - std[70759c8f55707aa4]::panicking::panic_with_hook
[INFO] [stdout]    7:     0x6138460707c2 - std[70759c8f55707aa4]::panicking::panic_handler::{closure#0}
[INFO] [stdout]    8:     0x613846069549 - std[70759c8f55707aa4]::sys::backtrace::__rust_end_short_backtrace::<std[70759c8f55707aa4]::panicking::panic_handler::{closure#0}, !>
[INFO] [stdout]    9:     0x6138460713bd - __rustc[8fa7c3cbc660c2b3]::rust_begin_unwind
[INFO] [stdout]   10:     0x6138460a900c - core[df12db4294e9bfd3]::panicking::panic_fmt
[INFO] [stdout]   11:     0x61384601b656 - <allocate_release_tests[94892d0ac703eb5c]::test_allocate_in_function_release_in_caller::{closure#0} as core[df12db4294e9bfd3]::ops::function::FnOnce<()>>::call_once
[INFO] [stdout]   12:     0x61384601bfab - test[9d35eded1c95d3be]::__rust_begin_short_backtrace::<core[df12db4294e9bfd3]::result::Result<(), alloc[2182bb758b4b3781]::string::String>, fn() -> core[df12db4294e9bfd3]::result::Result<(), alloc[2182bb758b4b3781]::string::String>>
[INFO] [stdout]   13:     0x613846029615 - test[9d35eded1c95d3be]::run_test::{closure#0}
[INFO] [stdout]   14:     0x613846022ed4 - std[70759c8f55707aa4]::sys::backtrace::__rust_begin_short_backtrace::<test[9d35eded1c95d3be]::run_test::{closure#1}, ()>
[INFO] [stdout]   15:     0x61384602c772 - <std[70759c8f55707aa4]::thread::lifecycle::spawn_unchecked<test[9d35eded1c95d3be]::run_test::{closure#1}, ()>::{closure#1} as core[df12db4294e9bfd3]::ops::function::FnOnce<()>>::call_once::{shim:vtable#0}
[INFO] [stdout]   16:     0x613846093f69 - <std[70759c8f55707aa4]::sys::thread::unix::Thread>::new::thread_start
[INFO] [stdout]   17:     0x7ba612827dfa - <unknown>
[INFO] [stdout]   18:     0x7ba6128bb3d4 - clone
[INFO] [stdout]   19:                0x0 - <unknown>
[INFO] [stdout] 
[INFO] [stdout] ---- test_allocate_without_release_reports_leak stdout ----
[INFO] [stdout] 
[INFO] [stdout] thread 'test_allocate_without_release_reports_leak' (5767) panicked at tests/allocate_release_tests.rs:126:3:
[INFO] [stdout] Expected exit success
[INFO] [stdout] stack backtrace:
[INFO] [stdout]    0:     0x613846094691 - <<std[70759c8f55707aa4]::sys::backtrace::BacktraceLock>::print::DisplayBacktrace as core[df12db4294e9bfd3]::fmt::Display>::fmt
[INFO] [stdout]    1:     0x6138460a88da - core[df12db4294e9bfd3]::fmt::write
[INFO] [stdout]    2:     0x613846098b9c - <alloc[2182bb758b4b3781]::vec::Vec<u8> as core[df12db4294e9bfd3]::io::write::Write>::write_fmt
[INFO] [stdout]    3:     0x613846070716 - std[70759c8f55707aa4]::panicking::default_hook::{closure#0}
[INFO] [stdout]    4:     0x61384608cdf9 - std[70759c8f55707aa4]::panicking::default_hook
[INFO] [stdout]    5:     0x613846028cc0 - test[9d35eded1c95d3be]::test_main_inner::<test[9d35eded1c95d3be]::test_main_static::{closure#0}>::{closure#0}
[INFO] [stdout]    6:     0x61384608cfb2 - std[70759c8f55707aa4]::panicking::panic_with_hook
[INFO] [stdout]    7:     0x6138460707f4 - std[70759c8f55707aa4]::panicking::panic_handler::{closure#0}
[INFO] [stdout]    8:     0x613846069549 - std[70759c8f55707aa4]::sys::backtrace::__rust_end_short_backtrace::<std[70759c8f55707aa4]::panicking::panic_handler::{closure#0}, !>
[INFO] [stdout]    9:     0x6138460713bd - __rustc[8fa7c3cbc660c2b3]::rust_begin_unwind
[INFO] [stdout]   10:     0x6138460a900c - core[df12db4294e9bfd3]::panicking::panic_fmt
[INFO] [stdout]   11:     0x61384601b546 - <allocate_release_tests[94892d0ac703eb5c]::test_allocate_without_release_reports_leak::{closure#0} as core[df12db4294e9bfd3]::ops::function::FnOnce<()>>::call_once
[INFO] [stdout]   12:     0x61384601bfab - test[9d35eded1c95d3be]::__rust_begin_short_backtrace::<core[df12db4294e9bfd3]::result::Result<(), alloc[2182bb758b4b3781]::string::String>, fn() -> core[df12db4294e9bfd3]::result::Result<(), alloc[2182bb758b4b3781]::string::String>>
[INFO] [stdout]   13:     0x613846029615 - test[9d35eded1c95d3be]::run_test::{closure#0}
[INFO] [stdout]   14:     0x613846022ed4 - std[70759c8f55707aa4]::sys::backtrace::__rust_begin_short_backtrace::<test[9d35eded1c95d3be]::run_test::{closure#1}, ()>
[INFO] [stdout]   15:     0x61384602c772 - <std[70759c8f55707aa4]::thread::lifecycle::spawn_unchecked<test[9d35eded1c95d3be]::run_test::{closure#1}, ()>::{closure#1} as core[df12db4294e9bfd3]::ops::function::FnOnce<()>>::call_once::{shim:vtable#0}
[INFO] [stdout]   16:     0x613846093f69 - <std[70759c8f55707aa4]::sys::thread::unix::Thread>::new::thread_start
[INFO] [stdout]   17:     0x7ba612827dfa - <unknown>
[INFO] [stdout]   18:     0x7ba6128bb3d4 - clone
[INFO] [stdout]   19:                0x0 - <unknown>
[INFO] [stdout] 
[INFO] [stdout] ---- test_allocate_multiple_vars stdout ----
[INFO] [stdout] 
[INFO] [stdout] thread 'test_allocate_multiple_vars' (5757) panicked at tests/allocate_release_tests.rs:547:3:
[INFO] [stdout] Expected compilation success (warning only)
[INFO] [stdout] stack backtrace:
[INFO] [stdout]    0:     0x613846094691 - <<std[70759c8f55707aa4]::sys::backtrace::BacktraceLock>::print::DisplayBacktrace as core[df12db4294e9bfd3]::fmt::Display>::fmt
[INFO] [stdout]    1:     0x6138460a88da - core[df12db4294e9bfd3]::fmt::write
[INFO] [stdout]    2:     0x613846098b9c - <alloc[2182bb758b4b3781]::vec::Vec<u8> as core[df12db4294e9bfd3]::io::write::Write>::write_fmt
[INFO] [stdout]    3:     0x613846070716 - std[70759c8f55707aa4]::panicking::default_hook::{closure#0}
[INFO] [stdout]    4:     0x61384608cdf9 - std[70759c8f55707aa4]::panicking::default_hook
[INFO] [stdout]    5:     0x613846028cc0 - test[9d35eded1c95d3be]::test_main_inner::<test[9d35eded1c95d3be]::test_main_static::{closure#0}>::{closure#0}
[INFO] [stdout]    6:     0x61384608cfb2 - std[70759c8f55707aa4]::panicking::panic_with_hook
[INFO] [stdout]    7:     0x6138460707f4 - std[70759c8f55707aa4]::panicking::panic_handler::{closure#0}
[INFO] [stdout]    8:     0x613846069549 - std[70759c8f55707aa4]::sys::backtrace::__rust_end_short_backtrace::<std[70759c8f55707aa4]::panicking::panic_handler::{closure#0}, !>
[INFO] [stdout]    9:     0x6138460713bd - __rustc[8fa7c3cbc660c2b3]::rust_begin_unwind
[INFO] [stdout]   10:     0x6138460a900c - core[df12db4294e9bfd3]::panicking::panic_fmt
[INFO] [stdout]   11:     0x61384601a225 - <allocate_release_tests[94892d0ac703eb5c]::test_allocate_multiple_vars::{closure#0} as core[df12db4294e9bfd3]::ops::function::FnOnce<()>>::call_once
[INFO] [stdout]   12:     0x61384601bfab - test[9d35eded1c95d3be]::__rust_begin_short_backtrace::<core[df12db4294e9bfd3]::result::Result<(), alloc[2182bb758b4b3781]::string::String>, fn() -> core[df12db4294e9bfd3]::result::Result<(), alloc[2182bb758b4b3781]::string::String>>
[INFO] [stdout]   13:     0x613846029615 - test[9d35eded1c95d3be]::run_test::{closure#0}
[INFO] [stdout]   14:     0x613846022ed4 - std[70759c8f55707aa4]::sys::backtrace::__rust_begin_short_backtrace::<test[9d35eded1c95d3be]::run_test::{closure#1}, ()>
[INFO] [stdout]   15:     0x61384602c772 - <std[70759c8f55707aa4]::thread::lifecycle::spawn_unchecked<test[9d35eded1c95d3be]::run_test::{closure#1}, ()>::{closure#1} as core[df12db4294e9bfd3]::ops::function::FnOnce<()>>::call_once::{shim:vtable#0}
[INFO] [stdout]   16:     0x613846093f69 - <std[70759c8f55707aa4]::sys::thread::unix::Thread>::new::thread_start
[INFO] [stdout]   17:     0x7ba612827dfa - <unknown>
[INFO] [stdout]   18:     0x7ba6128bb3d4 - clone
[INFO] [stdout]   19:                0x0 - <unknown>
[INFO] [stdout] 
[INFO] [stdout] ---- test_allocate_with_large_u64_literal stdout ----
[INFO] [stdout] 
[INFO] [stdout] thread 'test_allocate_with_large_u64_literal' (5759) panicked at tests/allocate_release_tests.rs:400:3:
[INFO] [stdout] Expected success, got: Err("Error: Semantic(\"stdlib:5:14: Internal error: module resolver not initialized for use statement. The compiler was not configured for multi-file compilation.\\nstdlib:4:14: Internal error: module resolver not initialized for use statement. The compiler was not configured for multi-file compilation.\\nstdlib:5:14: Internal error: module resolver not initialized for use statement. The compiler was not configured for multi-file compilation.\\nstdlib:6:14: Internal error: module resolver not initialized for use statement. The compiler was not configured for multi-file compilation.\")\n")
[INFO] [stdout] stack backtrace:
[INFO] [stdout]    0:     0x613846094691 - <<std[70759c8f55707aa4]::sys::backtrace::BacktraceLock>::print::DisplayBacktrace as core[df12db4294e9bfd3]::fmt::Display>::fmt
[INFO] [stdout]    1:     0x6138460a88da - core[df12db4294e9bfd3]::fmt::write
[INFO] [stdout]    2:     0x613846098b9c - <alloc[2182bb758b4b3781]::vec::Vec<u8> as core[df12db4294e9bfd3]::io::write::Write>::write_fmt
[INFO] [stdout]    3:     0x613846070716 - std[70759c8f55707aa4]::panicking::default_hook::{closure#0}
[INFO] [stdout]    4:     0x61384608cdf9 - std[70759c8f55707aa4]::panicking::default_hook
[INFO] [stdout]    5:     0x613846028cc0 - test[9d35eded1c95d3be]::test_main_inner::<test[9d35eded1c95d3be]::test_main_static::{closure#0}>::{closure#0}
[INFO] [stdout]    6:     0x61384608cfb2 - std[70759c8f55707aa4]::panicking::panic_with_hook
[INFO] [stdout]    7:     0x6138460707c2 - std[70759c8f55707aa4]::panicking::panic_handler::{closure#0}
[INFO] [stdout]    8:     0x613846069549 - std[70759c8f55707aa4]::sys::backtrace::__rust_end_short_backtrace::<std[70759c8f55707aa4]::panicking::panic_handler::{closure#0}, !>
[INFO] [stdout]    9:     0x6138460713bd - __rustc[8fa7c3cbc660c2b3]::rust_begin_unwind
[INFO] [stdout]   10:     0x6138460a900c - core[df12db4294e9bfd3]::panicking::panic_fmt
[INFO] [stdout]   11:     0x61384601ad86 - <allocate_release_tests[94892d0ac703eb5c]::test_allocate_with_large_u64_literal::{closure#0} as core[df12db4294e9bfd3]::ops::function::FnOnce<()>>::call_once
[INFO] [stdout]   12:     0x61384601bfab - test[9d35eded1c95d3be]::__rust_begin_short_backtrace::<core[df12db4294e9bfd3]::result::Result<(), alloc[2182bb758b4b3781]::string::String>, fn() -> core[df12db4294e9bfd3]::result::Result<(), alloc[2182bb758b4b3781]::string::String>>
[INFO] [stdout]   13:     0x613846029615 - test[9d35eded1c95d3be]::run_test::{closure#0}
[INFO] [stdout]   14:     0x613846022ed4 - std[70759c8f55707aa4]::sys::backtrace::__rust_begin_short_backtrace::<test[9d35eded1c95d3be]::run_test::{closure#1}, ()>
[INFO] [stdout]   15:     0x61384602c772 - <std[70759c8f55707aa4]::thread::lifecycle::spawn_unchecked<test[9d35eded1c95d3be]::run_test::{closure#1}, ()>::{closure#1} as core[df12db4294e9bfd3]::ops::function::FnOnce<()>>::call_once::{shim:vtable#0}
[INFO] [stdout]   16:     0x613846093f69 - <std[70759c8f55707aa4]::sys::thread::unix::Thread>::new::thread_start
[INFO] [stdout]   17:     0x7ba612827dfa - <unknown>
[INFO] [stdout]   18:     0x7ba6128bb3d4 - clone
[INFO] [stdout]   19:                0x0 - <unknown>
[INFO] [stdout] 
[INFO] [stdout] ---- test_allocate_without_release_compiles stdout ----
[INFO] [stdout] 
[INFO] [stdout] thread 'test_allocate_without_release_compiles' (5766) panicked at tests/allocate_release_tests.rs:107:3:
[INFO] [stdout] Expected success despite leak, got: Err("<stdin>:2:5: Compile-time warning: Unused variable 'buf'\nError: Semantic(\"stdlib:5:14: Internal error: module resolver not initialized for use statement. The compiler was not configured for multi-file compilation.\\nstdlib:4:14: Internal error: module resolver not initialized for use statement. The compiler was not configured for multi-file compilation.\\nstdlib:5:14: Internal error: module resolver not initialized for use statement. The compiler was not configured for multi-file compilation.\\nstdlib:6:14: Internal error: module resolver not initialized for use statement. The compiler was not configured for multi-file compilation.\")\n")
[INFO] [stdout] stack backtrace:
[INFO] [stdout]    0:     0x613846094691 - <<std[70759c8f55707aa4]::sys::backtrace::BacktraceLock>::print::DisplayBacktrace as core[df12db4294e9bfd3]::fmt::Display>::fmt
[INFO] [stdout]    1:     0x6138460a88da - core[df12db4294e9bfd3]::fmt::write
[INFO] [stdout]    2:     0x613846098b9c - <alloc[2182bb758b4b3781]::vec::Vec<u8> as core[df12db4294e9bfd3]::io::write::Write>::write_fmt
[INFO] [stdout]    3:     0x613846070716 - std[70759c8f55707aa4]::panicking::default_hook::{closure#0}
[INFO] [stdout]    4:     0x61384608cdf9 - std[70759c8f55707aa4]::panicking::default_hook
[INFO] [stdout]    5:     0x613846028cc0 - test[9d35eded1c95d3be]::test_main_inner::<test[9d35eded1c95d3be]::test_main_static::{closure#0}>::{closure#0}
[INFO] [stdout]    6:     0x61384608cfb2 - std[70759c8f55707aa4]::panicking::panic_with_hook
[INFO] [stdout]    7:     0x6138460707c2 - std[70759c8f55707aa4]::panicking::panic_handler::{closure#0}
[INFO] [stdout]    8:     0x613846069549 - std[70759c8f55707aa4]::sys::backtrace::__rust_end_short_backtrace::<std[70759c8f55707aa4]::panicking::panic_handler::{closure#0}, !>
[INFO] [stdout]    9:     0x6138460713bd - __rustc[8fa7c3cbc660c2b3]::rust_begin_unwind
[INFO] [stdout]   10:     0x6138460a900c - core[df12db4294e9bfd3]::panicking::panic_fmt
[INFO] [stdout]   11:     0x61384601b026 - <allocate_release_tests[94892d0ac703eb5c]::test_allocate_without_release_compiles::{closure#0} as core[df12db4294e9bfd3]::ops::function::FnOnce<()>>::call_once
[INFO] [stdout]   12:     0x61384601bfab - test[9d35eded1c95d3be]::__rust_begin_short_backtrace::<core[df12db4294e9bfd3]::result::Result<(), alloc[2182bb758b4b3781]::string::String>, fn() -> core[df12db4294e9bfd3]::result::Result<(), alloc[2182bb758b4b3781]::string::String>>
[INFO] [stdout]   13:     0x613846029615 - test[9d35eded1c95d3be]::run_test::{closure#0}
[INFO] [stdout]   14:     0x613846022ed4 - std[70759c8f55707aa4]::sys::backtrace::__rust_begin_short_backtrace::<test[9d35eded1c95d3be]::run_test::{closure#1}, ()>
[INFO] [stdout]   15:     0x61384602c772 - <std[70759c8f55707aa4]::thread::lifecycle::spawn_unchecked<test[9d35eded1c95d3be]::run_test::{closure#1}, ()>::{closure#1} as core[df12db4294e9bfd3]::ops::function::FnOnce<()>>::call_once::{shim:vtable#0}
[INFO] [stdout]   16:     0x613846093f69 - <std[70759c8f55707aa4]::sys::thread::unix::Thread>::new::thread_start
[INFO] [stdout]   17:     0x7ba612827dfa - <unknown>
[INFO] [stdout]   18:     0x7ba6128bb3d4 - clone
[INFO] [stdout]   19:                0x0 - <unknown>
[INFO] [stdout] 
[INFO] [stdout] ---- test_allocate_global_no_warn stdout ----
[INFO] [stdout] 
[INFO] [stdout] thread 'test_allocate_global_no_warn' (5754) panicked at tests/allocate_release_tests.rs:598:3:
[INFO] [stdout] Expected success
[INFO] [stdout] stack backtrace:
[INFO] [stdout]    0:     0x613846094691 - <<std[70759c8f55707aa4]::sys::backtrace::BacktraceLock>::print::DisplayBacktrace as core[df12db4294e9bfd3]::fmt::Display>::fmt
[INFO] [stdout]    1:     0x6138460a88da - core[df12db4294e9bfd3]::fmt::write
[INFO] [stdout]    2:     0x613846098b9c - <alloc[2182bb758b4b3781]::vec::Vec<u8> as core[df12db4294e9bfd3]::io::write::Write>::write_fmt
[INFO] [stdout]    3:     0x613846070716 - std[70759c8f55707aa4]::panicking::default_hook::{closure#0}
[INFO] [stdout]    4:     0x61384608cdf9 - std[70759c8f55707aa4]::panicking::default_hook
[INFO] [stdout]    5:     0x613846028cc0 - test[9d35eded1c95d3be]::test_main_inner::<test[9d35eded1c95d3be]::test_main_static::{closure#0}>::{closure#0}
[INFO] [stdout]    6:     0x61384608cfb2 - std[70759c8f55707aa4]::panicking::panic_with_hook
[INFO] [stdout]    7:     0x6138460707f4 - std[70759c8f55707aa4]::panicking::panic_handler::{closure#0}
[INFO] [stdout]    8:     0x613846069549 - std[70759c8f55707aa4]::sys::backtrace::__rust_end_short_backtrace::<std[70759c8f55707aa4]::panicking::panic_handler::{closure#0}, !>
[INFO] [stdout]    9:     0x6138460713bd - __rustc[8fa7c3cbc660c2b3]::rust_begin_unwind
[INFO] [stdout]   10:     0x6138460a900c - core[df12db4294e9bfd3]::panicking::panic_fmt
[INFO] [stdout]   11:     0x61384601a3bf - <allocate_release_tests[94892d0ac703eb5c]::test_allocate_global_no_warn::{closure#0} as core[df12db4294e9bfd3]::ops::function::FnOnce<()>>::call_once
[INFO] [stdout]   12:     0x61384601bfab - test[9d35eded1c95d3be]::__rust_begin_short_backtrace::<core[df12db4294e9bfd3]::result::Result<(), alloc[2182bb758b4b3781]::string::String>, fn() -> core[df12db4294e9bfd3]::result::Result<(), alloc[2182bb758b4b3781]::string::String>>
[INFO] [stdout]   13:     0x613846029615 - test[9d35eded1c95d3be]::run_test::{closure#0}
[INFO] [stdout]   14:     0x613846022ed4 - std[70759c8f55707aa4]::sys::backtrace::__rust_begin_short_backtrace::<test[9d35eded1c95d3be]::run_test::{closure#1}, ()>
[INFO] [stdout]   15:     0x61384602c772 - <std[70759c8f55707aa4]::thread::lifecycle::spawn_unchecked<test[9d35eded1c95d3be]::run_test::{closure#1}, ()>::{closure#1} as core[df12db4294e9bfd3]::ops::function::FnOnce<()>>::call_once::{shim:vtable#0}
[INFO] [stdout]   16:     0x613846093f69 - <std[70759c8f55707aa4]::sys::thread::unix::Thread>::new::thread_start
[INFO] [stdout]   17:     0x7ba612827dfa - <unknown>
[INFO] [stdout]   18:     0x7ba6128bb3d4 - clone
[INFO] [stdout]   19:                0x0 - <unknown>
[INFO] [stdout] 
[INFO] [stdout] ---- test_allocate_in_var_initializer stdout ----
[INFO] [stdout] 
[INFO] [stdout] thread 'test_allocate_in_var_initializer' (5756) panicked at tests/allocate_release_tests.rs:306:3:
[INFO] [stdout] Expected success, got: Err("Error: Semantic(\"stdlib:5:14: Internal error: module resolver not initialized for use statement. The compiler was not configured for multi-file compilation.\\nstdlib:4:14: Internal error: module resolver not initialized for use statement. The compiler was not configured for multi-file compilation.\\nstdlib:5:14: Internal error: module resolver not initialized for use statement. The compiler was not configured for multi-file compilation.\\nstdlib:6:14: Internal error: module resolver not initialized for use statement. The compiler was not configured for multi-file compilation.\")\n")
[INFO] [stdout] stack backtrace:
[INFO] [stdout]    0:     0x613846094691 - <<std[70759c8f55707aa4]::sys::backtrace::BacktraceLock>::print::DisplayBacktrace as core[df12db4294e9bfd3]::fmt::Display>::fmt
[INFO] [stdout]    1:     0x6138460a88da - core[df12db4294e9bfd3]::fmt::write
[INFO] [stdout]    2:     0x613846098b9c - <alloc[2182bb758b4b3781]::vec::Vec<u8> as core[df12db4294e9bfd3]::io::write::Write>::write_fmt
[INFO] [stdout]    3:     0x613846070716 - std[70759c8f55707aa4]::panicking::default_hook::{closure#0}
[INFO] [stdout]    4:     0x61384608cdf9 - std[70759c8f55707aa4]::panicking::default_hook
[INFO] [stdout]    5:     0x613846028cc0 - test[9d35eded1c95d3be]::test_main_inner::<test[9d35eded1c95d3be]::test_main_static::{closure#0}>::{closure#0}
[INFO] [stdout]    6:     0x61384608cfb2 - std[70759c8f55707aa4]::panicking::panic_with_hook
[INFO] [stdout]    7:     0x6138460707c2 - std[70759c8f55707aa4]::panicking::panic_handler::{closure#0}
[INFO] [stdout]    8:     0x613846069549 - std[70759c8f55707aa4]::sys::backtrace::__rust_end_short_backtrace::<std[70759c8f55707aa4]::panicking::panic_handler::{closure#0}, !>
[INFO] [stdout]    9:     0x6138460713bd - __rustc[8fa7c3cbc660c2b3]::rust_begin_unwind
[INFO] [stdout]   10:     0x6138460a900c - core[df12db4294e9bfd3]::panicking::panic_fmt
[INFO] [stdout]   11:     0x61384601a856 - <allocate_release_tests[94892d0ac703eb5c]::test_allocate_in_var_initializer::{closure#0} as core[df12db4294e9bfd3]::ops::function::FnOnce<()>>::call_once
[INFO] [stdout]   12:     0x61384601bfab - test[9d35eded1c95d3be]::__rust_begin_short_backtrace::<core[df12db4294e9bfd3]::result::Result<(), alloc[2182bb758b4b3781]::string::String>, fn() -> core[df12db4294e9bfd3]::result::Result<(), alloc[2182bb758b4b3781]::string::String>>
[INFO] [stdout]   13:     0x613846029615 - test[9d35eded1c95d3be]::run_test::{closure#0}
[INFO] [stdout]   14:     0x613846022ed4 - std[70759c8f55707aa4]::sys::backtrace::__rust_begin_short_backtrace::<test[9d35eded1c95d3be]::run_test::{closure#1}, ()>
[INFO] [stdout]   15:     0x61384602c772 - <std[70759c8f55707aa4]::thread::lifecycle::spawn_unchecked<test[9d35eded1c95d3be]::run_test::{closure#1}, ()>::{closure#1} as core[df12db4294e9bfd3]::ops::function::FnOnce<()>>::call_once::{shim:vtable#0}
[INFO] [stdout]   16:     0x613846093f69 - <std[70759c8f55707aa4]::sys::thread::unix::Thread>::new::thread_start
[INFO] [stdout]   17:     0x7ba612827dfa - <unknown>
[INFO] [stdout]   18:     0x7ba6128bb3d4 - clone
[INFO] [stdout]   19:                0x0 - <unknown>
[INFO] [stdout] 
[INFO] [stdout] ---- test_allocate_with_variable_size stdout ----
[INFO] [stdout] 
[INFO] [stdout] thread 'test_allocate_with_variable_size' (5763) panicked at tests/allocate_release_tests.rs:436:3:
[INFO] [stdout] Expected success, got: Err("Error: Semantic(\"stdlib:5:14: Internal error: module resolver not initialized for use statement. The compiler was not configured for multi-file compilation.\\nstdlib:4:14: Internal error: module resolver not initialized for use statement. The compiler was not configured for multi-file compilation.\\nstdlib:5:14: Internal error: module resolver not initialized for use statement. The compiler was not configured for multi-file compilation.\\nstdlib:6:14: Internal error: module resolver not initialized for use statement. The compiler was not configured for multi-file compilation.\")\n")
[INFO] [stdout] stack backtrace:
[INFO] [stdout]    0:     0x613846094691 - <<std[70759c8f55707aa4]::sys::backtrace::BacktraceLock>::print::DisplayBacktrace as core[df12db4294e9bfd3]::fmt::Display>::fmt
[INFO] [stdout]    1:     0x6138460a88da - core[df12db4294e9bfd3]::fmt::write
[INFO] [stdout]    2:     0x613846098b9c - <alloc[2182bb758b4b3781]::vec::Vec<u8> as core[df12db4294e9bfd3]::io::write::Write>::write_fmt
[INFO] [stdout]    3:     0x613846070716 - std[70759c8f55707aa4]::panicking::default_hook::{closure#0}
[INFO] [stdout]    4:     0x61384608cdf9 - std[70759c8f55707aa4]::panicking::default_hook
[INFO] [stdout]    5:     0x613846028cc0 - test[9d35eded1c95d3be]::test_main_inner::<test[9d35eded1c95d3be]::test_main_static::{closure#0}>::{closure#0}
[INFO] [stdout]    6:     0x61384608cfb2 - std[70759c8f55707aa4]::panicking::panic_with_hook
[INFO] [stdout]    7:     0x6138460707c2 - std[70759c8f55707aa4]::panicking::panic_handler::{closure#0}
[INFO] [stdout]    8:     0x613846069549 - std[70759c8f55707aa4]::sys::backtrace::__rust_end_short_backtrace::<std[70759c8f55707aa4]::panicking::panic_handler::{closure#0}, !>
[INFO] [stdout]    9:     0x6138460713bd - __rustc[8fa7c3cbc660c2b3]::rust_begin_unwind
[INFO] [stdout]   10:     0x6138460a900c - core[df12db4294e9bfd3]::panicking::panic_fmt
[INFO] [stdout]   11:     0x61384601a936 - <allocate_release_tests[94892d0ac703eb5c]::test_allocate_with_variable_size::{closure#0} as core[df12db4294e9bfd3]::ops::function::FnOnce<()>>::call_once
[INFO] [stdout]   12:     0x61384601bfab - test[9d35eded1c95d3be]::__rust_begin_short_backtrace::<core[df12db4294e9bfd3]::result::Result<(), alloc[2182bb758b4b3781]::string::String>, fn() -> core[df12db4294e9bfd3]::result::Result<(), alloc[2182bb758b4b3781]::string::String>>
[INFO] [stdout]   13:     0x613846029615 - test[9d35eded1c95d3be]::run_test::{closure#0}
[INFO] [stdout]   14:     0x613846022ed4 - std[70759c8f55707aa4]::sys::backtrace::__rust_begin_short_backtrace::<test[9d35eded1c95d3be]::run_test::{closure#1}, ()>
[INFO] [stdout]   15:     0x61384602c772 - <std[70759c8f55707aa4]::thread::lifecycle::spawn_unchecked<test[9d35eded1c95d3be]::run_test::{closure#1}, ()>::{closure#1} as core[df12db4294e9bfd3]::ops::function::FnOnce<()>>::call_once::{shim:vtable#0}
[INFO] [stdout]   16:     0x613846093f69 - <std[70759c8f55707aa4]::sys::thread::unix::Thread>::new::thread_start
[INFO] [stdout]   17:     0x7ba612827dfa - <unknown>
[INFO] [stdout]   18:     0x7ba6128bb3d4 - clone
[INFO] [stdout]   19:                0x0 - <unknown>
[INFO] [stdout] 
[INFO] [stdout] ---- test_basic_allocate_and_release stdout ----
[INFO] [stdout] 
[INFO] [stdout] thread 'test_basic_allocate_and_release' (5785) panicked at tests/allocate_release_tests.rs:86:3:
[INFO] [stdout] Expected success, got: Err("Error: Semantic(\"stdlib:5:14: Internal error: module resolver not initialized for use statement. The compiler was not configured for multi-file compilation.\\nstdlib:4:14: Internal error: module resolver not initialized for use statement. The compiler was not configured for multi-file compilation.\\nstdlib:5:14: Internal error: module resolver not initialized for use statement. The compiler was not configured for multi-file compilation.\\nstdlib:6:14: Internal error: module resolver not initialized for use statement. The compiler was not configured for multi-file compilation.\")\n")
[INFO] [stdout] stack backtrace:
[INFO] [stdout]    0:     0x613846094691 - <<std[70759c8f55707aa4]::sys::backtrace::BacktraceLock>::print::DisplayBacktrace as core[df12db4294e9bfd3]::fmt::Display>::fmt
[INFO] [stdout]    1:     0x6138460a88da - core[df12db4294e9bfd3]::fmt::write
[INFO] [stdout]    2:     0x613846098b9c - <alloc[2182bb758b4b3781]::vec::Vec<u8> as core[df12db4294e9bfd3]::io::write::Write>::write_fmt
[INFO] [stdout]    3:     0x613846070716 - std[70759c8f55707aa4]::panicking::default_hook::{closure#0}
[INFO] [stdout]    4:     0x61384608cdf9 - std[70759c8f55707aa4]::panicking::default_hook
[INFO] [stdout]    5:     0x613846028cc0 - test[9d35eded1c95d3be]::test_main_inner::<test[9d35eded1c95d3be]::test_main_static::{closure#0}>::{closure#0}
[INFO] [stdout]    6:     0x61384608cfb2 - std[70759c8f55707aa4]::panicking::panic_with_hook
[INFO] [stdout]    7:     0x6138460707c2 - std[70759c8f55707aa4]::panicking::panic_handler::{closure#0}
[INFO] [stdout]    8:     0x613846069549 - std[70759c8f55707aa4]::sys::backtrace::__rust_end_short_backtrace::<std[70759c8f55707aa4]::panicking::panic_handler::{closure#0}, !>
[INFO] [stdout]    9:     0x6138460713bd - __rustc[8fa7c3cbc660c2b3]::rust_begin_unwind
[INFO] [stdout]   10:     0x6138460a900c - core[df12db4294e9bfd3]::panicking::panic_fmt
[INFO] [stdout]   11:     0x61384601a776 - <allocate_release_tests[94892d0ac703eb5c]::test_basic_allocate_and_release::{closure#0} as core[df12db4294e9bfd3]::ops::function::FnOnce<()>>::call_once
[INFO] [stdout]   12:     0x61384601bfab - test[9d35eded1c95d3be]::__rust_begin_short_backtrace::<core[df12db4294e9bfd3]::result::Result<(), alloc[2182bb758b4b3781]::string::String>, fn() -> core[df12db4294e9bfd3]::result::Result<(), alloc[2182bb758b4b3781]::string::String>>
[INFO] [stdout]   13:     0x613846029615 - test[9d35eded1c95d3be]::run_test::{closure#0}
[INFO] [stdout]   14:     0x613846022ed4 - std[70759c8f55707aa4]::sys::backtrace::__rust_begin_short_backtrace::<test[9d35eded1c95d3be]::run_test::{closure#1}, ()>
[INFO] [stdout]   15:     0x61384602c772 - <std[70759c8f55707aa4]::thread::lifecycle::spawn_unchecked<test[9d35eded1c95d3be]::run_test::{closure#1}, ()>::{closure#1} as core[df12db4294e9bfd3]::ops::function::FnOnce<()>>::call_once::{shim:vtable#0}
[INFO] [stdout]   16:     0x613846093f69 - <std[70759c8f55707aa4]::sys::thread::unix::Thread>::new::thread_start
[INFO] [stdout]   17:     0x7ba612827dfa - <unknown>
[INFO] [stdout]   18:     0x7ba6128bb3d4 - clone
[INFO] [stdout]   19:                0x0 - <unknown>
[INFO] [stdout] 
[INFO] [stdout] ---- test_reassign_allocate_without_release_warns stdout ----
[INFO] [stdout] 
[INFO] [stdout] thread 'test_reassign_allocate_without_release_warns' (5791) panicked at tests/allocate_release_tests.rs:526:3:
[INFO] [stdout] Expected compilation success (warning only)
[INFO] [stdout] stack backtrace:
[INFO] [stdout]    0:     0x613846094691 - <<std[70759c8f55707aa4]::sys::backtrace::BacktraceLock>::print::DisplayBacktrace as core[df12db4294e9bfd3]::fmt::Display>::fmt
[INFO] [stdout]    1:     0x6138460a88da - core[df12db4294e9bfd3]::fmt::write
[INFO] [stdout]    2:     0x613846098b9c - <alloc[2182bb758b4b3781]::vec::Vec<u8> as core[df12db4294e9bfd3]::io::write::Write>::write_fmt
[INFO] [stdout]    3:     0x613846070716 - std[70759c8f55707aa4]::panicking::default_hook::{closure#0}
[INFO] [stdout]    4:     0x61384608cdf9 - std[70759c8f55707aa4]::panicking::default_hook
[INFO] [stdout]    5:     0x613846028cc0 - test[9d35eded1c95d3be]::test_main_inner::<test[9d35eded1c95d3be]::test_main_static::{closure#0}>::{closure#0}
[INFO] [stdout]    6:     0x61384608cfb2 - std[70759c8f55707aa4]::panicking::panic_with_hook
[INFO] [stdout]    7:     0x6138460707f4 - std[70759c8f55707aa4]::panicking::panic_handler::{closure#0}
[INFO] [stdout]    8:     0x613846069549 - std[70759c8f55707aa4]::sys::backtrace::__rust_end_short_backtrace::<std[70759c8f55707aa4]::panicking::panic_handler::{closure#0}, !>
[INFO] [stdout]    9:     0x6138460713bd - __rustc[8fa7c3cbc660c2b3]::rust_begin_unwind
[INFO] [stdout]   10:     0x6138460a900c - core[df12db4294e9bfd3]::panicking::panic_fmt
[INFO] [stdout]   11:     0x61384601ba3f - <allocate_release_tests[94892d0ac703eb5c]::test_reassign_allocate_without_release_warns::{closure#0} as core[df12db4294e9bfd3]::ops::function::FnOnce<()>>::call_once
[INFO] [stdout]   12:     0x61384601bfab - test[9d35eded1c95d3be]::__rust_begin_short_backtrace::<core[df12db4294e9bfd3]::result::Result<(), alloc[2182bb758b4b3781]::string::String>, fn() -> core[df12db4294e9bfd3]::result::Result<(), alloc[2182bb758b4b3781]::string::String>>
[INFO] [stdout]   13:     0x613846029615 - test[9d35eded1c95d3be]::run_test::{closure#0}
[INFO] [stdout]   14:     0x613846022ed4 - std[70759c8f55707aa4]::sys::backtrace::__rust_begin_short_backtrace::<test[9d35eded1c95d3be]::run_test::{closure#1}, ()>
[INFO] [stdout]   15:     0x61384602c772 - <std[70759c8f55707aa4]::thread::lifecycle::spawn_unchecked<test[9d35eded1c95d3be]::run_test::{closure#1}, ()>::{closure#1} as core[df12db4294e9bfd3]::ops::function::FnOnce<()>>::call_once::{shim:vtable#0}
[INFO] [stdout]   16:     0x613846093f69 - <std[70759c8f55707aa4]::sys::thread::unix::Thread>::new::thread_start
[INFO] [stdout]   17:     0x7ba612827dfa - <unknown>
[INFO] [stdout]   18:     0x7ba6128bb3d4 - clone
[INFO] [stdout]   19:                0x0 - <unknown>
[INFO] [stdout] 
[INFO] [stdout] ---- test_release_non_allocated_no_warn stdout ----
[INFO] [stdout] 
[INFO] [stdout] thread 'test_release_non_allocated_no_warn' (5794) panicked at tests/allocate_release_tests.rs:582:3:
[INFO] [stdout] Expected success
[INFO] [stdout] stack backtrace:
[INFO] [stdout]    0:     0x613846094691 - <<std[70759c8f55707aa4]::sys::backtrace::BacktraceLock>::print::DisplayBacktrace as core[df12db4294e9bfd3]::fmt::Display>::fmt
[INFO] [stdout]    1:     0x6138460a88da - core[df12db4294e9bfd3]::fmt::write
[INFO] [stdout]    2:     0x613846098b9c - <alloc[2182bb758b4b3781]::vec::Vec<u8> as core[df12db4294e9bfd3]::io::write::Write>::write_fmt
[INFO] [stdout]    3:     0x613846070716 - std[70759c8f55707aa4]::panicking::default_hook::{closure#0}
[INFO] [stdout]    4:     0x61384608cdf9 - std[70759c8f55707aa4]::panicking::default_hook
[INFO] [stdout]    5:     0x613846028cc0 - test[9d35eded1c95d3be]::test_main_inner::<test[9d35eded1c95d3be]::test_main_static::{closure#0}>::{closure#0}
[INFO] [stdout]    6:     0x61384608cfb2 - std[70759c8f55707aa4]::panicking::panic_with_hook
[INFO] [stdout]    7:     0x6138460707f4 - std[70759c8f55707aa4]::panicking::panic_handler::{closure#0}
[INFO] [stdout]    8:     0x613846069549 - std[70759c8f55707aa4]::sys::backtrace::__rust_end_short_backtrace::<std[70759c8f55707aa4]::panicking::panic_handler::{closure#0}, !>
[INFO] [stdout]    9:     0x6138460713bd - __rustc[8fa7c3cbc660c2b3]::rust_begin_unwind
[INFO] [stdout]   10:     0x6138460a900c - core[df12db4294e9bfd3]::panicking::panic_fmt
[INFO] [stdout]   11:     0x61384601aa9f - <allocate_release_tests[94892d0ac703eb5c]::test_release_non_allocated_no_warn::{closure#0} as core[df12db4294e9bfd3]::ops::function::FnOnce<()>>::call_once
[INFO] [stdout]   12:     0x61384601bfab - test[9d35eded1c95d3be]::__rust_begin_short_backtrace::<core[df12db4294e9bfd3]::result::Result<(), alloc[2182bb758b4b3781]::string::String>, fn() -> core[df12db4294e9bfd3]::result::Result<(), alloc[2182bb758b4b3781]::string::String>>
[INFO] [stdout]   13:     0x613846029615 - test[9d35eded1c95d3be]::run_test::{closure#0}
[INFO] [stdout]   14:     0x613846022ed4 - std[70759c8f55707aa4]::sys::backtrace::__rust_begin_short_backtrace::<test[9d35eded1c95d3be]::run_test::{closure#1}, ()>
[INFO] [stdout]   15:     0x61384602c772 - <std[70759c8f55707aa4]::thread::lifecycle::spawn_unchecked<test[9d35eded1c95d3be]::run_test::{closure#1}, ()>::{closure#1} as core[df12db4294e9bfd3]::ops::function::FnOnce<()>>::call_once::{shim:vtable#0}
[INFO] [stdout]   16:     0x613846093f69 - <std[70759c8f55707aa4]::sys::thread::unix::Thread>::new::thread_start
[INFO] [stdout]   17:     0x7ba612827dfa - <unknown>
[INFO] [stdout]   18:     0x7ba6128bb3d4 - clone
[INFO] [stdout]   19:                0x0 - <unknown>
[INFO] [stdout] 
[INFO] [stdout] ---- test_multiple_allocates_out_of_order_release stdout ----
[INFO] [stdout] 
[INFO] [stdout] thread 'test_multiple_allocates_out_of_order_release' (5789) panicked at tests/allocate_release_tests.rs:243:3:
[INFO] [stdout] Expected success, got: Err("Error: Semantic(\"stdlib:5:14: Internal error: module resolver not initialized for use statement. The compiler was not configured for multi-file compilation.\\nstdlib:4:14: Internal error: module resolver not initialized for use statement. The compiler was not configured for multi-file compilation.\\nstdlib:5:14: Internal error: module resolver not initialized for use statement. The compiler was not configured for multi-file compilation.\\nstdlib:6:14: Internal error: module resolver not initialized for use statement. The compiler was not configured for multi-file compilation.\")\n")
[INFO] [stdout] stack backtrace:
[INFO] [stdout]    0:     0x613846094691 - <<std[70759c8f55707aa4]::sys::backtrace::BacktraceLock>::print::DisplayBacktrace as core[df12db4294e9bfd3]::fmt::Display>::fmt
[INFO] [stdout]    1:     0x6138460a88da - core[df12db4294e9bfd3]::fmt::write
[INFO] [stdout]    2:     0x613846098b9c - <alloc[2182bb758b4b3781]::vec::Vec<u8> as core[df12db4294e9bfd3]::io::write::Write>::write_fmt
[INFO] [stdout]    3:     0x613846070716 - std[70759c8f55707aa4]::panicking::default_hook::{closure#0}
[INFO] [stdout]    4:     0x61384608cdf9 - std[70759c8f55707aa4]::panicking::default_hook
[INFO] [stdout]    5:     0x613846028cc0 - test[9d35eded1c95d3be]::test_main_inner::<test[9d35eded1c95d3be]::test_main_static::{closure#0}>::{closure#0}
[INFO] [stdout]    6:     0x61384608cfb2 - std[70759c8f55707aa4]::panicking::panic_with_hook
[INFO] [stdout]    7:     0x6138460707c2 - std[70759c8f55707aa4]::panicking::panic_handler::{closure#0}
[INFO] [stdout]    8:     0x613846069549 - std[70759c8f55707aa4]::sys::backtrace::__rust_end_short_backtrace::<std[70759c8f55707aa4]::panicking::panic_handler::{closure#0}, !>
[INFO] [stdout]    9:     0x6138460713bd - __rustc[8fa7c3cbc660c2b3]::rust_begin_unwind
[INFO] [stdout]   10:     0x6138460a900c - core[df12db4294e9bfd3]::panicking::panic_fmt
[INFO] [stdout]   11:     0x61384601b8d6 - <allocate_release_tests[94892d0ac703eb5c]::test_multiple_allocates_out_of_order_release::{closure#0} as core[df12db4294e9bfd3]::ops::function::FnOnce<()>>::call_once
[INFO] [stdout]   12:     0x61384601bfab - test[9d35eded1c95d3be]::__rust_begin_short_backtrace::<core[df12db4294e9bfd3]::result::Result<(), alloc[2182bb758b4b3781]::string::String>, fn() -> core[df12db4294e9bfd3]::result::Result<(), alloc[2182bb758b4b3781]::string::String>>
[INFO] [stdout]   13:     0x613846029615 - test[9d35eded1c95d3be]::run_test::{closure#0}
[INFO] [stdout]   14:     0x613846022ed4 - std[70759c8f55707aa4]::sys::backtrace::__rust_begin_short_backtrace::<test[9d35eded1c95d3be]::run_test::{closure#1}, ()>
[INFO] [stdout]   15:     0x61384602c772 - <std[70759c8f55707aa4]::thread::lifecycle::spawn_unchecked<test[9d35eded1c95d3be]::run_test::{closure#1}, ()>::{closure#1} as core[df12db4294e9bfd3]::ops::function::FnOnce<()>>::call_once::{shim:vtable#0}
[INFO] [stdout]   16:     0x613846093f69 - <std[70759c8f55707aa4]::sys::thread::unix::Thread>::new::thread_start
[INFO] [stdout]   17:     0x7ba612827dfa - <unknown>
[INFO] [stdout]   18:     0x7ba6128bb3d4 - clone
[INFO] [stdout]   19:                0x0 - <unknown>
[INFO] [stdout] 
[INFO] [stdout] ---- test_release_with_addition_expression stdout ----
[INFO] [stdout] 
[INFO] [stdout] thread 'test_release_with_addition_expression' (5799) panicked at tests/allocate_release_tests.rs:185:3:
[INFO] [stdout] Expected success, got: Err("Error: Semantic(\"stdlib:5:14: Internal error: module resolver not initialized for use statement. The compiler was not configured for multi-file compilation.\\nstdlib:4:14: Internal error: module resolver not initialized for use statement. The compiler was not configured for multi-file compilation.\\nstdlib:5:14: Internal error: module resolver not initialized for use statement. The compiler was not configured for multi-file compilation.\\nstdlib:6:14: Internal error: module resolver not initialized for use statement. The compiler was not configured for multi-file compilation.\")\n")
[INFO] [stdout] stack backtrace:
[INFO] [stdout]    0:     0x613846094691 - <<std[70759c8f55707aa4]::sys::backtrace::BacktraceLock>::print::DisplayBacktrace as core[df12db4294e9bfd3]::fmt::Display>::fmt
[INFO] [stdout]    1:     0x6138460a88da - core[df12db4294e9bfd3]::fmt::write
[INFO] [stdout]    2:     0x613846098b9c - <alloc[2182bb758b4b3781]::vec::Vec<u8> as core[df12db4294e9bfd3]::io::write::Write>::write_fmt
[INFO] [stdout]    3:     0x613846070716 - std[70759c8f55707aa4]::panicking::default_hook::{closure#0}
[INFO] [stdout]    4:     0x61384608cdf9 - std[70759c8f55707aa4]::panicking::default_hook
[INFO] [stdout]    5:     0x613846028cc0 - test[9d35eded1c95d3be]::test_main_inner::<test[9d35eded1c95d3be]::test_main_static::{closure#0}>::{closure#0}
[INFO] [stdout]    6:     0x61384608cfb2 - std[70759c8f55707aa4]::panicking::panic_with_hook
[INFO] [stdout]    7:     0x6138460707c2 - std[70759c8f55707aa4]::panicking::panic_handler::{closure#0}
[INFO] [stdout]    8:     0x613846069549 - std[70759c8f55707aa4]::sys::backtrace::__rust_end_short_backtrace::<std[70759c8f55707aa4]::panicking::panic_handler::{closure#0}, !>
[INFO] [stdout]    9:     0x6138460713bd - __rustc[8fa7c3cbc660c2b3]::rust_begin_unwind
[INFO] [stdout]   10:     0x6138460a900c - core[df12db4294e9bfd3]::panicking::panic_fmt
[INFO] [stdout]   11:     0x61384601af46 - <allocate_release_tests[94892d0ac703eb5c]::test_release_with_addition_expression::{closure#0} as core[df12db4294e9bfd3]::ops::function::FnOnce<()>>::call_once
[INFO] [stdout]   12:     0x61384601bfab - test[9d35eded1c95d3be]::__rust_begin_short_backtrace::<core[df12db4294e9bfd3]::result::Result<(), alloc[2182bb758b4b3781]::string::String>, fn() -> core[df12db4294e9bfd3]::result::Result<(), alloc[2182bb758b4b3781]::string::String>>
[INFO] [stdout]   13:     0x613846029615 - test[9d35eded1c95d3be]::run_test::{closure#0}
[INFO] [stdout]   14:     0x613846022ed4 - std[70759c8f55707aa4]::sys::backtrace::__rust_begin_short_backtrace::<test[9d35eded1c95d3be]::run_test::{closure#1}, ()>
[INFO] [stdout]   15:     0x61384602c772 - <std[70759c8f55707aa4]::thread::lifecycle::spawn_unchecked<test[9d35eded1c95d3be]::run_test::{closure#1}, ()>::{closure#1} as core[df12db4294e9bfd3]::ops::function::FnOnce<()>>::call_once::{shim:vtable#0}
[INFO] [stdout]   16:     0x613846093f69 - <std[70759c8f55707aa4]::sys::thread::unix::Thread>::new::thread_start
[INFO] [stdout]   17:     0x7ba612827dfa - <unknown>
[INFO] [stdout]   18:     0x7ba6128bb3d4 - clone
[INFO] [stdout]   19:                0x0 - <unknown>
[INFO] [stdout] 
[INFO] [stdout] ---- test_release_in_function stdout ----
[INFO] [stdout] 
[INFO] [stdout] thread 'test_release_in_function' (5793) panicked at tests/allocate_release_tests.rs:286:3:
[INFO] [stdout] Expected success, got: Err("Error: Semantic(\"stdlib:5:14: Internal error: module resolver not initialized for use statement. The compiler was not configured for multi-file compilation.\\nstdlib:4:14: Internal error: module resolver not initialized for use statement. The compiler was not configured for multi-file compilation.\\nstdlib:5:14: Internal error: module resolver not initialized for use statement. The compiler was not configured for multi-file compilation.\\nstdlib:6:14: Internal error: module resolver not initialized for use statement. The compiler was not configured for multi-file compilation.\")\n")
[INFO] [stdout] stack backtrace:
[INFO] [stdout]    0:     0x613846094691 - <<std[70759c8f55707aa4]::sys::backtrace::BacktraceLock>::print::DisplayBacktrace as core[df12db4294e9bfd3]::fmt::Display>::fmt
[INFO] [stdout]    1:     0x6138460a88da - core[df12db4294e9bfd3]::fmt::write
[INFO] [stdout]    2:     0x613846098b9c - <alloc[2182bb758b4b3781]::vec::Vec<u8> as core[df12db4294e9bfd3]::io::write::Write>::write_fmt
[INFO] [stdout]    3:     0x613846070716 - std[70759c8f55707aa4]::panicking::default_hook::{closure#0}
[INFO] [stdout]    4:     0x61384608cdf9 - std[70759c8f55707aa4]::panicking::default_hook
[INFO] [stdout]    5:     0x613846028cc0 - test[9d35eded1c95d3be]::test_main_inner::<test[9d35eded1c95d3be]::test_main_static::{closure#0}>::{closure#0}
[INFO] [stdout]    6:     0x61384608cfb2 - std[70759c8f55707aa4]::panicking::panic_with_hook
[INFO] [stdout]    7:     0x6138460707c2 - std[70759c8f55707aa4]::panicking::panic_handler::{closure#0}
[INFO] [stdout]    8:     0x613846069549 - std[70759c8f55707aa4]::sys::backtrace::__rust_end_short_backtrace::<std[70759c8f55707aa4]::panicking::panic_handler::{closure#0}, !>
[INFO] [stdout]    9:     0x6138460713bd - __rustc[8fa7c3cbc660c2b3]::rust_begin_unwind
[INFO] [stdout]   10:     0x6138460a900c - core[df12db4294e9bfd3]::panicking::panic_fmt
[INFO] [stdout]   11:     0x61384601a026 - <allocate_release_tests[94892d0ac703eb5c]::test_release_in_function::{closure#0} as core[df12db4294e9bfd3]::ops::function::FnOnce<()>>::call_once
[INFO] [stdout]   12:     0x61384601bfab - test[9d35eded1c95d3be]::__rust_begin_short_backtrace::<core[df12db4294e9bfd3]::result::Result<(), alloc[2182bb758b4b3781]::string::String>, fn() -> core[df12db4294e9bfd3]::result::Result<(), alloc[2182bb758b4b3781]::string::String>>
[INFO] [stdout]   13:     0x613846029615 - test[9d35eded1c95d3be]::run_test::{closure#0}
[INFO] [stdout]   14:     0x613846022ed4 - std[70759c8f55707aa4]::sys::backtrace::__rust_begin_short_backtrace::<test[9d35eded1c95d3be]::run_test::{closure#1}, ()>
[INFO] [stdout]   15:     0x61384602c772 - <std[70759c8f55707aa4]::thread::lifecycle::spawn_unchecked<test[9d35eded1c95d3be]::run_test::{closure#1}, ()>::{closure#1} as core[df12db4294e9bfd3]::ops::function::FnOnce<()>>::call_once::{shim:vtable#0}
[INFO] [stdout]   16:     0x613846093f69 - <std[70759c8f55707aa4]::sys::thread::unix::Thread>::new::thread_start
[INFO] [stdout]   17:     0x7ba612827dfa - <unknown>
[INFO] [stdout]   18:     0x7ba6128bb3d4 - clone
[INFO] [stdout]   19:                0x0 - <unknown>
[INFO] [stdout] 
[INFO] [stdout] ---- test_release_with_literal_pointer_expression stdout ----
[INFO] [stdout] 
[INFO] [stdout] thread 'test_release_with_literal_pointer_expression' (5801) panicked at tests/allocate_release_tests.rs:200:3:
[INFO] [stdout] Expected success, got: Err("Error: Semantic(\"stdlib:5:14: Internal error: module resolver not initialized for use statement. The compiler was not configured for multi-file compilation.\\nstdlib:4:14: Internal error: module resolver not initialized for use statement. The compiler was not configured for multi-file compilation.\\nstdlib:5:14: Internal error: module resolver not initialized for use statement. The compiler was not configured for multi-file compilation.\\nstdlib:6:14: Internal error: module resolver not initialized for use statement. The compiler was not configured for multi-file compilation.\")\n")
[INFO] [stdout] stack backtrace:
[INFO] [stdout]    0:     0x613846094691 - <<std[70759c8f55707aa4]::sys::backtrace::BacktraceLock>::print::DisplayBacktrace as core[df12db4294e9bfd3]::fmt::Display>::fmt
[INFO] [stdout]    1:     0x6138460a88da - core[df12db4294e9bfd3]::fmt::write
[INFO] [stdout]    2:     0x613846098b9c - <alloc[2182bb758b4b3781]::vec::Vec<u8> as core[df12db4294e9bfd3]::io::write::Write>::write_fmt
[INFO] [stdout]    3:     0x613846070716 - std[70759c8f55707aa4]::panicking::default_hook::{closure#0}
[INFO] [stdout]    4:     0x61384608cdf9 - std[70759c8f55707aa4]::panicking::default_hook
[INFO] [stdout]    5:     0x613846028cc0 - test[9d35eded1c95d3be]::test_main_inner::<test[9d35eded1c95d3be]::test_main_static::{closure#0}>::{closure#0}
[INFO] [stdout]    6:     0x61384608cfb2 - std[70759c8f55707aa4]::panicking::panic_with_hook
[INFO] [stdout]    7:     0x6138460707c2 - std[70759c8f55707aa4]::panicking::panic_handler::{closure#0}
[INFO] [stdout]    8:     0x613846069549 - std[70759c8f55707aa4]::sys::backtrace::__rust_end_short_backtrace::<std[70759c8f55707aa4]::panicking::panic_handler::{closure#0}, !>
[INFO] [stdout]    9:     0x6138460713bd - __rustc[8fa7c3cbc660c2b3]::rust_begin_unwind
[INFO] [stdout]   10:     0x6138460a900c - core[df12db4294e9bfd3]::panicking::panic_fmt
[INFO] [stdout]   11:     0x61384601bb56 - <allocate_release_tests[94892d0ac703eb5c]::test_release_with_literal_pointer_expression::{closure#0} as core[df12db4294e9bfd3]::ops::function::FnOnce<()>>::call_once
[INFO] [stdout]   12:     0x61384601bfab - test[9d35eded1c95d3be]::__rust_begin_short_backtrace::<core[df12db4294e9bfd3]::result::Result<(), alloc[2182bb758b4b3781]::string::String>, fn() -> core[df12db4294e9bfd3]::result::Result<(), alloc[2182bb758b4b3781]::string::String>>
[INFO] [stdout]   13:     0x613846029615 - test[9d35eded1c95d3be]::run_test::{closure#0}
[INFO] [stdout]   14:     0x613846022ed4 - std[70759c8f55707aa4]::sys::backtrace::__rust_begin_short_backtrace::<test[9d35eded1c95d3be]::run_test::{closure#1}, ()>
[INFO] [stdout]   15:     0x61384602c772 - <std[70759c8f55707aa4]::thread::lifecycle::spawn_unchecked<test[9d35eded1c95d3be]::run_test::{closure#1}, ()>::{closure#1} as core[df12db4294e9bfd3]::ops::function::FnOnce<()>>::call_once::{shim:vtable#0}
[INFO] [stdout]   16:     0x613846093f69 - <std[70759c8f55707aa4]::sys::thread::unix::Thread>::new::thread_start
[INFO] [stdout]   17:     0x7ba612827dfa - <unknown>
[INFO] [stdout]   18:     0x7ba6128bb3d4 - clone
[INFO] [stdout]   19:                0x0 - <unknown>
[INFO] [stdout] 
[INFO] [stdout] ---- test_multiple_allocates_and_releases stdout ----
[INFO] [stdout] 
[INFO] [stdout] thread 'test_multiple_allocates_and_releases' (5787) panicked at tests/allocate_release_tests.rs:223:3:
[INFO] [stdout] Expected success, got: Err("Error: Semantic(\"stdlib:5:14: Internal error: module resolver not initialized for use statement. The compiler was not configured for multi-file compilation.\\nstdlib:4:14: Internal error: module resolver not initialized for use statement. The compiler was not configured for multi-file compilation.\\nstdlib:5:14: Internal error: module resolver not initialized for use statement. The compiler was not configured for multi-file compilation.\\nstdlib:6:14: Internal error: module resolver not initialized for use statement. The compiler was not configured for multi-file compilation.\")\n")
[INFO] [stdout] stack backtrace:
[INFO] [stdout]    0:     0x613846094691 - <<std[70759c8f55707aa4]::sys::backtrace::BacktraceLock>::print::DisplayBacktrace as core[df12db4294e9bfd3]::fmt::Display>::fmt
[INFO] [stdout]    1:     0x6138460a88da - core[df12db4294e9bfd3]::fmt::write
[INFO] [stdout]    2:     0x613846098b9c - <alloc[2182bb758b4b3781]::vec::Vec<u8> as core[df12db4294e9bfd3]::io::write::Write>::write_fmt
[INFO] [stdout]    3:     0x613846070716 - std[70759c8f55707aa4]::panicking::default_hook::{closure#0}
[INFO] [stdout]    4:     0x61384608cdf9 - std[70759c8f55707aa4]::panicking::default_hook
[INFO] [stdout]    5:     0x613846028cc0 - test[9d35eded1c95d3be]::test_main_inner::<test[9d35eded1c95d3be]::test_main_static::{closure#0}>::{closure#0}
[INFO] [stdout]    6:     0x61384608cfb2 - std[70759c8f55707aa4]::panicking::panic_with_hook
[INFO] [stdout]    7:     0x6138460707c2 - std[70759c8f55707aa4]::panicking::panic_handler::{closure#0}
[INFO] [stdout]    8:     0x613846069549 - std[70759c8f55707aa4]::sys::backtrace::__rust_end_short_backtrace::<std[70759c8f55707aa4]::panicking::panic_handler::{closure#0}, !>
[INFO] [stdout]    9:     0x6138460713bd - __rustc[8fa7c3cbc660c2b3]::rust_begin_unwind
[INFO] [stdout]   10:     0x6138460a900c - core[df12db4294e9bfd3]::panicking::panic_fmt
[INFO] [stdout]   11:     0x61384601ae66 - <allocate_release_tests[94892d0ac703eb5c]::test_multiple_allocates_and_releases::{closure#0} as core[df12db4294e9bfd3]::ops::function::FnOnce<()>>::call_once
[INFO] [stdout]   12:     0x61384601bfab - test[9d35eded1c95d3be]::__rust_begin_short_backtrace::<core[df12db4294e9bfd3]::result::Result<(), alloc[2182bb758b4b3781]::string::String>, fn() -> core[df12db4294e9bfd3]::result::Result<(), alloc[2182bb758b4b3781]::string::String>>
[INFO] [stdout]   13:     0x613846029615 - test[9d35eded1c95d3be]::run_test::{closure#0}
[INFO] [stdout]   14:     0x613846022ed4 - std[70759c8f55707aa4]::sys::backtrace::__rust_begin_short_backtrace::<test[9d35eded1c95d3be]::run_test::{closure#1}, ()>
[INFO] [stdout]   15:     0x61384602c772 - <std[70759c8f55707aa4]::thread::lifecycle::spawn_unchecked<test[9d35eded1c95d3be]::run_test::{closure#1}, ()>::{closure#1} as core[df12db4294e9bfd3]::ops::function::FnOnce<()>>::call_once::{shim:vtable#0}
[INFO] [stdout]   16:     0x613846093f69 - <std[70759c8f55707aa4]::sys::thread::unix::Thread>::new::thread_start
[INFO] [stdout]   17:     0x7ba612827dfa - <unknown>
[INFO] [stdout]   18:     0x7ba6128bb3d4 - clone
[INFO] [stdout]   19:                0x0 - <unknown>
[INFO] [stdout] 
[INFO] [stdout] 
[INFO] [stdout] failures:
[INFO] [stdout]     test_allocate_directly_passed_to_function
[INFO] [stdout]     test_allocate_global_no_warn
[INFO] [stdout]     test_allocate_in_function_release_in_caller
[INFO] [stdout]     test_allocate_in_var_initializer
[INFO] [stdout]     test_allocate_multiple_vars
[INFO] [stdout]     test_allocate_with_explicit_release_no_warn
[INFO] [stdout]     test_allocate_with_large_u64_literal
[INFO] [stdout]     test_allocate_with_on_exit_release_no_warn
[INFO] [stdout]     test_allocate_with_u64_literal
[INFO] [stdout]     test_allocate_with_variable_size
[INFO] [stdout]     test_allocate_with_zero_size
[INFO] [stdout]     test_allocate_without_release_compiles
[INFO] [stdout]     test_allocate_without_release_reports_leak
[INFO] [stdout]     test_allocate_without_release_warns
[INFO] [stdout]     test_allocate_write_and_release
[INFO] [stdout]     test_allocate_write_variable_and_release
[INFO] [stdout]     test_basic_allocate_and_release
[INFO] [stdout]     test_multiple_allocates_and_releases
[INFO] [stdout]     test_multiple_allocates_out_of_order_release
[INFO] [stdout]     test_reassign_allocate_without_release_warns
[INFO] [stdout]     test_release_in_function
[INFO] [stdout]     test_release_non_allocated_no_warn
[INFO] [stdout]     test_release_with_addition_expression
[INFO] [stdout]     test_release_with_literal_pointer_expression
[INFO] [stdout] 
[INFO] [stdout] test result: FAILED. 2 passed; 24 failed; 0 ignored; 0 measured; 0 filtered out; finished in 3.60s
[INFO] [stdout] 
[INFO] [stderr] error: test failed, to rerun pass `-p lale --test allocate_release_tests`
[INFO] running `Command { std: "docker" "inspect" "77561d932b25034a5d57a4d4d95bb933df65e908b93eca799b688cc1b7752d5e", kill_on_drop: false }`
[INFO] running `Command { std: "docker" "rm" "-f" "77561d932b25034a5d57a4d4d95bb933df65e908b93eca799b688cc1b7752d5e", kill_on_drop: false }`
[INFO] [stdout] 77561d932b25034a5d57a4d4d95bb933df65e908b93eca799b688cc1b7752d5e
