[INFO] cloning repository https://github.com/imdebamrita/TestFaucet
[INFO] running `Command { std: "git" "-c" "credential.helper=" "-c" "credential.helper=/workspace/cargo-home/bin/git-credential-null" "clone" "--bare" "https://github.com/imdebamrita/TestFaucet" "/workspace/cache/git-repos/https%3A%2F%2Fgithub.com%2Fimdebamrita%2FTestFaucet", kill_on_drop: false }`
[INFO] [stderr] Cloning into bare repository '/workspace/cache/git-repos/https%3A%2F%2Fgithub.com%2Fimdebamrita%2FTestFaucet'...
[INFO] running `Command { std: "git" "rev-parse" "HEAD", kill_on_drop: false }`
[INFO] [stdout] ac9aa2c88aa543a16049672513400d58c6c3e4da
[INFO] testing imdebamrita/TestFaucet against 1.99.0-beta.8+cargoflags=--release for beta-release-1.100-2
[INFO] running `Command { std: "git" "clone" "/workspace/cache/git-repos/https%3A%2F%2Fgithub.com%2Fimdebamrita%2FTestFaucet" "/workspace/builds/worker-2-tc1/source", kill_on_drop: false }`
[INFO] [stderr] Cloning into '/workspace/builds/worker-2-tc1/source'...
[INFO] [stderr] done.
[INFO] started tweaking git repo https://github.com/imdebamrita/TestFaucet
[INFO] finished tweaking git repo https://github.com/imdebamrita/TestFaucet
[INFO] tweaked toml for git repo https://github.com/imdebamrita/TestFaucet written to /workspace/builds/worker-2-tc1/source/Cargo.toml
[INFO] validating manifest of git repo https://github.com/imdebamrita/TestFaucet on toolchain 1.99.0-beta.8
[INFO] running `Command { std: CARGO_HOME="/workspace/cargo-home" RUSTUP_HOME="/workspace/rustup-home" "/workspace/cargo-home/bin/cargo" "+1.99.0-beta.8" "metadata" "--manifest-path" "Cargo.toml" "--no-deps", kill_on_drop: false }`
[INFO] running `Command { std: CARGO_HOME="/workspace/cargo-home" RUSTUP_HOME="/workspace/rustup-home" "/workspace/cargo-home/bin/cargo" "+1.99.0-beta.8" "generate-lockfile" "--manifest-path" "Cargo.toml", kill_on_drop: false }`
[INFO] [stderr]     Updating crates.io index
[INFO] [stderr]      Locking 211 packages to highest compatible versions
[INFO] [stderr]       Adding arbitrary v1.3.2 (available: v1.5.0)
[INFO] [stderr]       Adding crypto-common v0.1.6 (available: v0.1.7)
[INFO] [stderr]       Adding derive_arbitrary v1.3.2 (available: v1.5.0)
[INFO] [stderr]       Adding soroban-sdk v25.3.2 (available: v29.0.1)
[INFO] [stderr]       Adding soroban-token-sdk v25.3.2 (available: v29.0.1)
[INFO] [stderr]       Adding soroban-wasmi v0.31.1-soroban.20.0.1 (available: v0.31.1-soroban.29.0.0)
[INFO] [stderr]       Adding stellar-xdr v25.0.0 (available: v25.0.1)
[INFO] running `Command { std: CARGO_HOME="/workspace/cargo-home" RUSTUP_HOME="/workspace/rustup-home" "/workspace/cargo-home/bin/cargo" "+1.99.0-beta.8" "fetch" "--manifest-path" "Cargo.toml", kill_on_drop: false }`
[INFO] [stderr]  Downloading crates ...
[INFO] [stderr]   Downloaded zeroize v1.9.1
[INFO] [stderr]   Downloaded soroban-token-sdk v25.3.2
[INFO] [stderr]   Downloaded soroban-sdk-macros v25.3.2
[INFO] [stderr]   Downloaded defmt-parser v1.1.0
[INFO] [stderr]   Downloaded jiff-static v0.2.38
[INFO] [stderr]   Downloaded soroban-spec v25.3.2
[INFO] [stderr]   Downloaded powerfmt v0.2.1
[INFO] [stderr]   Downloaded soroban-spec-rust v25.3.2
[INFO] [stderr]   Downloaded deranged v0.5.9
[INFO] [stderr]   Downloaded defmt-macros v1.2.0
[INFO] [stderr]   Downloaded equivalent v1.0.3
[INFO] [stderr]   Downloaded soroban-builtin-sdk-macros v25.2.2
[INFO] [stderr]   Downloaded defmt v1.2.0
[INFO] [stderr]   Downloaded soroban-env-macros v25.2.2
[INFO] [stderr]   Downloaded jiff-tzdb v0.1.9
[INFO] [stderr]   Downloaded soroban-env-common v25.2.2
[INFO] [stderr]   Downloaded soroban-ledger-snapshot v25.3.2
[INFO] [stderr]   Downloaded ethnum v1.5.3
[INFO] [stderr]   Downloaded smallvec v1.16.3
[INFO] [stderr]   Downloaded soroban-sdk v25.3.2
[INFO] [stderr]   Downloaded schemars v1.2.3
[INFO] [stderr]   Downloaded cc v1.8.0
[INFO] [stderr]   Downloaded soroban-env-guest v25.2.2
[INFO] [stderr]   Downloaded curve25519-dalek v5.0.0
[INFO] [stderr]   Downloaded soroban-env-host v25.2.2
[INFO] [stderr]   Downloaded jiff v0.2.38
[INFO] [stderr]   Downloaded stellar-xdr v25.0.0
[INFO] running `Command { std: "docker" "create" "-v" "/var/lib/crater-agent-workspace/builds/worker-2-tc1/source:/opt/rustwide/workdir:ro,Z" "-v" "/var/lib/crater-agent-workspace/builds/worker-2-tc1/target:/opt/rustwide/target:rw,Z" "-v" "/var/lib/crater-agent-workspace/cargo-home:/opt/rustwide/cargo-home:ro,Z" "-v" "/var/lib/crater-agent-workspace/rustup-home:/opt/rustwide/rustup-home:ro,Z" "-m" "1610612736" "--network" "none" "ghcr.io/rust-lang/crates-build-env/linux@sha256:77db811e55d90add9212f6832c23229e3de5f1c1f9905e8cb07319ea15df73ac" "sleep" "infinity", kill_on_drop: false }`
[INFO] [stdout] 9c7d9ad47daf4d7bbcbdb5cfd2b871052f23a67725429c0b0f981b7417f81843
[INFO] running `Command { std: "docker" "start" "9c7d9ad47daf4d7bbcbdb5cfd2b871052f23a67725429c0b0f981b7417f81843", kill_on_drop: false }`
[INFO] running `Command { std: "docker" "inspect" "9c7d9ad47daf4d7bbcbdb5cfd2b871052f23a67725429c0b0f981b7417f81843", kill_on_drop: false }`
[INFO] running `Command { std: "docker" "exec" "-e" "SOURCE_DIR=/opt/rustwide/workdir" "-e" "CARGO_HOME=/opt/rustwide/cargo-home" "-e" "RUSTUP_HOME=/opt/rustwide/rustup-home" "-e" "CARGO_TARGET_DIR=/opt/rustwide/target" "-w" "/opt/rustwide/workdir" "--user" "0:0" "9c7d9ad47daf4d7bbcbdb5cfd2b871052f23a67725429c0b0f981b7417f81843" "/opt/rustwide/cargo-home/bin/cargo" "+1.99.0-beta.8" "metadata" "--no-deps" "--format-version=1", kill_on_drop: false }`
[INFO] running `Command { std: "docker" "inspect" "9c7d9ad47daf4d7bbcbdb5cfd2b871052f23a67725429c0b0f981b7417f81843", kill_on_drop: false }`
[INFO] running `Command { std: "docker" "exec" "-e" "SOURCE_DIR=/opt/rustwide/workdir" "-e" "CARGO_HOME=/opt/rustwide/cargo-home" "-e" "RUSTUP_HOME=/opt/rustwide/rustup-home" "-e" "CARGO_TARGET_DIR=/opt/rustwide/target" "-e" "CARGO_INCREMENTAL=0" "-e" "RUST_BACKTRACE=full" "-e" "RUSTFLAGS=--cap-lints=warn" "-e" "RUSTDOCFLAGS=--cap-lints=warn" "-w" "/opt/rustwide/workdir" "--user" "0:0" "9c7d9ad47daf4d7bbcbdb5cfd2b871052f23a67725429c0b0f981b7417f81843" "/opt/rustwide/cargo-home/bin/cargo" "+1.99.0-beta.8" "build" "--frozen" "--message-format=json" "--release", kill_on_drop: false }`
[INFO] [stderr]    Compiling proc-macro2 v1.0.107
[INFO] [stderr]    Compiling unicode-ident v1.0.27
[INFO] [stderr]    Compiling quote v1.0.47
[INFO] [stderr]    Compiling version_check v0.9.5
[INFO] [stderr]    Compiling zmij v1.0.23
[INFO] [stderr]    Compiling serde v1.0.229
[INFO] [stderr]    Compiling serde_core v1.0.229
[INFO] [stderr]    Compiling typenum v1.20.1
[INFO] [stderr]    Compiling serde_json v1.0.154
[INFO] [stderr]    Compiling itoa v1.0.18
[INFO] [stderr]    Compiling memchr v2.8.3
[INFO] [stderr]    Compiling cfg-if v1.0.5
[INFO] [stderr]    Compiling subtle v2.6.1
[INFO] [stderr]    Compiling const-oid v0.9.6
[INFO] [stderr]    Compiling libc v0.2.191
[INFO] [stderr]    Compiling autocfg v1.5.1
[INFO] [stderr]    Compiling strsim v0.11.1
[INFO] [stderr]    Compiling ident_case v1.0.1
[INFO] [stderr]    Compiling semver v1.0.28
[INFO] [stderr]    Compiling zerocopy v0.8.63
[INFO] [stderr]    Compiling syn v1.0.109
[INFO] [stderr]    Compiling schemars v0.8.22
[INFO] [stderr]    Compiling paste v1.0.15
[INFO] [stderr]    Compiling dyn-clone v1.0.20
[INFO] [stderr]    Compiling data-encoding v2.11.1
[INFO] [stderr]    Compiling cpufeatures v0.2.17
[INFO] [stderr]    Compiling generic-array v0.14.9
[INFO] [stderr]    Compiling rustc_version v0.4.1
[INFO] [stderr]    Compiling ahash v0.8.12
[INFO] [stderr]    Compiling escape-bytes v0.1.1
[INFO] [stderr]    Compiling ethnum v1.5.3
[INFO] [stderr]    Compiling once_cell v1.21.4
[INFO] [stderr]    Compiling base16ct v0.2.0
[INFO] [stderr]    Compiling either v1.19.0
[INFO] [stderr]    Compiling num-traits v0.2.19
[INFO] [stderr]    Compiling libm v0.2.16
[INFO] [stderr]    Compiling thiserror v1.0.69
[INFO] [stderr]    Compiling equivalent v1.0.3
[INFO] [stderr]    Compiling itertools v0.10.5
[INFO] [stderr]    Compiling hashbrown v0.17.1
[INFO] [stderr]    Compiling curve25519-dalek v4.1.3
[INFO] [stderr]    Compiling indexmap-nostd v0.4.0
[INFO] [stderr]    Compiling indexmap v2.14.2
[INFO] [stderr]    Compiling num-integer v0.1.47
[INFO] [stderr]    Compiling syn v2.0.119
[INFO] [stderr]    Compiling syn v3.0.9
[INFO] [stderr]    Compiling downcast-rs v1.2.1
[INFO] [stderr]    Compiling prettyplease v0.2.37
[INFO] [stderr]    Compiling num-bigint v0.4.8
[INFO] [stderr]    Compiling fnv v1.0.7
[INFO] [stderr]    Compiling wasmparser-nostd v0.100.2
[INFO] [stderr]    Compiling hybrid-array v0.4.15
[INFO] [stderr]    Compiling curve25519-dalek v5.0.0
[INFO] [stderr]    Compiling wasmparser v0.116.1
[INFO] [stderr]    Compiling crypto-common v0.1.6
[INFO] [stderr]    Compiling block-buffer v0.10.4
[INFO] [stderr]    Compiling digest v0.10.7
[INFO] [stderr]    Compiling base64 v0.22.1
[INFO] [stderr]    Compiling getrandom v0.2.17
[INFO] [stderr]    Compiling sha2 v0.10.9
[INFO] [stderr]    Compiling wasmi_core v0.13.0
[INFO] [stderr]    Compiling rand_core v0.6.4
[INFO] [stderr]    Compiling block-buffer v0.12.1
[INFO] [stderr]    Compiling crypto-common v0.2.2
[INFO] [stderr]    Compiling wasmi_arena v0.4.1
[INFO] [stderr]    Compiling ff v0.13.1
[INFO] [stderr]    Compiling group v0.13.0
[INFO] [stderr]    Compiling spin v0.9.9
[INFO] [stderr]    Compiling heapless v0.8.0
[INFO] [stderr]    Compiling byteorder v1.5.0
[INFO] [stderr]    Compiling smallvec v1.16.3
[INFO] [stderr]    Compiling hex v0.4.3
[INFO] [stderr]    Compiling hash32 v0.3.1
[INFO] [stderr]    Compiling static_assertions v1.1.0
[INFO] [stderr]    Compiling keccak v0.1.6
[INFO] [stderr]    Compiling cpufeatures v0.3.1
[INFO] [stderr]    Compiling stable_deref_trait v1.2.1
[INFO] [stderr]    Compiling soroban-env-host v25.2.2
[INFO] [stderr]    Compiling heck v0.5.0
[INFO] [stderr]    Compiling hex-literal v0.4.1
[INFO] [stderr]    Compiling digest v0.11.3
[INFO] [stderr]    Compiling ppv-lite86 v0.2.21
[INFO] [stderr]    Compiling hashbrown v0.13.2
[INFO] [stderr]    Compiling darling_core v0.24.1
[INFO] [stderr]    Compiling rand_chacha v0.3.1
[INFO] [stderr]    Compiling rand v0.8.8
[INFO] [stderr]    Compiling darling_core v0.20.11
[INFO] [stderr]    Compiling macro-string v0.1.4
[INFO] [stderr]    Compiling serde_derive v1.0.229
[INFO] [stderr]    Compiling ark-serialize-derive v0.4.2
[INFO] [stderr]    Compiling ark-ff-macros v0.4.2
[INFO] [stderr]    Compiling ark-ff-asm v0.4.2
[INFO] [stderr]    Compiling derivative v2.2.0
[INFO] [stderr]    Compiling soroban-wasmi v0.31.1-soroban.20.0.1
[INFO] [stderr]    Compiling zeroize_derive v1.5.0
[INFO] [stderr]    Compiling cfg_eval v0.1.2
[INFO] [stderr]    Compiling curve25519-dalek-derive v0.1.1
[INFO] [stderr]    Compiling num-derive v0.4.2
[INFO] [stderr]    Compiling ark-std v0.4.0
[INFO] [stderr]    Compiling thiserror-impl v1.0.69
[INFO] [stderr]    Compiling soroban-builtin-sdk-macros v25.2.2
[INFO] [stderr]    Compiling visibility v0.1.1
[INFO] [stderr]    Compiling zeroize v1.9.1
[INFO] [stderr]    Compiling bytes-lit v0.0.5
[INFO] [stderr]    Compiling der v0.7.10
[INFO] [stderr]    Compiling darling_macro v0.24.1
[INFO] [stderr]    Compiling darling v0.24.1
[INFO] [stderr]    Compiling serde_with_macros v3.24.0
[INFO] [stderr]    Compiling crypto-bigint v0.5.5
[INFO] [stderr]    Compiling sec1 v0.7.3
[INFO] [stderr]    Compiling signature v2.2.0
[INFO] [stderr]    Compiling ark-serialize v0.4.2
[INFO] [stderr]    Compiling hmac v0.12.1
[INFO] [stderr]    Compiling ed25519 v2.2.3
[INFO] [stderr]    Compiling rfc6979 v0.4.0
[INFO] [stderr]    Compiling sha3 v0.10.9
[INFO] [stderr]    Compiling darling_macro v0.20.11
[INFO] [stderr]    Compiling ark-ff v0.4.2
[INFO] [stderr]    Compiling darling v0.20.11
[INFO] [stderr]    Compiling ed25519-dalek v2.2.0
[INFO] [stderr]    Compiling crate-git-revision v0.0.6
[INFO] [stderr]    Compiling elliptic-curve v0.13.8
[INFO] [stderr]    Compiling ecdsa v0.16.9
[INFO] [stderr]    Compiling primeorder v0.13.6
[INFO] [stderr]    Compiling stellar-strkey v0.0.13
[INFO] [stderr]    Compiling stellar-xdr v25.0.0
[INFO] [stderr]    Compiling soroban-env-common v25.2.2
[INFO] [stderr]    Compiling stellar-strkey v0.0.16
[INFO] [stderr]    Compiling soroban-sdk v25.3.2
[INFO] [stderr]    Compiling p256 v0.13.2
[INFO] [stderr]    Compiling k256 v0.13.4
[INFO] [stderr]    Compiling serde_with v3.24.0
[INFO] [stderr]    Compiling ark-poly v0.4.2
[INFO] [stderr]    Compiling ark-ec v0.4.2
[INFO] [stderr]    Compiling ark-bn254 v0.4.0
[INFO] [stderr]    Compiling ark-bls12-381 v0.4.0
[INFO] [stderr]    Compiling soroban-spec v25.3.2
[INFO] [stderr]    Compiling soroban-spec-rust v25.3.2
[INFO] [stderr]    Compiling soroban-env-macros v25.2.2
[INFO] [stderr]    Compiling soroban-sdk-macros v25.3.2
[INFO] [stderr]    Compiling soroban-token-sdk v25.3.2
[INFO] [stderr]    Compiling soroban-crowdfunding-contract v0.1.0 (/opt/rustwide/workdir/contracts/faucet)
[INFO] [stdout] warning: unused import: `Map`
[INFO] [stdout]  --> contracts/faucet/src/lib.rs:3:91
[INFO] [stdout]   |
[INFO] [stdout] 3 | use soroban_sdk::{contract, contractimpl, contracttype, token, Address, Env, String, Vec, Map};
[INFO] [stdout]   |                                                                                           ^^^
[INFO] [stdout]   |
[INFO] [stdout]   = note: `#[warn(unused_imports)]` (part of `#[warn(unused)]`) on by default
[INFO] [stdout] 
[INFO] [stdout] 
[INFO] [stderr]     Finished `release` profile [optimized] target(s) in 2m 16s
[INFO] running `Command { std: "docker" "inspect" "9c7d9ad47daf4d7bbcbdb5cfd2b871052f23a67725429c0b0f981b7417f81843", kill_on_drop: false }`
[INFO] running `Command { std: "docker" "exec" "-e" "SOURCE_DIR=/opt/rustwide/workdir" "-e" "CARGO_HOME=/opt/rustwide/cargo-home" "-e" "RUSTUP_HOME=/opt/rustwide/rustup-home" "-e" "CARGO_TARGET_DIR=/opt/rustwide/target" "-e" "CARGO_INCREMENTAL=0" "-e" "RUST_BACKTRACE=full" "-e" "RUSTFLAGS=--cap-lints=warn" "-e" "RUSTDOCFLAGS=--cap-lints=warn" "-w" "/opt/rustwide/workdir" "--user" "0:0" "9c7d9ad47daf4d7bbcbdb5cfd2b871052f23a67725429c0b0f981b7417f81843" "/opt/rustwide/cargo-home/bin/cargo" "+1.99.0-beta.8" "test" "--frozen" "--no-run" "--message-format=json" "--release", kill_on_drop: false }`
[INFO] [stderr]    Compiling typenum v1.20.1
[INFO] [stderr]    Compiling cfg-if v1.0.5
[INFO] [stderr]    Compiling subtle v2.6.1
[INFO] [stderr]    Compiling const-oid v0.9.6
[INFO] [stderr]    Compiling libc v0.2.191
[INFO] [stderr]    Compiling num-traits v0.2.19
[INFO] [stderr]    Compiling zerocopy v0.8.63
[INFO] [stderr]    Compiling zeroize v1.9.1
[INFO] [stderr]    Compiling serde_core v1.0.229
[INFO] [stderr]    Compiling cpufeatures v0.2.17
[INFO] [stderr]    Compiling once_cell v1.21.4
[INFO] [stderr]    Compiling either v1.19.0
[INFO] [stderr]    Compiling base16ct v0.2.0
[INFO] [stderr]    Compiling zmij v1.0.23
[INFO] [stderr]    Compiling serde_json v1.0.154
[INFO] [stderr]    Compiling memchr v2.8.3
[INFO] [stderr]    Compiling itoa v1.0.18
[INFO] [stderr]    Compiling schemars v0.8.22
[INFO] [stderr]    Compiling data-encoding v2.11.1
[INFO] [stderr]    Compiling dyn-clone v1.0.20
[INFO] [stderr]    Compiling libm v0.2.16
[INFO] [stderr]    Compiling stellar-xdr v25.0.0
[INFO] [stderr]    Compiling derive_arbitrary v1.3.2
[INFO] [stderr]    Compiling hashbrown v0.17.1
[INFO] [stderr]    Compiling indexmap-nostd v0.4.0
[INFO] [stderr]    Compiling der v0.7.10
[INFO] [stderr]    Compiling downcast-rs v1.2.1
[INFO] [stderr]    Compiling equivalent v1.0.3
[INFO] [stderr]    Compiling itertools v0.10.5
[INFO] [stderr]    Compiling wasmparser-nostd v0.100.2
[INFO] [stderr]    Compiling soroban-env-common v25.2.2
[INFO] [stderr]    Compiling smallvec v1.16.3
[INFO] [stderr]    Compiling ethnum v1.5.3
[INFO] [stderr]    Compiling base64 v0.22.1
[INFO] [stderr]    Compiling semver v1.0.28
[INFO] [stderr]    Compiling wasmi_arena v0.4.1
[INFO] [stderr]    Compiling generic-array v0.14.9
[INFO] [stderr]    Compiling hybrid-array v0.4.15
[INFO] [stderr]    Compiling arbitrary v1.3.2
[INFO] [stderr]    Compiling stellar-strkey v0.0.13
[INFO] [stderr]    Compiling block-buffer v0.10.4
[INFO] [stderr]    Compiling crypto-common v0.1.6
[INFO] [stderr]    Compiling sec1 v0.7.3
[INFO] [stderr]    Compiling digest v0.10.7
[INFO] [stderr]    Compiling spin v0.9.9
[INFO] [stderr]    Compiling escape-bytes v0.1.1
[INFO] [stderr]    Compiling sha2 v0.10.9
[INFO] [stderr]    Compiling hmac v0.12.1
[INFO] [stderr]    Compiling indexmap v2.14.2
[INFO] [stderr]    Compiling num-integer v0.1.47
[INFO] [stderr]    Compiling curve25519-dalek v4.1.3
[INFO] [stderr]    Compiling soroban-env-host v25.2.2
[INFO] [stderr]    Compiling keccak v0.1.6
[INFO] [stderr]    Compiling static_assertions v1.1.0
[INFO] [stderr]    Compiling rfc6979 v0.4.0
[INFO] [stderr]    Compiling byteorder v1.5.0
[INFO] [stderr]    Compiling cpufeatures v0.3.1
[INFO] [stderr]    Compiling thiserror v1.0.69
[INFO] [stderr]    Compiling num-bigint v0.4.8
[INFO] [stderr]    Compiling hex-literal v0.4.1
[INFO] [stderr]    Compiling stable_deref_trait v1.2.1
[INFO] [stderr]    Compiling block-buffer v0.12.1
[INFO] [stderr]    Compiling crypto-common v0.2.2
[INFO] [stderr]    Compiling sha3 v0.10.9
[INFO] [stderr]    Compiling dtor-proc-macro v0.0.6
[INFO] [stderr]    Compiling soroban-sdk v25.3.2
[INFO] [stderr]    Compiling hash32 v0.3.1
[INFO] [stderr]    Compiling heapless v0.8.0
[INFO] [stderr]    Compiling ctor-proc-macro v0.0.6
[INFO] [stderr]    Compiling wasmi_core v0.13.0
[INFO] [stderr]    Compiling dtor v0.1.1
[INFO] [stderr]    Compiling digest v0.11.3
[INFO] [stderr]    Compiling soroban-sdk-macros v25.3.2
[INFO] [stderr]    Compiling curve25519-dalek v5.0.0
[INFO] [stderr]    Compiling ctor v0.5.0
[INFO] [stderr]    Compiling getrandom v0.2.17
[INFO] [stderr]    Compiling rand_core v0.6.4
[INFO] [stderr]    Compiling stellar-strkey v0.0.16
[INFO] [stderr]    Compiling ff v0.13.1
[INFO] [stderr]    Compiling signature v2.2.0
[INFO] [stderr]    Compiling crypto-bigint v0.5.5
[INFO] [stderr]    Compiling ed25519 v2.2.3
[INFO] [stderr]    Compiling wasmparser v0.116.1
[INFO] [stderr]    Compiling group v0.13.0
[INFO] [stderr]    Compiling ed25519-dalek v2.2.0
[INFO] [stderr]    Compiling elliptic-curve v0.13.8
[INFO] [stderr]    Compiling serde v1.0.229
[INFO] [stderr]    Compiling ecdsa v0.16.9
[INFO] [stderr]    Compiling primeorder v0.13.6
[INFO] [stderr]    Compiling p256 v0.13.2
[INFO] [stderr]    Compiling k256 v0.13.4
[INFO] [stderr]    Compiling hex v0.4.3
[INFO] [stderr]    Compiling soroban-wasmi v0.31.1-soroban.20.0.1
[INFO] [stderr]    Compiling ppv-lite86 v0.2.21
[INFO] [stderr]    Compiling ahash v0.8.12
[INFO] [stderr]    Compiling hashbrown v0.13.2
[INFO] [stderr]    Compiling rand_chacha v0.3.1
[INFO] [stderr]    Compiling rand v0.8.8
[INFO] [stderr]    Compiling serde_with v3.24.0
[INFO] [stderr]    Compiling ark-std v0.4.0
[INFO] [stderr]    Compiling ark-serialize v0.4.2
[INFO] [stderr]    Compiling ark-ff v0.4.2
[INFO] [stderr]    Compiling ark-poly v0.4.2
[INFO] [stderr]    Compiling ark-ec v0.4.2
[INFO] [stderr]    Compiling ark-bls12-381 v0.4.0
[INFO] [stderr]    Compiling ark-bn254 v0.4.0
[INFO] [stderr]    Compiling soroban-ledger-snapshot v25.3.2
[INFO] [stderr]    Compiling soroban-token-sdk v25.3.2
[INFO] [stderr]    Compiling soroban-crowdfunding-contract v0.1.0 (/opt/rustwide/workdir/contracts/faucet)
[INFO] [stdout] warning: unused import: `Map`
[INFO] [stdout]  --> contracts/faucet/src/lib.rs:3:91
[INFO] [stdout]   |
[INFO] [stdout] 3 | use soroban_sdk::{contract, contractimpl, contracttype, token, Address, Env, String, Vec, Map};
[INFO] [stdout]   |                                                                                           ^^^
[INFO] [stdout]   |
[INFO] [stdout]   = note: `#[warn(unused_imports)]` (part of `#[warn(unused)]`) on by default
[INFO] [stdout] 
[INFO] [stdout] 
[INFO] [stderr]     Finished `release` profile [optimized] target(s) in 2m 29s
[INFO] running `Command { std: "docker" "inspect" "9c7d9ad47daf4d7bbcbdb5cfd2b871052f23a67725429c0b0f981b7417f81843", kill_on_drop: false }`
[INFO] running `Command { std: "docker" "exec" "-e" "SOURCE_DIR=/opt/rustwide/workdir" "-e" "CARGO_HOME=/opt/rustwide/cargo-home" "-e" "RUSTUP_HOME=/opt/rustwide/rustup-home" "-e" "CARGO_TARGET_DIR=/opt/rustwide/target" "-e" "CARGO_INCREMENTAL=0" "-e" "RUST_BACKTRACE=full" "-e" "RUSTFLAGS=--cap-lints=warn" "-e" "RUSTDOCFLAGS=--cap-lints=warn" "-w" "/opt/rustwide/workdir" "--user" "0:0" "9c7d9ad47daf4d7bbcbdb5cfd2b871052f23a67725429c0b0f981b7417f81843" "/opt/rustwide/cargo-home/bin/cargo" "+1.99.0-beta.8" "test" "--frozen" "--release", kill_on_drop: false }`
[INFO] [stderr] warning: unused import: `Map`
[INFO] [stderr]  --> contracts/faucet/src/lib.rs:3:91
[INFO] [stderr]   |
[INFO] [stderr] 3 | use soroban_sdk::{contract, contractimpl, contracttype, token, Address, Env, String, Vec, Map};
[INFO] [stderr]   |                                                                                           ^^^
[INFO] [stderr]   |
[INFO] [stderr]   = note: `#[warn(unused_imports)]` (part of `#[warn(unused)]`) on by default
[INFO] [stderr] 
[INFO] [stderr] warning: `soroban-crowdfunding-contract` (lib test) generated 1 warning (run `cargo fix --lib -p soroban-crowdfunding-contract --tests` to apply 1 suggestion)
[INFO] [stderr]     Finished `release` profile [optimized] target(s) in 0.34s
[INFO] [stdout] 
[INFO] [stderr]      Running unittests src/lib.rs (/opt/rustwide/target/release/deps/soroban_crowdfunding_contract-1e0a1a89192e875b)
[INFO] [stdout] running 4 tests
[INFO] [stdout] test test::test_get_all_campaigns ... FAILED
[INFO] [stdout] 
[INFO] [stderr] 
[INFO] [stdout] thread 'test::test_non_creator_cannot_withdraw' (3942) panicked at /opt/rustwide/cargo-home/registry/src/index.crates.io-1949cf8c6b5b557f/soroban-env-host-25.2.2/src/host.rs:907:9:
[INFO] [stderr] thread 'test::test_non_creator_cannot_withdraw' (3942) panicked at /rustc/dfb0accb7f508ae8be965d8629557221c889dd98/library/core/src/panicking.rs:233:5:
[INFO] [stdout] HostError: Error(WasmVm, InvalidAction)
[INFO] [stderr] panic in a destructor during cleanup
[INFO] [stdout] 
[INFO] [stderr] thread caused non-unwinding panic. aborting.
[INFO] [stdout] Event log (newest first):
[INFO] [stdout]    0: [Diagnostic Event] topics:[error, Error(WasmVm, InvalidAction)], data:"escalating error to panic"
[INFO] [stdout]    1: [Diagnostic Event] topics:[error, Error(WasmVm, InvalidAction)], data:["contract call failed", withdraw, [1, CAAAAAAAAAAAAAAAAAAAAAAAAAAAAAAAAAAAAAAAAAAAAAAAAAAAHK3M]]
[INFO] [stdout]    2: [Failed Diagnostic Event (not emitted)] contract:CAAAAAAAAAAAAAAAAAAAAAAAAAAAAAAAAAAAAAAAAAAAAAAAAAAAMDR4, topics:[error, Error(WasmVm, InvalidAction)], data:"caught error from function"
[INFO] [stdout]    3: [Failed Diagnostic Event (not emitted)] contract:CAAAAAAAAAAAAAAAAAAAAAAAAAAAAAAAAAAAAAAAAAAAAAAAAAAAMDR4, topics:[log], data:["caught panic 'Only the campaign creator can withdraw' from contract function 'Symbol(withdraw)'", 1, CAAAAAAAAAAAAAAAAAAAAAAAAAAAAAAAAAAAAAAAAAAAAAAAAAAAHK3M]
[INFO] [stdout]    4: [Diagnostic Event] topics:[fn_call, CAAAAAAAAAAAAAAAAAAAAAAAAAAAAAAAAAAAAAAAAAAAAAAAAAAAMDR4, withdraw], data:[1, CAAAAAAAAAAAAAAAAAAAAAAAAAAAAAAAAAAAAAAAAAAAAAAAAAAAHK3M]
[INFO] [stdout] 
[INFO] [stdout] stack backtrace:
[INFO] [stdout]    0:     0x62a5d005c707 - <unknown>
[INFO] [stdout]    1:     0x62a5cfef3c14 - <unknown>
[INFO] [stdout]    2:     0x62a5d005bccb - <unknown>
[INFO] [stdout]    3:     0x62a5d005b8c9 - <unknown>
[INFO] [stdout]    4:     0x62a5d005b54a - <unknown>
[INFO] [stdout]    5:     0x62a5d005b083 - <unknown>
[INFO] [stdout]    6:     0x62a5d0081391 - <unknown>
[INFO] [stdout]    7:     0x62a5d0081349 - <unknown>
[INFO] [stdout]    8:     0x62a5d008184c - <unknown>
[INFO] [stdout]    9:     0x62a5cfef3aab - <unknown>
[INFO] [stdout]   10:     0x62a5d001e2da - <unknown>
[INFO] [stdout]   11:     0x62a5d00302fc - <unknown>
[INFO] [stdout]   12:     0x62a5d002db46 - <unknown>
[INFO] [stdout]   13:     0x62a5d002cfb8 - <unknown>
[INFO] [stdout]   14:     0x62a5d002d2bd - <unknown>
[INFO] [stdout]   15:     0x62a5cfeeb231 - <unknown>
[INFO] [stdout]   16:     0x62a5cfeeeb82 - <unknown>
[INFO] [stdout]   17:     0x62a5d009adfb - <unknown>
[INFO] [stdout]   18:     0x62a5d0096752 - <unknown>
[INFO] [stdout]   19:     0x62a5d00961fc - <unknown>
[INFO] [stdout]   20:     0x62a5d00b172c - <unknown>
[INFO] [stdout]   21:     0x62a5d0082c8a - <unknown>
[INFO] [stdout]   22:     0x7462ab7d5dfa - <unknown>
[INFO] [stdout]   23:     0x7462ab8693d4 - clone
[INFO] [stdout]   24:                0x0 - <unknown>
[INFO] [stdout] Writing test snapshot file for test "test::test_non_creator_cannot_withdraw" to "test_snapshots/test/test_non_creator_cannot_withdraw.1.json".
[INFO] [stdout] 
[INFO] [stdout] thread 'test::test_non_creator_cannot_withdraw' (3942) panicked at /opt/rustwide/cargo-home/registry/src/index.crates.io-1949cf8c6b5b557f/soroban-sdk-25.3.2/src/env.rs:1970:32:
[INFO] [stdout] called `Result::unwrap()` on an `Err` value: Os { code: 30, kind: ReadOnlyFilesystem, message: "Read-only file system" }
[INFO] [stdout] stack backtrace:
[INFO] [stdout]    0:     0x62a5d005c707 - <unknown>
[INFO] [stdout]    1:     0x62a5cfef3c14 - <unknown>
[INFO] [stdout]    2:     0x62a5d005bccb - <unknown>
[INFO] [stdout]    3:     0x62a5d005b8c9 - <unknown>
[INFO] [stdout]    4:     0x62a5d005b54a - <unknown>
[INFO] [stdout]    5:     0x62a5d005b083 - <unknown>
[INFO] [stdout]    6:     0x62a5d0081391 - <unknown>
[INFO] [stdout]    7:     0x62a5d0081349 - <unknown>
[INFO] [stdout]    8:     0x62a5d008184c - <unknown>
[INFO] [stdout]    9:     0x62a5cfef3aab - <unknown>
[INFO] [stdout]   10:     0x62a5cfef73a1 - <unknown>
[INFO] [stdout]   11:     0x62a5d002360f - <unknown>
[INFO] [stdout]   12:     0x62a5cfee5a7a - <unknown>
[INFO] [stdout]   13:     0x62a5cfeeecef - <unknown>
[INFO] [stdout]   14:     0x62a5d009adfb - <unknown>
[INFO] [stdout]   15:     0x62a5d0096752 - <unknown>
[INFO] [stdout]   16:     0x62a5d00961fc - <unknown>
[INFO] [stdout]   17:     0x62a5d00b172c - <unknown>
[INFO] [stdout]   18:     0x62a5d0082c8a - <unknown>
[INFO] [stdout]   19:     0x7462ab7d5dfa - <unknown>
[INFO] [stdout]   20:     0x7462ab8693d4 - clone
[INFO] [stdout]   21:                0x0 - <unknown>
[INFO] [stderr] error: test failed, to rerun pass `--lib`
[INFO] [stderr] 
[INFO] [stderr] Caused by:
[INFO] [stderr]   process didn't exit successfully: `/opt/rustwide/target/release/deps/soroban_crowdfunding_contract-1e0a1a89192e875b` (signal: 6, SIGABRT: process abort signal)
[INFO] running `Command { std: "docker" "inspect" "9c7d9ad47daf4d7bbcbdb5cfd2b871052f23a67725429c0b0f981b7417f81843", kill_on_drop: false }`
[INFO] running `Command { std: "docker" "rm" "-f" "9c7d9ad47daf4d7bbcbdb5cfd2b871052f23a67725429c0b0f981b7417f81843", kill_on_drop: false }`
[INFO] [stdout] 9c7d9ad47daf4d7bbcbdb5cfd2b871052f23a67725429c0b0f981b7417f81843
