[INFO] cloning repository https://github.com/gagansingh894/pasys-rs
[INFO] running `Command { std: "git" "-c" "credential.helper=" "-c" "credential.helper=/workspace/cargo-home/bin/git-credential-null" "clone" "--bare" "https://github.com/gagansingh894/pasys-rs" "/workspace/cache/git-repos/https%3A%2F%2Fgithub.com%2Fgagansingh894%2Fpasys-rs", kill_on_drop: false }`
[INFO] [stderr] Cloning into bare repository '/workspace/cache/git-repos/https%3A%2F%2Fgithub.com%2Fgagansingh894%2Fpasys-rs'...
[INFO] running `Command { std: "git" "rev-parse" "HEAD", kill_on_drop: false }`
[INFO] [stdout] 239c3cfe057d84c97fe2cd22f1a10d2cec971077
[INFO] testing gagansingh894/pasys-rs against 1.99.0-beta.8+cargoflags=--release for beta-release-1.100-2
[INFO] running `Command { std: "git" "clone" "/workspace/cache/git-repos/https%3A%2F%2Fgithub.com%2Fgagansingh894%2Fpasys-rs" "/workspace/builds/worker-1-tc1/source", kill_on_drop: false }`
[INFO] [stderr] Cloning into '/workspace/builds/worker-1-tc1/source'...
[INFO] [stderr] done.
[INFO] started tweaking git repo https://github.com/gagansingh894/pasys-rs
[INFO] finished tweaking git repo https://github.com/gagansingh894/pasys-rs
[INFO] tweaked toml for git repo https://github.com/gagansingh894/pasys-rs written to /workspace/builds/worker-1-tc1/source/Cargo.toml
[INFO] validating manifest of git repo https://github.com/gagansingh894/pasys-rs on toolchain 1.99.0-beta.8
[INFO] running `Command { std: CARGO_HOME="/workspace/cargo-home" RUSTUP_HOME="/workspace/rustup-home" "/workspace/cargo-home/bin/cargo" "+1.99.0-beta.8" "metadata" "--manifest-path" "Cargo.toml" "--no-deps", kill_on_drop: false }`
[INFO] crate git repo https://github.com/gagansingh894/pasys-rs already has a lockfile, it will not be regenerated
[INFO] running `Command { std: CARGO_HOME="/workspace/cargo-home" RUSTUP_HOME="/workspace/rustup-home" "/workspace/cargo-home/bin/cargo" "+1.99.0-beta.8" "fetch" "--manifest-path" "Cargo.toml", kill_on_drop: false }`
[INFO] [stderr] warning: virtual workspace defaulting to `resolver = "1"` despite one or more workspace members being on edition 2024 which implies `resolver = "3"`
[INFO] [stderr]   |
[INFO] [stderr]   = note: to keep the current resolver, specify `workspace.resolver = "1"` in the workspace root's manifest
[INFO] [stderr]   = note: to use the edition 2024 resolver, specify `workspace.resolver = "3"` in the workspace root's manifest
[INFO] [stderr]   = note: for more details see https://doc.rust-lang.org/cargo/reference/resolver.html#resolver-versions
[INFO] [stderr]     Updating crates.io index
[INFO] [stderr]  Downloading crates ...
[INFO] [stderr]   Downloaded tonic-prost v0.14.2
[INFO] [stderr]   Downloaded tonic-reflection v0.14.2
[INFO] [stderr]   Downloaded cfg-if v1.0.3
[INFO] [stderr]   Downloaded windows-result v0.4.0
[INFO] [stderr]   Downloaded windows-link v0.2.0
[INFO] [stderr]   Downloaded redox_syscall v0.5.17
[INFO] [stderr]   Downloaded itoa v1.0.15
[INFO] [stderr]   Downloaded windows-core v0.62.0
[INFO] [stderr]   Downloaded windows-interface v0.59.1
[INFO] [stderr]   Downloaded num-iter v0.1.45
[INFO] [stderr]   Downloaded tracing-core v0.1.34
[INFO] [stderr]   Downloaded multimap v0.10.1
[INFO] [stderr]   Downloaded windows-strings v0.5.0
[INFO] [stderr]   Downloaded yoke-derive v0.8.0
[INFO] [stderr]   Downloaded quote v1.0.40
[INFO] [stderr]   Downloaded tokio-macros v2.5.0
[INFO] [stderr]   Downloaded axum-core v0.5.2
[INFO] [stderr]   Downloaded tonic-build v0.14.2
[INFO] [stderr]   Downloaded unicase v2.8.1
[INFO] [stderr]   Downloaded wasm-bindgen-shared v0.2.104
[INFO] [stderr]   Downloaded wasm-bindgen-macro v0.2.104
[INFO] [stderr]   Downloaded wasm-bindgen-macro-support v0.2.104
[INFO] [stderr]   Downloaded wasm-bindgen-backend v0.2.104
[INFO] [stderr]   Downloaded zerovec-derive v0.11.1
[INFO] [stderr]   Downloaded potential_utf v0.1.3
[INFO] [stderr]   Downloaded writeable v0.6.1
[INFO] [stderr]   Downloaded tinystr v0.8.1
[INFO] [stderr]   Downloaded deranged v0.5.4
[INFO] [stderr]   Downloaded find-msvc-tools v0.1.2
[INFO] [stderr]   Downloaded parking_lot_core v0.9.11
[INFO] [stderr]   Downloaded lock_api v0.4.13
[INFO] [stderr]   Downloaded windows-implement v0.60.0
[INFO] [stderr]   Downloaded unicode-properties v0.1.3
[INFO] [stderr]   Downloaded tracing v0.1.41
[INFO] [stderr]   Downloaded once_cell v1.21.3
[INFO] [stderr]   Downloaded socket2 v0.6.0
[INFO] [stderr]   Downloaded serde v1.0.226
[INFO] [stderr]   Downloaded tonic-prost-build v0.14.2
[INFO] [stderr]   Downloaded pulldown-cmark-to-cmark v21.0.0
[INFO] [stderr]   Downloaded wasm-bindgen v0.2.104
[INFO] [stderr]   Downloaded yoke v0.8.0
[INFO] [stderr]   Downloaded crc v3.3.0
[INFO] [stderr]   Downloaded unicode-ident v1.0.19
[INFO] [stderr]   Downloaded signal-hook-registry v1.4.6
[INFO] [stderr]   Downloaded prost v0.14.1
[INFO] [stderr]   Downloaded prost-derive v0.14.1
[INFO] [stderr]   Downloaded prost-types v0.14.1
[INFO] [stderr]   Downloaded getrandom v0.3.3
[INFO] [stderr]   Downloaded wasi v0.14.7+wasi-0.2.4
[INFO] [stderr]   Downloaded js-sys v0.3.81
[INFO] [stderr]   Downloaded icu_provider v2.0.0
[INFO] [stderr]   Downloaded litemap v0.8.0
[INFO] [stderr]   Downloaded icu_normalizer v2.0.0
[INFO] [stderr]   Downloaded thiserror v2.0.16
[INFO] [stderr]   Downloaded thiserror-impl v2.0.16
[INFO] [stderr]   Downloaded parking_lot v0.12.4
[INFO] [stderr]   Downloaded wasite v0.1.0
[INFO] [stderr]   Downloaded etcetera v0.8.0
[INFO] [stderr]   Downloaded sqlx-macros v0.8.6
[INFO] [stderr]   Downloaded tonic v0.14.2
[INFO] [stderr]   Downloaded tracing-attributes v0.1.30
[INFO] [stderr]   Downloaded proc-macro2 v1.0.101
[INFO] [stderr]   Downloaded log v0.4.28
[INFO] [stderr]   Downloaded bitflags v2.9.4
[INFO] [stderr]   Downloaded serde_derive v1.0.226
[INFO] [stderr]   Downloaded bytes v1.10.1
[INFO] [stderr]   Downloaded addr2line v0.24.2
[INFO] [stderr]   Downloaded tokio-stream v0.1.17
[INFO] [stderr]   Downloaded pin-project-internal v1.1.10
[INFO] [stderr]   Downloaded anyhow v1.0.100
[INFO] [stderr]   Downloaded prost-build v0.14.1
[INFO] [stderr]   Downloaded icu_properties v2.0.1
[INFO] [stderr]   Downloaded typenum v1.18.0
[INFO] [stderr]   Downloaded ryu v1.0.20
[INFO] [stderr]   Downloaded crossbeam-queue v0.3.12
[INFO] [stderr]   Downloaded whoami v1.6.1
[INFO] [stderr]   Downloaded home v0.5.11
[INFO] [stderr]   Downloaded dotenvy v0.15.7
[INFO] [stderr]   Downloaded zeroize v1.8.1
[INFO] [stderr]   Downloaded serde_core v1.0.226
[INFO] [stderr]   Downloaded backtrace v0.3.75
[INFO] [stderr]   Downloaded rustc-demangle v0.1.26
[INFO] [stderr]   Downloaded memchr v2.7.5
[INFO] [stderr]   Downloaded uuid v1.18.1
[INFO] [stderr]   Downloaded sqlx-sqlite v0.8.6
[INFO] [stderr]   Downloaded icu_locale_core v2.0.0
[INFO] [stderr]   Downloaded icu_normalizer_data v2.0.0
[INFO] [stderr]   Downloaded cc v1.2.38
[INFO] [stderr]   Downloaded futures-intrusive v0.5.0
[INFO] [stderr]   Downloaded stringprep v0.1.5
[INFO] [stderr]   Downloaded mio v1.0.4
[INFO] [stderr]   Downloaded pin-project v1.1.10
[INFO] [stderr]   Downloaded hyper-util v0.1.17
[INFO] [stderr]   Downloaded zerotrie v0.2.2
[INFO] [stderr]   Downloaded icu_collections v2.0.0
[INFO] [stderr]   Downloaded openssl-sys v0.9.109
[INFO] [stderr]   Downloaded unicode-normalization v0.1.24
[INFO] [stderr]   Downloaded pem-rfc7468 v0.7.0
[INFO] [stderr]   Downloaded base64ct v1.8.0
[INFO] [stderr]   Downloaded sqlx-macros-core v0.8.6
[INFO] [stderr]   Downloaded io-uring v0.7.10
[INFO] [stderr]   Downloaded indexmap v2.11.4
[INFO] [stderr]   Downloaded zerovec v0.11.4
[INFO] [stderr]   Downloaded rsa v0.9.8
[INFO] [stderr]   Downloaded sqlx-core v0.8.6
[INFO] [stderr]   Downloaded tokio-util v0.7.16
[INFO] [stderr]   Downloaded hashbrown v0.16.0
[INFO] [stderr]   Downloaded http v1.3.1
[INFO] [stderr]   Downloaded hyper v1.7.0
[INFO] [stderr]   Downloaded pulldown-cmark v0.13.0
[INFO] [stderr]   Downloaded icu_properties_data v2.0.1
[INFO] [stderr]   Downloaded unicode-bidi v0.3.18
[INFO] [stderr]   Downloaded pkcs1 v0.7.5
[INFO] [stderr]   Downloaded axum v0.8.4
[INFO] [stderr]   Downloaded regex v1.11.2
[INFO] [stderr]   Downloaded flume v0.11.1
[INFO] [stderr]   Downloaded sqlx v0.8.6
[INFO] [stderr]   Downloaded zerocopy-derive v0.8.27
[INFO] [stderr]   Downloaded sqlx-mysql v0.8.6
[INFO] [stderr]   Downloaded num-bigint-dig v0.8.4
[INFO] [stderr]   Downloaded openssl v0.10.73
[INFO] [stderr]   Downloaded sqlx-postgres v0.8.6
[INFO] [stderr]   Downloaded gimli v0.31.1
[INFO] [stderr]   Downloaded syn v2.0.106
[INFO] [stderr]   Downloaded chrono v0.4.42
[INFO] [stderr]   Downloaded zerocopy v0.8.27
[INFO] [stderr]   Downloaded object v0.36.7
[INFO] [stderr]   Downloaded regex-syntax v0.8.6
[INFO] [stderr]   Downloaded regex-automata v0.4.10
[INFO] [stderr]   Downloaded petgraph v0.7.1
[INFO] [stderr]   Downloaded tokio v1.47.1
[INFO] [stderr]   Downloaded libc v0.2.176
[INFO] [stderr]   Downloaded windows-sys v0.61.0
[INFO] [stderr]   Downloaded libsqlite3-sys v0.30.1
[INFO] running `Command { std: "docker" "create" "-v" "/var/lib/crater-agent-workspace/builds/worker-1-tc1/source:/opt/rustwide/workdir:ro,Z" "-v" "/var/lib/crater-agent-workspace/builds/worker-1-tc1/target:/opt/rustwide/target:rw,Z" "-v" "/var/lib/crater-agent-workspace/cargo-home:/opt/rustwide/cargo-home:ro,Z" "-v" "/var/lib/crater-agent-workspace/rustup-home:/opt/rustwide/rustup-home:ro,Z" "-m" "1610612736" "--network" "none" "ghcr.io/rust-lang/crates-build-env/linux@sha256:77db811e55d90add9212f6832c23229e3de5f1c1f9905e8cb07319ea15df73ac" "sleep" "infinity", kill_on_drop: false }`
[INFO] [stdout] f823b533775aeaba220cbf1290d5e728d16741fc47784b000a00002a77f43fb5
[INFO] running `Command { std: "docker" "start" "f823b533775aeaba220cbf1290d5e728d16741fc47784b000a00002a77f43fb5", kill_on_drop: false }`
[INFO] running `Command { std: "docker" "inspect" "f823b533775aeaba220cbf1290d5e728d16741fc47784b000a00002a77f43fb5", kill_on_drop: false }`
[INFO] running `Command { std: "docker" "exec" "-e" "SOURCE_DIR=/opt/rustwide/workdir" "-e" "CARGO_HOME=/opt/rustwide/cargo-home" "-e" "RUSTUP_HOME=/opt/rustwide/rustup-home" "-e" "CARGO_TARGET_DIR=/opt/rustwide/target" "-w" "/opt/rustwide/workdir" "--user" "0:0" "f823b533775aeaba220cbf1290d5e728d16741fc47784b000a00002a77f43fb5" "/opt/rustwide/cargo-home/bin/cargo" "+1.99.0-beta.8" "metadata" "--no-deps" "--format-version=1", kill_on_drop: false }`
[INFO] running `Command { std: "docker" "inspect" "f823b533775aeaba220cbf1290d5e728d16741fc47784b000a00002a77f43fb5", kill_on_drop: false }`
[INFO] running `Command { std: "docker" "exec" "-e" "SOURCE_DIR=/opt/rustwide/workdir" "-e" "CARGO_HOME=/opt/rustwide/cargo-home" "-e" "RUSTUP_HOME=/opt/rustwide/rustup-home" "-e" "CARGO_TARGET_DIR=/opt/rustwide/target" "-e" "CARGO_INCREMENTAL=0" "-e" "RUST_BACKTRACE=full" "-e" "RUSTFLAGS=--cap-lints=warn" "-e" "RUSTDOCFLAGS=--cap-lints=warn" "-w" "/opt/rustwide/workdir" "--user" "0:0" "f823b533775aeaba220cbf1290d5e728d16741fc47784b000a00002a77f43fb5" "/opt/rustwide/cargo-home/bin/cargo" "+1.99.0-beta.8" "build" "--frozen" "--message-format=json" "--release", kill_on_drop: false }`
[INFO] [stderr] warning: virtual workspace defaulting to `resolver = "1"` despite one or more workspace members being on edition 2024 which implies `resolver = "3"`
[INFO] [stderr]   |
[INFO] [stderr]   = note: to keep the current resolver, specify `workspace.resolver = "1"` in the workspace root's manifest
[INFO] [stderr]   = note: to use the edition 2024 resolver, specify `workspace.resolver = "3"` in the workspace root's manifest
[INFO] [stderr]   = note: for more details see https://doc.rust-lang.org/cargo/reference/resolver.html#resolver-versions
[INFO] [stderr]    Compiling proc-macro2 v1.0.101
[INFO] [stderr]    Compiling unicode-ident v1.0.19
[INFO] [stderr]    Compiling libc v0.2.176
[INFO] [stderr]    Compiling serde_core v1.0.226
[INFO] [stderr]    Compiling serde v1.0.226
[INFO] [stderr]    Compiling cfg-if v1.0.3
[INFO] [stderr]    Compiling typenum v1.18.0
[INFO] [stderr]    Compiling version_check v0.9.5
[INFO] [stderr]    Compiling getrandom v0.3.3
[INFO] [stderr]    Compiling autocfg v1.5.0
[INFO] [stderr]    Compiling bytes v1.10.1
[INFO] [stderr]    Compiling pin-project-lite v0.2.16
[INFO] [stderr]    Compiling anyhow v1.0.100
[INFO] [stderr]    Compiling bitflags v2.9.4
[INFO] [stderr]    Compiling futures-core v0.3.31
[INFO] [stderr]    Compiling shlex v1.3.0
[INFO] [stderr]    Compiling find-msvc-tools v0.1.2
[INFO] [stderr]    Compiling once_cell v1.21.3
[INFO] [stderr]    Compiling pkg-config v0.3.32
[INFO] [stderr]    Compiling vcpkg v0.2.15
[INFO] [stderr]    Compiling equivalent v1.0.2
[INFO] [stderr]    Compiling itoa v1.0.15
[INFO] [stderr]    Compiling memchr v2.7.5
[INFO] [stderr]    Compiling icu_normalizer_data v2.0.0
[INFO] [stderr]    Compiling cc v1.2.38
[INFO] [stderr]    Compiling generic-array v0.14.7
[INFO] [stderr]    Compiling icu_properties_data v2.0.1
[INFO] [stderr]    Compiling hashbrown v0.16.0
[INFO] [stderr]    Compiling futures-sink v0.3.31
[INFO] [stderr]    Compiling stable_deref_trait v1.2.0
[INFO] [stderr]    Compiling log v0.4.28
[INFO] [stderr]    Compiling crossbeam-utils v0.8.21
[INFO] [stderr]    Compiling tracing-core v0.1.34
[INFO] [stderr]    Compiling quote v1.0.40
[INFO] [stderr]    Compiling syn v2.0.106
[INFO] [stderr]    Compiling slab v0.4.11
[INFO] [stderr]    Compiling num-traits v0.2.19
[INFO] [stderr]    Compiling lock_api v0.4.13
[INFO] [stderr]    Compiling indexmap v2.11.4
[INFO] [stderr]    Compiling pin-utils v0.1.0
[INFO] [stderr]    Compiling zerocopy v0.8.27
[INFO] [stderr]    Compiling parking_lot_core v0.9.11
[INFO] [stderr]    Compiling futures-io v0.3.31
[INFO] [stderr]    Compiling heck v0.5.0
[INFO] [stderr]    Compiling futures-task v0.3.31
[INFO] [stderr]    Compiling fnv v1.0.7
[INFO] [stderr]    Compiling pulldown-cmark v0.13.0
[INFO] [stderr]    Compiling prettyplease v0.2.37
[INFO] [stderr]    Compiling http v1.3.1
[INFO] [stderr]    Compiling openssl v0.10.73
[INFO] [stderr]    Compiling rustix v1.1.2
[INFO] [stderr]    Compiling writeable v0.6.1
[INFO] [stderr]    Compiling unicase v2.8.1
[INFO] [stderr]    Compiling percent-encoding v2.3.2
[INFO] [stderr]    Compiling socket2 v0.6.0
[INFO] [stderr]    Compiling signal-hook-registry v1.4.6
[INFO] [stderr]    Compiling mio v1.0.4
[INFO] [stderr]    Compiling regex-syntax v0.8.6
[INFO] [stderr]    Compiling litemap v0.8.0
[INFO] [stderr]    Compiling futures-util v0.3.31
[INFO] [stderr]    Compiling linux-raw-sys v0.11.0
[INFO] [stderr]    Compiling openssl-sys v0.9.109
[INFO] [stderr]    Compiling futures-channel v0.3.31
[INFO] [stderr]    Compiling thiserror v2.0.16
[INFO] [stderr]    Compiling native-tls v0.2.14
[INFO] [stderr]    Compiling fastrand v2.3.0
[INFO] [stderr]    Compiling serde_json v1.0.145
[INFO] [stderr]    Compiling fixedbitset v0.5.7
[INFO] [stderr]    Compiling http-body v1.0.1
[INFO] [stderr]    Compiling time-core v0.1.6
[INFO] [stderr]    Compiling subtle v2.6.1
[INFO] [stderr]    Compiling multimap v0.10.1
[INFO] [stderr]    Compiling tower-service v0.3.3
[INFO] [stderr]    Compiling httparse v1.10.1
[INFO] [stderr]    Compiling petgraph v0.7.1
[INFO] [stderr]    Compiling block-buffer v0.10.4
[INFO] [stderr]    Compiling crypto-common v0.1.6
[INFO] [stderr]    Compiling num-conv v0.1.0
[INFO] [stderr]    Compiling digest v0.10.7
[INFO] [stderr]    Compiling regex-automata v0.4.10
[INFO] [stderr]    Compiling time-macros v0.2.24
[INFO] [stderr]    Compiling base64 v0.22.1
[INFO] [stderr]    Compiling try-lock v0.2.5
[INFO] [stderr]    Compiling atomic-waker v1.1.2
[INFO] [stderr]    Compiling rustversion v1.0.22
[INFO] [stderr]    Compiling want v0.3.1
[INFO] [stderr]    Compiling pulldown-cmark-to-cmark v21.0.0
[INFO] [stderr]    Compiling sync_wrapper v1.0.2
[INFO] [stderr]    Compiling foreign-types-shared v0.1.1
[INFO] [stderr]    Compiling httpdate v1.0.3
[INFO] [stderr]    Compiling tower-layer v0.3.3
[INFO] [stderr]    Compiling scopeguard v1.2.0
[INFO] [stderr]    Compiling foreign-types v0.3.2
[INFO] [stderr]    Compiling http-body-util v0.1.3
[INFO] [stderr]    Compiling getrandom v0.2.16
[INFO] [stderr]    Compiling tinyvec_macros v0.1.1
[INFO] [stderr]    Compiling allocator-api2 v0.2.21
[INFO] [stderr]    Compiling foldhash v0.1.5
[INFO] [stderr]    Compiling mime v0.3.17
[INFO] [stderr]    Compiling tempfile v3.23.0
[INFO] [stderr]    Compiling utf8_iter v1.0.4
[INFO] [stderr]    Compiling powerfmt v0.2.0
[INFO] [stderr]    Compiling form_urlencoded v1.2.2
[INFO] [stderr]    Compiling deranged v0.5.4
[INFO] [stderr]    Compiling tinyvec v1.10.0
[INFO] [stderr]    Compiling hashbrown v0.15.5
[INFO] [stderr]    Compiling rand_core v0.6.4
[INFO] [stderr]    Compiling concurrent-queue v2.5.0
[INFO] [stderr]    Compiling axum-core v0.5.2
[INFO] [stderr]    Compiling cpufeatures v0.2.17
[INFO] [stderr]    Compiling parking v2.2.1
[INFO] [stderr]    Compiling iana-time-zone v0.1.64
[INFO] [stderr]    Compiling matchit v0.8.4
[INFO] [stderr]    Compiling openssl-probe v0.1.6
[INFO] [stderr]    Compiling crc-catalog v2.4.0
[INFO] [stderr]    Compiling ryu v1.0.20
[INFO] [stderr]    Compiling crc v3.3.0
[INFO] [stderr]    Compiling unicode-normalization v0.1.24
[INFO] [stderr]    Compiling chrono v0.4.42
[INFO] [stderr]    Compiling event-listener v5.4.1
[INFO] [stderr]    Compiling regex v1.11.2
[INFO] [stderr]    Compiling hashlink v0.10.0
[INFO] [stderr]    Compiling sha2 v0.10.9
[INFO] [stderr]    Compiling crossbeam-queue v0.3.12
[INFO] [stderr]    Compiling hmac v0.12.1
[INFO] [stderr]    Compiling uuid v1.18.1
[INFO] [stderr]    Compiling unicode-properties v0.1.3
[INFO] [stderr]    Compiling unicode-bidi v0.3.18
[INFO] [stderr]    Compiling synstructure v0.13.2
[INFO] [stderr]    Compiling ppv-lite86 v0.2.21
[INFO] [stderr]    Compiling time v0.3.44
[INFO] [stderr]    Compiling stringprep v0.1.5
[INFO] [stderr]    Compiling hkdf v0.12.4
[INFO] [stderr]    Compiling atoi v2.0.0
[INFO] [stderr]    Compiling rand_chacha v0.3.1
[INFO] [stderr]    Compiling tonic-build v0.14.2
[INFO] [stderr]    Compiling md-5 v0.10.6
[INFO] [stderr]    Compiling whoami v1.6.1
[INFO] [stderr]    Compiling home v0.5.11
[INFO] [stderr]    Compiling dotenvy v0.15.7
[INFO] [stderr]    Compiling byteorder v1.5.0
[INFO] [stderr]    Compiling hex v0.4.3
[INFO] [stderr]    Compiling rand v0.8.5
[INFO] [stderr]    Compiling pasys-api v0.1.0 (/opt/rustwide/workdir/pasys-api)
[INFO] [stderr]    Compiling pasys v0.1.0 (/opt/rustwide/workdir/pasys)
[INFO] [stderr]    Compiling settlement-processor v0.1.0 (/opt/rustwide/workdir/settlement-processor)
[INFO] [stderr]    Compiling ledger-consumer v0.1.0 (/opt/rustwide/workdir/ledger-consumer)
[INFO] [stderr]    Compiling serde_derive v1.0.226
[INFO] [stderr]    Compiling zerofrom-derive v0.1.6
[INFO] [stderr]    Compiling yoke-derive v0.8.0
[INFO] [stderr]    Compiling zerovec-derive v0.11.1
[INFO] [stderr]    Compiling displaydoc v0.2.5
[INFO] [stderr]    Compiling tokio-macros v2.5.0
[INFO] [stderr]    Compiling tracing-attributes v0.1.30
[INFO] [stderr]    Compiling openssl-macros v0.1.1
[INFO] [stderr]    Compiling thiserror-impl v2.0.16
[INFO] [stderr]    Compiling tokio v1.47.1
[INFO] [stderr]    Compiling pin-project-internal v1.1.10
[INFO] [stderr]    Compiling async-trait v0.1.89
[INFO] [stderr]    Compiling fraud-detector v0.1.0 (/opt/rustwide/workdir/fraud-detector)
[INFO] [stderr]    Compiling refund-processor v0.1.0 (/opt/rustwide/workdir/refund-processor)
[INFO] [stderr]    Compiling zerofrom v0.1.6
[INFO] [stderr]    Compiling yoke v0.8.0
[INFO] [stderr]    Compiling tracing v0.1.41
[INFO] [stderr]    Compiling zerovec v0.11.4
[INFO] [stderr]    Compiling zerotrie v0.2.2
[INFO] [stderr]    Compiling pin-project v1.1.10
[INFO] [stderr]    Compiling tinystr v0.8.1
[INFO] [stderr]    Compiling potential_utf v0.1.3
[INFO] [stderr]    Compiling icu_locale_core v2.0.0
[INFO] [stderr]    Compiling icu_collections v2.0.0
[INFO] [stderr]    Compiling icu_provider v2.0.0
[INFO] [stderr]    Compiling either v1.15.0
[INFO] [stderr]    Compiling smallvec v1.15.1
[INFO] [stderr]    Compiling itertools v0.14.0
[INFO] [stderr]    Compiling icu_properties v2.0.1
[INFO] [stderr]    Compiling icu_normalizer v2.0.0
[INFO] [stderr]    Compiling parking_lot v0.12.4
[INFO] [stderr]    Compiling futures-intrusive v0.5.0
[INFO] [stderr]    Compiling idna_adapter v1.2.1
[INFO] [stderr]    Compiling idna v1.1.0
[INFO] [stderr]    Compiling tokio-stream v0.1.17
[INFO] [stderr]    Compiling url v2.5.7
[INFO] [stderr]    Compiling sqlx-core v0.8.6
[INFO] [stderr]    Compiling prost-derive v0.14.1
[INFO] [stderr]    Compiling prost v0.14.1
[INFO] [stderr]    Compiling prost-types v0.14.1
[INFO] [stderr]    Compiling tokio-util v0.7.16
[INFO] [stderr]    Compiling h2 v0.4.12
[INFO] [stderr]    Compiling tower v0.5.2
[INFO] [stderr]    Compiling sqlx-postgres v0.8.6
[INFO] [stderr]    Compiling prost-build v0.14.1
[INFO] [stderr]    Compiling axum v0.8.4
[INFO] [stderr]    Compiling tonic-prost-build v0.14.2
[INFO] [stderr]    Compiling ledger-proto v0.1.0 (/opt/rustwide/workdir/ledger-proto)
[INFO] [stderr]    Compiling accounts-proto v0.1.0 (/opt/rustwide/workdir/accounts-proto)
[INFO] [stderr]    Compiling events-proto v0.1.0 (/opt/rustwide/workdir/events-proto)
[INFO] [stderr]    Compiling sqlx-macros-core v0.8.6
[INFO] [stderr]    Compiling sqlx-macros v0.8.6
[INFO] [stderr]    Compiling hyper v1.7.0
[INFO] [stderr]    Compiling hyper-util v0.1.17
[INFO] [stderr]    Compiling hyper-timeout v0.5.2
[INFO] [stderr]    Compiling tonic v0.14.2
[INFO] [stderr]    Compiling sqlx v0.8.6
[INFO] [stderr]    Compiling common v0.1.0 (/opt/rustwide/workdir/common)
[INFO] [stderr]    Compiling tonic-prost v0.14.2
[INFO] [stderr]    Compiling tonic-reflection v0.14.2
[INFO] [stderr]    Compiling ledger v0.1.0 (/opt/rustwide/workdir/ledger)
[INFO] [stdout] warning: unused import: `PgLedgerRepository`
[INFO] [stdout]  --> ledger/src/service/mod.rs:1:37
[INFO] [stdout]   |
[INFO] [stdout] 1 | use crate::repo::{LedgerRepository, PgLedgerRepository};
[INFO] [stdout]   |                                     ^^^^^^^^^^^^^^^^^^
[INFO] [stdout]   |
[INFO] [stdout]   = note: `#[warn(unused_imports)]` (part of `#[warn(unused)]`) on by default
[INFO] [stdout] 
[INFO] [stdout] 
[INFO] [stdout] warning: unused variable: `request`
[INFO] [stdout]   --> ledger/src/api/mod.rs:14:9
[INFO] [stdout]    |
[INFO] [stdout] 14 |         request: tonic::Request<()>,
[INFO] [stdout]    |         ^^^^^^^ help: if this is intentional, prefix it with an underscore: `_request`
[INFO] [stdout]    |
[INFO] [stdout]    = note: `#[warn(unused_variables)]` (part of `#[warn(unused)]`) on by default
[INFO] [stdout] 
[INFO] [stdout] 
[INFO] [stdout] warning: unused variable: `request`
[INFO] [stdout]   --> ledger/src/api/mod.rs:21:9
[INFO] [stdout]    |
[INFO] [stdout] 21 |         request: tonic::Request<CreateTransactionRequest>,
[INFO] [stdout]    |         ^^^^^^^ help: if this is intentional, prefix it with an underscore: `_request`
[INFO] [stdout] 
[INFO] [stdout] 
[INFO] [stdout] warning: enum `Type` is never used
[INFO] [stdout]  --> ledger/src/domain/entry.rs:2:10
[INFO] [stdout]   |
[INFO] [stdout] 2 | pub enum Type {
[INFO] [stdout]   |          ^^^^
[INFO] [stdout]   |
[INFO] [stdout]   = note: `#[warn(dead_code)]` (part of `#[warn(unused)]`) on by default
[INFO] [stdout] 
[INFO] [stdout] 
[INFO] [stdout] warning: struct `Entry` is never constructed
[INFO] [stdout]  --> ledger/src/domain/entry.rs:8:12
[INFO] [stdout]   |
[INFO] [stdout] 8 | pub struct Entry {
[INFO] [stdout]   |            ^^^^^
[INFO] [stdout] 
[INFO] [stdout] 
[INFO] [stdout] warning: enum `Status` is never used
[INFO] [stdout]  --> ledger/src/domain/transaction.rs:2:10
[INFO] [stdout]   |
[INFO] [stdout] 2 | pub enum Status {
[INFO] [stdout]   |          ^^^^^^
[INFO] [stdout] 
[INFO] [stdout] 
[INFO] [stdout] warning: struct `Transaction` is never constructed
[INFO] [stdout]   --> ledger/src/domain/transaction.rs:13:12
[INFO] [stdout]    |
[INFO] [stdout] 13 | pub struct Transaction {
[INFO] [stdout]    |            ^^^^^^^^^^^
[INFO] [stdout] 
[INFO] [stdout] 
[INFO] [stdout] warning: field `db` is never read
[INFO] [stdout]  --> ledger/src/repo/mod.rs:6:5
[INFO] [stdout]   |
[INFO] [stdout] 5 | pub struct PgLedgerRepository {
[INFO] [stdout]   |            ------------------ field in this struct
[INFO] [stdout] 6 |     db: Database,
[INFO] [stdout]   |     ^^
[INFO] [stdout]   |
[INFO] [stdout]   = note: `PgLedgerRepository` has derived impls for the traits `Clone` and `Debug`, but these are intentionally ignored during dead code analysis
[INFO] [stdout] 
[INFO] [stdout] 
[INFO] [stdout] warning: field `repo` is never read
[INFO] [stdout]  --> ledger/src/service/mod.rs:7:5
[INFO] [stdout]   |
[INFO] [stdout] 3 | pub struct LedgerService<R>
[INFO] [stdout]   |            ------------- field in this struct
[INFO] [stdout] ...
[INFO] [stdout] 7 |     repo: R,
[INFO] [stdout]   |     ^^^^
[INFO] [stdout] 
[INFO] [stdout] 
[INFO] [stderr]    Compiling accounts v0.1.0 (/opt/rustwide/workdir/accounts)
[INFO] [stderr]     Finished `release` profile [optimized] target(s) in 2m 37s
[INFO] running `Command { std: "docker" "inspect" "f823b533775aeaba220cbf1290d5e728d16741fc47784b000a00002a77f43fb5", kill_on_drop: false }`
[INFO] running `Command { std: "docker" "exec" "-e" "SOURCE_DIR=/opt/rustwide/workdir" "-e" "CARGO_HOME=/opt/rustwide/cargo-home" "-e" "RUSTUP_HOME=/opt/rustwide/rustup-home" "-e" "CARGO_TARGET_DIR=/opt/rustwide/target" "-e" "CARGO_INCREMENTAL=0" "-e" "RUST_BACKTRACE=full" "-e" "RUSTFLAGS=--cap-lints=warn" "-e" "RUSTDOCFLAGS=--cap-lints=warn" "-w" "/opt/rustwide/workdir" "--user" "0:0" "f823b533775aeaba220cbf1290d5e728d16741fc47784b000a00002a77f43fb5" "/opt/rustwide/cargo-home/bin/cargo" "+1.99.0-beta.8" "test" "--frozen" "--no-run" "--message-format=json" "--release", kill_on_drop: false }`
[INFO] [stderr] warning: virtual workspace defaulting to `resolver = "1"` despite one or more workspace members being on edition 2024 which implies `resolver = "3"`
[INFO] [stderr]   |
[INFO] [stderr]   = note: to keep the current resolver, specify `workspace.resolver = "1"` in the workspace root's manifest
[INFO] [stderr]   = note: to use the edition 2024 resolver, specify `workspace.resolver = "3"` in the workspace root's manifest
[INFO] [stderr]   = note: for more details see https://doc.rust-lang.org/cargo/reference/resolver.html#resolver-versions
[INFO] [stderr]    Compiling fraud-detector v0.1.0 (/opt/rustwide/workdir/fraud-detector)
[INFO] [stderr]    Compiling pasys v0.1.0 (/opt/rustwide/workdir/pasys)
[INFO] [stderr]    Compiling settlement-processor v0.1.0 (/opt/rustwide/workdir/settlement-processor)
[INFO] [stderr]    Compiling ledger-consumer v0.1.0 (/opt/rustwide/workdir/ledger-consumer)
[INFO] [stderr]    Compiling refund-processor v0.1.0 (/opt/rustwide/workdir/refund-processor)
[INFO] [stderr]    Compiling pasys-api v0.1.0 (/opt/rustwide/workdir/pasys-api)
[INFO] [stderr]    Compiling ledger-proto v0.1.0 (/opt/rustwide/workdir/ledger-proto)
[INFO] [stderr]    Compiling events-proto v0.1.0 (/opt/rustwide/workdir/events-proto)
[INFO] [stderr]    Compiling accounts-proto v0.1.0 (/opt/rustwide/workdir/accounts-proto)
[INFO] [stderr]    Compiling common v0.1.0 (/opt/rustwide/workdir/common)
[INFO] [stderr]    Compiling accounts v0.1.0 (/opt/rustwide/workdir/accounts)
[INFO] [stdout] warning: unused import: `PgLedgerRepository`
[INFO] [stdout]  --> ledger/src/service/mod.rs:1:37
[INFO] [stdout]   |
[INFO] [stdout] 1 | use crate::repo::{LedgerRepository, PgLedgerRepository};
[INFO] [stdout]   |                                     ^^^^^^^^^^^^^^^^^^
[INFO] [stdout]   |
[INFO] [stdout]   = note: `#[warn(unused_imports)]` (part of `#[warn(unused)]`) on by default
[INFO] [stdout] 
[INFO] [stdout] 
[INFO] [stdout] warning: unused variable: `request`
[INFO] [stdout]   --> ledger/src/api/mod.rs:14:9
[INFO] [stdout]    |
[INFO] [stdout] 14 |         request: tonic::Request<()>,
[INFO] [stdout]    |         ^^^^^^^ help: if this is intentional, prefix it with an underscore: `_request`
[INFO] [stdout]    |
[INFO] [stdout]    = note: `#[warn(unused_variables)]` (part of `#[warn(unused)]`) on by default
[INFO] [stdout] 
[INFO] [stdout] 
[INFO] [stdout] warning: unused variable: `request`
[INFO] [stdout]   --> ledger/src/api/mod.rs:21:9
[INFO] [stdout]    |
[INFO] [stdout] 21 |         request: tonic::Request<CreateTransactionRequest>,
[INFO] [stdout]    |         ^^^^^^^ help: if this is intentional, prefix it with an underscore: `_request`
[INFO] [stdout] 
[INFO] [stdout] 
[INFO] [stdout] warning: enum `Type` is never used
[INFO] [stdout]  --> ledger/src/domain/entry.rs:2:10
[INFO] [stdout]   |
[INFO] [stdout] 2 | pub enum Type {
[INFO] [stdout]   |          ^^^^
[INFO] [stdout]   |
[INFO] [stdout]   = note: `#[warn(dead_code)]` (part of `#[warn(unused)]`) on by default
[INFO] [stdout] 
[INFO] [stdout] 
[INFO] [stdout] warning: struct `Entry` is never constructed
[INFO] [stdout]  --> ledger/src/domain/entry.rs:8:12
[INFO] [stdout]   |
[INFO] [stdout] 8 | pub struct Entry {
[INFO] [stdout]   |            ^^^^^
[INFO] [stdout] 
[INFO] [stdout] 
[INFO] [stdout] warning: enum `Status` is never used
[INFO] [stdout]  --> ledger/src/domain/transaction.rs:2:10
[INFO] [stdout]   |
[INFO] [stdout] 2 | pub enum Status {
[INFO] [stdout]   |          ^^^^^^
[INFO] [stdout] 
[INFO] [stdout] 
[INFO] [stdout] warning: struct `Transaction` is never constructed
[INFO] [stdout]   --> ledger/src/domain/transaction.rs:13:12
[INFO] [stdout]    |
[INFO] [stdout] 13 | pub struct Transaction {
[INFO] [stdout]    |            ^^^^^^^^^^^
[INFO] [stdout] 
[INFO] [stdout] 
[INFO] [stdout] warning: field `db` is never read
[INFO] [stdout]  --> ledger/src/repo/mod.rs:6:5
[INFO] [stdout]   |
[INFO] [stdout] 5 | pub struct PgLedgerRepository {
[INFO] [stdout]   |            ------------------ field in this struct
[INFO] [stdout] 6 |     db: Database,
[INFO] [stdout]   |     ^^
[INFO] [stdout]   |
[INFO] [stdout]   = note: `PgLedgerRepository` has derived impls for the traits `Clone` and `Debug`, but these are intentionally ignored during dead code analysis
[INFO] [stdout] 
[INFO] [stdout] 
[INFO] [stdout] warning: field `repo` is never read
[INFO] [stdout]  --> ledger/src/service/mod.rs:7:5
[INFO] [stdout]   |
[INFO] [stdout] 3 | pub struct LedgerService<R>
[INFO] [stdout]   |            ------------- field in this struct
[INFO] [stdout] ...
[INFO] [stdout] 7 |     repo: R,
[INFO] [stdout]   |     ^^^^
[INFO] [stdout] 
[INFO] [stdout] 
[INFO] [stderr]    Compiling ledger v0.1.0 (/opt/rustwide/workdir/ledger)
[INFO] [stdout] warning: unused import: `PgLedgerRepository`
[INFO] [stdout]  --> ledger/src/service/mod.rs:1:37
[INFO] [stdout]   |
[INFO] [stdout] 1 | use crate::repo::{LedgerRepository, PgLedgerRepository};
[INFO] [stdout]   |                                     ^^^^^^^^^^^^^^^^^^
[INFO] [stdout]   |
[INFO] [stdout]   = note: `#[warn(unused_imports)]` (part of `#[warn(unused)]`) on by default
[INFO] [stdout] 
[INFO] [stdout] 
[INFO] [stdout] warning: unused variable: `request`
[INFO] [stdout]   --> ledger/src/api/mod.rs:14:9
[INFO] [stdout]    |
[INFO] [stdout] 14 |         request: tonic::Request<()>,
[INFO] [stdout]    |         ^^^^^^^ help: if this is intentional, prefix it with an underscore: `_request`
[INFO] [stdout]    |
[INFO] [stdout]    = note: `#[warn(unused_variables)]` (part of `#[warn(unused)]`) on by default
[INFO] [stdout] 
[INFO] [stdout] 
[INFO] [stdout] warning: unused variable: `request`
[INFO] [stdout]   --> ledger/src/api/mod.rs:21:9
[INFO] [stdout]    |
[INFO] [stdout] 21 |         request: tonic::Request<CreateTransactionRequest>,
[INFO] [stdout]    |         ^^^^^^^ help: if this is intentional, prefix it with an underscore: `_request`
[INFO] [stdout] 
[INFO] [stdout] 
[INFO] [stdout] warning: enum `Type` is never used
[INFO] [stdout]  --> ledger/src/domain/entry.rs:2:10
[INFO] [stdout]   |
[INFO] [stdout] 2 | pub enum Type {
[INFO] [stdout]   |          ^^^^
[INFO] [stdout]   |
[INFO] [stdout]   = note: `#[warn(dead_code)]` (part of `#[warn(unused)]`) on by default
[INFO] [stdout] 
[INFO] [stdout] 
[INFO] [stdout] warning: struct `Entry` is never constructed
[INFO] [stdout]  --> ledger/src/domain/entry.rs:8:12
[INFO] [stdout]   |
[INFO] [stdout] 8 | pub struct Entry {
[INFO] [stdout]   |            ^^^^^
[INFO] [stdout] 
[INFO] [stdout] 
[INFO] [stdout] warning: enum `Status` is never used
[INFO] [stdout]  --> ledger/src/domain/transaction.rs:2:10
[INFO] [stdout]   |
[INFO] [stdout] 2 | pub enum Status {
[INFO] [stdout]   |          ^^^^^^
[INFO] [stdout] 
[INFO] [stdout] 
[INFO] [stdout] warning: struct `Transaction` is never constructed
[INFO] [stdout]   --> ledger/src/domain/transaction.rs:13:12
[INFO] [stdout]    |
[INFO] [stdout] 13 | pub struct Transaction {
[INFO] [stdout]    |            ^^^^^^^^^^^
[INFO] [stdout] 
[INFO] [stdout] 
[INFO] [stdout] warning: field `db` is never read
[INFO] [stdout]  --> ledger/src/repo/mod.rs:6:5
[INFO] [stdout]   |
[INFO] [stdout] 5 | pub struct PgLedgerRepository {
[INFO] [stdout]   |            ------------------ field in this struct
[INFO] [stdout] 6 |     db: Database,
[INFO] [stdout]   |     ^^
[INFO] [stdout]   |
[INFO] [stdout]   = note: `PgLedgerRepository` has derived impls for the traits `Clone` and `Debug`, but these are intentionally ignored during dead code analysis
[INFO] [stdout] 
[INFO] [stdout] 
[INFO] [stdout] warning: field `repo` is never read
[INFO] [stdout]  --> ledger/src/service/mod.rs:7:5
[INFO] [stdout]   |
[INFO] [stdout] 3 | pub struct LedgerService<R>
[INFO] [stdout]   |            ------------- field in this struct
[INFO] [stdout] ...
[INFO] [stdout] 7 |     repo: R,
[INFO] [stdout]   |     ^^^^
[INFO] [stdout] 
[INFO] [stdout] 
[INFO] [stderr]     Finished `release` profile [optimized] target(s) in 6.15s
[INFO] running `Command { std: "docker" "inspect" "f823b533775aeaba220cbf1290d5e728d16741fc47784b000a00002a77f43fb5", kill_on_drop: false }`
[INFO] running `Command { std: "docker" "exec" "-e" "SOURCE_DIR=/opt/rustwide/workdir" "-e" "CARGO_HOME=/opt/rustwide/cargo-home" "-e" "RUSTUP_HOME=/opt/rustwide/rustup-home" "-e" "CARGO_TARGET_DIR=/opt/rustwide/target" "-e" "CARGO_INCREMENTAL=0" "-e" "RUST_BACKTRACE=full" "-e" "RUSTFLAGS=--cap-lints=warn" "-e" "RUSTDOCFLAGS=--cap-lints=warn" "-w" "/opt/rustwide/workdir" "--user" "0:0" "f823b533775aeaba220cbf1290d5e728d16741fc47784b000a00002a77f43fb5" "/opt/rustwide/cargo-home/bin/cargo" "+1.99.0-beta.8" "test" "--frozen" "--release", kill_on_drop: false }`
[INFO] [stderr] warning: virtual workspace defaulting to `resolver = "1"` despite one or more workspace members being on edition 2024 which implies `resolver = "3"`
[INFO] [stderr]   |
[INFO] [stderr]   = note: to keep the current resolver, specify `workspace.resolver = "1"` in the workspace root's manifest
[INFO] [stderr]   = note: to use the edition 2024 resolver, specify `workspace.resolver = "3"` in the workspace root's manifest
[INFO] [stderr]   = note: for more details see https://doc.rust-lang.org/cargo/reference/resolver.html#resolver-versions
[INFO] [stderr] warning: unused import: `PgLedgerRepository`
[INFO] [stderr]  --> ledger/src/service/mod.rs:1:37
[INFO] [stderr]   |
[INFO] [stderr] 1 | use crate::repo::{LedgerRepository, PgLedgerRepository};
[INFO] [stderr]   |                                     ^^^^^^^^^^^^^^^^^^
[INFO] [stderr]   |
[INFO] [stderr]   = note: `#[warn(unused_imports)]` (part of `#[warn(unused)]`) on by default
[INFO] [stderr] 
[INFO] [stderr] warning: unused variable: `request`
[INFO] [stderr]   --> ledger/src/api/mod.rs:14:9
[INFO] [stderr]    |
[INFO] [stderr] 14 |         request: tonic::Request<()>,
[INFO] [stderr]    |         ^^^^^^^ help: if this is intentional, prefix it with an underscore: `_request`
[INFO] [stderr]    |
[INFO] [stderr]    = note: `#[warn(unused_variables)]` (part of `#[warn(unused)]`) on by default
[INFO] [stderr] 
[INFO] [stderr] warning: unused variable: `request`
[INFO] [stderr]   --> ledger/src/api/mod.rs:21:9
[INFO] [stderr]    |
[INFO] [stderr] 21 |         request: tonic::Request<CreateTransactionRequest>,
[INFO] [stderr]    |         ^^^^^^^ help: if this is intentional, prefix it with an underscore: `_request`
[INFO] [stderr] 
[INFO] [stderr] warning: enum `Type` is never used
[INFO] [stderr]  --> ledger/src/domain/entry.rs:2:10
[INFO] [stderr]   |
[INFO] [stderr] 2 | pub enum Type {
[INFO] [stderr]   |          ^^^^
[INFO] [stderr]   |
[INFO] [stderr]   = note: `#[warn(dead_code)]` (part of `#[warn(unused)]`) on by default
[INFO] [stderr] 
[INFO] [stderr] warning: struct `Entry` is never constructed
[INFO] [stderr]  --> ledger/src/domain/entry.rs:8:12
[INFO] [stderr]   |
[INFO] [stderr] 8 | pub struct Entry {
[INFO] [stderr]   |            ^^^^^
[INFO] [stderr] 
[INFO] [stderr] warning: enum `Status` is never used
[INFO] [stderr]  --> ledger/src/domain/transaction.rs:2:10
[INFO] [stderr]   |
[INFO] [stderr] 2 | pub enum Status {
[INFO] [stderr]   |          ^^^^^^
[INFO] [stderr] 
[INFO] [stderr] warning: struct `Transaction` is never constructed
[INFO] [stderr]   --> ledger/src/domain/transaction.rs:13:12
[INFO] [stderr]    |
[INFO] [stderr] 13 | pub struct Transaction {
[INFO] [stderr]    |            ^^^^^^^^^^^
[INFO] [stderr] 
[INFO] [stderr] warning: field `db` is never read
[INFO] [stderr]  --> ledger/src/repo/mod.rs:6:5
[INFO] [stderr]   |
[INFO] [stderr] 5 | pub struct PgLedgerRepository {
[INFO] [stderr]   |            ------------------ field in this struct
[INFO] [stderr] 6 |     db: Database,
[INFO] [stderr]   |     ^^
[INFO] [stderr]   |
[INFO] [stderr]   = note: `PgLedgerRepository` has derived impls for the traits `Clone` and `Debug`, but these are intentionally ignored during dead code analysis
[INFO] [stderr] 
[INFO] [stderr] warning: field `repo` is never read
[INFO] [stderr]  --> ledger/src/service/mod.rs:7:5
[INFO] [stderr]   |
[INFO] [stderr] 3 | pub struct LedgerService<R>
[INFO] [stderr]   |            ------------- field in this struct
[INFO] [stderr] ...
[INFO] [stderr] 7 |     repo: R,
[INFO] [stderr]   |     ^^^^
[INFO] [stderr] 
[INFO] [stderr] warning: `ledger` (lib) generated 9 warnings (run `cargo fix --lib -p ledger` to apply 3 suggestions)
[INFO] [stderr] warning: `ledger` (lib test) generated 9 warnings (9 duplicates)
[INFO] [stderr]     Finished `release` profile [optimized] target(s) in 0.15s
[INFO] [stderr]      Running unittests src/lib.rs (/opt/rustwide/target/release/deps/accounts-0975e250e24731eb)
[INFO] [stdout] 
[INFO] [stdout] running 9 tests
[INFO] [stdout] test api::parsers::tests::test_parse_to_domain_account_type ... ok
[INFO] [stdout] test api::parsers::tests::successfully_parse_account_to_proto ... ok
[INFO] [stdout] test repo::create::tests::successfully_create_an_account_and_retrieve_from_the_database ... FAILED
[INFO] [stdout] test repo::retrieve::tests::successfully_retrieve_accounts_by_status_from_database ... FAILED
[INFO] [stdout] test repo::retrieve::tests::successfully_retrieve_accounts_by_type_from_database ... FAILED
[INFO] [stdout] test repo::retrieve::tests::successfully_retrieve_account_by_id_from_database ... FAILED
[INFO] [stdout] test service::tests::successfully_retrieve_accounts_by_type ... FAILED
[INFO] [stdout] test service::tests::successfully_retrieve_account_by_id ... FAILED
[INFO] [stdout] test service::tests::successfully_retrieve_accounts_by_status ... FAILED
[INFO] [stdout] 
[INFO] [stdout] failures:
[INFO] [stdout] 
[INFO] [stdout] ---- repo::create::tests::successfully_create_an_account_and_retrieve_from_the_database stdout ----
[INFO] [stdout] 
[INFO] [stdout] thread 'repo::create::tests::successfully_create_an_account_and_retrieve_from_the_database' (5499) panicked at /opt/rustwide/cargo-home/registry/src/index.crates.io-1949cf8c6b5b557f/sqlx-postgres-0.8.6/src/testing/mod.rs:96:44:
[INFO] [stdout] DATABASE_URL must be set: EnvVar(NotPresent)
[INFO] [stdout] stack backtrace:
[INFO] [stdout]    0:     0x6067a40b5a71 - <<std[70759c8f55707aa4]::sys::backtrace::BacktraceLock>::print::DisplayBacktrace as core[df12db4294e9bfd3]::fmt::Display>::fmt
[INFO] [stdout]    1:     0x6067a40ccf1a - core[df12db4294e9bfd3]::fmt::write
[INFO] [stdout]    2:     0x6067a40ba99c - <alloc[2182bb758b4b3781]::vec::Vec<u8> as core[df12db4294e9bfd3]::io::write::Write>::write_fmt
[INFO] [stdout]    3:     0x6067a4090116 - std[70759c8f55707aa4]::panicking::default_hook::{closure#0}
[INFO] [stdout]    4:     0x6067a40ad549 - std[70759c8f55707aa4]::panicking::default_hook
[INFO] [stdout]    5:     0x6067a3f44350 - test[9d35eded1c95d3be]::test_main_inner::<test[9d35eded1c95d3be]::test_main_static::{closure#0}>::{closure#0}
[INFO] [stdout]    6:     0x6067a40ad872 - std[70759c8f55707aa4]::panicking::panic_with_hook
[INFO] [stdout]    7:     0x6067a40901c2 - std[70759c8f55707aa4]::panicking::panic_handler::{closure#0}
[INFO] [stdout]    8:     0x6067a4088509 - std[70759c8f55707aa4]::sys::backtrace::__rust_end_short_backtrace::<std[70759c8f55707aa4]::panicking::panic_handler::{closure#0}, !>
[INFO] [stdout]    9:     0x6067a409115d - __rustc[8fa7c3cbc660c2b3]::rust_begin_unwind
[INFO] [stdout]   10:     0x6067a40cd67c - core[df12db4294e9bfd3]::panicking::panic_fmt
[INFO] [stdout]   11:     0x6067a40cd452 - core[df12db4294e9bfd3]::result::unwrap_failed
[INFO] [stdout]   12:     0x6067a3f9664e - <sqlx_postgres[ac30c618eba01fa1]::database::Postgres as sqlx_core[d76daab394d4c37f]::testing::TestSupport>::test_context::{closure#0}
[INFO] [stdout]   13:     0x6067a3e8429b - sqlx_core[d76daab394d4c37f]::testing::run_test::<sqlx_postgres[ac30c618eba01fa1]::database::Postgres, sqlx_core[d76daab394d4c37f]::testing::run_test_with_pool<sqlx_postgres[ac30c618eba01fa1]::database::Postgres, fn(sqlx_core[d76daab394d4c37f]::pool::Pool<sqlx_postgres[ac30c618eba01fa1]::database::Postgres>) -> accounts[3390dc1d69ddd4fe]::repo::create::tests::successfully_create_an_account_and_retrieve_from_the_database::successfully_create_an_account_and_retrieve_from_the_database::{closure#0}, accounts[3390dc1d69ddd4fe]::repo::create::tests::successfully_create_an_account_and_retrieve_from_the_database::successfully_create_an_account_and_retrieve_from_the_database::{closure#0}>::{closure#0}, sqlx_core[d76daab394d4c37f]::testing::run_test_with_pool<sqlx_postgres[ac30c618eba01fa1]::database::Postgres, fn(sqlx_core[d76daab394d4c37f]::pool::Pool<sqlx_postgres[ac30c618eba01fa1]::database::Postgres>) -> accounts[3390dc1d69ddd4fe]::repo::create::tests::successfully_create_an_account_and_retrieve_from_the_database::successfully_create_an_account_and_retrieve_from_the_database::{closure#0}, accounts[3390dc1d69ddd4fe]::repo::create::tests::successfully_create_an_account_and_retrieve_from_the_database::successfully_create_an_account_and_retrieve_from_the_database::{closure#0}>::{closure#0}::{closure#0}>::{closure#0}
[INFO] [stdout]   14:     0x6067a3eeeebe - <tokio[1aedda5e18071099]::runtime::scheduler::current_thread::Context>::enter::<core[df12db4294e9bfd3]::task::poll::Poll<()>, <tokio[1aedda5e18071099]::runtime::scheduler::current_thread::CoreGuard>::block_on<core[df12db4294e9bfd3]::pin::Pin<&mut sqlx_core[d76daab394d4c37f]::testing::run_test<sqlx_postgres[ac30c618eba01fa1]::database::Postgres, sqlx_core[d76daab394d4c37f]::testing::run_test_with_pool<sqlx_postgres[ac30c618eba01fa1]::database::Postgres, fn(sqlx_core[d76daab394d4c37f]::pool::Pool<sqlx_postgres[ac30c618eba01fa1]::database::Postgres>) -> accounts[3390dc1d69ddd4fe]::repo::create::tests::successfully_create_an_account_and_retrieve_from_the_database::successfully_create_an_account_and_retrieve_from_the_database::{closure#0}, accounts[3390dc1d69ddd4fe]::repo::create::tests::successfully_create_an_account_and_retrieve_from_the_database::successfully_create_an_account_and_retrieve_from_the_database::{closure#0}>::{closure#0}, sqlx_core[d76daab394d4c37f]::testing::run_test_with_pool<sqlx_postgres[ac30c618eba01fa1]::database::Postgres, fn(sqlx_core[d76daab394d4c37f]::pool::Pool<sqlx_postgres[ac30c618eba01fa1]::database::Postgres>) -> accounts[3390dc1d69ddd4fe]::repo::create::tests::successfully_create_an_account_and_retrieve_from_the_database::successfully_create_an_account_and_retrieve_from_the_database::{closure#0}, accounts[3390dc1d69ddd4fe]::repo::create::tests::successfully_create_an_account_and_retrieve_from_the_database::successfully_create_an_account_and_retrieve_from_the_database::{closure#0}>::{closure#0}::{closure#0}>::{closure#0}>>::{closure#0}::{closure#0}>
[INFO] [stdout]   15:     0x6067a3f0e1b9 - <std[70759c8f55707aa4]::thread::local::LocalKey<tokio[1aedda5e18071099]::runtime::context::Context>>::with::<tokio[1aedda5e18071099]::runtime::context::set_scheduler<(alloc[2182bb758b4b3781]::boxed::Box<tokio[1aedda5e18071099]::runtime::scheduler::current_thread::Core>, core[df12db4294e9bfd3]::option::Option<()>), <tokio[1aedda5e18071099]::runtime::scheduler::current_thread::CoreGuard>::enter<<tokio[1aedda5e18071099]::runtime::scheduler::current_thread::CoreGuard>::block_on<core[df12db4294e9bfd3]::pin::Pin<&mut sqlx_core[d76daab394d4c37f]::testing::run_test<sqlx_postgres[ac30c618eba01fa1]::database::Postgres, sqlx_core[d76daab394d4c37f]::testing::run_test_with_pool<sqlx_postgres[ac30c618eba01fa1]::database::Postgres, fn(sqlx_core[d76daab394d4c37f]::pool::Pool<sqlx_postgres[ac30c618eba01fa1]::database::Postgres>) -> accounts[3390dc1d69ddd4fe]::repo::create::tests::successfully_create_an_account_and_retrieve_from_the_database::successfully_create_an_account_and_retrieve_from_the_database::{closure#0}, accounts[3390dc1d69ddd4fe]::repo::create::tests::successfully_create_an_account_and_retrieve_from_the_database::successfully_create_an_account_and_retrieve_from_the_database::{closure#0}>::{closure#0}, sqlx_core[d76daab394d4c37f]::testing::run_test_with_pool<sqlx_postgres[ac30c618eba01fa1]::database::Postgres, fn(sqlx_core[d76daab394d4c37f]::pool::Pool<sqlx_postgres[ac30c618eba01fa1]::database::Postgres>) -> accounts[3390dc1d69ddd4fe]::repo::create::tests::successfully_create_an_account_and_retrieve_from_the_database::successfully_create_an_account_and_retrieve_from_the_database::{closure#0}, accounts[3390dc1d69ddd4fe]::repo::create::tests::successfully_create_an_account_and_retrieve_from_the_database::successfully_create_an_account_and_retrieve_from_the_database::{closure#0}>::{closure#0}::{closure#0}>::{closure#0}>>::{closure#0}, core[df12db4294e9bfd3]::option::Option<()>>::{closure#0}>::{closure#0}, (alloc[2182bb758b4b3781]::boxed::Box<tokio[1aedda5e18071099]::runtime::scheduler::current_thread::Core>, core[df12db4294e9bfd3]::option::Option<()>)>
[INFO] [stdout]   16:     0x6067a3eeff17 - <tokio[1aedda5e18071099]::runtime::scheduler::current_thread::CoreGuard>::block_on::<core[df12db4294e9bfd3]::pin::Pin<&mut sqlx_core[d76daab394d4c37f]::testing::run_test<sqlx_postgres[ac30c618eba01fa1]::database::Postgres, sqlx_core[d76daab394d4c37f]::testing::run_test_with_pool<sqlx_postgres[ac30c618eba01fa1]::database::Postgres, fn(sqlx_core[d76daab394d4c37f]::pool::Pool<sqlx_postgres[ac30c618eba01fa1]::database::Postgres>) -> accounts[3390dc1d69ddd4fe]::repo::create::tests::successfully_create_an_account_and_retrieve_from_the_database::successfully_create_an_account_and_retrieve_from_the_database::{closure#0}, accounts[3390dc1d69ddd4fe]::repo::create::tests::successfully_create_an_account_and_retrieve_from_the_database::successfully_create_an_account_and_retrieve_from_the_database::{closure#0}>::{closure#0}, sqlx_core[d76daab394d4c37f]::testing::run_test_with_pool<sqlx_postgres[ac30c618eba01fa1]::database::Postgres, fn(sqlx_core[d76daab394d4c37f]::pool::Pool<sqlx_postgres[ac30c618eba01fa1]::database::Postgres>) -> accounts[3390dc1d69ddd4fe]::repo::create::tests::successfully_create_an_account_and_retrieve_from_the_database::successfully_create_an_account_and_retrieve_from_the_database::{closure#0}, accounts[3390dc1d69ddd4fe]::repo::create::tests::successfully_create_an_account_and_retrieve_from_the_database::successfully_create_an_account_and_retrieve_from_the_database::{closure#0}>::{closure#0}::{closure#0}>::{closure#0}>>
[INFO] [stdout]   17:     0x6067a3efa7c7 - tokio[1aedda5e18071099]::runtime::context::runtime::enter_runtime::<<tokio[1aedda5e18071099]::runtime::scheduler::current_thread::CurrentThread>::block_on<sqlx_core[d76daab394d4c37f]::testing::run_test<sqlx_postgres[ac30c618eba01fa1]::database::Postgres, sqlx_core[d76daab394d4c37f]::testing::run_test_with_pool<sqlx_postgres[ac30c618eba01fa1]::database::Postgres, fn(sqlx_core[d76daab394d4c37f]::pool::Pool<sqlx_postgres[ac30c618eba01fa1]::database::Postgres>) -> accounts[3390dc1d69ddd4fe]::repo::create::tests::successfully_create_an_account_and_retrieve_from_the_database::successfully_create_an_account_and_retrieve_from_the_database::{closure#0}, accounts[3390dc1d69ddd4fe]::repo::create::tests::successfully_create_an_account_and_retrieve_from_the_database::successfully_create_an_account_and_retrieve_from_the_database::{closure#0}>::{closure#0}, sqlx_core[d76daab394d4c37f]::testing::run_test_with_pool<sqlx_postgres[ac30c618eba01fa1]::database::Postgres, fn(sqlx_core[d76daab394d4c37f]::pool::Pool<sqlx_postgres[ac30c618eba01fa1]::database::Postgres>) -> accounts[3390dc1d69ddd4fe]::repo::create::tests::successfully_create_an_account_and_retrieve_from_the_database::successfully_create_an_account_and_retrieve_from_the_database::{closure#0}, accounts[3390dc1d69ddd4fe]::repo::create::tests::successfully_create_an_account_and_retrieve_from_the_database::successfully_create_an_account_and_retrieve_from_the_database::{closure#0}>::{closure#0}::{closure#0}>::{closure#0}>::{closure#0}, ()>
[INFO] [stdout]   18:     0x6067a3f195ae - <tokio[1aedda5e18071099]::runtime::runtime::Runtime>::block_on::<sqlx_core[d76daab394d4c37f]::testing::run_test<sqlx_postgres[ac30c618eba01fa1]::database::Postgres, sqlx_core[d76daab394d4c37f]::testing::run_test_with_pool<sqlx_postgres[ac30c618eba01fa1]::database::Postgres, fn(sqlx_core[d76daab394d4c37f]::pool::Pool<sqlx_postgres[ac30c618eba01fa1]::database::Postgres>) -> accounts[3390dc1d69ddd4fe]::repo::create::tests::successfully_create_an_account_and_retrieve_from_the_database::successfully_create_an_account_and_retrieve_from_the_database::{closure#0}, accounts[3390dc1d69ddd4fe]::repo::create::tests::successfully_create_an_account_and_retrieve_from_the_database::successfully_create_an_account_and_retrieve_from_the_database::{closure#0}>::{closure#0}, sqlx_core[d76daab394d4c37f]::testing::run_test_with_pool<sqlx_postgres[ac30c618eba01fa1]::database::Postgres, fn(sqlx_core[d76daab394d4c37f]::pool::Pool<sqlx_postgres[ac30c618eba01fa1]::database::Postgres>) -> accounts[3390dc1d69ddd4fe]::repo::create::tests::successfully_create_an_account_and_retrieve_from_the_database::successfully_create_an_account_and_retrieve_from_the_database::{closure#0}, accounts[3390dc1d69ddd4fe]::repo::create::tests::successfully_create_an_account_and_retrieve_from_the_database::successfully_create_an_account_and_retrieve_from_the_database::{closure#0}>::{closure#0}::{closure#0}>::{closure#0}>
[INFO] [stdout]   19:     0x6067a3f288eb - sqlx_core[d76daab394d4c37f]::rt::test_block_on::<sqlx_core[d76daab394d4c37f]::testing::run_test<sqlx_postgres[ac30c618eba01fa1]::database::Postgres, sqlx_core[d76daab394d4c37f]::testing::run_test_with_pool<sqlx_postgres[ac30c618eba01fa1]::database::Postgres, fn(sqlx_core[d76daab394d4c37f]::pool::Pool<sqlx_postgres[ac30c618eba01fa1]::database::Postgres>) -> accounts[3390dc1d69ddd4fe]::repo::create::tests::successfully_create_an_account_and_retrieve_from_the_database::successfully_create_an_account_and_retrieve_from_the_database::{closure#0}, accounts[3390dc1d69ddd4fe]::repo::create::tests::successfully_create_an_account_and_retrieve_from_the_database::successfully_create_an_account_and_retrieve_from_the_database::{closure#0}>::{closure#0}, sqlx_core[d76daab394d4c37f]::testing::run_test_with_pool<sqlx_postgres[ac30c618eba01fa1]::database::Postgres, fn(sqlx_core[d76daab394d4c37f]::pool::Pool<sqlx_postgres[ac30c618eba01fa1]::database::Postgres>) -> accounts[3390dc1d69ddd4fe]::repo::create::tests::successfully_create_an_account_and_retrieve_from_the_database::successfully_create_an_account_and_retrieve_from_the_database::{closure#0}, accounts[3390dc1d69ddd4fe]::repo::create::tests::successfully_create_an_account_and_retrieve_from_the_database::successfully_create_an_account_and_retrieve_from_the_database::{closure#0}>::{closure#0}::{closure#0}>::{closure#0}>
[INFO] [stdout]   20:     0x6067a3f1f510 - <accounts[3390dc1d69ddd4fe]::repo::create::tests::successfully_create_an_account_and_retrieve_from_the_database::{closure#0} as core[df12db4294e9bfd3]::ops::function::FnOnce<()>>::call_once
[INFO] [stdout]   21:     0x6067a3f3763b - test[9d35eded1c95d3be]::__rust_begin_short_backtrace::<core[df12db4294e9bfd3]::result::Result<(), alloc[2182bb758b4b3781]::string::String>, fn() -> core[df12db4294e9bfd3]::result::Result<(), alloc[2182bb758b4b3781]::string::String>>
[INFO] [stdout]   22:     0x6067a3f44ca5 - test[9d35eded1c95d3be]::run_test::{closure#0}
[INFO] [stdout]   23:     0x6067a3f3e564 - std[70759c8f55707aa4]::sys::backtrace::__rust_begin_short_backtrace::<test[9d35eded1c95d3be]::run_test::{closure#1}, ()>
[INFO] [stdout]   24:     0x6067a3f47e02 - <std[70759c8f55707aa4]::thread::lifecycle::spawn_unchecked<test[9d35eded1c95d3be]::run_test::{closure#1}, ()>::{closure#1} as core[df12db4294e9bfd3]::ops::function::FnOnce<()>>::call_once::{shim:vtable#0}
[INFO] [stdout]   25:     0x6067a40b4c79 - <std[70759c8f55707aa4]::sys::thread::unix::Thread>::new::thread_start
[INFO] [stdout]   26:     0x79d9ffae1dfa - <unknown>
[INFO] [stdout]   27:     0x79d9ffb753d4 - clone
[INFO] [stdout]   28:                0x0 - <unknown>
[INFO] [stdout] 
[INFO] [stdout] ---- repo::retrieve::tests::successfully_retrieve_accounts_by_status_from_database stdout ----
[INFO] [stdout] 
[INFO] [stdout] thread 'repo::retrieve::tests::successfully_retrieve_accounts_by_status_from_database' (5501) panicked at /opt/rustwide/cargo-home/registry/src/index.crates.io-1949cf8c6b5b557f/sqlx-postgres-0.8.6/src/testing/mod.rs:96:44:
[INFO] [stdout] DATABASE_URL must be set: EnvVar(NotPresent)
[INFO] [stdout] stack backtrace:
[INFO] [stdout]    0:     0x6067a40b5a71 - <<std[70759c8f55707aa4]::sys::backtrace::BacktraceLock>::print::DisplayBacktrace as core[df12db4294e9bfd3]::fmt::Display>::fmt
[INFO] [stdout]    1:     0x6067a40ccf1a - core[df12db4294e9bfd3]::fmt::write
[INFO] [stdout]    2:     0x6067a40ba99c - <alloc[2182bb758b4b3781]::vec::Vec<u8> as core[df12db4294e9bfd3]::io::write::Write>::write_fmt
[INFO] [stdout]    3:     0x6067a4090116 - std[70759c8f55707aa4]::panicking::default_hook::{closure#0}
[INFO] [stdout]    4:     0x6067a40ad549 - std[70759c8f55707aa4]::panicking::default_hook
[INFO] [stdout]    5:     0x6067a3f44350 - test[9d35eded1c95d3be]::test_main_inner::<test[9d35eded1c95d3be]::test_main_static::{closure#0}>::{closure#0}
[INFO] [stdout]    6:     0x6067a40ad872 - std[70759c8f55707aa4]::panicking::panic_with_hook
[INFO] [stdout]    7:     0x6067a40901c2 - std[70759c8f55707aa4]::panicking::panic_handler::{closure#0}
[INFO] [stdout]    8:     0x6067a4088509 - std[70759c8f55707aa4]::sys::backtrace::__rust_end_short_backtrace::<std[70759c8f55707aa4]::panicking::panic_handler::{closure#0}, !>
[INFO] [stdout]    9:     0x6067a409115d - __rustc[8fa7c3cbc660c2b3]::rust_begin_unwind
[INFO] [stdout]   10:     0x6067a40cd67c - core[df12db4294e9bfd3]::panicking::panic_fmt
[INFO] [stdout]   11:     0x6067a40cd452 - core[df12db4294e9bfd3]::result::unwrap_failed
[INFO] [stdout]   12:     0x6067a3f9664e - <sqlx_postgres[ac30c618eba01fa1]::database::Postgres as sqlx_core[d76daab394d4c37f]::testing::TestSupport>::test_context::{closure#0}
[INFO] [stdout]   13:     0x6067a3e88ef1 - sqlx_core[d76daab394d4c37f]::testing::run_test::<sqlx_postgres[ac30c618eba01fa1]::database::Postgres, sqlx_core[d76daab394d4c37f]::testing::run_test_with_pool<sqlx_postgres[ac30c618eba01fa1]::database::Postgres, fn(sqlx_core[d76daab394d4c37f]::pool::Pool<sqlx_postgres[ac30c618eba01fa1]::database::Postgres>) -> accounts[3390dc1d69ddd4fe]::repo::retrieve::tests::successfully_retrieve_accounts_by_status_from_database::successfully_retrieve_accounts_by_status_from_database::{closure#0}, accounts[3390dc1d69ddd4fe]::repo::retrieve::tests::successfully_retrieve_accounts_by_status_from_database::successfully_retrieve_accounts_by_status_from_database::{closure#0}>::{closure#0}, sqlx_core[d76daab394d4c37f]::testing::run_test_with_pool<sqlx_postgres[ac30c618eba01fa1]::database::Postgres, fn(sqlx_core[d76daab394d4c37f]::pool::Pool<sqlx_postgres[ac30c618eba01fa1]::database::Postgres>) -> accounts[3390dc1d69ddd4fe]::repo::retrieve::tests::successfully_retrieve_accounts_by_status_from_database::successfully_retrieve_accounts_by_status_from_database::{closure#0}, accounts[3390dc1d69ddd4fe]::repo::retrieve::tests::successfully_retrieve_accounts_by_status_from_database::successfully_retrieve_accounts_by_status_from_database::{closure#0}>::{closure#0}::{closure#0}>::{closure#0}
[INFO] [stdout]   14:     0x6067a3eef36e - <tokio[1aedda5e18071099]::runtime::scheduler::current_thread::Context>::enter::<core[df12db4294e9bfd3]::task::poll::Poll<()>, <tokio[1aedda5e18071099]::runtime::scheduler::current_thread::CoreGuard>::block_on<core[df12db4294e9bfd3]::pin::Pin<&mut sqlx_core[d76daab394d4c37f]::testing::run_test<sqlx_postgres[ac30c618eba01fa1]::database::Postgres, sqlx_core[d76daab394d4c37f]::testing::run_test_with_pool<sqlx_postgres[ac30c618eba01fa1]::database::Postgres, fn(sqlx_core[d76daab394d4c37f]::pool::Pool<sqlx_postgres[ac30c618eba01fa1]::database::Postgres>) -> accounts[3390dc1d69ddd4fe]::repo::retrieve::tests::successfully_retrieve_accounts_by_status_from_database::successfully_retrieve_accounts_by_status_from_database::{closure#0}, accounts[3390dc1d69ddd4fe]::repo::retrieve::tests::successfully_retrieve_accounts_by_status_from_database::successfully_retrieve_accounts_by_status_from_database::{closure#0}>::{closure#0}, sqlx_core[d76daab394d4c37f]::testing::run_test_with_pool<sqlx_postgres[ac30c618eba01fa1]::database::Postgres, fn(sqlx_core[d76daab394d4c37f]::pool::Pool<sqlx_postgres[ac30c618eba01fa1]::database::Postgres>) -> accounts[3390dc1d69ddd4fe]::repo::retrieve::tests::successfully_retrieve_accounts_by_status_from_database::successfully_retrieve_accounts_by_status_from_database::{closure#0}, accounts[3390dc1d69ddd4fe]::repo::retrieve::tests::successfully_retrieve_accounts_by_status_from_database::successfully_retrieve_accounts_by_status_from_database::{closure#0}>::{closure#0}::{closure#0}>::{closure#0}>>::{closure#0}::{closure#0}>
[INFO] [stdout]   15:     0x6067a3f0e819 - <std[70759c8f55707aa4]::thread::local::LocalKey<tokio[1aedda5e18071099]::runtime::context::Context>>::with::<tokio[1aedda5e18071099]::runtime::context::set_scheduler<(alloc[2182bb758b4b3781]::boxed::Box<tokio[1aedda5e18071099]::runtime::scheduler::current_thread::Core>, core[df12db4294e9bfd3]::option::Option<()>), <tokio[1aedda5e18071099]::runtime::scheduler::current_thread::CoreGuard>::enter<<tokio[1aedda5e18071099]::runtime::scheduler::current_thread::CoreGuard>::block_on<core[df12db4294e9bfd3]::pin::Pin<&mut sqlx_core[d76daab394d4c37f]::testing::run_test<sqlx_postgres[ac30c618eba01fa1]::database::Postgres, sqlx_core[d76daab394d4c37f]::testing::run_test_with_pool<sqlx_postgres[ac30c618eba01fa1]::database::Postgres, fn(sqlx_core[d76daab394d4c37f]::pool::Pool<sqlx_postgres[ac30c618eba01fa1]::database::Postgres>) -> accounts[3390dc1d69ddd4fe]::repo::retrieve::tests::successfully_retrieve_accounts_by_status_from_database::successfully_retrieve_accounts_by_status_from_database::{closure#0}, accounts[3390dc1d69ddd4fe]::repo::retrieve::tests::successfully_retrieve_accounts_by_status_from_database::successfully_retrieve_accounts_by_status_from_database::{closure#0}>::{closure#0}, sqlx_core[d76daab394d4c37f]::testing::run_test_with_pool<sqlx_postgres[ac30c618eba01fa1]::database::Postgres, fn(sqlx_core[d76daab394d4c37f]::pool::Pool<sqlx_postgres[ac30c618eba01fa1]::database::Postgres>) -> accounts[3390dc1d69ddd4fe]::repo::retrieve::tests::successfully_retrieve_accounts_by_status_from_database::successfully_retrieve_accounts_by_status_from_database::{closure#0}, accounts[3390dc1d69ddd4fe]::repo::retrieve::tests::successfully_retrieve_accounts_by_status_from_database::successfully_retrieve_accounts_by_status_from_database::{closure#0}>::{closure#0}::{closure#0}>::{closure#0}>>::{closure#0}, core[df12db4294e9bfd3]::option::Option<()>>::{closure#0}>::{closure#0}, (alloc[2182bb758b4b3781]::boxed::Box<tokio[1aedda5e18071099]::runtime::scheduler::current_thread::Core>, core[df12db4294e9bfd3]::option::Option<()>)>
[INFO] [stdout]   16:     0x6067a3ef0397 - <tokio[1aedda5e18071099]::runtime::scheduler::current_thread::CoreGuard>::block_on::<core[df12db4294e9bfd3]::pin::Pin<&mut sqlx_core[d76daab394d4c37f]::testing::run_test<sqlx_postgres[ac30c618eba01fa1]::database::Postgres, sqlx_core[d76daab394d4c37f]::testing::run_test_with_pool<sqlx_postgres[ac30c618eba01fa1]::database::Postgres, fn(sqlx_core[d76daab394d4c37f]::pool::Pool<sqlx_postgres[ac30c618eba01fa1]::database::Postgres>) -> accounts[3390dc1d69ddd4fe]::repo::retrieve::tests::successfully_retrieve_accounts_by_status_from_database::successfully_retrieve_accounts_by_status_from_database::{closure#0}, accounts[3390dc1d69ddd4fe]::repo::retrieve::tests::successfully_retrieve_accounts_by_status_from_database::successfully_retrieve_accounts_by_status_from_database::{closure#0}>::{closure#0}, sqlx_core[d76daab394d4c37f]::testing::run_test_with_pool<sqlx_postgres[ac30c618eba01fa1]::database::Postgres, fn(sqlx_core[d76daab394d4c37f]::pool::Pool<sqlx_postgres[ac30c618eba01fa1]::database::Postgres>) -> accounts[3390dc1d69ddd4fe]::repo::retrieve::tests::successfully_retrieve_accounts_by_status_from_database::successfully_retrieve_accounts_by_status_from_database::{closure#0}, accounts[3390dc1d69ddd4fe]::repo::retrieve::tests::successfully_retrieve_accounts_by_status_from_database::successfully_retrieve_accounts_by_status_from_database::{closure#0}>::{closure#0}::{closure#0}>::{closure#0}>>
[INFO] [stdout]   17:     0x6067a3efb4b7 - tokio[1aedda5e18071099]::runtime::context::runtime::enter_runtime::<<tokio[1aedda5e18071099]::runtime::scheduler::current_thread::CurrentThread>::block_on<sqlx_core[d76daab394d4c37f]::testing::run_test<sqlx_postgres[ac30c618eba01fa1]::database::Postgres, sqlx_core[d76daab394d4c37f]::testing::run_test_with_pool<sqlx_postgres[ac30c618eba01fa1]::database::Postgres, fn(sqlx_core[d76daab394d4c37f]::pool::Pool<sqlx_postgres[ac30c618eba01fa1]::database::Postgres>) -> accounts[3390dc1d69ddd4fe]::repo::retrieve::tests::successfully_retrieve_accounts_by_status_from_database::successfully_retrieve_accounts_by_status_from_database::{closure#0}, accounts[3390dc1d69ddd4fe]::repo::retrieve::tests::successfully_retrieve_accounts_by_status_from_database::successfully_retrieve_accounts_by_status_from_database::{closure#0}>::{closure#0}, sqlx_core[d76daab394d4c37f]::testing::run_test_with_pool<sqlx_postgres[ac30c618eba01fa1]::database::Postgres, fn(sqlx_core[d76daab394d4c37f]::pool::Pool<sqlx_postgres[ac30c618eba01fa1]::database::Postgres>) -> accounts[3390dc1d69ddd4fe]::repo::retrieve::tests::successfully_retrieve_accounts_by_status_from_database::successfully_retrieve_accounts_by_status_from_database::{closure#0}, accounts[3390dc1d69ddd4fe]::repo::retrieve::tests::successfully_retrieve_accounts_by_status_from_database::successfully_retrieve_accounts_by_status_from_database::{closure#0}>::{closure#0}::{closure#0}>::{closure#0}>::{closure#0}, ()>
[INFO] [stdout]   18:     0x6067a3f199fe - <tokio[1aedda5e18071099]::runtime::runtime::Runtime>::block_on::<sqlx_core[d76daab394d4c37f]::testing::run_test<sqlx_postgres[ac30c618eba01fa1]::database::Postgres, sqlx_core[d76daab394d4c37f]::testing::run_test_with_pool<sqlx_postgres[ac30c618eba01fa1]::database::Postgres, fn(sqlx_core[d76daab394d4c37f]::pool::Pool<sqlx_postgres[ac30c618eba01fa1]::database::Postgres>) -> accounts[3390dc1d69ddd4fe]::repo::retrieve::tests::successfully_retrieve_accounts_by_status_from_database::successfully_retrieve_accounts_by_status_from_database::{closure#0}, accounts[3390dc1d69ddd4fe]::repo::retrieve::tests::successfully_retrieve_accounts_by_status_from_database::successfully_retrieve_accounts_by_status_from_database::{closure#0}>::{closure#0}, sqlx_core[d76daab394d4c37f]::testing::run_test_with_pool<sqlx_postgres[ac30c618eba01fa1]::database::Postgres, fn(sqlx_core[d76daab394d4c37f]::pool::Pool<sqlx_postgres[ac30c618eba01fa1]::database::Postgres>) -> accounts[3390dc1d69ddd4fe]::repo::retrieve::tests::successfully_retrieve_accounts_by_status_from_database::successfully_retrieve_accounts_by_status_from_database::{closure#0}, accounts[3390dc1d69ddd4fe]::repo::retrieve::tests::successfully_retrieve_accounts_by_status_from_database::successfully_retrieve_accounts_by_status_from_database::{closure#0}>::{closure#0}::{closure#0}>::{closure#0}>
[INFO] [stdout]   19:     0x6067a3f28c7b - sqlx_core[d76daab394d4c37f]::rt::test_block_on::<sqlx_core[d76daab394d4c37f]::testing::run_test<sqlx_postgres[ac30c618eba01fa1]::database::Postgres, sqlx_core[d76daab394d4c37f]::testing::run_test_with_pool<sqlx_postgres[ac30c618eba01fa1]::database::Postgres, fn(sqlx_core[d76daab394d4c37f]::pool::Pool<sqlx_postgres[ac30c618eba01fa1]::database::Postgres>) -> accounts[3390dc1d69ddd4fe]::repo::retrieve::tests::successfully_retrieve_accounts_by_status_from_database::successfully_retrieve_accounts_by_status_from_database::{closure#0}, accounts[3390dc1d69ddd4fe]::repo::retrieve::tests::successfully_retrieve_accounts_by_status_from_database::successfully_retrieve_accounts_by_status_from_database::{closure#0}>::{closure#0}, sqlx_core[d76daab394d4c37f]::testing::run_test_with_pool<sqlx_postgres[ac30c618eba01fa1]::database::Postgres, fn(sqlx_core[d76daab394d4c37f]::pool::Pool<sqlx_postgres[ac30c618eba01fa1]::database::Postgres>) -> accounts[3390dc1d69ddd4fe]::repo::retrieve::tests::successfully_retrieve_accounts_by_status_from_database::successfully_retrieve_accounts_by_status_from_database::{closure#0}, accounts[3390dc1d69ddd4fe]::repo::retrieve::tests::successfully_retrieve_accounts_by_status_from_database::successfully_retrieve_accounts_by_status_from_database::{closure#0}>::{closure#0}::{closure#0}>::{closure#0}>
[INFO] [stdout]   20:     0x6067a3f1f720 - <accounts[3390dc1d69ddd4fe]::repo::retrieve::tests::successfully_retrieve_accounts_by_status_from_database::{closure#0} as core[df12db4294e9bfd3]::ops::function::FnOnce<()>>::call_once
[INFO] [stdout]   21:     0x6067a3f3763b - test[9d35eded1c95d3be]::__rust_begin_short_backtrace::<core[df12db4294e9bfd3]::result::Result<(), alloc[2182bb758b4b3781]::string::String>, fn() -> core[df12db4294e9bfd3]::result::Result<(), alloc[2182bb758b4b3781]::string::String>>
[INFO] [stderr] error: test failed, to rerun pass `-p accounts --lib`
[INFO] [stdout]   22:     0x6067a3f44ca5 - test[9d35eded1c95d3be]::run_test::{closure#0}
[INFO] [stdout]   23:     0x6067a3f3e564 - std[70759c8f55707aa4]::sys::backtrace::__rust_begin_short_backtrace::<test[9d35eded1c95d3be]::run_test::{closure#1}, ()>
[INFO] [stdout]   24:     0x6067a3f47e02 - <std[70759c8f55707aa4]::thread::lifecycle::spawn_unchecked<test[9d35eded1c95d3be]::run_test::{closure#1}, ()>::{closure#1} as core[df12db4294e9bfd3]::ops::function::FnOnce<()>>::call_once::{shim:vtable#0}
[INFO] [stdout]   25:     0x6067a40b4c79 - <std[70759c8f55707aa4]::sys::thread::unix::Thread>::new::thread_start
[INFO] [stdout]   26:     0x79d9ffae1dfa - <unknown>
[INFO] [stdout]   27:     0x79d9ffb753d4 - clone
[INFO] [stdout]   28:                0x0 - <unknown>
[INFO] [stdout] 
[INFO] [stdout] ---- repo::retrieve::tests::successfully_retrieve_accounts_by_type_from_database stdout ----
[INFO] [stdout] 
[INFO] [stdout] thread 'repo::retrieve::tests::successfully_retrieve_accounts_by_type_from_database' (5502) panicked at /opt/rustwide/cargo-home/registry/src/index.crates.io-1949cf8c6b5b557f/sqlx-postgres-0.8.6/src/testing/mod.rs:96:44:
[INFO] [stdout] DATABASE_URL must be set: EnvVar(NotPresent)
[INFO] [stdout] stack backtrace:
[INFO] [stdout]    0:     0x6067a40b5a71 - <<std[70759c8f55707aa4]::sys::backtrace::BacktraceLock>::print::DisplayBacktrace as core[df12db4294e9bfd3]::fmt::Display>::fmt
[INFO] [stdout]    1:     0x6067a40ccf1a - core[df12db4294e9bfd3]::fmt::write
[INFO] [stdout]    2:     0x6067a40ba99c - <alloc[2182bb758b4b3781]::vec::Vec<u8> as core[df12db4294e9bfd3]::io::write::Write>::write_fmt
[INFO] [stdout]    3:     0x6067a4090116 - std[70759c8f55707aa4]::panicking::default_hook::{closure#0}
[INFO] [stdout]    4:     0x6067a40ad549 - std[70759c8f55707aa4]::panicking::default_hook
[INFO] [stdout]    5:     0x6067a3f44350 - test[9d35eded1c95d3be]::test_main_inner::<test[9d35eded1c95d3be]::test_main_static::{closure#0}>::{closure#0}
[INFO] [stdout]    6:     0x6067a40ad872 - std[70759c8f55707aa4]::panicking::panic_with_hook
[INFO] [stdout]    7:     0x6067a40901c2 - std[70759c8f55707aa4]::panicking::panic_handler::{closure#0}
[INFO] [stdout]    8:     0x6067a4088509 - std[70759c8f55707aa4]::sys::backtrace::__rust_end_short_backtrace::<std[70759c8f55707aa4]::panicking::panic_handler::{closure#0}, !>
[INFO] [stdout]    9:     0x6067a409115d - __rustc[8fa7c3cbc660c2b3]::rust_begin_unwind
[INFO] [stdout]   10:     0x6067a40cd67c - core[df12db4294e9bfd3]::panicking::panic_fmt
[INFO] [stdout]   11:     0x6067a40cd452 - core[df12db4294e9bfd3]::result::unwrap_failed
[INFO] [stdout]   12:     0x6067a3f9664e - <sqlx_postgres[ac30c618eba01fa1]::database::Postgres as sqlx_core[d76daab394d4c37f]::testing::TestSupport>::test_context::{closure#0}
[INFO] [stdout]   13:     0x6067a3e87651 - sqlx_core[d76daab394d4c37f]::testing::run_test::<sqlx_postgres[ac30c618eba01fa1]::database::Postgres, sqlx_core[d76daab394d4c37f]::testing::run_test_with_pool<sqlx_postgres[ac30c618eba01fa1]::database::Postgres, fn(sqlx_core[d76daab394d4c37f]::pool::Pool<sqlx_postgres[ac30c618eba01fa1]::database::Postgres>) -> accounts[3390dc1d69ddd4fe]::repo::retrieve::tests::successfully_retrieve_accounts_by_type_from_database::successfully_retrieve_accounts_by_type_from_database::{closure#0}, accounts[3390dc1d69ddd4fe]::repo::retrieve::tests::successfully_retrieve_accounts_by_type_from_database::successfully_retrieve_accounts_by_type_from_database::{closure#0}>::{closure#0}, sqlx_core[d76daab394d4c37f]::testing::run_test_with_pool<sqlx_postgres[ac30c618eba01fa1]::database::Postgres, fn(sqlx_core[d76daab394d4c37f]::pool::Pool<sqlx_postgres[ac30c618eba01fa1]::database::Postgres>) -> accounts[3390dc1d69ddd4fe]::repo::retrieve::tests::successfully_retrieve_accounts_by_type_from_database::successfully_retrieve_accounts_by_type_from_database::{closure#0}, accounts[3390dc1d69ddd4fe]::repo::retrieve::tests::successfully_retrieve_accounts_by_type_from_database::successfully_retrieve_accounts_by_type_from_database::{closure#0}>::{closure#0}::{closure#0}>::{closure#0}
[INFO] [stdout]   14:     0x6067a3eef1de - <tokio[1aedda5e18071099]::runtime::scheduler::current_thread::Context>::enter::<core[df12db4294e9bfd3]::task::poll::Poll<()>, <tokio[1aedda5e18071099]::runtime::scheduler::current_thread::CoreGuard>::block_on<core[df12db4294e9bfd3]::pin::Pin<&mut sqlx_core[d76daab394d4c37f]::testing::run_test<sqlx_postgres[ac30c618eba01fa1]::database::Postgres, sqlx_core[d76daab394d4c37f]::testing::run_test_with_pool<sqlx_postgres[ac30c618eba01fa1]::database::Postgres, fn(sqlx_core[d76daab394d4c37f]::pool::Pool<sqlx_postgres[ac30c618eba01fa1]::database::Postgres>) -> accounts[3390dc1d69ddd4fe]::repo::retrieve::tests::successfully_retrieve_accounts_by_type_from_database::successfully_retrieve_accounts_by_type_from_database::{closure#0}, accounts[3390dc1d69ddd4fe]::repo::retrieve::tests::successfully_retrieve_accounts_by_type_from_database::successfully_retrieve_accounts_by_type_from_database::{closure#0}>::{closure#0}, sqlx_core[d76daab394d4c37f]::testing::run_test_with_pool<sqlx_postgres[ac30c618eba01fa1]::database::Postgres, fn(sqlx_core[d76daab394d4c37f]::pool::Pool<sqlx_postgres[ac30c618eba01fa1]::database::Postgres>) -> accounts[3390dc1d69ddd4fe]::repo::retrieve::tests::successfully_retrieve_accounts_by_type_from_database::successfully_retrieve_accounts_by_type_from_database::{closure#0}, accounts[3390dc1d69ddd4fe]::repo::retrieve::tests::successfully_retrieve_accounts_by_type_from_database::successfully_retrieve_accounts_by_type_from_database::{closure#0}>::{closure#0}::{closure#0}>::{closure#0}>>::{closure#0}::{closure#0}>
[INFO] [stdout]   15:     0x6067a3f0e5f9 - <std[70759c8f55707aa4]::thread::local::LocalKey<tokio[1aedda5e18071099]::runtime::context::Context>>::with::<tokio[1aedda5e18071099]::runtime::context::set_scheduler<(alloc[2182bb758b4b3781]::boxed::Box<tokio[1aedda5e18071099]::runtime::scheduler::current_thread::Core>, core[df12db4294e9bfd3]::option::Option<()>), <tokio[1aedda5e18071099]::runtime::scheduler::current_thread::CoreGuard>::enter<<tokio[1aedda5e18071099]::runtime::scheduler::current_thread::CoreGuard>::block_on<core[df12db4294e9bfd3]::pin::Pin<&mut sqlx_core[d76daab394d4c37f]::testing::run_test<sqlx_postgres[ac30c618eba01fa1]::database::Postgres, sqlx_core[d76daab394d4c37f]::testing::run_test_with_pool<sqlx_postgres[ac30c618eba01fa1]::database::Postgres, fn(sqlx_core[d76daab394d4c37f]::pool::Pool<sqlx_postgres[ac30c618eba01fa1]::database::Postgres>) -> accounts[3390dc1d69ddd4fe]::repo::retrieve::tests::successfully_retrieve_accounts_by_type_from_database::successfully_retrieve_accounts_by_type_from_database::{closure#0}, accounts[3390dc1d69ddd4fe]::repo::retrieve::tests::successfully_retrieve_accounts_by_type_from_database::successfully_retrieve_accounts_by_type_from_database::{closure#0}>::{closure#0}, sqlx_core[d76daab394d4c37f]::testing::run_test_with_pool<sqlx_postgres[ac30c618eba01fa1]::database::Postgres, fn(sqlx_core[d76daab394d4c37f]::pool::Pool<sqlx_postgres[ac30c618eba01fa1]::database::Postgres>) -> accounts[3390dc1d69ddd4fe]::repo::retrieve::tests::successfully_retrieve_accounts_by_type_from_database::successfully_retrieve_accounts_by_type_from_database::{closure#0}, accounts[3390dc1d69ddd4fe]::repo::retrieve::tests::successfully_retrieve_accounts_by_type_from_database::successfully_retrieve_accounts_by_type_from_database::{closure#0}>::{closure#0}::{closure#0}>::{closure#0}>>::{closure#0}, core[df12db4294e9bfd3]::option::Option<()>>::{closure#0}>::{closure#0}, (alloc[2182bb758b4b3781]::boxed::Box<tokio[1aedda5e18071099]::runtime::scheduler::current_thread::Core>, core[df12db4294e9bfd3]::option::Option<()>)>
[INFO] [stdout]   16:     0x6067a3ef0217 - <tokio[1aedda5e18071099]::runtime::scheduler::current_thread::CoreGuard>::block_on::<core[df12db4294e9bfd3]::pin::Pin<&mut sqlx_core[d76daab394d4c37f]::testing::run_test<sqlx_postgres[ac30c618eba01fa1]::database::Postgres, sqlx_core[d76daab394d4c37f]::testing::run_test_with_pool<sqlx_postgres[ac30c618eba01fa1]::database::Postgres, fn(sqlx_core[d76daab394d4c37f]::pool::Pool<sqlx_postgres[ac30c618eba01fa1]::database::Postgres>) -> accounts[3390dc1d69ddd4fe]::repo::retrieve::tests::successfully_retrieve_accounts_by_type_from_database::successfully_retrieve_accounts_by_type_from_database::{closure#0}, accounts[3390dc1d69ddd4fe]::repo::retrieve::tests::successfully_retrieve_accounts_by_type_from_database::successfully_retrieve_accounts_by_type_from_database::{closure#0}>::{closure#0}, sqlx_core[d76daab394d4c37f]::testing::run_test_with_pool<sqlx_postgres[ac30c618eba01fa1]::database::Postgres, fn(sqlx_core[d76daab394d4c37f]::pool::Pool<sqlx_postgres[ac30c618eba01fa1]::database::Postgres>) -> accounts[3390dc1d69ddd4fe]::repo::retrieve::tests::successfully_retrieve_accounts_by_type_from_database::successfully_retrieve_accounts_by_type_from_database::{closure#0}, accounts[3390dc1d69ddd4fe]::repo::retrieve::tests::successfully_retrieve_accounts_by_type_from_database::successfully_retrieve_accounts_by_type_from_database::{closure#0}>::{closure#0}::{closure#0}>::{closure#0}>>
[INFO] [stdout]   17:     0x6067a3efb067 - tokio[1aedda5e18071099]::runtime::context::runtime::enter_runtime::<<tokio[1aedda5e18071099]::runtime::scheduler::current_thread::CurrentThread>::block_on<sqlx_core[d76daab394d4c37f]::testing::run_test<sqlx_postgres[ac30c618eba01fa1]::database::Postgres, sqlx_core[d76daab394d4c37f]::testing::run_test_with_pool<sqlx_postgres[ac30c618eba01fa1]::database::Postgres, fn(sqlx_core[d76daab394d4c37f]::pool::Pool<sqlx_postgres[ac30c618eba01fa1]::database::Postgres>) -> accounts[3390dc1d69ddd4fe]::repo::retrieve::tests::successfully_retrieve_accounts_by_type_from_database::successfully_retrieve_accounts_by_type_from_database::{closure#0}, accounts[3390dc1d69ddd4fe]::repo::retrieve::tests::successfully_retrieve_accounts_by_type_from_database::successfully_retrieve_accounts_by_type_from_database::{closure#0}>::{closure#0}, sqlx_core[d76daab394d4c37f]::testing::run_test_with_pool<sqlx_postgres[ac30c618eba01fa1]::database::Postgres, fn(sqlx_core[d76daab394d4c37f]::pool::Pool<sqlx_postgres[ac30c618eba01fa1]::database::Postgres>) -> accounts[3390dc1d69ddd4fe]::repo::retrieve::tests::successfully_retrieve_accounts_by_type_from_database::successfully_retrieve_accounts_by_type_from_database::{closure#0}, accounts[3390dc1d69ddd4fe]::repo::retrieve::tests::successfully_retrieve_accounts_by_type_from_database::successfully_retrieve_accounts_by_type_from_database::{closure#0}>::{closure#0}::{closure#0}>::{closure#0}>::{closure#0}, ()>
[INFO] [stdout]   18:     0x6067a3f1988e - <tokio[1aedda5e18071099]::runtime::runtime::Runtime>::block_on::<sqlx_core[d76daab394d4c37f]::testing::run_test<sqlx_postgres[ac30c618eba01fa1]::database::Postgres, sqlx_core[d76daab394d4c37f]::testing::run_test_with_pool<sqlx_postgres[ac30c618eba01fa1]::database::Postgres, fn(sqlx_core[d76daab394d4c37f]::pool::Pool<sqlx_postgres[ac30c618eba01fa1]::database::Postgres>) -> accounts[3390dc1d69ddd4fe]::repo::retrieve::tests::successfully_retrieve_accounts_by_type_from_database::successfully_retrieve_accounts_by_type_from_database::{closure#0}, accounts[3390dc1d69ddd4fe]::repo::retrieve::tests::successfully_retrieve_accounts_by_type_from_database::successfully_retrieve_accounts_by_type_from_database::{closure#0}>::{closure#0}, sqlx_core[d76daab394d4c37f]::testing::run_test_with_pool<sqlx_postgres[ac30c618eba01fa1]::database::Postgres, fn(sqlx_core[d76daab394d4c37f]::pool::Pool<sqlx_postgres[ac30c618eba01fa1]::database::Postgres>) -> accounts[3390dc1d69ddd4fe]::repo::retrieve::tests::successfully_retrieve_accounts_by_type_from_database::successfully_retrieve_accounts_by_type_from_database::{closure#0}, accounts[3390dc1d69ddd4fe]::repo::retrieve::tests::successfully_retrieve_accounts_by_type_from_database::successfully_retrieve_accounts_by_type_from_database::{closure#0}>::{closure#0}::{closure#0}>::{closure#0}>
[INFO] [stdout]   19:     0x6067a3f28b4b - sqlx_core[d76daab394d4c37f]::rt::test_block_on::<sqlx_core[d76daab394d4c37f]::testing::run_test<sqlx_postgres[ac30c618eba01fa1]::database::Postgres, sqlx_core[d76daab394d4c37f]::testing::run_test_with_pool<sqlx_postgres[ac30c618eba01fa1]::database::Postgres, fn(sqlx_core[d76daab394d4c37f]::pool::Pool<sqlx_postgres[ac30c618eba01fa1]::database::Postgres>) -> accounts[3390dc1d69ddd4fe]::repo::retrieve::tests::successfully_retrieve_accounts_by_type_from_database::successfully_retrieve_accounts_by_type_from_database::{closure#0}, accounts[3390dc1d69ddd4fe]::repo::retrieve::tests::successfully_retrieve_accounts_by_type_from_database::successfully_retrieve_accounts_by_type_from_database::{closure#0}>::{closure#0}, sqlx_core[d76daab394d4c37f]::testing::run_test_with_pool<sqlx_postgres[ac30c618eba01fa1]::database::Postgres, fn(sqlx_core[d76daab394d4c37f]::pool::Pool<sqlx_postgres[ac30c618eba01fa1]::database::Postgres>) -> accounts[3390dc1d69ddd4fe]::repo::retrieve::tests::successfully_retrieve_accounts_by_type_from_database::successfully_retrieve_accounts_by_type_from_database::{closure#0}, accounts[3390dc1d69ddd4fe]::repo::retrieve::tests::successfully_retrieve_accounts_by_type_from_database::successfully_retrieve_accounts_by_type_from_database::{closure#0}>::{closure#0}::{closure#0}>::{closure#0}>
[INFO] [stdout]   20:     0x6067a3f1f670 - <accounts[3390dc1d69ddd4fe]::repo::retrieve::tests::successfully_retrieve_accounts_by_type_from_database::{closure#0} as core[df12db4294e9bfd3]::ops::function::FnOnce<()>>::call_once
[INFO] [stdout]   21:     0x6067a3f3763b - test[9d35eded1c95d3be]::__rust_begin_short_backtrace::<core[df12db4294e9bfd3]::result::Result<(), alloc[2182bb758b4b3781]::string::String>, fn() -> core[df12db4294e9bfd3]::result::Result<(), alloc[2182bb758b4b3781]::string::String>>
[INFO] [stdout]   22:     0x6067a3f44ca5 - test[9d35eded1c95d3be]::run_test::{closure#0}
[INFO] [stdout]   23:     0x6067a3f3e564 - std[70759c8f55707aa4]::sys::backtrace::__rust_begin_short_backtrace::<test[9d35eded1c95d3be]::run_test::{closure#1}, ()>
[INFO] [stdout]   24:     0x6067a3f47e02 - <std[70759c8f55707aa4]::thread::lifecycle::spawn_unchecked<test[9d35eded1c95d3be]::run_test::{closure#1}, ()>::{closure#1} as core[df12db4294e9bfd3]::ops::function::FnOnce<()>>::call_once::{shim:vtable#0}
[INFO] [stdout]   25:     0x6067a40b4c79 - <std[70759c8f55707aa4]::sys::thread::unix::Thread>::new::thread_start
[INFO] [stdout]   26:     0x79d9ffae1dfa - <unknown>
[INFO] [stdout]   27:     0x79d9ffb753d4 - clone
[INFO] [stdout]   28:                0x0 - <unknown>
[INFO] [stdout] 
[INFO] [stdout] ---- repo::retrieve::tests::successfully_retrieve_account_by_id_from_database stdout ----
[INFO] [stdout] 
[INFO] [stdout] thread 'repo::retrieve::tests::successfully_retrieve_account_by_id_from_database' (5500) panicked at /opt/rustwide/cargo-home/registry/src/index.crates.io-1949cf8c6b5b557f/sqlx-postgres-0.8.6/src/testing/mod.rs:96:44:
[INFO] [stdout] DATABASE_URL must be set: EnvVar(NotPresent)
[INFO] [stdout] stack backtrace:
[INFO] [stdout]    0:     0x6067a40b5a71 - <<std[70759c8f55707aa4]::sys::backtrace::BacktraceLock>::print::DisplayBacktrace as core[df12db4294e9bfd3]::fmt::Display>::fmt
[INFO] [stdout]    1:     0x6067a40ccf1a - core[df12db4294e9bfd3]::fmt::write
[INFO] [stdout]    2:     0x6067a40ba99c - <alloc[2182bb758b4b3781]::vec::Vec<u8> as core[df12db4294e9bfd3]::io::write::Write>::write_fmt
[INFO] [stdout]    3:     0x6067a4090116 - std[70759c8f55707aa4]::panicking::default_hook::{closure#0}
[INFO] [stdout]    4:     0x6067a40ad549 - std[70759c8f55707aa4]::panicking::default_hook
[INFO] [stdout]    5:     0x6067a3f44350 - test[9d35eded1c95d3be]::test_main_inner::<test[9d35eded1c95d3be]::test_main_static::{closure#0}>::{closure#0}
[INFO] [stdout]    6:     0x6067a40ad872 - std[70759c8f55707aa4]::panicking::panic_with_hook
[INFO] [stdout]    7:     0x6067a40901c2 - std[70759c8f55707aa4]::panicking::panic_handler::{closure#0}
[INFO] [stdout]    8:     0x6067a4088509 - std[70759c8f55707aa4]::sys::backtrace::__rust_end_short_backtrace::<std[70759c8f55707aa4]::panicking::panic_handler::{closure#0}, !>
[INFO] [stdout]    9:     0x6067a409115d - __rustc[8fa7c3cbc660c2b3]::rust_begin_unwind
[INFO] [stdout]   10:     0x6067a40cd67c - core[df12db4294e9bfd3]::panicking::panic_fmt
[INFO] [stdout]   11:     0x6067a40cd452 - core[df12db4294e9bfd3]::result::unwrap_failed
[INFO] [stdout]   12:     0x6067a3f9664e - <sqlx_postgres[ac30c618eba01fa1]::database::Postgres as sqlx_core[d76daab394d4c37f]::testing::TestSupport>::test_context::{closure#0}
[INFO] [stdout]   13:     0x6067a3e85c7b - sqlx_core[d76daab394d4c37f]::testing::run_test::<sqlx_postgres[ac30c618eba01fa1]::database::Postgres, sqlx_core[d76daab394d4c37f]::testing::run_test_with_pool<sqlx_postgres[ac30c618eba01fa1]::database::Postgres, fn(sqlx_core[d76daab394d4c37f]::pool::Pool<sqlx_postgres[ac30c618eba01fa1]::database::Postgres>) -> accounts[3390dc1d69ddd4fe]::repo::retrieve::tests::successfully_retrieve_account_by_id_from_database::successfully_retrieve_account_by_id_from_database::{closure#0}, accounts[3390dc1d69ddd4fe]::repo::retrieve::tests::successfully_retrieve_account_by_id_from_database::successfully_retrieve_account_by_id_from_database::{closure#0}>::{closure#0}, sqlx_core[d76daab394d4c37f]::testing::run_test_with_pool<sqlx_postgres[ac30c618eba01fa1]::database::Postgres, fn(sqlx_core[d76daab394d4c37f]::pool::Pool<sqlx_postgres[ac30c618eba01fa1]::database::Postgres>) -> accounts[3390dc1d69ddd4fe]::repo::retrieve::tests::successfully_retrieve_account_by_id_from_database::successfully_retrieve_account_by_id_from_database::{closure#0}, accounts[3390dc1d69ddd4fe]::repo::retrieve::tests::successfully_retrieve_account_by_id_from_database::successfully_retrieve_account_by_id_from_database::{closure#0}>::{closure#0}::{closure#0}>::{closure#0}
[INFO] [stdout]   14:     0x6067a3eef04e - <tokio[1aedda5e18071099]::runtime::scheduler::current_thread::Context>::enter::<core[df12db4294e9bfd3]::task::poll::Poll<()>, <tokio[1aedda5e18071099]::runtime::scheduler::current_thread::CoreGuard>::block_on<core[df12db4294e9bfd3]::pin::Pin<&mut sqlx_core[d76daab394d4c37f]::testing::run_test<sqlx_postgres[ac30c618eba01fa1]::database::Postgres, sqlx_core[d76daab394d4c37f]::testing::run_test_with_pool<sqlx_postgres[ac30c618eba01fa1]::database::Postgres, fn(sqlx_core[d76daab394d4c37f]::pool::Pool<sqlx_postgres[ac30c618eba01fa1]::database::Postgres>) -> accounts[3390dc1d69ddd4fe]::repo::retrieve::tests::successfully_retrieve_account_by_id_from_database::successfully_retrieve_account_by_id_from_database::{closure#0}, accounts[3390dc1d69ddd4fe]::repo::retrieve::tests::successfully_retrieve_account_by_id_from_database::successfully_retrieve_account_by_id_from_database::{closure#0}>::{closure#0}, sqlx_core[d76daab394d4c37f]::testing::run_test_with_pool<sqlx_postgres[ac30c618eba01fa1]::database::Postgres, fn(sqlx_core[d76daab394d4c37f]::pool::Pool<sqlx_postgres[ac30c618eba01fa1]::database::Postgres>) -> accounts[3390dc1d69ddd4fe]::repo::retrieve::tests::successfully_retrieve_account_by_id_from_database::successfully_retrieve_account_by_id_from_database::{closure#0}, accounts[3390dc1d69ddd4fe]::repo::retrieve::tests::successfully_retrieve_account_by_id_from_database::successfully_retrieve_account_by_id_from_database::{closure#0}>::{closure#0}::{closure#0}>::{closure#0}>>::{closure#0}::{closure#0}>
[INFO] [stdout]   15:     0x6067a3f0e3d9 - <std[70759c8f55707aa4]::thread::local::LocalKey<tokio[1aedda5e18071099]::runtime::context::Context>>::with::<tokio[1aedda5e18071099]::runtime::context::set_scheduler<(alloc[2182bb758b4b3781]::boxed::Box<tokio[1aedda5e18071099]::runtime::scheduler::current_thread::Core>, core[df12db4294e9bfd3]::option::Option<()>), <tokio[1aedda5e18071099]::runtime::scheduler::current_thread::CoreGuard>::enter<<tokio[1aedda5e18071099]::runtime::scheduler::current_thread::CoreGuard>::block_on<core[df12db4294e9bfd3]::pin::Pin<&mut sqlx_core[d76daab394d4c37f]::testing::run_test<sqlx_postgres[ac30c618eba01fa1]::database::Postgres, sqlx_core[d76daab394d4c37f]::testing::run_test_with_pool<sqlx_postgres[ac30c618eba01fa1]::database::Postgres, fn(sqlx_core[d76daab394d4c37f]::pool::Pool<sqlx_postgres[ac30c618eba01fa1]::database::Postgres>) -> accounts[3390dc1d69ddd4fe]::repo::retrieve::tests::successfully_retrieve_account_by_id_from_database::successfully_retrieve_account_by_id_from_database::{closure#0}, accounts[3390dc1d69ddd4fe]::repo::retrieve::tests::successfully_retrieve_account_by_id_from_database::successfully_retrieve_account_by_id_from_database::{closure#0}>::{closure#0}, sqlx_core[d76daab394d4c37f]::testing::run_test_with_pool<sqlx_postgres[ac30c618eba01fa1]::database::Postgres, fn(sqlx_core[d76daab394d4c37f]::pool::Pool<sqlx_postgres[ac30c618eba01fa1]::database::Postgres>) -> accounts[3390dc1d69ddd4fe]::repo::retrieve::tests::successfully_retrieve_account_by_id_from_database::successfully_retrieve_account_by_id_from_database::{closure#0}, accounts[3390dc1d69ddd4fe]::repo::retrieve::tests::successfully_retrieve_account_by_id_from_database::successfully_retrieve_account_by_id_from_database::{closure#0}>::{closure#0}::{closure#0}>::{closure#0}>>::{closure#0}, core[df12db4294e9bfd3]::option::Option<()>>::{closure#0}>::{closure#0}, (alloc[2182bb758b4b3781]::boxed::Box<tokio[1aedda5e18071099]::runtime::scheduler::current_thread::Core>, core[df12db4294e9bfd3]::option::Option<()>)>
[INFO] [stdout]   16:     0x6067a3ef0097 - <tokio[1aedda5e18071099]::runtime::scheduler::current_thread::CoreGuard>::block_on::<core[df12db4294e9bfd3]::pin::Pin<&mut sqlx_core[d76daab394d4c37f]::testing::run_test<sqlx_postgres[ac30c618eba01fa1]::database::Postgres, sqlx_core[d76daab394d4c37f]::testing::run_test_with_pool<sqlx_postgres[ac30c618eba01fa1]::database::Postgres, fn(sqlx_core[d76daab394d4c37f]::pool::Pool<sqlx_postgres[ac30c618eba01fa1]::database::Postgres>) -> accounts[3390dc1d69ddd4fe]::repo::retrieve::tests::successfully_retrieve_account_by_id_from_database::successfully_retrieve_account_by_id_from_database::{closure#0}, accounts[3390dc1d69ddd4fe]::repo::retrieve::tests::successfully_retrieve_account_by_id_from_database::successfully_retrieve_account_by_id_from_database::{closure#0}>::{closure#0}, sqlx_core[d76daab394d4c37f]::testing::run_test_with_pool<sqlx_postgres[ac30c618eba01fa1]::database::Postgres, fn(sqlx_core[d76daab394d4c37f]::pool::Pool<sqlx_postgres[ac30c618eba01fa1]::database::Postgres>) -> accounts[3390dc1d69ddd4fe]::repo::retrieve::tests::successfully_retrieve_account_by_id_from_database::successfully_retrieve_account_by_id_from_database::{closure#0}, accounts[3390dc1d69ddd4fe]::repo::retrieve::tests::successfully_retrieve_account_by_id_from_database::successfully_retrieve_account_by_id_from_database::{closure#0}>::{closure#0}::{closure#0}>::{closure#0}>>
[INFO] [stdout]   17:     0x6067a3efac17 - tokio[1aedda5e18071099]::runtime::context::runtime::enter_runtime::<<tokio[1aedda5e18071099]::runtime::scheduler::current_thread::CurrentThread>::block_on<sqlx_core[d76daab394d4c37f]::testing::run_test<sqlx_postgres[ac30c618eba01fa1]::database::Postgres, sqlx_core[d76daab394d4c37f]::testing::run_test_with_pool<sqlx_postgres[ac30c618eba01fa1]::database::Postgres, fn(sqlx_core[d76daab394d4c37f]::pool::Pool<sqlx_postgres[ac30c618eba01fa1]::database::Postgres>) -> accounts[3390dc1d69ddd4fe]::repo::retrieve::tests::successfully_retrieve_account_by_id_from_database::successfully_retrieve_account_by_id_from_database::{closure#0}, accounts[3390dc1d69ddd4fe]::repo::retrieve::tests::successfully_retrieve_account_by_id_from_database::successfully_retrieve_account_by_id_from_database::{closure#0}>::{closure#0}, sqlx_core[d76daab394d4c37f]::testing::run_test_with_pool<sqlx_postgres[ac30c618eba01fa1]::database::Postgres, fn(sqlx_core[d76daab394d4c37f]::pool::Pool<sqlx_postgres[ac30c618eba01fa1]::database::Postgres>) -> accounts[3390dc1d69ddd4fe]::repo::retrieve::tests::successfully_retrieve_account_by_id_from_database::successfully_retrieve_account_by_id_from_database::{closure#0}, accounts[3390dc1d69ddd4fe]::repo::retrieve::tests::successfully_retrieve_account_by_id_from_database::successfully_retrieve_account_by_id_from_database::{closure#0}>::{closure#0}::{closure#0}>::{closure#0}>::{closure#0}, ()>
[INFO] [stdout]   18:     0x6067a3f1971e - <tokio[1aedda5e18071099]::runtime::runtime::Runtime>::block_on::<sqlx_core[d76daab394d4c37f]::testing::run_test<sqlx_postgres[ac30c618eba01fa1]::database::Postgres, sqlx_core[d76daab394d4c37f]::testing::run_test_with_pool<sqlx_postgres[ac30c618eba01fa1]::database::Postgres, fn(sqlx_core[d76daab394d4c37f]::pool::Pool<sqlx_postgres[ac30c618eba01fa1]::database::Postgres>) -> accounts[3390dc1d69ddd4fe]::repo::retrieve::tests::successfully_retrieve_account_by_id_from_database::successfully_retrieve_account_by_id_from_database::{closure#0}, accounts[3390dc1d69ddd4fe]::repo::retrieve::tests::successfully_retrieve_account_by_id_from_database::successfully_retrieve_account_by_id_from_database::{closure#0}>::{closure#0}, sqlx_core[d76daab394d4c37f]::testing::run_test_with_pool<sqlx_postgres[ac30c618eba01fa1]::database::Postgres, fn(sqlx_core[d76daab394d4c37f]::pool::Pool<sqlx_postgres[ac30c618eba01fa1]::database::Postgres>) -> accounts[3390dc1d69ddd4fe]::repo::retrieve::tests::successfully_retrieve_account_by_id_from_database::successfully_retrieve_account_by_id_from_database::{closure#0}, accounts[3390dc1d69ddd4fe]::repo::retrieve::tests::successfully_retrieve_account_by_id_from_database::successfully_retrieve_account_by_id_from_database::{closure#0}>::{closure#0}::{closure#0}>::{closure#0}>
[INFO] [stdout]   19:     0x6067a3f28a1b - sqlx_core[d76daab394d4c37f]::rt::test_block_on::<sqlx_core[d76daab394d4c37f]::testing::run_test<sqlx_postgres[ac30c618eba01fa1]::database::Postgres, sqlx_core[d76daab394d4c37f]::testing::run_test_with_pool<sqlx_postgres[ac30c618eba01fa1]::database::Postgres, fn(sqlx_core[d76daab394d4c37f]::pool::Pool<sqlx_postgres[ac30c618eba01fa1]::database::Postgres>) -> accounts[3390dc1d69ddd4fe]::repo::retrieve::tests::successfully_retrieve_account_by_id_from_database::successfully_retrieve_account_by_id_from_database::{closure#0}, accounts[3390dc1d69ddd4fe]::repo::retrieve::tests::successfully_retrieve_account_by_id_from_database::successfully_retrieve_account_by_id_from_database::{closure#0}>::{closure#0}, sqlx_core[d76daab394d4c37f]::testing::run_test_with_pool<sqlx_postgres[ac30c618eba01fa1]::database::Postgres, fn(sqlx_core[d76daab394d4c37f]::pool::Pool<sqlx_postgres[ac30c618eba01fa1]::database::Postgres>) -> accounts[3390dc1d69ddd4fe]::repo::retrieve::tests::successfully_retrieve_account_by_id_from_database::successfully_retrieve_account_by_id_from_database::{closure#0}, accounts[3390dc1d69ddd4fe]::repo::retrieve::tests::successfully_retrieve_account_by_id_from_database::successfully_retrieve_account_by_id_from_database::{closure#0}>::{closure#0}::{closure#0}>::{closure#0}>
[INFO] [stdout]   20:     0x6067a3f1f5c0 - <accounts[3390dc1d69ddd4fe]::repo::retrieve::tests::successfully_retrieve_account_by_id_from_database::{closure#0} as core[df12db4294e9bfd3]::ops::function::FnOnce<()>>::call_once
[INFO] [stdout]   21:     0x6067a3f3763b - test[9d35eded1c95d3be]::__rust_begin_short_backtrace::<core[df12db4294e9bfd3]::result::Result<(), alloc[2182bb758b4b3781]::string::String>, fn() -> core[df12db4294e9bfd3]::result::Result<(), alloc[2182bb758b4b3781]::string::String>>
[INFO] [stdout]   22:     0x6067a3f44ca5 - test[9d35eded1c95d3be]::run_test::{closure#0}
[INFO] [stdout]   23:     0x6067a3f3e564 - std[70759c8f55707aa4]::sys::backtrace::__rust_begin_short_backtrace::<test[9d35eded1c95d3be]::run_test::{closure#1}, ()>
[INFO] [stdout]   24:     0x6067a3f47e02 - <std[70759c8f55707aa4]::thread::lifecycle::spawn_unchecked<test[9d35eded1c95d3be]::run_test::{closure#1}, ()>::{closure#1} as core[df12db4294e9bfd3]::ops::function::FnOnce<()>>::call_once::{shim:vtable#0}
[INFO] [stdout]   25:     0x6067a40b4c79 - <std[70759c8f55707aa4]::sys::thread::unix::Thread>::new::thread_start
[INFO] [stdout]   26:     0x79d9ffae1dfa - <unknown>
[INFO] [stdout]   27:     0x79d9ffb753d4 - clone
[INFO] [stdout]   28:                0x0 - <unknown>
[INFO] [stdout] 
[INFO] [stdout] ---- service::tests::successfully_retrieve_accounts_by_type stdout ----
[INFO] [stdout] 
[INFO] [stdout] thread 'service::tests::successfully_retrieve_accounts_by_type' (5505) panicked at /opt/rustwide/cargo-home/registry/src/index.crates.io-1949cf8c6b5b557f/sqlx-postgres-0.8.6/src/testing/mod.rs:96:44:
[INFO] [stdout] DATABASE_URL must be set: EnvVar(NotPresent)
[INFO] [stdout] stack backtrace:
[INFO] [stdout]    0:     0x6067a40b5a71 - <<std[70759c8f55707aa4]::sys::backtrace::BacktraceLock>::print::DisplayBacktrace as core[df12db4294e9bfd3]::fmt::Display>::fmt
[INFO] [stdout]    1:     0x6067a40ccf1a - core[df12db4294e9bfd3]::fmt::write
[INFO] [stdout]    2:     0x6067a40ba99c - <alloc[2182bb758b4b3781]::vec::Vec<u8> as core[df12db4294e9bfd3]::io::write::Write>::write_fmt
[INFO] [stdout]    3:     0x6067a4090116 - std[70759c8f55707aa4]::panicking::default_hook::{closure#0}
[INFO] [stdout]    4:     0x6067a40ad549 - std[70759c8f55707aa4]::panicking::default_hook
[INFO] [stdout]    5:     0x6067a3f44350 - test[9d35eded1c95d3be]::test_main_inner::<test[9d35eded1c95d3be]::test_main_static::{closure#0}>::{closure#0}
[INFO] [stdout]    6:     0x6067a40ad872 - std[70759c8f55707aa4]::panicking::panic_with_hook
[INFO] [stdout]    7:     0x6067a40901c2 - std[70759c8f55707aa4]::panicking::panic_handler::{closure#0}
[INFO] [stdout]    8:     0x6067a4088509 - std[70759c8f55707aa4]::sys::backtrace::__rust_end_short_backtrace::<std[70759c8f55707aa4]::panicking::panic_handler::{closure#0}, !>
[INFO] [stdout]    9:     0x6067a409115d - __rustc[8fa7c3cbc660c2b3]::rust_begin_unwind
[INFO] [stdout]   10:     0x6067a40cd67c - core[df12db4294e9bfd3]::panicking::panic_fmt
[INFO] [stdout]   11:     0x6067a40cd452 - core[df12db4294e9bfd3]::result::unwrap_failed
[INFO] [stdout]   12:     0x6067a3f9664e - <sqlx_postgres[ac30c618eba01fa1]::database::Postgres as sqlx_core[d76daab394d4c37f]::testing::TestSupport>::test_context::{closure#0}
[INFO] [stdout]   13:     0x6067a3e821ed - sqlx_core[d76daab394d4c37f]::testing::run_test::<sqlx_postgres[ac30c618eba01fa1]::database::Postgres, sqlx_core[d76daab394d4c37f]::testing::run_test_with_pool<sqlx_postgres[ac30c618eba01fa1]::database::Postgres, fn(sqlx_core[d76daab394d4c37f]::pool::Pool<sqlx_postgres[ac30c618eba01fa1]::database::Postgres>) -> accounts[3390dc1d69ddd4fe]::service::tests::successfully_retrieve_accounts_by_type::successfully_retrieve_accounts_by_type::{closure#0}, accounts[3390dc1d69ddd4fe]::service::tests::successfully_retrieve_accounts_by_type::successfully_retrieve_accounts_by_type::{closure#0}>::{closure#0}, sqlx_core[d76daab394d4c37f]::testing::run_test_with_pool<sqlx_postgres[ac30c618eba01fa1]::database::Postgres, fn(sqlx_core[d76daab394d4c37f]::pool::Pool<sqlx_postgres[ac30c618eba01fa1]::database::Postgres>) -> accounts[3390dc1d69ddd4fe]::service::tests::successfully_retrieve_accounts_by_type::successfully_retrieve_accounts_by_type::{closure#0}, accounts[3390dc1d69ddd4fe]::service::tests::successfully_retrieve_accounts_by_type::successfully_retrieve_accounts_by_type::{closure#0}>::{closure#0}::{closure#0}>::{closure#0}
[INFO] [stdout]   14:     0x6067a3eeeb9e - <tokio[1aedda5e18071099]::runtime::scheduler::current_thread::Context>::enter::<core[df12db4294e9bfd3]::task::poll::Poll<()>, <tokio[1aedda5e18071099]::runtime::scheduler::current_thread::CoreGuard>::block_on<core[df12db4294e9bfd3]::pin::Pin<&mut sqlx_core[d76daab394d4c37f]::testing::run_test<sqlx_postgres[ac30c618eba01fa1]::database::Postgres, sqlx_core[d76daab394d4c37f]::testing::run_test_with_pool<sqlx_postgres[ac30c618eba01fa1]::database::Postgres, fn(sqlx_core[d76daab394d4c37f]::pool::Pool<sqlx_postgres[ac30c618eba01fa1]::database::Postgres>) -> accounts[3390dc1d69ddd4fe]::service::tests::successfully_retrieve_accounts_by_type::successfully_retrieve_accounts_by_type::{closure#0}, accounts[3390dc1d69ddd4fe]::service::tests::successfully_retrieve_accounts_by_type::successfully_retrieve_accounts_by_type::{closure#0}>::{closure#0}, sqlx_core[d76daab394d4c37f]::testing::run_test_with_pool<sqlx_postgres[ac30c618eba01fa1]::database::Postgres, fn(sqlx_core[d76daab394d4c37f]::pool::Pool<sqlx_postgres[ac30c618eba01fa1]::database::Postgres>) -> accounts[3390dc1d69ddd4fe]::service::tests::successfully_retrieve_accounts_by_type::successfully_retrieve_accounts_by_type::{closure#0}, accounts[3390dc1d69ddd4fe]::service::tests::successfully_retrieve_accounts_by_type::successfully_retrieve_accounts_by_type::{closure#0}>::{closure#0}::{closure#0}>::{closure#0}>>::{closure#0}::{closure#0}>
[INFO] [stdout]   15:     0x6067a3f0dd79 - <std[70759c8f55707aa4]::thread::local::LocalKey<tokio[1aedda5e18071099]::runtime::context::Context>>::with::<tokio[1aedda5e18071099]::runtime::context::set_scheduler<(alloc[2182bb758b4b3781]::boxed::Box<tokio[1aedda5e18071099]::runtime::scheduler::current_thread::Core>, core[df12db4294e9bfd3]::option::Option<()>), <tokio[1aedda5e18071099]::runtime::scheduler::current_thread::CoreGuard>::enter<<tokio[1aedda5e18071099]::runtime::scheduler::current_thread::CoreGuard>::block_on<core[df12db4294e9bfd3]::pin::Pin<&mut sqlx_core[d76daab394d4c37f]::testing::run_test<sqlx_postgres[ac30c618eba01fa1]::database::Postgres, sqlx_core[d76daab394d4c37f]::testing::run_test_with_pool<sqlx_postgres[ac30c618eba01fa1]::database::Postgres, fn(sqlx_core[d76daab394d4c37f]::pool::Pool<sqlx_postgres[ac30c618eba01fa1]::database::Postgres>) -> accounts[3390dc1d69ddd4fe]::service::tests::successfully_retrieve_accounts_by_type::successfully_retrieve_accounts_by_type::{closure#0}, accounts[3390dc1d69ddd4fe]::service::tests::successfully_retrieve_accounts_by_type::successfully_retrieve_accounts_by_type::{closure#0}>::{closure#0}, sqlx_core[d76daab394d4c37f]::testing::run_test_with_pool<sqlx_postgres[ac30c618eba01fa1]::database::Postgres, fn(sqlx_core[d76daab394d4c37f]::pool::Pool<sqlx_postgres[ac30c618eba01fa1]::database::Postgres>) -> accounts[3390dc1d69ddd4fe]::service::tests::successfully_retrieve_accounts_by_type::successfully_retrieve_accounts_by_type::{closure#0}, accounts[3390dc1d69ddd4fe]::service::tests::successfully_retrieve_accounts_by_type::successfully_retrieve_accounts_by_type::{closure#0}>::{closure#0}::{closure#0}>::{closure#0}>>::{closure#0}, core[df12db4294e9bfd3]::option::Option<()>>::{closure#0}>::{closure#0}, (alloc[2182bb758b4b3781]::boxed::Box<tokio[1aedda5e18071099]::runtime::scheduler::current_thread::Core>, core[df12db4294e9bfd3]::option::Option<()>)>
[INFO] [stdout]   16:     0x6067a3eefc17 - <tokio[1aedda5e18071099]::runtime::scheduler::current_thread::CoreGuard>::block_on::<core[df12db4294e9bfd3]::pin::Pin<&mut sqlx_core[d76daab394d4c37f]::testing::run_test<sqlx_postgres[ac30c618eba01fa1]::database::Postgres, sqlx_core[d76daab394d4c37f]::testing::run_test_with_pool<sqlx_postgres[ac30c618eba01fa1]::database::Postgres, fn(sqlx_core[d76daab394d4c37f]::pool::Pool<sqlx_postgres[ac30c618eba01fa1]::database::Postgres>) -> accounts[3390dc1d69ddd4fe]::service::tests::successfully_retrieve_accounts_by_type::successfully_retrieve_accounts_by_type::{closure#0}, accounts[3390dc1d69ddd4fe]::service::tests::successfully_retrieve_accounts_by_type::successfully_retrieve_accounts_by_type::{closure#0}>::{closure#0}, sqlx_core[d76daab394d4c37f]::testing::run_test_with_pool<sqlx_postgres[ac30c618eba01fa1]::database::Postgres, fn(sqlx_core[d76daab394d4c37f]::pool::Pool<sqlx_postgres[ac30c618eba01fa1]::database::Postgres>) -> accounts[3390dc1d69ddd4fe]::service::tests::successfully_retrieve_accounts_by_type::successfully_retrieve_accounts_by_type::{closure#0}, accounts[3390dc1d69ddd4fe]::service::tests::successfully_retrieve_accounts_by_type::successfully_retrieve_accounts_by_type::{closure#0}>::{closure#0}::{closure#0}>::{closure#0}>>
[INFO] [stdout]   17:     0x6067a3ef9f27 - tokio[1aedda5e18071099]::runtime::context::runtime::enter_runtime::<<tokio[1aedda5e18071099]::runtime::scheduler::current_thread::CurrentThread>::block_on<sqlx_core[d76daab394d4c37f]::testing::run_test<sqlx_postgres[ac30c618eba01fa1]::database::Postgres, sqlx_core[d76daab394d4c37f]::testing::run_test_with_pool<sqlx_postgres[ac30c618eba01fa1]::database::Postgres, fn(sqlx_core[d76daab394d4c37f]::pool::Pool<sqlx_postgres[ac30c618eba01fa1]::database::Postgres>) -> accounts[3390dc1d69ddd4fe]::service::tests::successfully_retrieve_accounts_by_type::successfully_retrieve_accounts_by_type::{closure#0}, accounts[3390dc1d69ddd4fe]::service::tests::successfully_retrieve_accounts_by_type::successfully_retrieve_accounts_by_type::{closure#0}>::{closure#0}, sqlx_core[d76daab394d4c37f]::testing::run_test_with_pool<sqlx_postgres[ac30c618eba01fa1]::database::Postgres, fn(sqlx_core[d76daab394d4c37f]::pool::Pool<sqlx_postgres[ac30c618eba01fa1]::database::Postgres>) -> accounts[3390dc1d69ddd4fe]::service::tests::successfully_retrieve_accounts_by_type::successfully_retrieve_accounts_by_type::{closure#0}, accounts[3390dc1d69ddd4fe]::service::tests::successfully_retrieve_accounts_by_type::successfully_retrieve_accounts_by_type::{closure#0}>::{closure#0}::{closure#0}>::{closure#0}>::{closure#0}, ()>
[INFO] [stdout]   18:     0x6067a3f192ce - <tokio[1aedda5e18071099]::runtime::runtime::Runtime>::block_on::<sqlx_core[d76daab394d4c37f]::testing::run_test<sqlx_postgres[ac30c618eba01fa1]::database::Postgres, sqlx_core[d76daab394d4c37f]::testing::run_test_with_pool<sqlx_postgres[ac30c618eba01fa1]::database::Postgres, fn(sqlx_core[d76daab394d4c37f]::pool::Pool<sqlx_postgres[ac30c618eba01fa1]::database::Postgres>) -> accounts[3390dc1d69ddd4fe]::service::tests::successfully_retrieve_accounts_by_type::successfully_retrieve_accounts_by_type::{closure#0}, accounts[3390dc1d69ddd4fe]::service::tests::successfully_retrieve_accounts_by_type::successfully_retrieve_accounts_by_type::{closure#0}>::{closure#0}, sqlx_core[d76daab394d4c37f]::testing::run_test_with_pool<sqlx_postgres[ac30c618eba01fa1]::database::Postgres, fn(sqlx_core[d76daab394d4c37f]::pool::Pool<sqlx_postgres[ac30c618eba01fa1]::database::Postgres>) -> accounts[3390dc1d69ddd4fe]::service::tests::successfully_retrieve_accounts_by_type::successfully_retrieve_accounts_by_type::{closure#0}, accounts[3390dc1d69ddd4fe]::service::tests::successfully_retrieve_accounts_by_type::successfully_retrieve_accounts_by_type::{closure#0}>::{closure#0}::{closure#0}>::{closure#0}>
[INFO] [stdout]   19:     0x6067a3f2868b - sqlx_core[d76daab394d4c37f]::rt::test_block_on::<sqlx_core[d76daab394d4c37f]::testing::run_test<sqlx_postgres[ac30c618eba01fa1]::database::Postgres, sqlx_core[d76daab394d4c37f]::testing::run_test_with_pool<sqlx_postgres[ac30c618eba01fa1]::database::Postgres, fn(sqlx_core[d76daab394d4c37f]::pool::Pool<sqlx_postgres[ac30c618eba01fa1]::database::Postgres>) -> accounts[3390dc1d69ddd4fe]::service::tests::successfully_retrieve_accounts_by_type::successfully_retrieve_accounts_by_type::{closure#0}, accounts[3390dc1d69ddd4fe]::service::tests::successfully_retrieve_accounts_by_type::successfully_retrieve_accounts_by_type::{closure#0}>::{closure#0}, sqlx_core[d76daab394d4c37f]::testing::run_test_with_pool<sqlx_postgres[ac30c618eba01fa1]::database::Postgres, fn(sqlx_core[d76daab394d4c37f]::pool::Pool<sqlx_postgres[ac30c618eba01fa1]::database::Postgres>) -> accounts[3390dc1d69ddd4fe]::service::tests::successfully_retrieve_accounts_by_type::successfully_retrieve_accounts_by_type::{closure#0}, accounts[3390dc1d69ddd4fe]::service::tests::successfully_retrieve_accounts_by_type::successfully_retrieve_accounts_by_type::{closure#0}>::{closure#0}::{closure#0}>::{closure#0}>
[INFO] [stdout]   20:     0x6067a3f1f370 - <accounts[3390dc1d69ddd4fe]::service::tests::successfully_retrieve_accounts_by_type::{closure#0} as core[df12db4294e9bfd3]::ops::function::FnOnce<()>>::call_once
[INFO] [stdout]   21:     0x6067a3f3763b - test[9d35eded1c95d3be]::__rust_begin_short_backtrace::<core[df12db4294e9bfd3]::result::Result<(), alloc[2182bb758b4b3781]::string::String>, fn() -> core[df12db4294e9bfd3]::result::Result<(), alloc[2182bb758b4b3781]::string::String>>
[INFO] [stdout]   22:     0x6067a3f44ca5 - test[9d35eded1c95d3be]::run_test::{closure#0}
[INFO] [stdout]   23:     0x6067a3f3e564 - std[70759c8f55707aa4]::sys::backtrace::__rust_begin_short_backtrace::<test[9d35eded1c95d3be]::run_test::{closure#1}, ()>
[INFO] [stdout]   24:     0x6067a3f47e02 - <std[70759c8f55707aa4]::thread::lifecycle::spawn_unchecked<test[9d35eded1c95d3be]::run_test::{closure#1}, ()>::{closure#1} as core[df12db4294e9bfd3]::ops::function::FnOnce<()>>::call_once::{shim:vtable#0}
[INFO] [stdout]   25:     0x6067a40b4c79 - <std[70759c8f55707aa4]::sys::thread::unix::Thread>::new::thread_start
[INFO] [stdout]   26:     0x79d9ffae1dfa - <unknown>
[INFO] [stdout]   27:     0x79d9ffb753d4 - clone
[INFO] [stdout]   28:                0x0 - <unknown>
[INFO] [stdout] 
[INFO] [stdout] ---- service::tests::successfully_retrieve_account_by_id stdout ----
[INFO] [stdout] 
[INFO] [stdout] thread 'service::tests::successfully_retrieve_account_by_id' (5503) panicked at /opt/rustwide/cargo-home/registry/src/index.crates.io-1949cf8c6b5b557f/sqlx-postgres-0.8.6/src/testing/mod.rs:96:44:
[INFO] [stdout] DATABASE_URL must be set: EnvVar(NotPresent)
[INFO] [stdout] stack backtrace:
[INFO] [stdout]    0:     0x6067a40b5a71 - <<std[70759c8f55707aa4]::sys::backtrace::BacktraceLock>::print::DisplayBacktrace as core[df12db4294e9bfd3]::fmt::Display>::fmt
[INFO] [stdout]    1:     0x6067a40ccf1a - core[df12db4294e9bfd3]::fmt::write
[INFO] [stdout]    2:     0x6067a40ba99c - <alloc[2182bb758b4b3781]::vec::Vec<u8> as core[df12db4294e9bfd3]::io::write::Write>::write_fmt
[INFO] [stdout]    3:     0x6067a4090116 - std[70759c8f55707aa4]::panicking::default_hook::{closure#0}
[INFO] [stdout]    4:     0x6067a40ad549 - std[70759c8f55707aa4]::panicking::default_hook
[INFO] [stdout]    5:     0x6067a3f44350 - test[9d35eded1c95d3be]::test_main_inner::<test[9d35eded1c95d3be]::test_main_static::{closure#0}>::{closure#0}
[INFO] [stdout]    6:     0x6067a40ad872 - std[70759c8f55707aa4]::panicking::panic_with_hook
[INFO] [stdout]    7:     0x6067a40901c2 - std[70759c8f55707aa4]::panicking::panic_handler::{closure#0}
[INFO] [stdout]    8:     0x6067a4088509 - std[70759c8f55707aa4]::sys::backtrace::__rust_end_short_backtrace::<std[70759c8f55707aa4]::panicking::panic_handler::{closure#0}, !>
[INFO] [stdout]    9:     0x6067a409115d - __rustc[8fa7c3cbc660c2b3]::rust_begin_unwind
[INFO] [stdout]   10:     0x6067a40cd67c - core[df12db4294e9bfd3]::panicking::panic_fmt
[INFO] [stdout]   11:     0x6067a40cd452 - core[df12db4294e9bfd3]::result::unwrap_failed
[INFO] [stdout]   12:     0x6067a3f9664e - <sqlx_postgres[ac30c618eba01fa1]::database::Postgres as sqlx_core[d76daab394d4c37f]::testing::TestSupport>::test_context::{closure#0}
[INFO] [stdout]   13:     0x6067a3e809d5 - sqlx_core[d76daab394d4c37f]::testing::run_test::<sqlx_postgres[ac30c618eba01fa1]::database::Postgres, sqlx_core[d76daab394d4c37f]::testing::run_test_with_pool<sqlx_postgres[ac30c618eba01fa1]::database::Postgres, fn(sqlx_core[d76daab394d4c37f]::pool::Pool<sqlx_postgres[ac30c618eba01fa1]::database::Postgres>) -> accounts[3390dc1d69ddd4fe]::service::tests::successfully_retrieve_account_by_id::successfully_retrieve_account_by_id::{closure#0}, accounts[3390dc1d69ddd4fe]::service::tests::successfully_retrieve_account_by_id::successfully_retrieve_account_by_id::{closure#0}>::{closure#0}, sqlx_core[d76daab394d4c37f]::testing::run_test_with_pool<sqlx_postgres[ac30c618eba01fa1]::database::Postgres, fn(sqlx_core[d76daab394d4c37f]::pool::Pool<sqlx_postgres[ac30c618eba01fa1]::database::Postgres>) -> accounts[3390dc1d69ddd4fe]::service::tests::successfully_retrieve_account_by_id::successfully_retrieve_account_by_id::{closure#0}, accounts[3390dc1d69ddd4fe]::service::tests::successfully_retrieve_account_by_id::successfully_retrieve_account_by_id::{closure#0}>::{closure#0}::{closure#0}>::{closure#0}
[INFO] [stdout]   14:     0x6067a3eeea0e - <tokio[1aedda5e18071099]::runtime::scheduler::current_thread::Context>::enter::<core[df12db4294e9bfd3]::task::poll::Poll<()>, <tokio[1aedda5e18071099]::runtime::scheduler::current_thread::CoreGuard>::block_on<core[df12db4294e9bfd3]::pin::Pin<&mut sqlx_core[d76daab394d4c37f]::testing::run_test<sqlx_postgres[ac30c618eba01fa1]::database::Postgres, sqlx_core[d76daab394d4c37f]::testing::run_test_with_pool<sqlx_postgres[ac30c618eba01fa1]::database::Postgres, fn(sqlx_core[d76daab394d4c37f]::pool::Pool<sqlx_postgres[ac30c618eba01fa1]::database::Postgres>) -> accounts[3390dc1d69ddd4fe]::service::tests::successfully_retrieve_account_by_id::successfully_retrieve_account_by_id::{closure#0}, accounts[3390dc1d69ddd4fe]::service::tests::successfully_retrieve_account_by_id::successfully_retrieve_account_by_id::{closure#0}>::{closure#0}, sqlx_core[d76daab394d4c37f]::testing::run_test_with_pool<sqlx_postgres[ac30c618eba01fa1]::database::Postgres, fn(sqlx_core[d76daab394d4c37f]::pool::Pool<sqlx_postgres[ac30c618eba01fa1]::database::Postgres>) -> accounts[3390dc1d69ddd4fe]::service::tests::successfully_retrieve_account_by_id::successfully_retrieve_account_by_id::{closure#0}, accounts[3390dc1d69ddd4fe]::service::tests::successfully_retrieve_account_by_id::successfully_retrieve_account_by_id::{closure#0}>::{closure#0}::{closure#0}>::{closure#0}>>::{closure#0}::{closure#0}>
[INFO] [stdout]   15:     0x6067a3f0db59 - <std[70759c8f55707aa4]::thread::local::LocalKey<tokio[1aedda5e18071099]::runtime::context::Context>>::with::<tokio[1aedda5e18071099]::runtime::context::set_scheduler<(alloc[2182bb758b4b3781]::boxed::Box<tokio[1aedda5e18071099]::runtime::scheduler::current_thread::Core>, core[df12db4294e9bfd3]::option::Option<()>), <tokio[1aedda5e18071099]::runtime::scheduler::current_thread::CoreGuard>::enter<<tokio[1aedda5e18071099]::runtime::scheduler::current_thread::CoreGuard>::block_on<core[df12db4294e9bfd3]::pin::Pin<&mut sqlx_core[d76daab394d4c37f]::testing::run_test<sqlx_postgres[ac30c618eba01fa1]::database::Postgres, sqlx_core[d76daab394d4c37f]::testing::run_test_with_pool<sqlx_postgres[ac30c618eba01fa1]::database::Postgres, fn(sqlx_core[d76daab394d4c37f]::pool::Pool<sqlx_postgres[ac30c618eba01fa1]::database::Postgres>) -> accounts[3390dc1d69ddd4fe]::service::tests::successfully_retrieve_account_by_id::successfully_retrieve_account_by_id::{closure#0}, accounts[3390dc1d69ddd4fe]::service::tests::successfully_retrieve_account_by_id::successfully_retrieve_account_by_id::{closure#0}>::{closure#0}, sqlx_core[d76daab394d4c37f]::testing::run_test_with_pool<sqlx_postgres[ac30c618eba01fa1]::database::Postgres, fn(sqlx_core[d76daab394d4c37f]::pool::Pool<sqlx_postgres[ac30c618eba01fa1]::database::Postgres>) -> accounts[3390dc1d69ddd4fe]::service::tests::successfully_retrieve_account_by_id::successfully_retrieve_account_by_id::{closure#0}, accounts[3390dc1d69ddd4fe]::service::tests::successfully_retrieve_account_by_id::successfully_retrieve_account_by_id::{closure#0}>::{closure#0}::{closure#0}>::{closure#0}>>::{closure#0}, core[df12db4294e9bfd3]::option::Option<()>>::{closure#0}>::{closure#0}, (alloc[2182bb758b4b3781]::boxed::Box<tokio[1aedda5e18071099]::runtime::scheduler::current_thread::Core>, core[df12db4294e9bfd3]::option::Option<()>)>
[INFO] [stdout]   16:     0x6067a3eefa97 - <tokio[1aedda5e18071099]::runtime::scheduler::current_thread::CoreGuard>::block_on::<core[df12db4294e9bfd3]::pin::Pin<&mut sqlx_core[d76daab394d4c37f]::testing::run_test<sqlx_postgres[ac30c618eba01fa1]::database::Postgres, sqlx_core[d76daab394d4c37f]::testing::run_test_with_pool<sqlx_postgres[ac30c618eba01fa1]::database::Postgres, fn(sqlx_core[d76daab394d4c37f]::pool::Pool<sqlx_postgres[ac30c618eba01fa1]::database::Postgres>) -> accounts[3390dc1d69ddd4fe]::service::tests::successfully_retrieve_account_by_id::successfully_retrieve_account_by_id::{closure#0}, accounts[3390dc1d69ddd4fe]::service::tests::successfully_retrieve_account_by_id::successfully_retrieve_account_by_id::{closure#0}>::{closure#0}, sqlx_core[d76daab394d4c37f]::testing::run_test_with_pool<sqlx_postgres[ac30c618eba01fa1]::database::Postgres, fn(sqlx_core[d76daab394d4c37f]::pool::Pool<sqlx_postgres[ac30c618eba01fa1]::database::Postgres>) -> accounts[3390dc1d69ddd4fe]::service::tests::successfully_retrieve_account_by_id::successfully_retrieve_account_by_id::{closure#0}, accounts[3390dc1d69ddd4fe]::service::tests::successfully_retrieve_account_by_id::successfully_retrieve_account_by_id::{closure#0}>::{closure#0}::{closure#0}>::{closure#0}>>
[INFO] [stdout]   17:     0x6067a3ef9ad7 - tokio[1aedda5e18071099]::runtime::context::runtime::enter_runtime::<<tokio[1aedda5e18071099]::runtime::scheduler::current_thread::CurrentThread>::block_on<sqlx_core[d76daab394d4c37f]::testing::run_test<sqlx_postgres[ac30c618eba01fa1]::database::Postgres, sqlx_core[d76daab394d4c37f]::testing::run_test_with_pool<sqlx_postgres[ac30c618eba01fa1]::database::Postgres, fn(sqlx_core[d76daab394d4c37f]::pool::Pool<sqlx_postgres[ac30c618eba01fa1]::database::Postgres>) -> accounts[3390dc1d69ddd4fe]::service::tests::successfully_retrieve_account_by_id::successfully_retrieve_account_by_id::{closure#0}, accounts[3390dc1d69ddd4fe]::service::tests::successfully_retrieve_account_by_id::successfully_retrieve_account_by_id::{closure#0}>::{closure#0}, sqlx_core[d76daab394d4c37f]::testing::run_test_with_pool<sqlx_postgres[ac30c618eba01fa1]::database::Postgres, fn(sqlx_core[d76daab394d4c37f]::pool::Pool<sqlx_postgres[ac30c618eba01fa1]::database::Postgres>) -> accounts[3390dc1d69ddd4fe]::service::tests::successfully_retrieve_account_by_id::successfully_retrieve_account_by_id::{closure#0}, accounts[3390dc1d69ddd4fe]::service::tests::successfully_retrieve_account_by_id::successfully_retrieve_account_by_id::{closure#0}>::{closure#0}::{closure#0}>::{closure#0}>::{closure#0}, ()>
[INFO] [stdout]   18:     0x6067a3f1915e - <tokio[1aedda5e18071099]::runtime::runtime::Runtime>::block_on::<sqlx_core[d76daab394d4c37f]::testing::run_test<sqlx_postgres[ac30c618eba01fa1]::database::Postgres, sqlx_core[d76daab394d4c37f]::testing::run_test_with_pool<sqlx_postgres[ac30c618eba01fa1]::database::Postgres, fn(sqlx_core[d76daab394d4c37f]::pool::Pool<sqlx_postgres[ac30c618eba01fa1]::database::Postgres>) -> accounts[3390dc1d69ddd4fe]::service::tests::successfully_retrieve_account_by_id::successfully_retrieve_account_by_id::{closure#0}, accounts[3390dc1d69ddd4fe]::service::tests::successfully_retrieve_account_by_id::successfully_retrieve_account_by_id::{closure#0}>::{closure#0}, sqlx_core[d76daab394d4c37f]::testing::run_test_with_pool<sqlx_postgres[ac30c618eba01fa1]::database::Postgres, fn(sqlx_core[d76daab394d4c37f]::pool::Pool<sqlx_postgres[ac30c618eba01fa1]::database::Postgres>) -> accounts[3390dc1d69ddd4fe]::service::tests::successfully_retrieve_account_by_id::successfully_retrieve_account_by_id::{closure#0}, accounts[3390dc1d69ddd4fe]::service::tests::successfully_retrieve_account_by_id::successfully_retrieve_account_by_id::{closure#0}>::{closure#0}::{closure#0}>::{closure#0}>
[INFO] [stdout]   19:     0x6067a3f2855b - sqlx_core[d76daab394d4c37f]::rt::test_block_on::<sqlx_core[d76daab394d4c37f]::testing::run_test<sqlx_postgres[ac30c618eba01fa1]::database::Postgres, sqlx_core[d76daab394d4c37f]::testing::run_test_with_pool<sqlx_postgres[ac30c618eba01fa1]::database::Postgres, fn(sqlx_core[d76daab394d4c37f]::pool::Pool<sqlx_postgres[ac30c618eba01fa1]::database::Postgres>) -> accounts[3390dc1d69ddd4fe]::service::tests::successfully_retrieve_account_by_id::successfully_retrieve_account_by_id::{closure#0}, accounts[3390dc1d69ddd4fe]::service::tests::successfully_retrieve_account_by_id::successfully_retrieve_account_by_id::{closure#0}>::{closure#0}, sqlx_core[d76daab394d4c37f]::testing::run_test_with_pool<sqlx_postgres[ac30c618eba01fa1]::database::Postgres, fn(sqlx_core[d76daab394d4c37f]::pool::Pool<sqlx_postgres[ac30c618eba01fa1]::database::Postgres>) -> accounts[3390dc1d69ddd4fe]::service::tests::successfully_retrieve_account_by_id::successfully_retrieve_account_by_id::{closure#0}, accounts[3390dc1d69ddd4fe]::service::tests::successfully_retrieve_account_by_id::successfully_retrieve_account_by_id::{closure#0}>::{closure#0}::{closure#0}>::{closure#0}>
[INFO] [stdout]   20:     0x6067a3f1f2c0 - <accounts[3390dc1d69ddd4fe]::service::tests::successfully_retrieve_account_by_id::{closure#0} as core[df12db4294e9bfd3]::ops::function::FnOnce<()>>::call_once
[INFO] [stdout]   21:     0x6067a3f3763b - test[9d35eded1c95d3be]::__rust_begin_short_backtrace::<core[df12db4294e9bfd3]::result::Result<(), alloc[2182bb758b4b3781]::string::String>, fn() -> core[df12db4294e9bfd3]::result::Result<(), alloc[2182bb758b4b3781]::string::String>>
[INFO] [stdout]   22:     0x6067a3f44ca5 - test[9d35eded1c95d3be]::run_test::{closure#0}
[INFO] [stdout]   23:     0x6067a3f3e564 - std[70759c8f55707aa4]::sys::backtrace::__rust_begin_short_backtrace::<test[9d35eded1c95d3be]::run_test::{closure#1}, ()>
[INFO] [stdout]   24:     0x6067a3f47e02 - <std[70759c8f55707aa4]::thread::lifecycle::spawn_unchecked<test[9d35eded1c95d3be]::run_test::{closure#1}, ()>::{closure#1} as core[df12db4294e9bfd3]::ops::function::FnOnce<()>>::call_once::{shim:vtable#0}
[INFO] [stdout]   25:     0x6067a40b4c79 - <std[70759c8f55707aa4]::sys::thread::unix::Thread>::new::thread_start
[INFO] [stdout]   26:     0x79d9ffae1dfa - <unknown>
[INFO] [stdout]   27:     0x79d9ffb753d4 - clone
[INFO] [stdout]   28:                0x0 - <unknown>
[INFO] [stdout] 
[INFO] [stdout] ---- service::tests::successfully_retrieve_accounts_by_status stdout ----
[INFO] [stdout] 
[INFO] [stdout] thread 'service::tests::successfully_retrieve_accounts_by_status' (5504) panicked at /opt/rustwide/cargo-home/registry/src/index.crates.io-1949cf8c6b5b557f/sqlx-postgres-0.8.6/src/testing/mod.rs:96:44:
[INFO] [stdout] DATABASE_URL must be set: EnvVar(NotPresent)
[INFO] [stdout] stack backtrace:
[INFO] [stdout]    0:     0x6067a40b5a71 - <<std[70759c8f55707aa4]::sys::backtrace::BacktraceLock>::print::DisplayBacktrace as core[df12db4294e9bfd3]::fmt::Display>::fmt
[INFO] [stdout]    1:     0x6067a40ccf1a - core[df12db4294e9bfd3]::fmt::write
[INFO] [stdout]    2:     0x6067a40ba99c - <alloc[2182bb758b4b3781]::vec::Vec<u8> as core[df12db4294e9bfd3]::io::write::Write>::write_fmt
[INFO] [stdout]    3:     0x6067a4090116 - std[70759c8f55707aa4]::panicking::default_hook::{closure#0}
[INFO] [stdout]    4:     0x6067a40ad549 - std[70759c8f55707aa4]::panicking::default_hook
[INFO] [stdout]    5:     0x6067a3f44350 - test[9d35eded1c95d3be]::test_main_inner::<test[9d35eded1c95d3be]::test_main_static::{closure#0}>::{closure#0}
[INFO] [stdout]    6:     0x6067a40ad872 - std[70759c8f55707aa4]::panicking::panic_with_hook
[INFO] [stdout]    7:     0x6067a40901c2 - std[70759c8f55707aa4]::panicking::panic_handler::{closure#0}
[INFO] [stdout]    8:     0x6067a4088509 - std[70759c8f55707aa4]::sys::backtrace::__rust_end_short_backtrace::<std[70759c8f55707aa4]::panicking::panic_handler::{closure#0}, !>
[INFO] [stdout]    9:     0x6067a409115d - __rustc[8fa7c3cbc660c2b3]::rust_begin_unwind
[INFO] [stdout]   10:     0x6067a40cd67c - core[df12db4294e9bfd3]::panicking::panic_fmt
[INFO] [stdout]   11:     0x6067a40cd452 - core[df12db4294e9bfd3]::result::unwrap_failed
[INFO] [stdout]   12:     0x6067a3f9664e - <sqlx_postgres[ac30c618eba01fa1]::database::Postgres as sqlx_core[d76daab394d4c37f]::testing::TestSupport>::test_context::{closure#0}
[INFO] [stdout]   13:     0x6067a3e8323d - sqlx_core[d76daab394d4c37f]::testing::run_test::<sqlx_postgres[ac30c618eba01fa1]::database::Postgres, sqlx_core[d76daab394d4c37f]::testing::run_test_with_pool<sqlx_postgres[ac30c618eba01fa1]::database::Postgres, fn(sqlx_core[d76daab394d4c37f]::pool::Pool<sqlx_postgres[ac30c618eba01fa1]::database::Postgres>) -> accounts[3390dc1d69ddd4fe]::service::tests::successfully_retrieve_accounts_by_status::successfully_retrieve_accounts_by_status::{closure#0}, accounts[3390dc1d69ddd4fe]::service::tests::successfully_retrieve_accounts_by_status::successfully_retrieve_accounts_by_status::{closure#0}>::{closure#0}, sqlx_core[d76daab394d4c37f]::testing::run_test_with_pool<sqlx_postgres[ac30c618eba01fa1]::database::Postgres, fn(sqlx_core[d76daab394d4c37f]::pool::Pool<sqlx_postgres[ac30c618eba01fa1]::database::Postgres>) -> accounts[3390dc1d69ddd4fe]::service::tests::successfully_retrieve_accounts_by_status::successfully_retrieve_accounts_by_status::{closure#0}, accounts[3390dc1d69ddd4fe]::service::tests::successfully_retrieve_accounts_by_status::successfully_retrieve_accounts_by_status::{closure#0}>::{closure#0}::{closure#0}>::{closure#0}
[INFO] [stdout]   14:     0x6067a3eeed2e - <tokio[1aedda5e18071099]::runtime::scheduler::current_thread::Context>::enter::<core[df12db4294e9bfd3]::task::poll::Poll<()>, <tokio[1aedda5e18071099]::runtime::scheduler::current_thread::CoreGuard>::block_on<core[df12db4294e9bfd3]::pin::Pin<&mut sqlx_core[d76daab394d4c37f]::testing::run_test<sqlx_postgres[ac30c618eba01fa1]::database::Postgres, sqlx_core[d76daab394d4c37f]::testing::run_test_with_pool<sqlx_postgres[ac30c618eba01fa1]::database::Postgres, fn(sqlx_core[d76daab394d4c37f]::pool::Pool<sqlx_postgres[ac30c618eba01fa1]::database::Postgres>) -> accounts[3390dc1d69ddd4fe]::service::tests::successfully_retrieve_accounts_by_status::successfully_retrieve_accounts_by_status::{closure#0}, accounts[3390dc1d69ddd4fe]::service::tests::successfully_retrieve_accounts_by_status::successfully_retrieve_accounts_by_status::{closure#0}>::{closure#0}, sqlx_core[d76daab394d4c37f]::testing::run_test_with_pool<sqlx_postgres[ac30c618eba01fa1]::database::Postgres, fn(sqlx_core[d76daab394d4c37f]::pool::Pool<sqlx_postgres[ac30c618eba01fa1]::database::Postgres>) -> accounts[3390dc1d69ddd4fe]::service::tests::successfully_retrieve_accounts_by_status::successfully_retrieve_accounts_by_status::{closure#0}, accounts[3390dc1d69ddd4fe]::service::tests::successfully_retrieve_accounts_by_status::successfully_retrieve_accounts_by_status::{closure#0}>::{closure#0}::{closure#0}>::{closure#0}>>::{closure#0}::{closure#0}>
[INFO] [stdout]   15:     0x6067a3f0df99 - <std[70759c8f55707aa4]::thread::local::LocalKey<tokio[1aedda5e18071099]::runtime::context::Context>>::with::<tokio[1aedda5e18071099]::runtime::context::set_scheduler<(alloc[2182bb758b4b3781]::boxed::Box<tokio[1aedda5e18071099]::runtime::scheduler::current_thread::Core>, core[df12db4294e9bfd3]::option::Option<()>), <tokio[1aedda5e18071099]::runtime::scheduler::current_thread::CoreGuard>::enter<<tokio[1aedda5e18071099]::runtime::scheduler::current_thread::CoreGuard>::block_on<core[df12db4294e9bfd3]::pin::Pin<&mut sqlx_core[d76daab394d4c37f]::testing::run_test<sqlx_postgres[ac30c618eba01fa1]::database::Postgres, sqlx_core[d76daab394d4c37f]::testing::run_test_with_pool<sqlx_postgres[ac30c618eba01fa1]::database::Postgres, fn(sqlx_core[d76daab394d4c37f]::pool::Pool<sqlx_postgres[ac30c618eba01fa1]::database::Postgres>) -> accounts[3390dc1d69ddd4fe]::service::tests::successfully_retrieve_accounts_by_status::successfully_retrieve_accounts_by_status::{closure#0}, accounts[3390dc1d69ddd4fe]::service::tests::successfully_retrieve_accounts_by_status::successfully_retrieve_accounts_by_status::{closure#0}>::{closure#0}, sqlx_core[d76daab394d4c37f]::testing::run_test_with_pool<sqlx_postgres[ac30c618eba01fa1]::database::Postgres, fn(sqlx_core[d76daab394d4c37f]::pool::Pool<sqlx_postgres[ac30c618eba01fa1]::database::Postgres>) -> accounts[3390dc1d69ddd4fe]::service::tests::successfully_retrieve_accounts_by_status::successfully_retrieve_accounts_by_status::{closure#0}, accounts[3390dc1d69ddd4fe]::service::tests::successfully_retrieve_accounts_by_status::successfully_retrieve_accounts_by_status::{closure#0}>::{closure#0}::{closure#0}>::{closure#0}>>::{closure#0}, core[df12db4294e9bfd3]::option::Option<()>>::{closure#0}>::{closure#0}, (alloc[2182bb758b4b3781]::boxed::Box<tokio[1aedda5e18071099]::runtime::scheduler::current_thread::Core>, core[df12db4294e9bfd3]::option::Option<()>)>
[INFO] [stdout]   16:     0x6067a3eefd97 - <tokio[1aedda5e18071099]::runtime::scheduler::current_thread::CoreGuard>::block_on::<core[df12db4294e9bfd3]::pin::Pin<&mut sqlx_core[d76daab394d4c37f]::testing::run_test<sqlx_postgres[ac30c618eba01fa1]::database::Postgres, sqlx_core[d76daab394d4c37f]::testing::run_test_with_pool<sqlx_postgres[ac30c618eba01fa1]::database::Postgres, fn(sqlx_core[d76daab394d4c37f]::pool::Pool<sqlx_postgres[ac30c618eba01fa1]::database::Postgres>) -> accounts[3390dc1d69ddd4fe]::service::tests::successfully_retrieve_accounts_by_status::successfully_retrieve_accounts_by_status::{closure#0}, accounts[3390dc1d69ddd4fe]::service::tests::successfully_retrieve_accounts_by_status::successfully_retrieve_accounts_by_status::{closure#0}>::{closure#0}, sqlx_core[d76daab394d4c37f]::testing::run_test_with_pool<sqlx_postgres[ac30c618eba01fa1]::database::Postgres, fn(sqlx_core[d76daab394d4c37f]::pool::Pool<sqlx_postgres[ac30c618eba01fa1]::database::Postgres>) -> accounts[3390dc1d69ddd4fe]::service::tests::successfully_retrieve_accounts_by_status::successfully_retrieve_accounts_by_status::{closure#0}, accounts[3390dc1d69ddd4fe]::service::tests::successfully_retrieve_accounts_by_status::successfully_retrieve_accounts_by_status::{closure#0}>::{closure#0}::{closure#0}>::{closure#0}>>
[INFO] [stdout]   17:     0x6067a3efa377 - tokio[1aedda5e18071099]::runtime::context::runtime::enter_runtime::<<tokio[1aedda5e18071099]::runtime::scheduler::current_thread::CurrentThread>::block_on<sqlx_core[d76daab394d4c37f]::testing::run_test<sqlx_postgres[ac30c618eba01fa1]::database::Postgres, sqlx_core[d76daab394d4c37f]::testing::run_test_with_pool<sqlx_postgres[ac30c618eba01fa1]::database::Postgres, fn(sqlx_core[d76daab394d4c37f]::pool::Pool<sqlx_postgres[ac30c618eba01fa1]::database::Postgres>) -> accounts[3390dc1d69ddd4fe]::service::tests::successfully_retrieve_accounts_by_status::successfully_retrieve_accounts_by_status::{closure#0}, accounts[3390dc1d69ddd4fe]::service::tests::successfully_retrieve_accounts_by_status::successfully_retrieve_accounts_by_status::{closure#0}>::{closure#0}, sqlx_core[d76daab394d4c37f]::testing::run_test_with_pool<sqlx_postgres[ac30c618eba01fa1]::database::Postgres, fn(sqlx_core[d76daab394d4c37f]::pool::Pool<sqlx_postgres[ac30c618eba01fa1]::database::Postgres>) -> accounts[3390dc1d69ddd4fe]::service::tests::successfully_retrieve_accounts_by_status::successfully_retrieve_accounts_by_status::{closure#0}, accounts[3390dc1d69ddd4fe]::service::tests::successfully_retrieve_accounts_by_status::successfully_retrieve_accounts_by_status::{closure#0}>::{closure#0}::{closure#0}>::{closure#0}>::{closure#0}, ()>
[INFO] [stdout]   18:     0x6067a3f1943e - <tokio[1aedda5e18071099]::runtime::runtime::Runtime>::block_on::<sqlx_core[d76daab394d4c37f]::testing::run_test<sqlx_postgres[ac30c618eba01fa1]::database::Postgres, sqlx_core[d76daab394d4c37f]::testing::run_test_with_pool<sqlx_postgres[ac30c618eba01fa1]::database::Postgres, fn(sqlx_core[d76daab394d4c37f]::pool::Pool<sqlx_postgres[ac30c618eba01fa1]::database::Postgres>) -> accounts[3390dc1d69ddd4fe]::service::tests::successfully_retrieve_accounts_by_status::successfully_retrieve_accounts_by_status::{closure#0}, accounts[3390dc1d69ddd4fe]::service::tests::successfully_retrieve_accounts_by_status::successfully_retrieve_accounts_by_status::{closure#0}>::{closure#0}, sqlx_core[d76daab394d4c37f]::testing::run_test_with_pool<sqlx_postgres[ac30c618eba01fa1]::database::Postgres, fn(sqlx_core[d76daab394d4c37f]::pool::Pool<sqlx_postgres[ac30c618eba01fa1]::database::Postgres>) -> accounts[3390dc1d69ddd4fe]::service::tests::successfully_retrieve_accounts_by_status::successfully_retrieve_accounts_by_status::{closure#0}, accounts[3390dc1d69ddd4fe]::service::tests::successfully_retrieve_accounts_by_status::successfully_retrieve_accounts_by_status::{closure#0}>::{closure#0}::{closure#0}>::{closure#0}>
[INFO] [stdout]   19:     0x6067a3f287bb - sqlx_core[d76daab394d4c37f]::rt::test_block_on::<sqlx_core[d76daab394d4c37f]::testing::run_test<sqlx_postgres[ac30c618eba01fa1]::database::Postgres, sqlx_core[d76daab394d4c37f]::testing::run_test_with_pool<sqlx_postgres[ac30c618eba01fa1]::database::Postgres, fn(sqlx_core[d76daab394d4c37f]::pool::Pool<sqlx_postgres[ac30c618eba01fa1]::database::Postgres>) -> accounts[3390dc1d69ddd4fe]::service::tests::successfully_retrieve_accounts_by_status::successfully_retrieve_accounts_by_status::{closure#0}, accounts[3390dc1d69ddd4fe]::service::tests::successfully_retrieve_accounts_by_status::successfully_retrieve_accounts_by_status::{closure#0}>::{closure#0}, sqlx_core[d76daab394d4c37f]::testing::run_test_with_pool<sqlx_postgres[ac30c618eba01fa1]::database::Postgres, fn(sqlx_core[d76daab394d4c37f]::pool::Pool<sqlx_postgres[ac30c618eba01fa1]::database::Postgres>) -> accounts[3390dc1d69ddd4fe]::service::tests::successfully_retrieve_accounts_by_status::successfully_retrieve_accounts_by_status::{closure#0}, accounts[3390dc1d69ddd4fe]::service::tests::successfully_retrieve_accounts_by_status::successfully_retrieve_accounts_by_status::{closure#0}>::{closure#0}::{closure#0}>::{closure#0}>
[INFO] [stdout]   20:     0x6067a3f1f420 - <accounts[3390dc1d69ddd4fe]::service::tests::successfully_retrieve_accounts_by_status::{closure#0} as core[df12db4294e9bfd3]::ops::function::FnOnce<()>>::call_once
[INFO] [stdout]   21:     0x6067a3f3763b - test[9d35eded1c95d3be]::__rust_begin_short_backtrace::<core[df12db4294e9bfd3]::result::Result<(), alloc[2182bb758b4b3781]::string::String>, fn() -> core[df12db4294e9bfd3]::result::Result<(), alloc[2182bb758b4b3781]::string::String>>
[INFO] [stdout]   22:     0x6067a3f44ca5 - test[9d35eded1c95d3be]::run_test::{closure#0}
[INFO] [stdout]   23:     0x6067a3f3e564 - std[70759c8f55707aa4]::sys::backtrace::__rust_begin_short_backtrace::<test[9d35eded1c95d3be]::run_test::{closure#1}, ()>
[INFO] [stdout]   24:     0x6067a3f47e02 - <std[70759c8f55707aa4]::thread::lifecycle::spawn_unchecked<test[9d35eded1c95d3be]::run_test::{closure#1}, ()>::{closure#1} as core[df12db4294e9bfd3]::ops::function::FnOnce<()>>::call_once::{shim:vtable#0}
[INFO] [stdout]   25:     0x6067a40b4c79 - <std[70759c8f55707aa4]::sys::thread::unix::Thread>::new::thread_start
[INFO] [stdout]   26:     0x79d9ffae1dfa - <unknown>
[INFO] [stdout]   27:     0x79d9ffb753d4 - clone
[INFO] [stdout]   28:                0x0 - <unknown>
[INFO] [stdout] 
[INFO] [stdout] 
[INFO] [stdout] failures:
[INFO] [stdout]     repo::create::tests::successfully_create_an_account_and_retrieve_from_the_database
[INFO] [stdout]     repo::retrieve::tests::successfully_retrieve_account_by_id_from_database
[INFO] [stdout]     repo::retrieve::tests::successfully_retrieve_accounts_by_status_from_database
[INFO] [stdout]     repo::retrieve::tests::successfully_retrieve_accounts_by_type_from_database
[INFO] [stdout]     service::tests::successfully_retrieve_account_by_id
[INFO] [stdout]     service::tests::successfully_retrieve_accounts_by_status
[INFO] [stdout]     service::tests::successfully_retrieve_accounts_by_type
[INFO] [stdout] 
[INFO] [stdout] test result: FAILED. 2 passed; 7 failed; 0 ignored; 0 measured; 0 filtered out; finished in 0.00s
[INFO] [stdout] 
[INFO] running `Command { std: "docker" "inspect" "f823b533775aeaba220cbf1290d5e728d16741fc47784b000a00002a77f43fb5", kill_on_drop: false }`
[INFO] running `Command { std: "docker" "rm" "-f" "f823b533775aeaba220cbf1290d5e728d16741fc47784b000a00002a77f43fb5", kill_on_drop: false }`
[INFO] [stdout] f823b533775aeaba220cbf1290d5e728d16741fc47784b000a00002a77f43fb5
