[INFO] cloning repository https://github.com/emretasss/stellar-sponsorkit-provider
[INFO] running `Command { std: "git" "-c" "credential.helper=" "-c" "credential.helper=/workspace/cargo-home/bin/git-credential-null" "clone" "--bare" "https://github.com/emretasss/stellar-sponsorkit-provider" "/workspace/cache/git-repos/https%3A%2F%2Fgithub.com%2Femretasss%2Fstellar-sponsorkit-provider", kill_on_drop: false }`
[INFO] [stderr] Cloning into bare repository '/workspace/cache/git-repos/https%3A%2F%2Fgithub.com%2Femretasss%2Fstellar-sponsorkit-provider'...
[INFO] running `Command { std: "git" "rev-parse" "HEAD", kill_on_drop: false }`
[INFO] [stdout] 23ef788e6e5f7e92081d12231727fde39223ee94
[INFO] testing emretasss/stellar-sponsorkit-provider against 1.99.0-beta.8+cargoflags=--release for beta-release-1.100-2
[INFO] running `Command { std: "git" "clone" "/workspace/cache/git-repos/https%3A%2F%2Fgithub.com%2Femretasss%2Fstellar-sponsorkit-provider" "/workspace/builds/worker-1-tc1/source", kill_on_drop: false }`
[INFO] [stderr] Cloning into '/workspace/builds/worker-1-tc1/source'...
[INFO] [stderr] done.
[INFO] started tweaking git repo https://github.com/emretasss/stellar-sponsorkit-provider
[INFO] finished tweaking git repo https://github.com/emretasss/stellar-sponsorkit-provider
[INFO] tweaked toml for git repo https://github.com/emretasss/stellar-sponsorkit-provider written to /workspace/builds/worker-1-tc1/source/Cargo.toml
[INFO] validating manifest of git repo https://github.com/emretasss/stellar-sponsorkit-provider on toolchain 1.99.0-beta.8
[INFO] running `Command { std: CARGO_HOME="/workspace/cargo-home" RUSTUP_HOME="/workspace/rustup-home" "/workspace/cargo-home/bin/cargo" "+1.99.0-beta.8" "metadata" "--manifest-path" "Cargo.toml" "--no-deps", kill_on_drop: false }`
[INFO] crate git repo https://github.com/emretasss/stellar-sponsorkit-provider already has a lockfile, it will not be regenerated
[INFO] running `Command { std: CARGO_HOME="/workspace/cargo-home" RUSTUP_HOME="/workspace/rustup-home" "/workspace/cargo-home/bin/cargo" "+1.99.0-beta.8" "fetch" "--manifest-path" "Cargo.toml", kill_on_drop: false }`
[INFO] [stderr]     Blocking waiting for file lock on package cache
[INFO] [stderr]     Blocking waiting for file lock on package cache
[INFO] [stderr]  Downloading crates ...
[INFO] [stderr]   Downloaded soroban-sdk-macros v25.3.1
[INFO] [stderr]   Downloaded soroban-sdk v25.3.1
[INFO] [stderr]   Downloaded soroban-spec-rust v25.3.1
[INFO] [stderr]   Downloaded soroban-spec v25.3.1
[INFO] [stderr]   Downloaded soroban-env-common v25.0.1
[INFO] [stderr]   Downloaded soroban-env-macros v25.0.1
[INFO] [stderr]   Downloaded soroban-ledger-snapshot v25.3.1
[INFO] [stderr]   Downloaded soroban-builtin-sdk-macros v25.0.1
[INFO] [stderr]   Downloaded soroban-env-host v25.0.1
[INFO] [stderr]   Downloaded soroban-env-guest v25.0.1
[INFO] [stderr]   Downloaded ark-bls12-381 v0.4.0
[INFO] [stderr]   Downloaded stellar-xdr v25.0.0
[INFO] running `Command { std: "docker" "create" "-v" "/var/lib/crater-agent-workspace/builds/worker-1-tc1/source:/opt/rustwide/workdir:ro,Z" "-v" "/var/lib/crater-agent-workspace/builds/worker-1-tc1/target:/opt/rustwide/target:rw,Z" "-v" "/var/lib/crater-agent-workspace/cargo-home:/opt/rustwide/cargo-home:ro,Z" "-v" "/var/lib/crater-agent-workspace/rustup-home:/opt/rustwide/rustup-home:ro,Z" "-m" "1610612736" "--network" "none" "ghcr.io/rust-lang/crates-build-env/linux@sha256:77db811e55d90add9212f6832c23229e3de5f1c1f9905e8cb07319ea15df73ac" "sleep" "infinity", kill_on_drop: false }`
[INFO] [stdout] 503525e28aa684d59023db77814419fca22018e66b6091e65864dda71cdcfe1e
[INFO] running `Command { std: "docker" "start" "503525e28aa684d59023db77814419fca22018e66b6091e65864dda71cdcfe1e", kill_on_drop: false }`
[INFO] running `Command { std: "docker" "inspect" "503525e28aa684d59023db77814419fca22018e66b6091e65864dda71cdcfe1e", kill_on_drop: false }`
[INFO] running `Command { std: "docker" "exec" "-e" "SOURCE_DIR=/opt/rustwide/workdir" "-e" "CARGO_HOME=/opt/rustwide/cargo-home" "-e" "RUSTUP_HOME=/opt/rustwide/rustup-home" "-e" "CARGO_TARGET_DIR=/opt/rustwide/target" "-w" "/opt/rustwide/workdir" "--user" "0:0" "503525e28aa684d59023db77814419fca22018e66b6091e65864dda71cdcfe1e" "/opt/rustwide/cargo-home/bin/cargo" "+1.99.0-beta.8" "metadata" "--no-deps" "--format-version=1", kill_on_drop: false }`
[INFO] running `Command { std: "docker" "inspect" "503525e28aa684d59023db77814419fca22018e66b6091e65864dda71cdcfe1e", kill_on_drop: false }`
[INFO] running `Command { std: "docker" "exec" "-e" "SOURCE_DIR=/opt/rustwide/workdir" "-e" "CARGO_HOME=/opt/rustwide/cargo-home" "-e" "RUSTUP_HOME=/opt/rustwide/rustup-home" "-e" "CARGO_TARGET_DIR=/opt/rustwide/target" "-e" "CARGO_INCREMENTAL=0" "-e" "RUST_BACKTRACE=full" "-e" "RUSTFLAGS=--cap-lints=warn" "-e" "RUSTDOCFLAGS=--cap-lints=warn" "-w" "/opt/rustwide/workdir" "--user" "0:0" "503525e28aa684d59023db77814419fca22018e66b6091e65864dda71cdcfe1e" "/opt/rustwide/cargo-home/bin/cargo" "+1.99.0-beta.8" "build" "--frozen" "--message-format=json" "--release", kill_on_drop: false }`
[INFO] [stderr]    Compiling proc-macro2 v1.0.106
[INFO] [stderr]    Compiling unicode-ident v1.0.24
[INFO] [stderr]    Compiling quote v1.0.45
[INFO] [stderr]    Compiling version_check v0.9.5
[INFO] [stderr]    Compiling zmij v1.0.21
[INFO] [stderr]    Compiling serde_core v1.0.228
[INFO] [stderr]    Compiling serde v1.0.228
[INFO] [stderr]    Compiling serde_json v1.0.149
[INFO] [stderr]    Compiling itoa v1.0.18
[INFO] [stderr]    Compiling memchr v2.8.0
[INFO] [stderr]    Compiling cfg-if v1.0.4
[INFO] [stderr]    Compiling typenum v1.20.0
[INFO] [stderr]    Compiling subtle v2.6.1
[INFO] [stderr]    Compiling const-oid v0.9.6
[INFO] [stderr]    Compiling libc v0.2.186
[INFO] [stderr]    Compiling autocfg v1.5.0
[INFO] [stderr]    Compiling strsim v0.11.1
[INFO] [stderr]    Compiling ident_case v1.0.1
[INFO] [stderr]    Compiling zerocopy v0.8.48
[INFO] [stderr]    Compiling syn v1.0.109
[INFO] [stderr]    Compiling semver v1.0.28
[INFO] [stderr]    Compiling schemars v0.8.22
[INFO] [stderr]    Compiling paste v1.0.15
[INFO] [stderr]    Compiling dyn-clone v1.0.20
[INFO] [stderr]    Compiling num-traits v0.2.19
[INFO] [stderr]    Compiling generic-array v0.14.9
[INFO] [stderr]    Compiling data-encoding v2.11.0
[INFO] [stderr]    Compiling cpufeatures v0.2.17
[INFO] [stderr]    Compiling ahash v0.8.12
[INFO] [stderr]    Compiling escape-bytes v0.1.1
[INFO] [stderr]    Compiling ethnum v1.5.3
[INFO] [stderr]    Compiling rustc_version v0.4.1
[INFO] [stderr]    Compiling once_cell v1.21.4
[INFO] [stderr]    Compiling base16ct v0.2.0
[INFO] [stderr]    Compiling either v1.15.0
[INFO] [stderr]    Compiling libm v0.2.16
[INFO] [stderr]    Compiling thiserror v1.0.69
[INFO] [stderr]    Compiling equivalent v1.0.2
[INFO] [stderr]    Compiling itertools v0.10.5
[INFO] [stderr]    Compiling hashbrown v0.17.1
[INFO] [stderr]    Compiling curve25519-dalek v4.1.3
[INFO] [stderr]    Compiling syn v2.0.117
[INFO] [stderr]    Compiling num-integer v0.1.46
[INFO] [stderr]    Compiling indexmap-nostd v0.4.0
[INFO] [stderr]    Compiling downcast-rs v1.2.1
[INFO] [stderr]    Compiling num-bigint v0.4.6
[INFO] [stderr]    Compiling prettyplease v0.2.37
[INFO] [stderr]    Compiling getrandom v0.2.17
[INFO] [stderr]    Compiling fnv v1.0.7
[INFO] [stderr]    Compiling wasmparser-nostd v0.100.2
[INFO] [stderr]    Compiling base64 v0.22.1
[INFO] [stderr]    Compiling rand_core v0.6.4
[INFO] [stderr]    Compiling indexmap v2.14.0
[INFO] [stderr]    Compiling block-buffer v0.10.4
[INFO] [stderr]    Compiling crypto-common v0.1.6
[INFO] [stderr]    Compiling ff v0.13.1
[INFO] [stderr]    Compiling digest v0.10.7
[INFO] [stderr]    Compiling wasmi_arena v0.4.1
[INFO] [stderr]    Compiling group v0.13.0
[INFO] [stderr]    Compiling wasmi_core v0.13.0
[INFO] [stderr]    Compiling sha2 v0.10.9
[INFO] [stderr]    Compiling spin v0.9.8
[INFO] [stderr]    Compiling heapless v0.8.0
[INFO] [stderr]    Compiling byteorder v1.5.0
[INFO] [stderr]    Compiling wasmparser v0.116.1
[INFO] [stderr]    Compiling smallvec v1.15.1
[INFO] [stderr]    Compiling hex v0.4.3
[INFO] [stderr]    Compiling hash32 v0.3.1
[INFO] [stderr]    Compiling static_assertions v1.1.0
[INFO] [stderr]    Compiling soroban-env-host v25.0.1
[INFO] [stderr]    Compiling stable_deref_trait v1.2.1
[INFO] [stderr]    Compiling keccak v0.1.6
[INFO] [stderr]    Compiling heck v0.5.0
[INFO] [stderr]    Compiling hex-literal v0.4.1
[INFO] [stderr]    Compiling soroban-wasmi v0.31.1-soroban.20.0.1
[INFO] [stderr]    Compiling ppv-lite86 v0.2.21
[INFO] [stderr]    Compiling hashbrown v0.13.2
[INFO] [stderr]    Compiling ark-serialize-derive v0.4.2
[INFO] [stderr]    Compiling ark-ff-asm v0.4.2
[INFO] [stderr]    Compiling derivative v2.2.0
[INFO] [stderr]    Compiling ark-ff-macros v0.4.2
[INFO] [stderr]    Compiling rand_chacha v0.3.1
[INFO] [stderr]    Compiling darling_core v0.23.0
[INFO] [stderr]    Compiling darling_core v0.20.11
[INFO] [stderr]    Compiling macro-string v0.1.4
[INFO] [stderr]    Compiling rand v0.8.6
[INFO] [stderr]    Compiling serde_derive v1.0.228
[INFO] [stderr]    Compiling zeroize_derive v1.4.3
[INFO] [stderr]    Compiling cfg_eval v0.1.2
[INFO] [stderr]    Compiling num-derive v0.4.2
[INFO] [stderr]    Compiling thiserror-impl v1.0.69
[INFO] [stderr]    Compiling ark-std v0.4.0
[INFO] [stderr]    Compiling curve25519-dalek-derive v0.1.1
[INFO] [stderr]    Compiling soroban-builtin-sdk-macros v25.0.1
[INFO] [stderr]    Compiling visibility v0.1.1
[INFO] [stderr]    Compiling bytes-lit v0.0.5
[INFO] [stderr]    Compiling zeroize v1.8.2
[INFO] [stderr]    Compiling der v0.7.10
[INFO] [stderr]    Compiling darling_macro v0.20.11
[INFO] [stderr]    Compiling darling v0.20.11
[INFO] [stderr]    Compiling darling_macro v0.23.0
[INFO] [stderr]    Compiling sec1 v0.7.3
[INFO] [stderr]    Compiling crypto-bigint v0.5.5
[INFO] [stderr]    Compiling darling v0.23.0
[INFO] [stderr]    Compiling serde_with_macros v3.20.0
[INFO] [stderr]    Compiling signature v2.2.0
[INFO] [stderr]    Compiling ark-serialize v0.4.2
[INFO] [stderr]    Compiling hmac v0.12.1
[INFO] [stderr]    Compiling sha3 v0.10.9
[INFO] [stderr]    Compiling rfc6979 v0.4.0
[INFO] [stderr]    Compiling ed25519 v2.2.3
[INFO] [stderr]    Compiling ark-ff v0.4.2
[INFO] [stderr]    Compiling elliptic-curve v0.13.8
[INFO] [stderr]    Compiling ed25519-dalek v2.2.0
[INFO] [stderr]    Compiling ecdsa v0.16.9
[INFO] [stderr]    Compiling primeorder v0.13.6
[INFO] [stderr]    Compiling crate-git-revision v0.0.6
[INFO] [stderr]    Compiling stellar-strkey v0.0.13
[INFO] [stderr]    Compiling stellar-xdr v25.0.0
[INFO] [stderr]    Compiling soroban-env-common v25.0.1
[INFO] [stderr]    Compiling stellar-strkey v0.0.16
[INFO] [stderr]    Compiling soroban-sdk v25.3.1
[INFO] [stderr]    Compiling p256 v0.13.2
[INFO] [stderr]    Compiling k256 v0.13.4
[INFO] [stderr]    Compiling serde_with v3.20.0
[INFO] [stderr]    Compiling ark-poly v0.4.2
[INFO] [stderr]    Compiling ark-ec v0.4.2
[INFO] [stderr]    Compiling ark-bn254 v0.4.0
[INFO] [stderr]    Compiling ark-bls12-381 v0.4.0
[INFO] [stderr]    Compiling soroban-spec v25.3.1
[INFO] [stderr]    Compiling soroban-spec-rust v25.3.1
[INFO] [stderr]    Compiling soroban-env-macros v25.0.1
[INFO] [stderr]    Compiling soroban-sdk-macros v25.3.1
[INFO] [stderr]    Compiling sponsor-policy v0.0.0 (/opt/rustwide/workdir/contracts/sponsor-policy)
[INFO] [stderr]     Finished `release` profile [optimized] target(s) in 1m 28s
[INFO] running `Command { std: "docker" "inspect" "503525e28aa684d59023db77814419fca22018e66b6091e65864dda71cdcfe1e", kill_on_drop: false }`
[INFO] running `Command { std: "docker" "exec" "-e" "SOURCE_DIR=/opt/rustwide/workdir" "-e" "CARGO_HOME=/opt/rustwide/cargo-home" "-e" "RUSTUP_HOME=/opt/rustwide/rustup-home" "-e" "CARGO_TARGET_DIR=/opt/rustwide/target" "-e" "CARGO_INCREMENTAL=0" "-e" "RUST_BACKTRACE=full" "-e" "RUSTFLAGS=--cap-lints=warn" "-e" "RUSTDOCFLAGS=--cap-lints=warn" "-w" "/opt/rustwide/workdir" "--user" "0:0" "503525e28aa684d59023db77814419fca22018e66b6091e65864dda71cdcfe1e" "/opt/rustwide/cargo-home/bin/cargo" "+1.99.0-beta.8" "test" "--frozen" "--no-run" "--message-format=json" "--release", kill_on_drop: false }`
[INFO] [stderr]    Compiling cfg-if v1.0.4
[INFO] [stderr]    Compiling typenum v1.20.0
[INFO] [stderr]    Compiling subtle v2.6.1
[INFO] [stderr]    Compiling const-oid v0.9.6
[INFO] [stderr]    Compiling libc v0.2.186
[INFO] [stderr]    Compiling zerocopy v0.8.48
[INFO] [stderr]    Compiling num-traits v0.2.19
[INFO] [stderr]    Compiling serde_core v1.0.228
[INFO] [stderr]    Compiling zeroize v1.8.2
[INFO] [stderr]    Compiling cpufeatures v0.2.17
[INFO] [stderr]    Compiling either v1.15.0
[INFO] [stderr]    Compiling base16ct v0.2.0
[INFO] [stderr]    Compiling once_cell v1.21.4
[INFO] [stderr]    Compiling zmij v1.0.21
[INFO] [stderr]    Compiling serde_json v1.0.149
[INFO] [stderr]    Compiling itoa v1.0.18
[INFO] [stderr]    Compiling memchr v2.8.0
[INFO] [stderr]    Compiling schemars v0.8.22
[INFO] [stderr]    Compiling data-encoding v2.11.0
[INFO] [stderr]    Compiling dyn-clone v1.0.20
[INFO] [stderr]    Compiling libm v0.2.16
[INFO] [stderr]    Compiling der v0.7.10
[INFO] [stderr]    Compiling stellar-xdr v25.0.0
[INFO] [stderr]    Compiling derive_arbitrary v1.3.2
[INFO] [stderr]    Compiling downcast-rs v1.2.1
[INFO] [stderr]    Compiling equivalent v1.0.2
[INFO] [stderr]    Compiling itertools v0.10.5
[INFO] [stderr]    Compiling hashbrown v0.17.1
[INFO] [stderr]    Compiling indexmap-nostd v0.4.0
[INFO] [stderr]    Compiling soroban-env-common v25.0.1
[INFO] [stderr]    Compiling escape-bytes v0.1.1
[INFO] [stderr]    Compiling smallvec v1.15.1
[INFO] [stderr]    Compiling ethnum v1.5.3
[INFO] [stderr]    Compiling wasmparser-nostd v0.100.2
[INFO] [stderr]    Compiling base64 v0.22.1
[INFO] [stderr]    Compiling stellar-strkey v0.0.13
[INFO] [stderr]    Compiling arbitrary v1.3.2
[INFO] [stderr]    Compiling generic-array v0.14.9
[INFO] [stderr]    Compiling num-integer v0.1.46
[INFO] [stderr]    Compiling semver v1.0.28
[INFO] [stderr]    Compiling indexmap v2.14.0
[INFO] [stderr]    Compiling wasmi_arena v0.4.1
[INFO] [stderr]    Compiling spin v0.9.8
[INFO] [stderr]    Compiling soroban-env-host v25.0.1
[INFO] [stderr]    Compiling num-bigint v0.4.6
[INFO] [stderr]    Compiling getrandom v0.2.17
[INFO] [stderr]    Compiling keccak v0.1.6
[INFO] [stderr]    Compiling static_assertions v1.1.0
[INFO] [stderr]    Compiling byteorder v1.5.0
[INFO] [stderr]    Compiling thiserror v1.0.69
[INFO] [stderr]    Compiling dtor-proc-macro v0.0.6
[INFO] [stderr]    Compiling stable_deref_trait v1.2.1
[INFO] [stderr]    Compiling rand_core v0.6.4
[INFO] [stderr]    Compiling wasmi_core v0.13.0
[INFO] [stderr]    Compiling hex-literal v0.4.1
[INFO] [stderr]    Compiling hash32 v0.3.1
[INFO] [stderr]    Compiling soroban-sdk v25.3.1
[INFO] [stderr]    Compiling ctor-proc-macro v0.0.6
[INFO] [stderr]    Compiling soroban-sdk-macros v25.3.1
[INFO] [stderr]    Compiling ff v0.13.1
[INFO] [stderr]    Compiling heapless v0.8.0
[INFO] [stderr]    Compiling crypto-common v0.1.6
[INFO] [stderr]    Compiling block-buffer v0.10.4
[INFO] [stderr]    Compiling crypto-bigint v0.5.5
[INFO] [stderr]    Compiling sec1 v0.7.3
[INFO] [stderr]    Compiling group v0.13.0
[INFO] [stderr]    Compiling dtor v0.1.1
[INFO] [stderr]    Compiling digest v0.10.7
[INFO] [stderr]    Compiling ctor v0.5.0
[INFO] [stderr]    Compiling wasmparser v0.116.1
[INFO] [stderr]    Compiling sha2 v0.10.9
[INFO] [stderr]    Compiling signature v2.2.0
[INFO] [stderr]    Compiling hmac v0.12.1
[INFO] [stderr]    Compiling curve25519-dalek v4.1.3
[INFO] [stderr]    Compiling sha3 v0.10.9
[INFO] [stderr]    Compiling ed25519 v2.2.3
[INFO] [stderr]    Compiling rfc6979 v0.4.0
[INFO] [stderr]    Compiling stellar-strkey v0.0.16
[INFO] [stderr]    Compiling elliptic-curve v0.13.8
[INFO] [stderr]    Compiling ed25519-dalek v2.2.0
[INFO] [stderr]    Compiling serde v1.0.228
[INFO] [stderr]    Compiling ecdsa v0.16.9
[INFO] [stderr]    Compiling primeorder v0.13.6
[INFO] [stderr]    Compiling hex v0.4.3
[INFO] [stderr]    Compiling p256 v0.13.2
[INFO] [stderr]    Compiling k256 v0.13.4
[INFO] [stderr]    Compiling soroban-wasmi v0.31.1-soroban.20.0.1
[INFO] [stderr]    Compiling ppv-lite86 v0.2.21
[INFO] [stderr]    Compiling ahash v0.8.12
[INFO] [stderr]    Compiling hashbrown v0.13.2
[INFO] [stderr]    Compiling rand_chacha v0.3.1
[INFO] [stderr]    Compiling serde_with v3.20.0
[INFO] [stderr]    Compiling rand v0.8.6
[INFO] [stderr]    Compiling ark-std v0.4.0
[INFO] [stderr]    Compiling ark-serialize v0.4.2
[INFO] [stderr]    Compiling ark-ff v0.4.2
[INFO] [stderr]    Compiling ark-poly v0.4.2
[INFO] [stderr]    Compiling ark-ec v0.4.2
[INFO] [stderr]    Compiling ark-bn254 v0.4.0
[INFO] [stderr]    Compiling ark-bls12-381 v0.4.0
[INFO] [stderr]    Compiling soroban-ledger-snapshot v25.3.1
[INFO] [stderr]    Compiling sponsor-policy v0.0.0 (/opt/rustwide/workdir/contracts/sponsor-policy)
[INFO] [stderr]     Finished `release` profile [optimized] target(s) in 1m 01s
[INFO] running `Command { std: "docker" "inspect" "503525e28aa684d59023db77814419fca22018e66b6091e65864dda71cdcfe1e", kill_on_drop: false }`
[INFO] running `Command { std: "docker" "exec" "-e" "SOURCE_DIR=/opt/rustwide/workdir" "-e" "CARGO_HOME=/opt/rustwide/cargo-home" "-e" "RUSTUP_HOME=/opt/rustwide/rustup-home" "-e" "CARGO_TARGET_DIR=/opt/rustwide/target" "-e" "CARGO_INCREMENTAL=0" "-e" "RUST_BACKTRACE=full" "-e" "RUSTFLAGS=--cap-lints=warn" "-e" "RUSTDOCFLAGS=--cap-lints=warn" "-w" "/opt/rustwide/workdir" "--user" "0:0" "503525e28aa684d59023db77814419fca22018e66b6091e65864dda71cdcfe1e" "/opt/rustwide/cargo-home/bin/cargo" "+1.99.0-beta.8" "test" "--frozen" "--release", kill_on_drop: false }`
[INFO] [stderr]     Finished `release` profile [optimized] target(s) in 0.17s
[INFO] [stderr]      Running unittests src/lib.rs (/opt/rustwide/target/release/deps/sponsor_policy-b47e5e7e699be8d6)
[INFO] [stdout] 
[INFO] [stdout] running 6 tests
[INFO] [stdout] test test::rejects_calls_that_do_not_match_policy ... FAILED
[INFO] [stdout] test test::inactive_policy_cannot_sponsor ... FAILED
[INFO] [stdout] test test::registers_provider_and_creates_policy ... FAILED
[INFO] [stdout] test test::records_receipts_and_usage_for_sponsored_calls ... FAILED
[INFO] [stdout] test test::enforces_call_limit_and_budget ... FAILED
[INFO] [stdout] test test::rolls_policy_window_after_expiration ... FAILED
[INFO] [stdout] 
[INFO] [stdout] failures:
[INFO] [stdout] 
[INFO] [stdout] ---- test::rejects_calls_that_do_not_match_policy stdout ----
[INFO] [stdout] Writing test snapshot file for test "test::rejects_calls_that_do_not_match_policy" to "test_snapshots/test/rejects_calls_that_do_not_match_policy.1.json".
[INFO] [stdout] 
[INFO] [stdout] thread 'test::rejects_calls_that_do_not_match_policy' (3797) panicked at /opt/rustwide/cargo-home/registry/src/index.crates.io-1949cf8c6b5b557f/soroban-sdk-25.3.1/src/env.rs:1970:32:
[INFO] [stdout] called `Result::unwrap()` on an `Err` value: Os { code: 30, kind: ReadOnlyFilesystem, message: "Read-only file system" }
[INFO] [stdout] stack backtrace:
[INFO] [stdout]    0:     0x60c5af25a167 - <unknown>
[INFO] [stdout]    1:     0x60c5af0f7cf4 - <unknown>
[INFO] [stdout]    2:     0x60c5af25972b - <unknown>
[INFO] [stdout]    3:     0x60c5af259329 - <unknown>
[INFO] [stdout]    4:     0x60c5af258faa - <unknown>
[INFO] [stdout]    5:     0x60c5af258ae3 - <unknown>
[INFO] [stdout]    6:     0x60c5af27edf1 - <unknown>
[INFO] [stdout]    7:     0x60c5af27eda9 - <unknown>
[INFO] [stdout]    8:     0x60c5af27f2ac - <unknown>
[INFO] [stdout]    9:     0x60c5af0f7b8b - <unknown>
[INFO] [stdout]   10:     0x60c5af0fb331 - <unknown>
[INFO] [stdout]   11:     0x60c5af2226e6 - <unknown>
[INFO] [stdout]   12:     0x60c5af0e560f - <unknown>
[INFO] [stdout]   13:     0x60c5af0f25f0 - <unknown>
[INFO] [stdout]   14:     0x60c5af2987db - <unknown>
[INFO] [stdout]   15:     0x60c5af294132 - <unknown>
[INFO] [stdout]   16:     0x60c5af293bdc - <unknown>
[INFO] [stdout]   17:     0x60c5af2af10c - <unknown>
[INFO] [stdout]   18:     0x60c5af2806ea - <unknown>
[INFO] [stdout]   19:     0x7b03c22e7dfa - <unknown>
[INFO] [stdout]   20:     0x7b03c237b3d4 - clone
[INFO] [stdout]   21:                0x0 - <unknown>
[INFO] [stdout] 
[INFO] [stdout] ---- test::inactive_policy_cannot_sponsor stdout ----
[INFO] [stdout] Writing test snapshot file for test "test::inactive_policy_cannot_sponsor" to "test_snapshots/test/inactive_policy_cannot_sponsor.1.json".
[INFO] [stdout] 
[INFO] [stdout] thread 'test::inactive_policy_cannot_sponsor' (3794) panicked at /opt/rustwide/cargo-home/registry/src/index.crates.io-1949cf8c6b5b557f/soroban-sdk-25.3.1/src/env.rs:1970:32:
[INFO] [stdout] called `Result::unwrap()` on an `Err` value: Os { code: 30, kind: ReadOnlyFilesystem, message: "Read-only file system" }
[INFO] [stdout] stack backtrace:
[INFO] [stdout]    0:     0x60c5af25a167 - <unknown>
[INFO] [stdout]    1:     0x60c5af0f7cf4 - <unknown>
[INFO] [stdout]    2:     0x60c5af25972b - <unknown>
[INFO] [stdout]    3:     0x60c5af259329 - <unknown>
[INFO] [stdout]    4:     0x60c5af258faa - <unknown>
[INFO] [stdout]    5:     0x60c5af258ae3 - <unknown>
[INFO] [stdout]    6:     0x60c5af27edf1 - <unknown>
[INFO] [stdout]    7:     0x60c5af27eda9 - <unknown>
[INFO] [stdout]    8:     0x60c5af27f2ac - <unknown>
[INFO] [stdout]    9:     0x60c5af0f7b8b - <unknown>
[INFO] [stdout]   10:     0x60c5af0fb331 - <unknown>
[INFO] [stdout]   11:     0x60c5af2226e6 - <unknown>
[INFO] [stdout]   12:     0x60c5af0e560f - <unknown>
[INFO] [stdout]   13:     0x60c5af0f1b78 - <unknown>
[INFO] [stdout]   14:     0x60c5af2987db - <unknown>
[INFO] [stdout]   15:     0x60c5af294132 - <unknown>
[INFO] [stdout]   16:     0x60c5af293bdc - <unknown>
[INFO] [stdout]   17:     0x60c5af2af10c - <unknown>
[INFO] [stdout]   18:     0x60c5af2806ea - <unknown>
[INFO] [stdout]   19:     0x7b03c22e7dfa - <unknown>
[INFO] [stdout]   20:     0x7b03c237b3d4 - clone
[INFO] [stdout]   21:                0x0 - <unknown>
[INFO] [stderr] error: test failed, to rerun pass `--lib`
[INFO] [stdout] 
[INFO] [stdout] ---- test::registers_provider_and_creates_policy stdout ----
[INFO] [stdout] Writing test snapshot file for test "test::registers_provider_and_creates_policy" to "test_snapshots/test/registers_provider_and_creates_policy.1.json".
[INFO] [stdout] 
[INFO] [stdout] thread 'test::registers_provider_and_creates_policy' (3796) panicked at /opt/rustwide/cargo-home/registry/src/index.crates.io-1949cf8c6b5b557f/soroban-sdk-25.3.1/src/env.rs:1970:32:
[INFO] [stdout] called `Result::unwrap()` on an `Err` value: Os { code: 30, kind: ReadOnlyFilesystem, message: "Read-only file system" }
[INFO] [stdout] stack backtrace:
[INFO] [stdout]    0:     0x60c5af25a167 - <unknown>
[INFO] [stdout]    1:     0x60c5af0f7cf4 - <unknown>
[INFO] [stdout]    2:     0x60c5af25972b - <unknown>
[INFO] [stdout]    3:     0x60c5af259329 - <unknown>
[INFO] [stdout]    4:     0x60c5af258faa - <unknown>
[INFO] [stdout]    5:     0x60c5af258ae3 - <unknown>
[INFO] [stdout]    6:     0x60c5af27edf1 - <unknown>
[INFO] [stdout]    7:     0x60c5af27eda9 - <unknown>
[INFO] [stdout]    8:     0x60c5af27f2ac - <unknown>
[INFO] [stdout]    9:     0x60c5af0f7b8b - <unknown>
[INFO] [stdout]   10:     0x60c5af0fb331 - <unknown>
[INFO] [stdout]   11:     0x60c5af2226e6 - <unknown>
[INFO] [stdout]   12:     0x60c5af0e560f - <unknown>
[INFO] [stdout]   13:     0x60c5af0f2288 - <unknown>
[INFO] [stdout]   14:     0x60c5af2987db - <unknown>
[INFO] [stdout]   15:     0x60c5af294132 - <unknown>
[INFO] [stdout]   16:     0x60c5af293bdc - <unknown>
[INFO] [stdout]   17:     0x60c5af2af10c - <unknown>
[INFO] [stdout]   18:     0x60c5af2806ea - <unknown>
[INFO] [stdout]   19:     0x7b03c22e7dfa - <unknown>
[INFO] [stdout]   20:     0x7b03c237b3d4 - clone
[INFO] [stdout]   21:                0x0 - <unknown>
[INFO] [stdout] 
[INFO] [stdout] ---- test::records_receipts_and_usage_for_sponsored_calls stdout ----
[INFO] [stdout] Writing test snapshot file for test "test::records_receipts_and_usage_for_sponsored_calls" to "test_snapshots/test/records_receipts_and_usage_for_sponsored_calls.1.json".
[INFO] [stdout] 
[INFO] [stdout] thread 'test::records_receipts_and_usage_for_sponsored_calls' (3795) panicked at /opt/rustwide/cargo-home/registry/src/index.crates.io-1949cf8c6b5b557f/soroban-sdk-25.3.1/src/env.rs:1970:32:
[INFO] [stdout] called `Result::unwrap()` on an `Err` value: Os { code: 30, kind: ReadOnlyFilesystem, message: "Read-only file system" }
[INFO] [stdout] stack backtrace:
[INFO] [stdout]    0:     0x60c5af25a167 - <unknown>
[INFO] [stdout]    1:     0x60c5af0f7cf4 - <unknown>
[INFO] [stdout]    2:     0x60c5af25972b - <unknown>
[INFO] [stdout]    3:     0x60c5af259329 - <unknown>
[INFO] [stdout]    4:     0x60c5af258faa - <unknown>
[INFO] [stdout]    5:     0x60c5af258ae3 - <unknown>
[INFO] [stdout]    6:     0x60c5af27edf1 - <unknown>
[INFO] [stdout]    7:     0x60c5af27eda9 - <unknown>
[INFO] [stdout]    8:     0x60c5af27f2ac - <unknown>
[INFO] [stdout]    9:     0x60c5af0f7b8b - <unknown>
[INFO] [stdout]   10:     0x60c5af0fb331 - <unknown>
[INFO] [stdout]   11:     0x60c5af2226e6 - <unknown>
[INFO] [stdout]   12:     0x60c5af0e560f - <unknown>
[INFO] [stdout]   13:     0x60c5af0f2aa4 - <unknown>
[INFO] [stdout]   14:     0x60c5af2987db - <unknown>
[INFO] [stdout]   15:     0x60c5af294132 - <unknown>
[INFO] [stdout]   16:     0x60c5af293bdc - <unknown>
[INFO] [stdout]   17:     0x60c5af2af10c - <unknown>
[INFO] [stdout]   18:     0x60c5af2806ea - <unknown>
[INFO] [stdout]   19:     0x7b03c22e7dfa - <unknown>
[INFO] [stdout]   20:     0x7b03c237b3d4 - clone
[INFO] [stdout]   21:                0x0 - <unknown>
[INFO] [stdout] 
[INFO] [stdout] ---- test::enforces_call_limit_and_budget stdout ----
[INFO] [stdout] Writing test snapshot file for test "test::enforces_call_limit_and_budget" to "test_snapshots/test/enforces_call_limit_and_budget.1.json".
[INFO] [stdout] 
[INFO] [stdout] thread 'test::enforces_call_limit_and_budget' (3793) panicked at /opt/rustwide/cargo-home/registry/src/index.crates.io-1949cf8c6b5b557f/soroban-sdk-25.3.1/src/env.rs:1970:32:
[INFO] [stdout] called `Result::unwrap()` on an `Err` value: Os { code: 30, kind: ReadOnlyFilesystem, message: "Read-only file system" }
[INFO] [stdout] stack backtrace:
[INFO] [stdout]    0:     0x60c5af25a167 - <unknown>
[INFO] [stdout]    1:     0x60c5af0f7cf4 - <unknown>
[INFO] [stdout]    2:     0x60c5af25972b - <unknown>
[INFO] [stdout]    3:     0x60c5af259329 - <unknown>
[INFO] [stdout]    4:     0x60c5af258faa - <unknown>
[INFO] [stdout]    5:     0x60c5af258ae3 - <unknown>
[INFO] [stdout]    6:     0x60c5af27edf1 - <unknown>
[INFO] [stdout]    7:     0x60c5af27eda9 - <unknown>
[INFO] [stdout]    8:     0x60c5af27f2ac - <unknown>
[INFO] [stdout]    9:     0x60c5af0f7b8b - <unknown>
[INFO] [stdout]   10:     0x60c5af0fb331 - <unknown>
[INFO] [stdout]   11:     0x60c5af2226e6 - <unknown>
[INFO] [stdout]   12:     0x60c5af0e560f - <unknown>
[INFO] [stdout]   13:     0x60c5af0f17fa - <unknown>
[INFO] [stdout]   14:     0x60c5af2987db - <unknown>
[INFO] [stdout]   15:     0x60c5af294132 - <unknown>
[INFO] [stdout]   16:     0x60c5af293bdc - <unknown>
[INFO] [stdout]   17:     0x60c5af2af10c - <unknown>
[INFO] [stdout]   18:     0x60c5af2806ea - <unknown>
[INFO] [stdout]   19:     0x7b03c22e7dfa - <unknown>
[INFO] [stdout]   20:     0x7b03c237b3d4 - clone
[INFO] [stdout]   21:                0x0 - <unknown>
[INFO] [stdout] 
[INFO] [stdout] ---- test::rolls_policy_window_after_expiration stdout ----
[INFO] [stdout] Writing test snapshot file for test "test::rolls_policy_window_after_expiration" to "test_snapshots/test/rolls_policy_window_after_expiration.1.json".
[INFO] [stdout] 
[INFO] [stdout] thread 'test::rolls_policy_window_after_expiration' (3798) panicked at /opt/rustwide/cargo-home/registry/src/index.crates.io-1949cf8c6b5b557f/soroban-sdk-25.3.1/src/env.rs:1970:32:
[INFO] [stdout] called `Result::unwrap()` on an `Err` value: Os { code: 30, kind: ReadOnlyFilesystem, message: "Read-only file system" }
[INFO] [stdout] stack backtrace:
[INFO] [stdout]    0:     0x60c5af25a167 - <unknown>
[INFO] [stdout]    1:     0x60c5af0f7cf4 - <unknown>
[INFO] [stdout]    2:     0x60c5af25972b - <unknown>
[INFO] [stdout]    3:     0x60c5af259329 - <unknown>
[INFO] [stdout]    4:     0x60c5af258faa - <unknown>
[INFO] [stdout]    5:     0x60c5af258ae3 - <unknown>
[INFO] [stdout]    6:     0x60c5af27edf1 - <unknown>
[INFO] [stdout]    7:     0x60c5af27eda9 - <unknown>
[INFO] [stdout]    8:     0x60c5af27f2ac - <unknown>
[INFO] [stdout]    9:     0x60c5af0f7b8b - <unknown>
[INFO] [stdout]   10:     0x60c5af0fb331 - <unknown>
[INFO] [stdout]   11:     0x60c5af2226e6 - <unknown>
[INFO] [stdout]   12:     0x60c5af0e560f - <unknown>
[INFO] [stdout]   13:     0x60c5af0f1e9d - <unknown>
[INFO] [stdout]   14:     0x60c5af2987db - <unknown>
[INFO] [stdout]   15:     0x60c5af294132 - <unknown>
[INFO] [stdout]   16:     0x60c5af293bdc - <unknown>
[INFO] [stdout]   17:     0x60c5af2af10c - <unknown>
[INFO] [stdout]   18:     0x60c5af2806ea - <unknown>
[INFO] [stdout]   19:     0x7b03c22e7dfa - <unknown>
[INFO] [stdout]   20:     0x7b03c237b3d4 - clone
[INFO] [stdout]   21:                0x0 - <unknown>
[INFO] [stdout] 
[INFO] [stdout] 
[INFO] [stdout] failures:
[INFO] [stdout]     test::enforces_call_limit_and_budget
[INFO] [stdout]     test::inactive_policy_cannot_sponsor
[INFO] [stdout]     test::records_receipts_and_usage_for_sponsored_calls
[INFO] [stdout]     test::registers_provider_and_creates_policy
[INFO] [stdout]     test::rejects_calls_that_do_not_match_policy
[INFO] [stdout]     test::rolls_policy_window_after_expiration
[INFO] [stdout] 
[INFO] [stdout] test result: FAILED. 0 passed; 6 failed; 0 ignored; 0 measured; 0 filtered out; finished in 0.00s
[INFO] [stdout] 
[INFO] running `Command { std: "docker" "inspect" "503525e28aa684d59023db77814419fca22018e66b6091e65864dda71cdcfe1e", kill_on_drop: false }`
[INFO] running `Command { std: "docker" "rm" "-f" "503525e28aa684d59023db77814419fca22018e66b6091e65864dda71cdcfe1e", kill_on_drop: false }`
[INFO] [stdout] 503525e28aa684d59023db77814419fca22018e66b6091e65864dda71cdcfe1e
