[INFO] cloning repository https://github.com/coolboiv/edupulse-soroban
[INFO] running `Command { std: "git" "-c" "credential.helper=" "-c" "credential.helper=/workspace/cargo-home/bin/git-credential-null" "clone" "--bare" "https://github.com/coolboiv/edupulse-soroban" "/workspace/cache/git-repos/https%3A%2F%2Fgithub.com%2Fcoolboiv%2Fedupulse-soroban", kill_on_drop: false }`
[INFO] [stderr] Cloning into bare repository '/workspace/cache/git-repos/https%3A%2F%2Fgithub.com%2Fcoolboiv%2Fedupulse-soroban'...
[INFO] running `Command { std: "git" "rev-parse" "HEAD", kill_on_drop: false }`
[INFO] [stdout] 55a98baef59b5452bad8b0fde453d8c9900534b7
[INFO] testing coolboiv/edupulse-soroban against 1.99.0-beta.8+cargoflags=--release for beta-release-1.100-2
[INFO] running `Command { std: "git" "clone" "/workspace/cache/git-repos/https%3A%2F%2Fgithub.com%2Fcoolboiv%2Fedupulse-soroban" "/workspace/builds/worker-0-tc1/source", kill_on_drop: false }`
[INFO] [stderr] Cloning into '/workspace/builds/worker-0-tc1/source'...
[INFO] [stderr] done.
[INFO] started tweaking git repo https://github.com/coolboiv/edupulse-soroban
[INFO] finished tweaking git repo https://github.com/coolboiv/edupulse-soroban
[INFO] tweaked toml for git repo https://github.com/coolboiv/edupulse-soroban written to /workspace/builds/worker-0-tc1/source/Cargo.toml
[INFO] validating manifest of git repo https://github.com/coolboiv/edupulse-soroban on toolchain 1.99.0-beta.8
[INFO] running `Command { std: CARGO_HOME="/workspace/cargo-home" RUSTUP_HOME="/workspace/rustup-home" "/workspace/cargo-home/bin/cargo" "+1.99.0-beta.8" "metadata" "--manifest-path" "Cargo.toml" "--no-deps", kill_on_drop: false }`
[INFO] crate git repo https://github.com/coolboiv/edupulse-soroban already has a lockfile, it will not be regenerated
[INFO] running `Command { std: CARGO_HOME="/workspace/cargo-home" RUSTUP_HOME="/workspace/rustup-home" "/workspace/cargo-home/bin/cargo" "+1.99.0-beta.8" "fetch" "--manifest-path" "Cargo.toml", kill_on_drop: false }`
[INFO] [stderr]  Downloading crates ...
[INFO] [stderr]   Downloaded soroban-spec-rust v27.0.6
[INFO] [stderr]   Downloaded soroban-spec v27.0.6
[INFO] [stderr]   Downloaded soroban-builtin-sdk-macros v27.0.1
[INFO] [stderr]   Downloaded serde_with v3.23.0
[INFO] [stderr]   Downloaded soroban-sdk-macros v27.0.6
[INFO] [stderr]   Downloaded serde_with_macros v3.23.0
[INFO] [stderr]   Downloaded stellar-strkey v0.0.16
[INFO] [stderr]   Downloaded soroban-env-macros v27.0.1
[INFO] [stderr]   Downloaded soroban-ledger-snapshot v27.0.6
[INFO] [stderr]   Downloaded ethnum v1.5.3
[INFO] [stderr]   Downloaded soroban-env-common v27.0.1
[INFO] [stderr]   Downloaded soroban-sdk v27.0.6
[INFO] [stderr]   Downloaded enum-ordinalize-derive v4.4.2
[INFO] [stderr]   Downloaded enum-ordinalize v4.4.2
[INFO] [stderr]   Downloaded soroban-env-host v27.0.1
[INFO] [stderr]   Downloaded soroban-env-guest v27.0.1
[INFO] [stderr]   Downloaded crate-git-revision v0.0.9
[INFO] [stderr]   Downloaded stellar-xdr v27.0.0
[INFO] [stderr]   Downloaded bytes-lit v0.0.6
[INFO] [stderr]   Downloaded ark-bls12-381 v0.5.0
[INFO] running `Command { std: "docker" "create" "-v" "/var/lib/crater-agent-workspace/builds/worker-0-tc1/source:/opt/rustwide/workdir:ro,Z" "-v" "/var/lib/crater-agent-workspace/builds/worker-0-tc1/target:/opt/rustwide/target:rw,Z" "-v" "/var/lib/crater-agent-workspace/cargo-home:/opt/rustwide/cargo-home:ro,Z" "-v" "/var/lib/crater-agent-workspace/rustup-home:/opt/rustwide/rustup-home:ro,Z" "-m" "1610612736" "--network" "none" "ghcr.io/rust-lang/crates-build-env/linux@sha256:77db811e55d90add9212f6832c23229e3de5f1c1f9905e8cb07319ea15df73ac" "sleep" "infinity", kill_on_drop: false }`
[INFO] [stdout] 86bb7fc69b325295e0b74f99ba45414163511ac8dc6aa414dbdd7559070ac3ae
[INFO] running `Command { std: "docker" "start" "86bb7fc69b325295e0b74f99ba45414163511ac8dc6aa414dbdd7559070ac3ae", kill_on_drop: false }`
[INFO] running `Command { std: "docker" "inspect" "86bb7fc69b325295e0b74f99ba45414163511ac8dc6aa414dbdd7559070ac3ae", kill_on_drop: false }`
[INFO] running `Command { std: "docker" "exec" "-e" "SOURCE_DIR=/opt/rustwide/workdir" "-e" "CARGO_HOME=/opt/rustwide/cargo-home" "-e" "RUSTUP_HOME=/opt/rustwide/rustup-home" "-e" "CARGO_TARGET_DIR=/opt/rustwide/target" "-w" "/opt/rustwide/workdir" "--user" "0:0" "86bb7fc69b325295e0b74f99ba45414163511ac8dc6aa414dbdd7559070ac3ae" "/opt/rustwide/cargo-home/bin/cargo" "+1.99.0-beta.8" "metadata" "--no-deps" "--format-version=1", kill_on_drop: false }`
[INFO] running `Command { std: "docker" "inspect" "86bb7fc69b325295e0b74f99ba45414163511ac8dc6aa414dbdd7559070ac3ae", kill_on_drop: false }`
[INFO] running `Command { std: "docker" "exec" "-e" "SOURCE_DIR=/opt/rustwide/workdir" "-e" "CARGO_HOME=/opt/rustwide/cargo-home" "-e" "RUSTUP_HOME=/opt/rustwide/rustup-home" "-e" "CARGO_TARGET_DIR=/opt/rustwide/target" "-e" "CARGO_INCREMENTAL=0" "-e" "RUST_BACKTRACE=full" "-e" "RUSTFLAGS=--cap-lints=warn" "-e" "RUSTDOCFLAGS=--cap-lints=warn" "-w" "/opt/rustwide/workdir" "--user" "0:0" "86bb7fc69b325295e0b74f99ba45414163511ac8dc6aa414dbdd7559070ac3ae" "/opt/rustwide/cargo-home/bin/cargo" "+1.99.0-beta.8" "build" "--frozen" "--message-format=json" "--release", kill_on_drop: false }`
[INFO] [stderr]    Compiling proc-macro2 v1.0.107
[INFO] [stderr]    Compiling unicode-ident v1.0.24
[INFO] [stderr]    Compiling quote v1.0.47
[INFO] [stderr]    Compiling version_check v0.9.5
[INFO] [stderr]    Compiling zmij v1.0.23
[INFO] [stderr]    Compiling serde v1.0.229
[INFO] [stderr]    Compiling serde_core v1.0.229
[INFO] [stderr]    Compiling typenum v1.20.1
[INFO] [stderr]    Compiling serde_json v1.0.151
[INFO] [stderr]    Compiling itoa v1.0.18
[INFO] [stderr]    Compiling memchr v2.8.3
[INFO] [stderr]    Compiling cfg-if v1.0.4
[INFO] [stderr]    Compiling subtle v2.6.1
[INFO] [stderr]    Compiling libc v0.2.189
[INFO] [stderr]    Compiling const-oid v0.9.6
[INFO] [stderr]    Compiling autocfg v1.5.1
[INFO] [stderr]    Compiling strsim v0.11.1
[INFO] [stderr]    Compiling ident_case v1.0.1
[INFO] [stderr]    Compiling semver v1.0.28
[INFO] [stderr]    Compiling zerocopy v0.8.57
[INFO] [stderr]    Compiling paste v1.0.15
[INFO] [stderr]    Compiling schemars v0.8.22
[INFO] [stderr]    Compiling dyn-clone v1.0.20
[INFO] [stderr]    Compiling generic-array v0.14.9
[INFO] [stderr]    Compiling data-encoding v2.11.1
[INFO] [stderr]    Compiling rustc_version v0.4.1
[INFO] [stderr]    Compiling cpufeatures v0.2.17
[INFO] [stderr]    Compiling num-traits v0.2.19
[INFO] [stderr]    Compiling ethnum v1.5.3
[INFO] [stderr]    Compiling escape-bytes v0.1.1
[INFO] [stderr]    Compiling ahash v0.8.12
[INFO] [stderr]    Compiling either v1.18.0
[INFO] [stderr]    Compiling arrayvec v0.7.8
[INFO] [stderr]    Compiling base16ct v0.2.0
[INFO] [stderr]    Compiling allocator-api2 v0.2.21
[INFO] [stderr]    Compiling once_cell v1.21.4
[INFO] [stderr]    Compiling libm v0.2.16
[INFO] [stderr]    Compiling thiserror v1.0.69
[INFO] [stderr]    Compiling itertools v0.13.0
[INFO] [stderr]    Compiling equivalent v1.0.2
[INFO] [stderr]    Compiling hashbrown v0.17.1
[INFO] [stderr]    Compiling hashbrown v0.15.5
[INFO] [stderr]    Compiling syn v2.0.119
[INFO] [stderr]    Compiling syn v3.0.5
[INFO] [stderr]    Compiling hybrid-array v0.4.15
[INFO] [stderr]    Compiling getrandom v0.2.17
[INFO] [stderr]    Compiling num-integer v0.1.47
[INFO] [stderr]    Compiling block-buffer v0.10.4
[INFO] [stderr]    Compiling crypto-common v0.1.6
[INFO] [stderr]    Compiling indexmap v2.14.2
[INFO] [stderr]    Compiling digest v0.10.7
[INFO] [stderr]    Compiling rand_core v0.6.4
[INFO] [stderr]    Compiling num-bigint v0.4.8
[INFO] [stderr]    Compiling sha2 v0.10.9
[INFO] [stderr]    Compiling curve25519-dalek v4.1.3
[INFO] [stderr]    Compiling indexmap-nostd v0.4.0
[INFO] [stderr]    Compiling ff v0.13.1
[INFO] [stderr]    Compiling downcast-rs v1.2.1
[INFO] [stderr]    Compiling group v0.13.0
[INFO] [stderr]    Compiling prettyplease v0.2.37
[INFO] [stderr]    Compiling fnv v1.0.7
[INFO] [stderr]    Compiling block-buffer v0.12.1
[INFO] [stderr]    Compiling crypto-common v0.2.2
[INFO] [stderr]    Compiling wasmparser-nostd v0.100.2
[INFO] [stderr]    Compiling curve25519-dalek v5.0.0
[INFO] [stderr]    Compiling wasmparser v0.116.1
[INFO] [stderr]    Compiling heapless v0.8.0
[INFO] [stderr]    Compiling wasmi_core v0.13.0
[INFO] [stderr]    Compiling hex v0.4.3
[INFO] [stderr]    Compiling base64 v0.22.1
[INFO] [stderr]    Compiling smallvec v1.16.1
[INFO] [stderr]    Compiling byteorder v1.5.0
[INFO] [stderr]    Compiling wasmi_arena v0.4.1
[INFO] [stderr]    Compiling spin v0.9.9
[INFO] [stderr]    Compiling digest v0.11.3
[INFO] [stderr]    Compiling hash32 v0.3.1
[INFO] [stderr]    Compiling cpufeatures v0.3.1
[INFO] [stderr]    Compiling static_assertions v1.1.0
[INFO] [stderr]    Compiling stable_deref_trait v1.2.1
[INFO] [stderr]    Compiling keccak v0.1.6
[INFO] [stderr]    Compiling soroban-env-host v27.0.1
[INFO] [stderr]    Compiling hex-literal v0.4.1
[INFO] [stderr]    Compiling heck v0.5.0
[INFO] [stderr]    Compiling soroban-wasmi v0.31.1-soroban.20.0.1
[INFO] [stderr]    Compiling darling_core v0.24.1
[INFO] [stderr]    Compiling ppv-lite86 v0.2.21
[INFO] [stderr]    Compiling serde_derive v1.0.229
[INFO] [stderr]    Compiling enum-ordinalize-derive v4.4.2
[INFO] [stderr]    Compiling darling_core v0.20.11
[INFO] [stderr]    Compiling macro-string v0.1.4
[INFO] [stderr]    Compiling rand_chacha v0.3.1
[INFO] [stderr]    Compiling enum-ordinalize v4.4.2
[INFO] [stderr]    Compiling rand v0.8.8
[INFO] [stderr]    Compiling zeroize_derive v1.5.0
[INFO] [stderr]    Compiling cfg_eval v0.1.2
[INFO] [stderr]    Compiling ark-serialize-derive v0.5.0
[INFO] [stderr]    Compiling ark-ff-asm v0.5.0
[INFO] [stderr]    Compiling ark-ff-macros v0.5.0
[INFO] [stderr]    Compiling educe v0.6.0
[INFO] [stderr]    Compiling num-derive v0.4.2
[INFO] [stderr]    Compiling thiserror-impl v1.0.69
[INFO] [stderr]    Compiling ark-std v0.5.0
[INFO] [stderr]    Compiling curve25519-dalek-derive v0.1.1
[INFO] [stderr]    Compiling soroban-builtin-sdk-macros v27.0.1
[INFO] [stderr]    Compiling zeroize v1.9.0
[INFO] [stderr]    Compiling bytes-lit v0.0.6
[INFO] [stderr]    Compiling der v0.7.10
[INFO] [stderr]    Compiling visibility v0.1.1
[INFO] [stderr]    Compiling darling_macro v0.20.11
[INFO] [stderr]    Compiling crypto-bigint v0.5.5
[INFO] [stderr]    Compiling sec1 v0.7.3
[INFO] [stderr]    Compiling darling_macro v0.24.1
[INFO] [stderr]    Compiling darling v0.20.11
[INFO] [stderr]    Compiling darling v0.24.1
[INFO] [stderr]    Compiling ark-serialize v0.5.0
[INFO] [stderr]    Compiling signature v2.2.0
[INFO] [stderr]    Compiling hmac v0.12.1
[INFO] [stderr]    Compiling serde_with_macros v3.23.0
[INFO] [stderr]    Compiling rfc6979 v0.4.0
[INFO] [stderr]    Compiling sha3 v0.10.9
[INFO] [stderr]    Compiling ed25519 v2.2.3
[INFO] [stderr]    Compiling ark-ff v0.5.0
[INFO] [stderr]    Compiling ed25519-dalek v2.2.0
[INFO] [stderr]    Compiling elliptic-curve v0.13.8
[INFO] [stderr]    Compiling crate-git-revision v0.0.6
[INFO] [stderr]    Compiling crate-git-revision v0.0.9
[INFO] [stderr]    Compiling ecdsa v0.16.9
[INFO] [stderr]    Compiling primeorder v0.13.6
[INFO] [stderr]    Compiling stellar-strkey v0.0.13
[INFO] [stderr]    Compiling stellar-xdr v27.0.0
[INFO] [stderr]    Compiling soroban-env-common v27.0.1
[INFO] [stderr]    Compiling stellar-strkey v0.0.16
[INFO] [stderr]    Compiling soroban-sdk v27.0.6
[INFO] [stderr]    Compiling p256 v0.13.2
[INFO] [stderr]    Compiling k256 v0.13.4
[INFO] [stderr]    Compiling serde_with v3.23.0
[INFO] [stderr]    Compiling ark-poly v0.5.0
[INFO] [stderr]    Compiling ark-ec v0.5.0
[INFO] [stderr]    Compiling ark-bn254 v0.5.0
[INFO] [stderr]    Compiling ark-bls12-381 v0.5.0
[INFO] [stderr]    Compiling soroban-spec v27.0.6
[INFO] [stderr]    Compiling soroban-spec-rust v27.0.6
[INFO] [stderr]    Compiling soroban-env-macros v27.0.1
[INFO] [stderr]    Compiling soroban-sdk-macros v27.0.6
[INFO] [stderr]    Compiling edu_pulse v0.1.0 (/opt/rustwide/workdir/contracts/edu_pulse)
[INFO] [stderr]     Finished `release` profile [optimized] target(s) in 2m 36s
[INFO] running `Command { std: "docker" "inspect" "86bb7fc69b325295e0b74f99ba45414163511ac8dc6aa414dbdd7559070ac3ae", kill_on_drop: false }`
[INFO] running `Command { std: "docker" "exec" "-e" "SOURCE_DIR=/opt/rustwide/workdir" "-e" "CARGO_HOME=/opt/rustwide/cargo-home" "-e" "RUSTUP_HOME=/opt/rustwide/rustup-home" "-e" "CARGO_TARGET_DIR=/opt/rustwide/target" "-e" "CARGO_INCREMENTAL=0" "-e" "RUST_BACKTRACE=full" "-e" "RUSTFLAGS=--cap-lints=warn" "-e" "RUSTDOCFLAGS=--cap-lints=warn" "-w" "/opt/rustwide/workdir" "--user" "0:0" "86bb7fc69b325295e0b74f99ba45414163511ac8dc6aa414dbdd7559070ac3ae" "/opt/rustwide/cargo-home/bin/cargo" "+1.99.0-beta.8" "test" "--frozen" "--no-run" "--message-format=json" "--release", kill_on_drop: false }`
[INFO] [stderr]    Compiling typenum v1.20.1
[INFO] [stderr]    Compiling cfg-if v1.0.4
[INFO] [stderr]    Compiling subtle v2.6.1
[INFO] [stderr]    Compiling const-oid v0.9.6
[INFO] [stderr]    Compiling zeroize v1.9.0
[INFO] [stderr]    Compiling libc v0.2.189
[INFO] [stderr]    Compiling serde_core v1.0.229
[INFO] [stderr]    Compiling num-traits v0.2.19
[INFO] [stderr]    Compiling zerocopy v0.8.57
[INFO] [stderr]    Compiling cpufeatures v0.2.17
[INFO] [stderr]    Compiling either v1.18.0
[INFO] [stderr]    Compiling arrayvec v0.7.8
[INFO] [stderr]    Compiling base16ct v0.2.0
[INFO] [stderr]    Compiling zmij v1.0.23
[INFO] [stderr]    Compiling serde_json v1.0.151
[INFO] [stderr]    Compiling memchr v2.8.3
[INFO] [stderr]    Compiling once_cell v1.21.4
[INFO] [stderr]    Compiling itoa v1.0.18
[INFO] [stderr]    Compiling allocator-api2 v0.2.21
[INFO] [stderr]    Compiling schemars v0.8.22
[INFO] [stderr]    Compiling itertools v0.13.0
[INFO] [stderr]    Compiling dyn-clone v1.0.20
[INFO] [stderr]    Compiling data-encoding v2.11.1
[INFO] [stderr]    Compiling libm v0.2.16
[INFO] [stderr]    Compiling stellar-xdr v27.0.0
[INFO] [stderr]    Compiling der v0.7.10
[INFO] [stderr]    Compiling derive_arbitrary v1.3.2
[INFO] [stderr]    Compiling hashbrown v0.17.1
[INFO] [stderr]    Compiling indexmap-nostd v0.4.0
[INFO] [stderr]    Compiling downcast-rs v1.2.1
[INFO] [stderr]    Compiling equivalent v1.0.2
[INFO] [stderr]    Compiling wasmparser-nostd v0.100.2
[INFO] [stderr]    Compiling soroban-env-common v27.0.1
[INFO] [stderr]    Compiling base64 v0.22.1
[INFO] [stderr]    Compiling ethnum v1.5.3
[INFO] [stderr]    Compiling hashbrown v0.15.5
[INFO] [stderr]    Compiling arbitrary v1.3.2
[INFO] [stderr]    Compiling indexmap v2.14.2
[INFO] [stderr]    Compiling stellar-strkey v0.0.13
[INFO] [stderr]    Compiling getrandom v0.2.17
[INFO] [stderr]    Compiling rand_core v0.6.4
[INFO] [stderr]    Compiling num-integer v0.1.47
[INFO] [stderr]    Compiling wasmi_core v0.13.0
[INFO] [stderr]    Compiling generic-array v0.14.9
[INFO] [stderr]    Compiling ff v0.13.1
[INFO] [stderr]    Compiling hybrid-array v0.4.15
[INFO] [stderr]    Compiling wasmi_arena v0.4.1
[INFO] [stderr]    Compiling group v0.13.0
[INFO] [stderr]    Compiling num-bigint v0.4.8
[INFO] [stderr]    Compiling semver v1.0.28
[INFO] [stderr]    Compiling spin v0.9.9
[INFO] [stderr]    Compiling escape-bytes v0.1.1
[INFO] [stderr]    Compiling smallvec v1.16.1
[INFO] [stderr]    Compiling keccak v0.1.6
[INFO] [stderr]    Compiling byteorder v1.5.0
[INFO] [stderr]    Compiling cpufeatures v0.3.1
[INFO] [stderr]    Compiling soroban-env-host v27.0.1
[INFO] [stderr]    Compiling static_assertions v1.1.0
[INFO] [stderr]    Compiling hash32 v0.3.1
[INFO] [stderr]    Compiling thiserror v1.0.69
[INFO] [stderr]    Compiling block-buffer v0.12.1
[INFO] [stderr]    Compiling crypto-common v0.2.2
[INFO] [stderr]    Compiling dtor-proc-macro v0.0.6
[INFO] [stderr]    Compiling stable_deref_trait v1.2.1
[INFO] [stderr]    Compiling hex-literal v0.4.1
[INFO] [stderr]    Compiling heapless v0.8.0
[INFO] [stderr]    Compiling soroban-sdk v27.0.6
[INFO] [stderr]    Compiling dtor v0.1.1
[INFO] [stderr]    Compiling wasmparser v0.116.1
[INFO] [stderr]    Compiling block-buffer v0.10.4
[INFO] [stderr]    Compiling crypto-common v0.1.6
[INFO] [stderr]    Compiling crypto-bigint v0.5.5
[INFO] [stderr]    Compiling sec1 v0.7.3
[INFO] [stderr]    Compiling ctor-proc-macro v0.0.6
[INFO] [stderr]    Compiling soroban-sdk-macros v27.0.6
[INFO] [stderr]    Compiling digest v0.10.7
[INFO] [stderr]    Compiling stellar-strkey v0.0.16
[INFO] [stderr]    Compiling ctor v0.5.0
[INFO] [stderr]    Compiling sha2 v0.10.9
[INFO] [stderr]    Compiling signature v2.2.0
[INFO] [stderr]    Compiling hmac v0.12.1
[INFO] [stderr]    Compiling curve25519-dalek v4.1.3
[INFO] [stderr]    Compiling sha3 v0.10.9
[INFO] [stderr]    Compiling rfc6979 v0.4.0
[INFO] [stderr]    Compiling ed25519 v2.2.3
[INFO] [stderr]    Compiling digest v0.11.3
[INFO] [stderr]    Compiling curve25519-dalek v5.0.0
[INFO] [stderr]    Compiling serde v1.0.229
[INFO] [stderr]    Compiling elliptic-curve v0.13.8
[INFO] [stderr]    Compiling hex v0.4.3
[INFO] [stderr]    Compiling ed25519-dalek v2.2.0
[INFO] [stderr]    Compiling ecdsa v0.16.9
[INFO] [stderr]    Compiling primeorder v0.13.6
[INFO] [stderr]    Compiling p256 v0.13.2
[INFO] [stderr]    Compiling k256 v0.13.4
[INFO] [stderr]    Compiling soroban-wasmi v0.31.1-soroban.20.0.1
[INFO] [stderr]    Compiling serde_with v3.23.0
[INFO] [stderr]    Compiling ppv-lite86 v0.2.21
[INFO] [stderr]    Compiling ahash v0.8.12
[INFO] [stderr]    Compiling rand_chacha v0.3.1
[INFO] [stderr]    Compiling rand v0.8.8
[INFO] [stderr]    Compiling ark-std v0.5.0
[INFO] [stderr]    Compiling ark-serialize v0.5.0
[INFO] [stderr]    Compiling ark-ff v0.5.0
[INFO] [stderr]    Compiling ark-poly v0.5.0
[INFO] [stderr]    Compiling ark-ec v0.5.0
[INFO] [stderr]    Compiling ark-bn254 v0.5.0
[INFO] [stderr]    Compiling ark-bls12-381 v0.5.0
[INFO] [stderr]    Compiling soroban-ledger-snapshot v27.0.6
[INFO] [stderr]    Compiling edu_pulse v0.1.0 (/opt/rustwide/workdir/contracts/edu_pulse)
[INFO] [stdout] warning: constant `KAT_GIT_SHA` is never used
[INFO] [stdout]    --> contracts/edu_pulse/src/test.rs:679:7
[INFO] [stdout]     |
[INFO] [stdout] 679 | const KAT_GIT_SHA: &str = "0123456789abcdef0123456789abcdef01234567";
[INFO] [stdout]     |       ^^^^^^^^^^^
[INFO] [stdout]     |
[INFO] [stdout]     = note: `#[warn(dead_code)]` (part of `#[warn(unused)]`) on by default
[INFO] [stdout] 
[INFO] [stdout] 
[INFO] [stderr]     Finished `release` profile [optimized] target(s) in 2m 48s
[INFO] running `Command { std: "docker" "inspect" "86bb7fc69b325295e0b74f99ba45414163511ac8dc6aa414dbdd7559070ac3ae", kill_on_drop: false }`
[INFO] running `Command { std: "docker" "exec" "-e" "SOURCE_DIR=/opt/rustwide/workdir" "-e" "CARGO_HOME=/opt/rustwide/cargo-home" "-e" "RUSTUP_HOME=/opt/rustwide/rustup-home" "-e" "CARGO_TARGET_DIR=/opt/rustwide/target" "-e" "CARGO_INCREMENTAL=0" "-e" "RUST_BACKTRACE=full" "-e" "RUSTFLAGS=--cap-lints=warn" "-e" "RUSTDOCFLAGS=--cap-lints=warn" "-w" "/opt/rustwide/workdir" "--user" "0:0" "86bb7fc69b325295e0b74f99ba45414163511ac8dc6aa414dbdd7559070ac3ae" "/opt/rustwide/cargo-home/bin/cargo" "+1.99.0-beta.8" "test" "--frozen" "--release", kill_on_drop: false }`
[INFO] [stderr] warning: constant `KAT_GIT_SHA` is never used
[INFO] [stderr]    --> contracts/edu_pulse/src/test.rs:679:7
[INFO] [stderr]     |
[INFO] [stderr] 679 | const KAT_GIT_SHA: &str = "0123456789abcdef0123456789abcdef01234567";
[INFO] [stderr]     |       ^^^^^^^^^^^
[INFO] [stderr]     |
[INFO] [stderr]     = note: `#[warn(dead_code)]` (part of `#[warn(unused)]`) on by default
[INFO] [stderr] 
[INFO] [stderr] warning: `edu_pulse` (lib test) generated 1 warning
[INFO] [stderr]     Finished `release` profile [optimized] target(s) in 0.31s
[INFO] [stderr]      Running unittests src/lib.rs (/opt/rustwide/target/release/deps/edu_pulse-90c57ada30b44651)
[INFO] [stdout] 
[INFO] [stdout] running 25 tests
[INFO] [stdout] test test::deposit_scholarship_reserves_pulls_tokens_into_the_contract ... FAILED
[INFO] [stdout] test test::admin_can_append_and_rewrite_milestones ... FAILED
[INFO] [stdout] test test::claiming_requires_registration ... FAILED
[INFO] [stdout] test test::operations_require_initialization ... FAILED
[INFO] [stdout] test test::deposit_rejects_non_positive_amounts ... FAILED
[INFO] [stdout] test test::claim_cannot_exceed_available_reserves ... FAILED
[INFO] [stdout] test test::initialize_course_seeds_config_oracle_and_milestones ... FAILED
[INFO] [stdout] test test::milestones_must_be_proven_in_order ... FAILED
[INFO] [stdout] test test::proof_payload_view_matches_the_documented_encoding ... FAILED
[INFO] [stdout] test test::claim_transfers_accrued_stipend_and_resets_the_checkpoint ... FAILED
[INFO] [stdout] test test::idle_time_decays_an_unclaimed_tail ... FAILED
[INFO] [stdout] test test::idle_stream_expires_after_the_decay_horizon ... FAILED
[INFO] [stdout] test test::proof_beyond_the_configured_ladder_is_rejected ... FAILED
[INFO] [stdout] test test::initialize_course_is_single_shot ... FAILED
[INFO] [stdout] test test::stream_accrues_exactly_and_decays_each_idle_period ... FAILED
[INFO] [stdout] test test::stream_parameters_are_validated ... FAILED
[INFO] [stdout] test test::oracle_payload_known_answer ... FAILED
[INFO] [stdout] test test::oracle_rotation_invalidates_the_previous_key ... FAILED
[INFO] [stdout] test test::register_student_opens_a_stream_at_parity ... FAILED
[INFO] [stdout] test test::valid_proof_boosts_the_stream_and_resets_the_decay_clock ... FAILED
[INFO] [stdout] test test::proof_requires_a_registered_oracle_key ... FAILED
[INFO] [stdout] test test::completing_every_milestone_graduates_the_student ... FAILED
[INFO] [stdout] test test::tampered_and_foreign_signatures_are_rejected ... FAILED
[INFO] [stdout] test test::a_verified_proof_reopens_a_closed_stream ... FAILED
[INFO] [stdout] test test::proof_below_the_test_threshold_is_rejected ... FAILED
[INFO] [stdout] 
[INFO] [stdout] failures:
[INFO] [stdout] 
[INFO] [stdout] ---- test::deposit_scholarship_reserves_pulls_tokens_into_the_contract stdout ----
[INFO] [stdout] Writing test snapshot file for test "test::deposit_scholarship_reserves_pulls_tokens_into_the_contract" to "test_snapshots/test/deposit_scholarship_reserves_pulls_tokens_into_the_contract.1.json".
[INFO] [stdout] 
[INFO] [stdout] thread 'test::deposit_scholarship_reserves_pulls_tokens_into_the_contract' (3995) panicked at /opt/rustwide/cargo-home/registry/src/index.crates.io-1949cf8c6b5b557f/soroban-sdk-27.0.6/src/env.rs:2100:32:
[INFO] [stdout] called `Result::unwrap()` on an `Err` value: Os { code: 30, kind: ReadOnlyFilesystem, message: "Read-only file system" }
[INFO] [stdout] stack backtrace:
[INFO] [stdout]    0:     0x5c5c59f7ec27 - <unknown>
[INFO] [stdout]    1:     0x5c5c59e00d54 - <unknown>
[INFO] [stdout]    2:     0x5c5c59f7e1eb - <unknown>
[INFO] [stdout]    3:     0x5c5c59f7dde9 - <unknown>
[INFO] [stdout]    4:     0x5c5c59f7da6a - <unknown>
[INFO] [stdout]    5:     0x5c5c59f7d5a3 - <unknown>
[INFO] [stdout]    6:     0x5c5c59fa38b1 - <unknown>
[INFO] [stdout]    7:     0x5c5c59fa3869 - <unknown>
[INFO] [stdout]    8:     0x5c5c59fa3d6c - <unknown>
[INFO] [stdout]    9:     0x5c5c59e00beb - <unknown>
[INFO] [stdout]   10:     0x5c5c59e044e1 - <unknown>
[INFO] [stdout]   11:     0x5c5c59f42cfb - <unknown>
[INFO] [stdout]   12:     0x5c5c59de58d9 - <unknown>
[INFO] [stdout]   13:     0x5c5c59dfa8bc - <unknown>
[INFO] [stdout]   14:     0x5c5c59fbd6eb - <unknown>
[INFO] [stdout]   15:     0x5c5c59fb9042 - <unknown>
[INFO] [stdout]   16:     0x5c5c59fb8aec - <unknown>
[INFO] [stdout]   17:     0x5c5c59fd401c - <unknown>
[INFO] [stdout]   18:     0x5c5c59fa51aa - <unknown>
[INFO] [stdout]   19:     0x72819186ddfa - <unknown>
[INFO] [stdout]   20:     0x7281919013d4 - clone
[INFO] [stdout]   21:                0x0 - <unknown>
[INFO] [stdout] 
[INFO] [stdout] ---- test::admin_can_append_and_rewrite_milestones stdout ----
[INFO] [stdout] Writing test snapshot file for test "test::admin_can_append_and_rewrite_milestones" to "test_snapshots/test/admin_can_append_and_rewrite_milestones.1.json".
[INFO] [stdout] 
[INFO] [stdout] thread 'test::admin_can_append_and_rewrite_milestones' (3989) panicked at /opt/rustwide/cargo-home/registry/src/index.crates.io-1949cf8c6b5b557f/soroban-sdk-27.0.6/src/env.rs:2100:32:
[INFO] [stdout] called `Result::unwrap()` on an `Err` value: Os { code: 30, kind: ReadOnlyFilesystem, message: "Read-only file system" }
[INFO] [stdout] stack backtrace:
[INFO] [stdout]    0:     0x5c5c59f7ec27 - <unknown>
[INFO] [stdout]    1:     0x5c5c59e00d54 - <unknown>
[INFO] [stdout]    2:     0x5c5c59f7e1eb - <unknown>
[INFO] [stdout]    3:     0x5c5c59f7dde9 - <unknown>
[INFO] [stdout]    4:     0x5c5c59f7da6a - <unknown>
[INFO] [stdout]    5:     0x5c5c59f7d5a3 - <unknown>
[INFO] [stdout]    6:     0x5c5c59fa38b1 - <unknown>
[INFO] [stdout]    7:     0x5c5c59fa3869 - <unknown>
[INFO] [stdout]    8:     0x5c5c59fa3d6c - <unknown>
[INFO] [stdout]    9:     0x5c5c59e00beb - <unknown>
[INFO] [stdout]   10:     0x5c5c59e044e1 - <unknown>
[INFO] [stdout]   11:     0x5c5c59f42cfb - <unknown>
[INFO] [stdout]   12:     0x5c5c59de58d9 - <unknown>
[INFO] [stdout]   13:     0x5c5c59df6f30 - <unknown>
[INFO] [stdout]   14:     0x5c5c59fbd6eb - <unknown>
[INFO] [stdout]   15:     0x5c5c59fb9042 - <unknown>
[INFO] [stdout]   16:     0x5c5c59fb8aec - <unknown>
[INFO] [stdout]   17:     0x5c5c59fd401c - <unknown>
[INFO] [stdout]   18:     0x5c5c59fa51aa - <unknown>
[INFO] [stdout]   19:     0x72819186ddfa - <unknown>
[INFO] [stdout]   20:     0x7281919013d4 - clone
[INFO] [stdout]   21:                0x0 - <unknown>
[INFO] [stdout] 
[INFO] [stdout] ---- test::claiming_requires_registration stdout ----
[INFO] [stdout] Writing test snapshot file for test "test::claiming_requires_registration" to "test_snapshots/test/claiming_requires_registration.1.json".
[INFO] [stdout] 
[INFO] [stdout] thread 'test::claiming_requires_registration' (3992) panicked at /opt/rustwide/cargo-home/registry/src/index.crates.io-1949cf8c6b5b557f/soroban-sdk-27.0.6/src/env.rs:2100:32:
[INFO] [stdout] called `Result::unwrap()` on an `Err` value: Os { code: 30, kind: ReadOnlyFilesystem, message: "Read-only file system" }
[INFO] [stdout] stack backtrace:
[INFO] [stdout]    0:     0x5c5c59f7ec27 - <unknown>
[INFO] [stdout]    1:     0x5c5c59e00d54 - <unknown>
[INFO] [stdout]    2:     0x5c5c59f7e1eb - <unknown>
[INFO] [stdout]    3:     0x5c5c59f7dde9 - <unknown>
[INFO] [stdout]    4:     0x5c5c59f7da6a - <unknown>
[INFO] [stdout]    5:     0x5c5c59f7d5a3 - <unknown>
[INFO] [stdout]    6:     0x5c5c59fa38b1 - <unknown>
[INFO] [stdout]    7:     0x5c5c59fa3869 - <unknown>
[INFO] [stdout]    8:     0x5c5c59fa3d6c - <unknown>
[INFO] [stdout]    9:     0x5c5c59e00beb - <unknown>
[INFO] [stdout]   10:     0x5c5c59e044e1 - <unknown>
[INFO] [stdout]   11:     0x5c5c59f42cfb - <unknown>
[INFO] [stdout]   12:     0x5c5c59de58d9 - <unknown>
[INFO] [stdout]   13:     0x5c5c59df4e4c - <unknown>
[INFO] [stdout]   14:     0x5c5c59fbd6eb - <unknown>
[INFO] [stdout]   15:     0x5c5c59fb9042 - <unknown>
[INFO] [stdout]   16:     0x5c5c59fb8aec - <unknown>
[INFO] [stdout]   17:     0x5c5c59fd401c - <unknown>
[INFO] [stdout]   18:     0x5c5c59fa51aa - <unknown>
[INFO] [stdout]   19:     0x72819186ddfa - <unknown>
[INFO] [stdout]   20:     0x7281919013d4 - clone
[INFO] [stdout]   21:                0x0 - <unknown>
[INFO] [stdout] 
[INFO] [stdout] ---- test::operations_require_initialization stdout ----
[INFO] [stdout] Writing test snapshot file for test "test::operations_require_initialization" to "test_snapshots/test/operations_require_initialization.1.json".
[INFO] [stdout] 
[INFO] [stdout] thread 'test::operations_require_initialization' (4001) panicked at /opt/rustwide/cargo-home/registry/src/index.crates.io-1949cf8c6b5b557f/soroban-sdk-27.0.6/src/env.rs:2100:32:
[INFO] [stdout] called `Result::unwrap()` on an `Err` value: Os { code: 30, kind: ReadOnlyFilesystem, message: "Read-only file system" }
[INFO] [stdout] stack backtrace:
[INFO] [stdout]    0:     0x5c5c59f7ec27 - <unknown>
[INFO] [stdout]    1:     0x5c5c59e00d54 - <unknown>
[INFO] [stdout]    2:     0x5c5c59f7e1eb - <unknown>
[INFO] [stdout]    3:     0x5c5c59f7dde9 - <unknown>
[INFO] [stdout]    4:     0x5c5c59f7da6a - <unknown>
[INFO] [stdout]    5:     0x5c5c59f7d5a3 - <unknown>
[INFO] [stdout]    6:     0x5c5c59fa38b1 - <unknown>
[INFO] [stdout]    7:     0x5c5c59fa3869 - <unknown>
[INFO] [stdout]    8:     0x5c5c59fa3d6c - <unknown>
[INFO] [stdout]    9:     0x5c5c59e00beb - <unknown>
[INFO] [stdout]   10:     0x5c5c59e044e1 - <unknown>
[INFO] [stdout]   11:     0x5c5c59f42cfb - <unknown>
[INFO] [stdout]   12:     0x5c5c59de58d9 - <unknown>
[INFO] [stdout]   13:     0x5c5c59df5939 - <unknown>
[INFO] [stdout]   14:     0x5c5c59fbd6eb - <unknown>
[INFO] [stdout]   15:     0x5c5c59fb9042 - <unknown>
[INFO] [stdout]   16:     0x5c5c59fb8aec - <unknown>
[INFO] [stdout]   17:     0x5c5c59fd401c - <unknown>
[INFO] [stdout]   18:     0x5c5c59fa51aa - <unknown>
[INFO] [stdout]   19:     0x72819186ddfa - <unknown>
[INFO] [stdout]   20:     0x7281919013d4 - clone
[INFO] [stdout]   21:                0x0 - <unknown>
[INFO] [stdout] 
[INFO] [stdout] ---- test::deposit_rejects_non_positive_amounts stdout ----
[INFO] [stdout] Writing test snapshot file for test "test::deposit_rejects_non_positive_amounts" to "test_snapshots/test/deposit_rejects_non_positive_amounts.1.json".
[INFO] [stdout] 
[INFO] [stdout] thread 'test::deposit_rejects_non_positive_amounts' (3994) panicked at /opt/rustwide/cargo-home/registry/src/index.crates.io-1949cf8c6b5b557f/soroban-sdk-27.0.6/src/env.rs:2100:32:
[INFO] [stdout] called `Result::unwrap()` on an `Err` value: Os { code: 30, kind: ReadOnlyFilesystem, message: "Read-only file system" }
[INFO] [stdout] stack backtrace:
[INFO] [stdout]    0:     0x5c5c59f7ec27 - <unknown>
[INFO] [stdout]    1:     0x5c5c59e00d54 - <unknown>
[INFO] [stdout]    2:     0x5c5c59f7e1eb - <unknown>
[INFO] [stdout]    3:     0x5c5c59f7dde9 - <unknown>
[INFO] [stdout]    4:     0x5c5c59f7da6a - <unknown>
[INFO] [stdout]    5:     0x5c5c59f7d5a3 - <unknown>
[INFO] [stdout]    6:     0x5c5c59fa38b1 - <unknown>
[INFO] [stdout]    7:     0x5c5c59fa3869 - <unknown>
[INFO] [stdout]    8:     0x5c5c59fa3d6c - <unknown>
[INFO] [stdout]    9:     0x5c5c59e00beb - <unknown>
[INFO] [stdout]   10:     0x5c5c59e044e1 - <unknown>
[INFO] [stdout]   11:     0x5c5c59f42cfb - <unknown>
[INFO] [stdout]   12:     0x5c5c59de58d9 - <unknown>
[INFO] [stdout]   13:     0x5c5c59df60b3 - <unknown>
[INFO] [stdout]   14:     0x5c5c59fbd6eb - <unknown>
[INFO] [stdout]   15:     0x5c5c59fb9042 - <unknown>
[INFO] [stdout]   16:     0x5c5c59fb8aec - <unknown>
[INFO] [stdout]   17:     0x5c5c59fd401c - <unknown>
[INFO] [stdout]   18:     0x5c5c59fa51aa - <unknown>
[INFO] [stdout]   19:     0x72819186ddfa - <unknown>
[INFO] [stdout]   20:     0x7281919013d4 - clone
[INFO] [stdout]   21:                0x0 - <unknown>
[INFO] [stdout] 
[INFO] [stdout] ---- test::claim_cannot_exceed_available_reserves stdout ----
[INFO] [stdout] Writing test snapshot file for test "test::claim_cannot_exceed_available_reserves" to "test_snapshots/test/claim_cannot_exceed_available_reserves.1.json".
[INFO] [stdout] 
[INFO] [stdout] thread 'test::claim_cannot_exceed_available_reserves' (3990) panicked at /opt/rustwide/cargo-home/registry/src/index.crates.io-1949cf8c6b5b557f/soroban-sdk-27.0.6/src/env.rs:2100:32:
[INFO] [stdout] called `Result::unwrap()` on an `Err` value: Os { code: 30, kind: ReadOnlyFilesystem, message: "Read-only file system" }
[INFO] [stdout] stack backtrace:
[INFO] [stdout]    0:     0x5c5c59f7ec27 - <unknown>
[INFO] [stdout]    1:     0x5c5c59e00d54 - <unknown>
[INFO] [stdout]    2:     0x5c5c59f7e1eb - <unknown>
[INFO] [stdout]    3:     0x5c5c59f7dde9 - <unknown>
[INFO] [stdout]    4:     0x5c5c59f7da6a - <unknown>
[INFO] [stdout]    5:     0x5c5c59f7d5a3 - <unknown>
[INFO] [stdout]    6:     0x5c5c59fa38b1 - <unknown>
[INFO] [stdout]    7:     0x5c5c59fa3869 - <unknown>
[INFO] [stdout]    8:     0x5c5c59fa3d6c - <unknown>
[INFO] [stdout]    9:     0x5c5c59e00beb - <unknown>
[INFO] [stdout]   10:     0x5c5c59e044e1 - <unknown>
[INFO] [stdout]   11:     0x5c5c59f42cfb - <unknown>
[INFO] [stdout]   12:     0x5c5c59de58d9 - <unknown>
[INFO] [stdout]   13:     0x5c5c59df6502 - <unknown>
[INFO] [stdout]   14:     0x5c5c59fbd6eb - <unknown>
[INFO] [stdout]   15:     0x5c5c59fb9042 - <unknown>
[INFO] [stdout]   16:     0x5c5c59fb8aec - <unknown>
[INFO] [stdout]   17:     0x5c5c59fd401c - <unknown>
[INFO] [stdout]   18:     0x5c5c59fa51aa - <unknown>
[INFO] [stdout]   19:     0x72819186ddfa - <unknown>
[INFO] [stdout]   20:     0x7281919013d4 - clone
[INFO] [stdout]   21:                0x0 - <unknown>
[INFO] [stdout] 
[INFO] [stdout] ---- test::initialize_course_seeds_config_oracle_and_milestones stdout ----
[INFO] [stdout] Writing test snapshot file for test "test::initialize_course_seeds_config_oracle_and_milestones" to "test_snapshots/test/initialize_course_seeds_config_oracle_and_milestones.1.json".
[INFO] [stdout] 
[INFO] [stdout] thread 'test::initialize_course_seeds_config_oracle_and_milestones' (3999) panicked at /opt/rustwide/cargo-home/registry/src/index.crates.io-1949cf8c6b5b557f/soroban-sdk-27.0.6/src/env.rs:2100:32:
[INFO] [stdout] called `Result::unwrap()` on an `Err` value: Os { code: 30, kind: ReadOnlyFilesystem, message: "Read-only file system" }
[INFO] [stdout] stack backtrace:
[INFO] [stdout]    0:     0x5c5c59f7ec27 - <unknown>
[INFO] [stdout]    1:     0x5c5c59e00d54 - <unknown>
[INFO] [stdout]    2:     0x5c5c59f7e1eb - <unknown>
[INFO] [stdout]    3:     0x5c5c59f7dde9 - <unknown>
[INFO] [stdout]    4:     0x5c5c59f7da6a - <unknown>
[INFO] [stdout]    5:     0x5c5c59f7d5a3 - <unknown>
[INFO] [stdout]    6:     0x5c5c59fa38b1 - <unknown>
[INFO] [stdout]    7:     0x5c5c59fa3869 - <unknown>
[INFO] [stdout]    8:     0x5c5c59fa3d6c - <unknown>
[INFO] [stdout]    9:     0x5c5c59e00beb - <unknown>
[INFO] [stdout]   10:     0x5c5c59e044e1 - <unknown>
[INFO] [stdout]   11:     0x5c5c59f42cfb - <unknown>
[INFO] [stdout]   12:     0x5c5c59de58d9 - <unknown>
[INFO] [stdout]   13:     0x5c5c59df9df8 - <unknown>
[INFO] [stdout]   14:     0x5c5c59fbd6eb - <unknown>
[INFO] [stdout]   15:     0x5c5c59fb9042 - <unknown>
[INFO] [stdout]   16:     0x5c5c59fb8aec - <unknown>
[INFO] [stdout]   17:     0x5c5c59fd401c - <unknown>
[INFO] [stdout]   18:     0x5c5c59fa51aa - <unknown>
[INFO] [stdout]   19:     0x72819186ddfa - <unknown>
[INFO] [stdout]   20:     0x7281919013d4 - clone
[INFO] [stdout]   21:                0x0 - <unknown>
[INFO] [stdout] 
[INFO] [stdout] ---- test::milestones_must_be_proven_in_order stdout ----
[INFO] [stdout] Writing test snapshot file for test "test::milestones_must_be_proven_in_order" to "test_snapshots/test/milestones_must_be_proven_in_order.1.json".
[INFO] [stdout] 
[INFO] [stdout] thread 'test::milestones_must_be_proven_in_order' (4000) panicked at /opt/rustwide/cargo-home/registry/src/index.crates.io-1949cf8c6b5b557f/soroban-sdk-27.0.6/src/env.rs:2100:32:
[INFO] [stdout] called `Result::unwrap()` on an `Err` value: Os { code: 30, kind: ReadOnlyFilesystem, message: "Read-only file system" }
[INFO] [stdout] stack backtrace:
[INFO] [stdout]    0:     0x5c5c59f7ec27 - <unknown>
[INFO] [stdout]    1:     0x5c5c59e00d54 - <unknown>
[INFO] [stdout]    2:     0x5c5c59f7e1eb - <unknown>
[INFO] [stdout]    3:     0x5c5c59f7dde9 - <unknown>
[INFO] [stdout]    4:     0x5c5c59f7da6a - <unknown>
[INFO] [stdout]    5:     0x5c5c59f7d5a3 - <unknown>
[INFO] [stdout]    6:     0x5c5c59fa38b1 - <unknown>
[INFO] [stdout]    7:     0x5c5c59fa3869 - <unknown>
[INFO] [stdout]    8:     0x5c5c59fa3d6c - <unknown>
[INFO] [stdout]    9:     0x5c5c59e00beb - <unknown>
[INFO] [stdout]   10:     0x5c5c59e044e1 - <unknown>
[INFO] [stdout]   11:     0x5c5c59f42cfb - <unknown>
[INFO] [stdout]   12:     0x5c5c59de58d9 - <unknown>
[INFO] [stdout]   13:     0x5c5c59df5f11 - <unknown>
[INFO] [stdout]   14:     0x5c5c59fbd6eb - <unknown>
[INFO] [stdout]   15:     0x5c5c59fb9042 - <unknown>
[INFO] [stdout]   16:     0x5c5c59fb8aec - <unknown>
[INFO] [stdout]   17:     0x5c5c59fd401c - <unknown>
[INFO] [stdout]   18:     0x5c5c59fa51aa - <unknown>
[INFO] [stdout]   19:     0x72819186ddfa - <unknown>
[INFO] [stdout]   20:     0x7281919013d4 - clone
[INFO] [stdout]   21:                0x0 - <unknown>
[INFO] [stdout] 
[INFO] [stdout] ---- test::proof_payload_view_matches_the_documented_encoding stdout ----
[INFO] [stdout] Writing test snapshot file for test "test::proof_payload_view_matches_the_documented_encoding" to "test_snapshots/test/proof_payload_view_matches_the_documented_encoding.1.json".
[INFO] [stdout] 
[INFO] [stdout] thread 'test::proof_payload_view_matches_the_documented_encoding' (4006) panicked at /opt/rustwide/cargo-home/registry/src/index.crates.io-1949cf8c6b5b557f/soroban-sdk-27.0.6/src/env.rs:2100:32:
[INFO] [stdout] called `Result::unwrap()` on an `Err` value: Os { code: 30, kind: ReadOnlyFilesystem, message: "Read-only file system" }
[INFO] [stdout] stack backtrace:
[INFO] [stdout]    0:     0x5c5c59f7ec27 - <unknown>
[INFO] [stdout]    1:     0x5c5c59e00d54 - <unknown>
[INFO] [stdout]    2:     0x5c5c59f7e1eb - <unknown>
[INFO] [stdout]    3:     0x5c5c59f7dde9 - <unknown>
[INFO] [stdout]    4:     0x5c5c59f7da6a - <unknown>
[INFO] [stdout]    5:     0x5c5c59f7d5a3 - <unknown>
[INFO] [stdout]    6:     0x5c5c59fa38b1 - <unknown>
[INFO] [stdout]    7:     0x5c5c59fa3869 - <unknown>
[INFO] [stdout]    8:     0x5c5c59fa3d6c - <unknown>
[INFO] [stdout]    9:     0x5c5c59e00beb - <unknown>
[INFO] [stdout]   10:     0x5c5c59e044e1 - <unknown>
[INFO] [stdout]   11:     0x5c5c59f42cfb - <unknown>
[INFO] [stdout]   12:     0x5c5c59de58d9 - <unknown>
[INFO] [stdout]   13:     0x5c5c59df9524 - <unknown>
[INFO] [stdout]   14:     0x5c5c59fbd6eb - <unknown>
[INFO] [stdout]   15:     0x5c5c59fb9042 - <unknown>
[INFO] [stdout]   16:     0x5c5c59fb8aec - <unknown>
[INFO] [stdout]   17:     0x5c5c59fd401c - <unknown>
[INFO] [stdout]   18:     0x5c5c59fa51aa - <unknown>
[INFO] [stdout]   19:     0x72819186ddfa - <unknown>
[INFO] [stdout]   20:     0x7281919013d4 - clone
[INFO] [stdout]   21:                0x0 - <unknown>
[INFO] [stdout] 
[INFO] [stdout] ---- test::claim_transfers_accrued_stipend_and_resets_the_checkpoint stdout ----
[INFO] [stdout] Writing test snapshot file for test "test::claim_transfers_accrued_stipend_and_resets_the_checkpoint" to "test_snapshots/test/claim_transfers_accrued_stipend_and_resets_the_checkpoint.1.json".
[INFO] [stdout] 
[INFO] [stdout] thread 'test::claim_transfers_accrued_stipend_and_resets_the_checkpoint' (3991) panicked at /opt/rustwide/cargo-home/registry/src/index.crates.io-1949cf8c6b5b557f/soroban-sdk-27.0.6/src/env.rs:2100:32:
[INFO] [stdout] called `Result::unwrap()` on an `Err` value: Os { code: 30, kind: ReadOnlyFilesystem, message: "Read-only file system" }
[INFO] [stdout] stack backtrace:
[INFO] [stdout]    0:     0x5c5c59f7ec27 - <unknown>
[INFO] [stdout]    1:     0x5c5c59e00d54 - <unknown>
[INFO] [stdout]    2:     0x5c5c59f7e1eb - <unknown>
[INFO] [stdout]    3:     0x5c5c59f7dde9 - <unknown>
[INFO] [stdout]    4:     0x5c5c59f7da6a - <unknown>
[INFO] [stdout]    5:     0x5c5c59f7d5a3 - <unknown>
[INFO] [stdout]    6:     0x5c5c59fa38b1 - <unknown>
[INFO] [stdout]    7:     0x5c5c59fa3869 - <unknown>
[INFO] [stdout]    8:     0x5c5c59fa3d6c - <unknown>
[INFO] [stdout]    9:     0x5c5c59e00beb - <unknown>
[INFO] [stdout]   10:     0x5c5c59e044e1 - <unknown>
[INFO] [stdout]   11:     0x5c5c59f42cfb - <unknown>
[INFO] [stdout]   12:     0x5c5c59de58d9 - <unknown>
[INFO] [stdout]   13:     0x5c5c59dfa66e - <unknown>
[INFO] [stdout]   14:     0x5c5c59fbd6eb - <unknown>
[INFO] [stdout]   15:     0x5c5c59fb9042 - <unknown>
[INFO] [stdout]   16:     0x5c5c59fb8aec - <unknown>
[INFO] [stdout]   17:     0x5c5c59fd401c - <unknown>
[INFO] [stdout]   18:     0x5c5c59fa51aa - <unknown>
[INFO] [stdout]   19:     0x72819186ddfa - <unknown>
[INFO] [stdout]   20:     0x7281919013d4 - clone
[INFO] [stdout]   21:                0x0 - <unknown>
[INFO] [stdout] 
[INFO] [stdout] ---- test::idle_time_decays_an_unclaimed_tail stdout ----
[INFO] [stdout] Writing test snapshot file for test "test::idle_time_decays_an_unclaimed_tail" to "test_snapshots/test/idle_time_decays_an_unclaimed_tail.1.json".
[INFO] [stdout] 
[INFO] [stdout] thread 'test::idle_time_decays_an_unclaimed_tail' (3997) panicked at /opt/rustwide/cargo-home/registry/src/index.crates.io-1949cf8c6b5b557f/soroban-sdk-27.0.6/src/env.rs:2100:32:
[INFO] [stdout] called `Result::unwrap()` on an `Err` value: Os { code: 30, kind: ReadOnlyFilesystem, message: "Read-only file system" }
[INFO] [stdout] stack backtrace:
[INFO] [stdout]    0:     0x5c5c59f7ec27 - <unknown>
[INFO] [stdout]    1:     0x5c5c59e00d54 - <unknown>
[INFO] [stdout]    2:     0x5c5c59f7e1eb - <unknown>
[INFO] [stdout]    3:     0x5c5c59f7dde9 - <unknown>
[INFO] [stdout]    4:     0x5c5c59f7da6a - <unknown>
[INFO] [stdout]    5:     0x5c5c59f7d5a3 - <unknown>
[INFO] [stdout]    6:     0x5c5c59fa38b1 - <unknown>
[INFO] [stdout]    7:     0x5c5c59fa3869 - <unknown>
[INFO] [stdout]    8:     0x5c5c59fa3d6c - <unknown>
[INFO] [stdout]    9:     0x5c5c59e00beb - <unknown>
[INFO] [stdout]   10:     0x5c5c59e044e1 - <unknown>
[INFO] [stdout]   11:     0x5c5c59f42cfb - <unknown>
[INFO] [stdout]   12:     0x5c5c59de58d9 - <unknown>
[INFO] [stdout]   13:     0x5c5c59df5c48 - <unknown>
[INFO] [stdout]   14:     0x5c5c59fbd6eb - <unknown>
[INFO] [stdout]   15:     0x5c5c59fb9042 - <unknown>
[INFO] [stdout]   16:     0x5c5c59fb8aec - <unknown>
[INFO] [stdout]   17:     0x5c5c59fd401c - <unknown>
[INFO] [stdout]   18:     0x5c5c59fa51aa - <unknown>
[INFO] [stdout]   19:     0x72819186ddfa - <unknown>
[INFO] [stdout]   20:     0x7281919013d4 - clone
[INFO] [stdout]   21:                0x0 - <unknown>
[INFO] [stdout] 
[INFO] [stdout] ---- test::idle_stream_expires_after_the_decay_horizon stdout ----
[INFO] [stdout] Writing test snapshot file for test "test::idle_stream_expires_after_the_decay_horizon" to "test_snapshots/test/idle_stream_expires_after_the_decay_horizon.1.json".
[INFO] [stdout] 
[INFO] [stdout] thread 'test::idle_stream_expires_after_the_decay_horizon' (3996) panicked at /opt/rustwide/cargo-home/registry/src/index.crates.io-1949cf8c6b5b557f/soroban-sdk-27.0.6/src/env.rs:2100:32:
[INFO] [stdout] called `Result::unwrap()` on an `Err` value: Os { code: 30, kind: ReadOnlyFilesystem, message: "Read-only file system" }
[INFO] [stdout] stack backtrace:
[INFO] [stdout]    0:     0x5c5c59f7ec27 - <unknown>
[INFO] [stdout]    1:     0x5c5c59e00d54 - <unknown>
[INFO] [stdout]    2:     0x5c5c59f7e1eb - <unknown>
[INFO] [stdout]    3:     0x5c5c59f7dde9 - <unknown>
[INFO] [stdout]    4:     0x5c5c59f7da6a - <unknown>
[INFO] [stdout]    5:     0x5c5c59f7d5a3 - <unknown>
[INFO] [stdout]    6:     0x5c5c59fa38b1 - <unknown>
[INFO] [stdout]    7:     0x5c5c59fa3869 - <unknown>
[INFO] [stdout]    8:     0x5c5c59fa3d6c - <unknown>
[INFO] [stdout]    9:     0x5c5c59e00beb - <unknown>
[INFO] [stdout]   10:     0x5c5c59e044e1 - <unknown>
[INFO] [stdout]   11:     0x5c5c59f42cfb - <unknown>
[INFO] [stdout]   12:     0x5c5c59de58d9 - <unknown>
[INFO] [stdout]   13:     0x5c5c59df7e4e - <unknown>
[INFO] [stdout]   14:     0x5c5c59fbd6eb - <unknown>
[INFO] [stdout]   15:     0x5c5c59fb9042 - <unknown>
[INFO] [stdout]   16:     0x5c5c59fb8aec - <unknown>
[INFO] [stdout]   17:     0x5c5c59fd401c - <unknown>
[INFO] [stdout]   18:     0x5c5c59fa51aa - <unknown>
[INFO] [stdout]   19:     0x72819186ddfa - <unknown>
[INFO] [stdout]   20:     0x7281919013d4 - clone
[INFO] [stdout]   21:                0x0 - <unknown>
[INFO] [stdout] 
[INFO] [stdout] ---- test::proof_beyond_the_configured_ladder_is_rejected stdout ----
[INFO] [stdout] Writing test snapshot file for test "test::proof_beyond_the_configured_ladder_is_rejected" to "test_snapshots/test/proof_beyond_the_configured_ladder_is_rejected.1.json".
[INFO] [stdout] 
[INFO] [stdout] thread 'test::proof_beyond_the_configured_ladder_is_rejected' (4005) panicked at /opt/rustwide/cargo-home/registry/src/index.crates.io-1949cf8c6b5b557f/soroban-sdk-27.0.6/src/env.rs:2100:32:
[INFO] [stdout] called `Result::unwrap()` on an `Err` value: Os { code: 30, kind: ReadOnlyFilesystem, message: "Read-only file system" }
[INFO] [stdout] stack backtrace:
[INFO] [stdout]    0:     0x5c5c59f7ec27 - <unknown>
[INFO] [stdout]    1:     0x5c5c59e00d54 - <unknown>
[INFO] [stdout]    2:     0x5c5c59f7e1eb - <unknown>
[INFO] [stdout]    3:     0x5c5c59f7dde9 - <unknown>
[INFO] [stdout]    4:     0x5c5c59f7da6a - <unknown>
[INFO] [stdout]    5:     0x5c5c59f7d5a3 - <unknown>
[INFO] [stdout]    6:     0x5c5c59fa38b1 - <unknown>
[INFO] [stdout]    7:     0x5c5c59fa3869 - <unknown>
[INFO] [stdout]    8:     0x5c5c59fa3d6c - <unknown>
[INFO] [stdout]    9:     0x5c5c59e00beb - <unknown>
[INFO] [stdout]   10:     0x5c5c59e044e1 - <unknown>
[INFO] [stdout]   11:     0x5c5c59f42cfb - <unknown>
[INFO] [stdout]   12:     0x5c5c59de58d9 - <unknown>
[INFO] [stdout]   13:     0x5c5c59df8c38 - <unknown>
[INFO] [stdout]   14:     0x5c5c59fbd6eb - <unknown>
[INFO] [stdout]   15:     0x5c5c59fb9042 - <unknown>
[INFO] [stdout]   16:     0x5c5c59fb8aec - <unknown>
[INFO] [stdout]   17:     0x5c5c59fd401c - <unknown>
[INFO] [stdout]   18:     0x5c5c59fa51aa - <unknown>
[INFO] [stdout]   19:     0x72819186ddfa - <unknown>
[INFO] [stdout]   20:     0x7281919013d4 - clone
[INFO] [stdout]   21:                0x0 - <unknown>
[INFO] [stdout] 
[INFO] [stdout] ---- test::initialize_course_is_single_shot stdout ----
[INFO] [stdout] Writing test snapshot file for test "test::initialize_course_is_single_shot" to "test_snapshots/test/initialize_course_is_single_shot.1.json".
[INFO] [stdout] 
[INFO] [stdout] thread 'test::initialize_course_is_single_shot' (3998) panicked at /opt/rustwide/cargo-home/registry/src/index.crates.io-1949cf8c6b5b557f/soroban-sdk-27.0.6/src/env.rs:2100:32:
[INFO] [stdout] called `Result::unwrap()` on an `Err` value: Os { code: 30, kind: ReadOnlyFilesystem, message: "Read-only file system" }
[INFO] [stdout] stack backtrace:
[INFO] [stdout]    0:     0x5c5c59f7ec27 - <unknown>
[INFO] [stdout]    1:     0x5c5c59e00d54 - <unknown>
[INFO] [stdout]    2:     0x5c5c59f7e1eb - <unknown>
[INFO] [stdout]    3:     0x5c5c59f7dde9 - <unknown>
[INFO] [stdout]    4:     0x5c5c59f7da6a - <unknown>
[INFO] [stdout]    5:     0x5c5c59f7d5a3 - <unknown>
[INFO] [stdout]    6:     0x5c5c59fa38b1 - <unknown>
[INFO] [stdout]    7:     0x5c5c59fa3869 - <unknown>
[INFO] [stdout]    8:     0x5c5c59fa3d6c - <unknown>
[INFO] [stdout]    9:     0x5c5c59e00beb - <unknown>
[INFO] [stdout]   10:     0x5c5c59e044e1 - <unknown>
[INFO] [stdout]   11:     0x5c5c59f42cfb - <unknown>
[INFO] [stdout]   12:     0x5c5c59de58d9 - <unknown>
[INFO] [stdout]   13:     0x5c5c59df54fa - <unknown>
[INFO] [stdout]   14:     0x5c5c59fbd6eb - <unknown>
[INFO] [stdout]   15:     0x5c5c59fb9042 - <unknown>
[INFO] [stdout]   16:     0x5c5c59fb8aec - <unknown>
[INFO] [stdout]   17:     0x5c5c59fd401c - <unknown>
[INFO] [stdout]   18:     0x5c5c59fa51aa - <unknown>
[INFO] [stdout]   19:     0x72819186ddfa - <unknown>
[INFO] [stdout]   20:     0x7281919013d4 - clone
[INFO] [stdout]   21:                0x0 - <unknown>
[INFO] [stdout] 
[INFO] [stdout] ---- test::stream_accrues_exactly_and_decays_each_idle_period stdout ----
[INFO] [stdout] Writing test snapshot file for test "test::stream_accrues_exactly_and_decays_each_idle_period" to "test_snapshots/test/stream_accrues_exactly_and_decays_each_idle_period.1.json".
[INFO] [stdout] 
[INFO] [stdout] thread 'test::stream_accrues_exactly_and_decays_each_idle_period' (4009) panicked at /opt/rustwide/cargo-home/registry/src/index.crates.io-1949cf8c6b5b557f/soroban-sdk-27.0.6/src/env.rs:2100:32:
[INFO] [stdout] called `Result::unwrap()` on an `Err` value: Os { code: 30, kind: ReadOnlyFilesystem, message: "Read-only file system" }
[INFO] [stdout] stack backtrace:
[INFO] [stdout]    0:     0x5c5c59f7ec27 - <unknown>
[INFO] [stdout]    1:     0x5c5c59e00d54 - <unknown>
[INFO] [stdout]    2:     0x5c5c59f7e1eb - <unknown>
[INFO] [stdout]    3:     0x5c5c59f7dde9 - <unknown>
[INFO] [stdout]    4:     0x5c5c59f7da6a - <unknown>
[INFO] [stdout]    5:     0x5c5c59f7d5a3 - <unknown>
[INFO] [stdout]    6:     0x5c5c59fa38b1 - <unknown>
[INFO] [stdout]    7:     0x5c5c59fa3869 - <unknown>
[INFO] [stdout]    8:     0x5c5c59fa3d6c - <unknown>
[INFO] [stdout]    9:     0x5c5c59e00beb - <unknown>
[INFO] [stdout]   10:     0x5c5c59e044e1 - <unknown>
[INFO] [stdout]   11:     0x5c5c59f42cfb - <unknown>
[INFO] [stdout]   12:     0x5c5c59de58d9 - <unknown>
[INFO] [stdout]   13:     0x5c5c59df9791 - <unknown>
[INFO] [stdout]   14:     0x5c5c59fbd6eb - <unknown>
[INFO] [stdout]   15:     0x5c5c59fb9042 - <unknown>
[INFO] [stdout]   16:     0x5c5c59fb8aec - <unknown>
[INFO] [stdout]   17:     0x5c5c59fd401c - <unknown>
[INFO] [stdout]   18:     0x5c5c59fa51aa - <unknown>
[INFO] [stdout]   19:     0x72819186ddfa - <unknown>
[INFO] [stdout]   20:     0x7281919013d4 - clone
[INFO] [stdout]   21:                0x0 - <unknown>
[INFO] [stdout] 
[INFO] [stdout] ---- test::stream_parameters_are_validated stdout ----
[INFO] [stdout] Writing test snapshot file for test "test::stream_parameters_are_validated" to "test_snapshots/test/stream_parameters_are_validated.1.json".
[INFO] [stdout] 
[INFO] [stdout] thread 'test::stream_parameters_are_validated' (4010) panicked at /opt/rustwide/cargo-home/registry/src/index.crates.io-1949cf8c6b5b557f/soroban-sdk-27.0.6/src/env.rs:2100:32:
[INFO] [stdout] called `Result::unwrap()` on an `Err` value: Os { code: 30, kind: ReadOnlyFilesystem, message: "Read-only file system" }
[INFO] [stdout] stack backtrace:
[INFO] [stdout]    0:     0x5c5c59f7ec27 - <unknown>
[INFO] [stdout]    1:     0x5c5c59e00d54 - <unknown>
[INFO] [stdout]    2:     0x5c5c59f7e1eb - <unknown>
[INFO] [stdout]    3:     0x5c5c59f7dde9 - <unknown>
[INFO] [stdout]    4:     0x5c5c59f7da6a - <unknown>
[INFO] [stdout]    5:     0x5c5c59f7d5a3 - <unknown>
[INFO] [stdout]    6:     0x5c5c59fa38b1 - <unknown>
[INFO] [stdout]    7:     0x5c5c59fa3869 - <unknown>
[INFO] [stdout]    8:     0x5c5c59fa3d6c - <unknown>
[INFO] [stdout]    9:     0x5c5c59e00beb - <unknown>
[INFO] [stdout]   10:     0x5c5c59e044e1 - <unknown>
[INFO] [stdout]   11:     0x5c5c59f42cfb - <unknown>
[INFO] [stdout]   12:     0x5c5c59de58d9 - <unknown>
[INFO] [stdout]   13:     0x5c5c59df5063 - <unknown>
[INFO] [stdout]   14:     0x5c5c59fbd6eb - <unknown>
[INFO] [stdout]   15:     0x5c5c59fb9042 - <unknown>
[INFO] [stdout]   16:     0x5c5c59fb8aec - <unknown>
[INFO] [stdout]   17:     0x5c5c59fd401c - <unknown>
[INFO] [stdout]   18:     0x5c5c59fa51aa - <unknown>
[INFO] [stdout]   19:     0x72819186ddfa - <unknown>
[INFO] [stdout]   20:     0x7281919013d4 - clone
[INFO] [stdout]   21:                0x0 - <unknown>
[INFO] [stdout] 
[INFO] [stdout] ---- test::oracle_payload_known_answer stdout ----
[INFO] [stdout] Writing test snapshot file for test "test::oracle_payload_known_answer" to "test_snapshots/test/oracle_payload_known_answer.1.json".
[INFO] [stdout] 
[INFO] [stdout] thread 'test::oracle_payload_known_answer' (4002) panicked at /opt/rustwide/cargo-home/registry/src/index.crates.io-1949cf8c6b5b557f/soroban-sdk-27.0.6/src/env.rs:2100:32:
[INFO] [stdout] called `Result::unwrap()` on an `Err` value: Os { code: 30, kind: ReadOnlyFilesystem, message: "Read-only file system" }
[INFO] [stdout] stack backtrace:
[INFO] [stdout]    0:     0x5c5c59f7ec27 - <unknown>
[INFO] [stdout]    1:     0x5c5c59e00d54 - <unknown>
[INFO] [stdout]    2:     0x5c5c59f7e1eb - <unknown>
[INFO] [stdout]    3:     0x5c5c59f7dde9 - <unknown>
[INFO] [stdout]    4:     0x5c5c59f7da6a - <unknown>
[INFO] [stdout]    5:     0x5c5c59f7d5a3 - <unknown>
[INFO] [stdout]    6:     0x5c5c59fa38b1 - <unknown>
[INFO] [stdout]    7:     0x5c5c59fa3869 - <unknown>
[INFO] [stdout]    8:     0x5c5c59fa3d6c - <unknown>
[INFO] [stdout]    9:     0x5c5c59e00beb - <unknown>
[INFO] [stdout]   10:     0x5c5c59e044e1 - <unknown>
[INFO] [stdout]   11:     0x5c5c59f42cfb - <unknown>
[INFO] [stdout]   12:     0x5c5c59de58d9 - <unknown>
[INFO] [stdout]   13:     0x5c5c59df47a9 - <unknown>
[INFO] [stdout]   14:     0x5c5c59fbd6eb - <unknown>
[INFO] [stdout]   15:     0x5c5c59fb9042 - <unknown>
[INFO] [stdout]   16:     0x5c5c59fb8aec - <unknown>
[INFO] [stdout]   17:     0x5c5c59fd401c - <unknown>
[INFO] [stdout]   18:     0x5c5c59fa51aa - <unknown>
[INFO] [stdout]   19:     0x72819186ddfa - <unknown>
[INFO] [stdout]   20:     0x7281919013d4 - clone
[INFO] [stdout]   21:                0x0 - <unknown>
[INFO] [stdout] 
[INFO] [stdout] ---- test::oracle_rotation_invalidates_the_previous_key stdout ----
[INFO] [stdout] Writing test snapshot file for test "test::oracle_rotation_invalidates_the_previous_key" to "test_snapshots/test/oracle_rotation_invalidates_the_previous_key.1.json".
[INFO] [stdout] 
[INFO] [stdout] thread 'test::oracle_rotation_invalidates_the_previous_key' (4003) panicked at /opt/rustwide/cargo-home/registry/src/index.crates.io-1949cf8c6b5b557f/soroban-sdk-27.0.6/src/env.rs:2100:32:
[INFO] [stdout] called `Result::unwrap()` on an `Err` value: Os { code: 30, kind: ReadOnlyFilesystem, message: "Read-only file system" }
[INFO] [stdout] stack backtrace:
[INFO] [stdout]    0:     0x5c5c59f7ec27 - <unknown>
[INFO] [stdout]    1:     0x5c5c59e00d54 - <unknown>
[INFO] [stdout]    2:     0x5c5c59f7e1eb - <unknown>
[INFO] [stdout]    3:     0x5c5c59f7dde9 - <unknown>
[INFO] [stdout]    4:     0x5c5c59f7da6a - <unknown>
[INFO] [stdout]    5:     0x5c5c59f7d5a3 - <unknown>
[INFO] [stdout]    6:     0x5c5c59fa38b1 - <unknown>
[INFO] [stdout]    7:     0x5c5c59fa3869 - <unknown>
[INFO] [stdout]    8:     0x5c5c59fa3d6c - <unknown>
[INFO] [stdout]    9:     0x5c5c59e00beb - <unknown>
[INFO] [stdout]   10:     0x5c5c59e044e1 - <unknown>
[INFO] [stdout]   11:     0x5c5c59f42cfb - <unknown>
[INFO] [stdout]   12:     0x5c5c59de58d9 - <unknown>
[INFO] [stdout]   13:     0x5c5c59df83eb - <unknown>
[INFO] [stdout]   14:     0x5c5c59fbd6eb - <unknown>
[INFO] [stdout]   15:     0x5c5c59fb9042 - <unknown>
[INFO] [stdout]   16:     0x5c5c59fb8aec - <unknown>
[INFO] [stdout]   17:     0x5c5c59fd401c - <unknown>
[INFO] [stdout]   18:     0x5c5c59fa51aa - <unknown>
[INFO] [stdout]   19:     0x72819186ddfa - <unknown>
[INFO] [stdout]   20:     0x7281919013d4 - clone
[INFO] [stdout]   21:                0x0 - <unknown>
[INFO] [stdout] 
[INFO] [stdout] ---- test::register_student_opens_a_stream_at_parity stdout ----
[INFO] [stdout] Writing test snapshot file for test "test::register_student_opens_a_stream_at_parity" to "test_snapshots/test/register_student_opens_a_stream_at_parity.1.json".
[INFO] [stdout] 
[INFO] [stdout] thread 'test::register_student_opens_a_stream_at_parity' (4008) panicked at /opt/rustwide/cargo-home/registry/src/index.crates.io-1949cf8c6b5b557f/soroban-sdk-27.0.6/src/env.rs:2100:32:
[INFO] [stdout] called `Result::unwrap()` on an `Err` value: Os { code: 30, kind: ReadOnlyFilesystem, message: "Read-only file system" }
[INFO] [stdout] stack backtrace:
[INFO] [stdout]    0:     0x5c5c59f7ec27 - <unknown>
[INFO] [stdout]    1:     0x5c5c59e00d54 - <unknown>
[INFO] [stdout]    2:     0x5c5c59f7e1eb - <unknown>
[INFO] [stdout]    3:     0x5c5c59f7dde9 - <unknown>
[INFO] [stdout]    4:     0x5c5c59f7da6a - <unknown>
[INFO] [stdout]    5:     0x5c5c59f7d5a3 - <unknown>
[INFO] [stdout]    6:     0x5c5c59fa38b1 - <unknown>
[INFO] [stdout]    7:     0x5c5c59fa3869 - <unknown>
[INFO] [stdout]    8:     0x5c5c59fa3d6c - <unknown>
[INFO] [stdout]    9:     0x5c5c59e00beb - <unknown>
[INFO] [stdout]   10:     0x5c5c59e044e1 - <unknown>
[INFO] [stdout]   11:     0x5c5c59f42cfb - <unknown>
[INFO] [stdout]   12:     0x5c5c59de58d9 - <unknown>
[INFO] [stdout]   13:     0x5c5c59df7957 - <unknown>
[INFO] [stdout]   14:     0x5c5c59fbd6eb - <unknown>
[INFO] [stdout]   15:     0x5c5c59fb9042 - <unknown>
[INFO] [stdout]   16:     0x5c5c59fb8aec - <unknown>
[INFO] [stdout]   17:     0x5c5c59fd401c - <unknown>
[INFO] [stdout]   18:     0x5c5c59fa51aa - <unknown>
[INFO] [stdout]   19:     0x72819186ddfa - <unknown>
[INFO] [stdout]   20:     0x7281919013d4 - clone
[INFO] [stdout]   21:                0x0 - <unknown>
[INFO] [stdout] 
[INFO] [stdout] ---- test::valid_proof_boosts_the_stream_and_resets_the_decay_clock stdout ----
[INFO] [stdout] Writing test snapshot file for test "test::valid_proof_boosts_the_stream_and_resets_the_decay_clock" to "test_snapshots/test/valid_proof_boosts_the_stream_and_resets_the_decay_clock.1.json".
[INFO] [stdout] 
[INFO] [stdout] thread 'test::valid_proof_boosts_the_stream_and_resets_the_decay_clock' (4012) panicked at /opt/rustwide/cargo-home/registry/src/index.crates.io-1949cf8c6b5b557f/soroban-sdk-27.0.6/src/env.rs:2100:32:
[INFO] [stdout] called `Result::unwrap()` on an `Err` value: Os { code: 30, kind: ReadOnlyFilesystem, message: "Read-only file system" }
[INFO] [stdout] stack backtrace:
[INFO] [stdout]    0:     0x5c5c59f7ec27 - <unknown>
[INFO] [stdout]    1:     0x5c5c59e00d54 - <unknown>
[INFO] [stdout]    2:     0x5c5c59f7e1eb - <unknown>
[INFO] [stdout]    3:     0x5c5c59f7dde9 - <unknown>
[INFO] [stdout]    4:     0x5c5c59f7da6a - <unknown>
[INFO] [stdout]    5:     0x5c5c59f7d5a3 - <unknown>
[INFO] [stdout]    6:     0x5c5c59fa38b1 - <unknown>
[INFO] [stdout]    7:     0x5c5c59fa3869 - <unknown>
[INFO] [stdout]    8:     0x5c5c59fa3d6c - <unknown>
[INFO] [stdout]    9:     0x5c5c59e00beb - <unknown>
[INFO] [stdout]   10:     0x5c5c59e044e1 - <unknown>
[INFO] [stdout]   11:     0x5c5c59f42cfb - <unknown>
[INFO] [stdout]   12:     0x5c5c59de58d9 - <unknown>
[INFO] [stdout]   13:     0x5c5c59dfa39b - <unknown>
[INFO] [stdout]   14:     0x5c5c59fbd6eb - <unknown>
[INFO] [stdout]   15:     0x5c5c59fb9042 - <unknown>
[INFO] [stdout]   16:     0x5c5c59fb8aec - <unknown>
[INFO] [stdout]   17:     0x5c5c59fd401c - <unknown>
[INFO] [stdout]   18:     0x5c5c59fa51aa - <unknown>
[INFO] [stdout]   19:     0x72819186ddfa - <unknown>
[INFO] [stdout]   20:     0x7281919013d4 - clone
[INFO] [stdout]   21:                0x0 - <unknown>
[INFO] [stdout] 
[INFO] [stdout] ---- test::proof_requires_a_registered_oracle_key stdout ----
[INFO] [stdout] Writing test snapshot file for test "test::proof_requires_a_registered_oracle_key" to "test_snapshots/test/proof_requires_a_registered_oracle_key.1.json".
[INFO] [stdout] 
[INFO] [stdout] thread 'test::proof_requires_a_registered_oracle_key' (4007) panicked at /opt/rustwide/cargo-home/registry/src/index.crates.io-1949cf8c6b5b557f/soroban-sdk-27.0.6/src/env.rs:2100:32:
[INFO] [stdout] called `Result::unwrap()` on an `Err` value: Os { code: 30, kind: ReadOnlyFilesystem, message: "Read-only file system" }
[INFO] [stdout] stack backtrace:
[INFO] [stdout]    0:     0x5c5c59f7ec27 - <unknown>
[INFO] [stdout]    1:     0x5c5c59e00d54 - <unknown>
[INFO] [stdout]    2:     0x5c5c59f7e1eb - <unknown>
[INFO] [stdout]    3:     0x5c5c59f7dde9 - <unknown>
[INFO] [stdout]    4:     0x5c5c59f7da6a - <unknown>
[INFO] [stdout]    5:     0x5c5c59f7d5a3 - <unknown>
[INFO] [stdout]    6:     0x5c5c59fa38b1 - <unknown>
[INFO] [stdout]    7:     0x5c5c59fa3869 - <unknown>
[INFO] [stdout]    8:     0x5c5c59fa3d6c - <unknown>
[INFO] [stdout]    9:     0x5c5c59e00beb - <unknown>
[INFO] [stdout]   10:     0x5c5c59e044e1 - <unknown>
[INFO] [stdout]   11:     0x5c5c59f42cfb - <unknown>
[INFO] [stdout]   12:     0x5c5c59de58d9 - <unknown>
[INFO] [stdout]   13:     0x5c5c59df6912 - <unknown>
[INFO] [stdout]   14:     0x5c5c59fbd6eb - <unknown>
[INFO] [stdout]   15:     0x5c5c59fb9042 - <unknown>
[INFO] [stdout]   16:     0x5c5c59fb8aec - <unknown>
[INFO] [stdout]   17:     0x5c5c59fd401c - <unknown>
[INFO] [stdout]   18:     0x5c5c59fa51aa - <unknown>
[INFO] [stdout]   19:     0x72819186ddfa - <unknown>
[INFO] [stdout]   20:     0x7281919013d4 - clone
[INFO] [stdout]   21:                0x0 - <unknown>
[INFO] [stdout] 
[INFO] [stdout] ---- test::completing_every_milestone_graduates_the_student stdout ----
[INFO] [stdout] Writing test snapshot file for test "test::completing_every_milestone_graduates_the_student" to "test_snapshots/test/completing_every_milestone_graduates_the_student.1.json".
[INFO] [stdout] 
[INFO] [stdout] thread 'test::completing_every_milestone_graduates_the_student' (3993) panicked at /opt/rustwide/cargo-home/registry/src/index.crates.io-1949cf8c6b5b557f/soroban-sdk-27.0.6/src/env.rs:2100:32:
[INFO] [stdout] called `Result::unwrap()` on an `Err` value: Os { code: 30, kind: ReadOnlyFilesystem, message: "Read-only file system" }
[INFO] [stdout] stack backtrace:
[INFO] [stdout]    0:     0x5c5c59f7ec27 - <unknown>
[INFO] [stdout]    1:     0x5c5c59e00d54 - <unknown>
[INFO] [stdout]    2:     0x5c5c59f7e1eb - <unknown>
[INFO] [stdout]    3:     0x5c5c59f7dde9 - <unknown>
[INFO] [stdout]    4:     0x5c5c59f7da6a - <unknown>
[INFO] [stdout]    5:     0x5c5c59f7d5a3 - <unknown>
[INFO] [stdout]    6:     0x5c5c59fa38b1 - <unknown>
[INFO] [stdout]    7:     0x5c5c59fa3869 - <unknown>
[INFO] [stdout]    8:     0x5c5c59fa3d6c - <unknown>
[INFO] [stdout]    9:     0x5c5c59e00beb - <unknown>
[INFO] [stdout]   10:     0x5c5c59e044e1 - <unknown>
[INFO] [stdout]   11:     0x5c5c59f42cfb - <unknown>
[INFO] [stdout]   12:     0x5c5c59de58d9 - <unknown>
[INFO] [stdout]   13:     0x5c5c59df9140 - <unknown>
[INFO] [stdout]   14:     0x5c5c59fbd6eb - <unknown>
[INFO] [stdout]   15:     0x5c5c59fb9042 - <unknown>
[INFO] [stdout]   16:     0x5c5c59fb8aec - <unknown>
[INFO] [stdout]   17:     0x5c5c59fd401c - <unknown>
[INFO] [stdout]   18:     0x5c5c59fa51aa - <unknown>
[INFO] [stdout]   19:     0x72819186ddfa - <unknown>
[INFO] [stdout]   20:     0x7281919013d4 - clone
[INFO] [stdout]   21:                0x0 - <unknown>
[INFO] [stdout] 
[INFO] [stdout] ---- test::tampered_and_foreign_signatures_are_rejected stdout ----
[INFO] [stdout] Writing test snapshot file for test "test::tampered_and_foreign_signatures_are_rejected" to "test_snapshots/test/tampered_and_foreign_signatures_are_rejected.1.json".
[INFO] [stdout] 
[INFO] [stdout] thread 'test::tampered_and_foreign_signatures_are_rejected' (4011) panicked at /opt/rustwide/cargo-home/registry/src/index.crates.io-1949cf8c6b5b557f/soroban-sdk-27.0.6/src/env.rs:2100:32:
[INFO] [stdout] called `Result::unwrap()` on an `Err` value: Os { code: 30, kind: ReadOnlyFilesystem, message: "Read-only file system" }
[INFO] [stdout] stack backtrace:
[INFO] [stdout]    0:     0x5c5c59f7ec27 - <unknown>
[INFO] [stdout]    1:     0x5c5c59e00d54 - <unknown>
[INFO] [stdout]    2:     0x5c5c59f7e1eb - <unknown>
[INFO] [stdout]    3:     0x5c5c59f7dde9 - <unknown>
[INFO] [stdout]    4:     0x5c5c59f7da6a - <unknown>
[INFO] [stdout]    5:     0x5c5c59f7d5a3 - <unknown>
[INFO] [stdout]    6:     0x5c5c59fa38b1 - <unknown>
[INFO] [stdout]    7:     0x5c5c59fa3869 - <unknown>
[INFO] [stdout]    8:     0x5c5c59fa3d6c - <unknown>
[INFO] [stdout]    9:     0x5c5c59e00beb - <unknown>
[INFO] [stdout]   10:     0x5c5c59e044e1 - <unknown>
[INFO] [stdout]   11:     0x5c5c59f42cfb - <unknown>
[INFO] [stdout]   12:     0x5c5c59de58d9 - <unknown>
[INFO] [stdout]   13:     0x5c5c59df899a - <unknown>
[INFO] [stdout]   14:     0x5c5c59fbd6eb - <unknown>
[INFO] [stdout]   15:     0x5c5c59fb9042 - <unknown>
[INFO] [stdout]   16:     0x5c5c59fb8aec - <unknown>
[INFO] [stdout]   17:     0x5c5c59fd401c - <unknown>
[INFO] [stdout]   18:     0x5c5c59fa51aa - <unknown>
[INFO] [stdout]   19:     0x72819186ddfa - <unknown>
[INFO] [stdout]   20:     0x7281919013d4 - clone
[INFO] [stdout]   21:                0x0 - <unknown>
[INFO] [stdout] 
[INFO] [stdout] ---- test::a_verified_proof_reopens_a_closed_stream stdout ----
[INFO] [stdout] Writing test snapshot file for test "test::a_verified_proof_reopens_a_closed_stream" to "test_snapshots/test/a_verified_proof_reopens_a_closed_stream.1.json".
[INFO] [stdout] 
[INFO] [stdout] thread 'test::a_verified_proof_reopens_a_closed_stream' (3988) panicked at /opt/rustwide/cargo-home/registry/src/index.crates.io-1949cf8c6b5b557f/soroban-sdk-27.0.6/src/env.rs:2100:32:
[INFO] [stdout] called `Result::unwrap()` on an `Err` value: Os { code: 30, kind: ReadOnlyFilesystem, message: "Read-only file system" }
[INFO] [stdout] stack backtrace:
[INFO] [stdout]    0:     0x5c5c59f7ec27 - <unknown>
[INFO] [stdout]    1:     0x5c5c59e00d54 - <unknown>
[INFO] [stdout]    2:     0x5c5c59f7e1eb - <unknown>
[INFO] [stdout]    3:     0x5c5c59f7dde9 - <unknown>
[INFO] [stdout]    4:     0x5c5c59f7da6a - <unknown>
[INFO] [stdout]    5:     0x5c5c59f7d5a3 - <unknown>
[INFO] [stdout]    6:     0x5c5c59fa38b1 - <unknown>
[INFO] [stdout]    7:     0x5c5c59fa3869 - <unknown>
[INFO] [stdout]    8:     0x5c5c59fa3d6c - <unknown>
[INFO] [stdout]    9:     0x5c5c59e00beb - <unknown>
[INFO] [stdout]   10:     0x5c5c59e044e1 - <unknown>
[INFO] [stdout]   11:     0x5c5c59f42cfb - <unknown>
[INFO] [stdout]   12:     0x5c5c59de58d9 - <unknown>
[INFO] [stdout]   13:     0x5c5c59df7620 - <unknown>
[INFO] [stdout]   14:     0x5c5c59fbd6eb - <unknown>
[INFO] [stdout]   15:     0x5c5c59fb9042 - <unknown>
[INFO] [stdout]   16:     0x5c5c59fb8aec - <unknown>
[INFO] [stdout]   17:     0x5c5c59fd401c - <unknown>
[INFO] [stdout]   18:     0x5c5c59fa51aa - <unknown>
[INFO] [stdout]   19:     0x72819186ddfa - <unknown>
[INFO] [stdout]   20:     0x7281919013d4 - clone
[INFO] [stdout]   21:                0x0 - <unknown>
[INFO] [stdout] 
[INFO] [stdout] ---- test::proof_below_the_test_threshold_is_rejected stdout ----
[INFO] [stdout] Writing test snapshot file for test "test::proof_below_the_test_threshold_is_rejected" to "test_snapshots/test/proof_below_the_test_threshold_is_rejected.1.json".
[INFO] [stdout] 
[INFO] [stdout] thread 'test::proof_below_the_test_threshold_is_rejected' (4004) panicked at /opt/rustwide/cargo-home/registry/src/index.crates.io-1949cf8c6b5b557f/soroban-sdk-27.0.6/src/env.rs:2100:32:
[INFO] [stdout] called `Result::unwrap()` on an `Err` value: Os { code: 30, kind: ReadOnlyFilesystem, message: "Read-only file system" }
[INFO] [stdout] stack backtrace:
[INFO] [stdout]    0:     0x5c5c59f7ec27 - <unknown>
[INFO] [stdout]    1:     0x5c5c59e00d54 - <unknown>
[INFO] [stdout]    2:     0x5c5c59f7e1eb - <unknown>
[INFO] [stdout]    3:     0x5c5c59f7dde9 - <unknown>
[INFO] [stdout]    4:     0x5c5c59f7da6a - <unknown>
[INFO] [stdout]    5:     0x5c5c59f7d5a3 - <unknown>
[INFO] [stdout]    6:     0x5c5c59fa38b1 - <unknown>
[INFO] [stdout]    7:     0x5c5c59fa3869 - <unknown>
[INFO] [stdout]    8:     0x5c5c59fa3d6c - <unknown>
[INFO] [stdout]    9:     0x5c5c59e00beb - <unknown>
[INFO] [stdout]   10:     0x5c5c59e044e1 - <unknown>
[INFO] [stdout]   11:     0x5c5c59f42cfb - <unknown>
[INFO] [stdout]   12:     0x5c5c59de58d9 - <unknown>
[INFO] [stdout]   13:     0x5c5c59df7c30 - <unknown>
[INFO] [stdout]   14:     0x5c5c59fbd6eb - <unknown>
[INFO] [stdout]   15:     0x5c5c59fb9042 - <unknown>
[INFO] [stdout]   16:     0x5c5c59fb8aec - <unknown>
[INFO] [stdout]   17:     0x5c5c59fd401c - <unknown>
[INFO] [stdout]   18:     0x5c5c59fa51aa - <unknown>
[INFO] [stdout]   19:     0x72819186ddfa - <unknown>
[INFO] [stdout]   20:     0x7281919013d4 - clone
[INFO] [stdout]   21:                0x0 - <unknown>
[INFO] [stdout] 
[INFO] [stdout] 
[INFO] [stdout] failures:
[INFO] [stdout]     test::a_verified_proof_reopens_a_closed_stream
[INFO] [stdout]     test::admin_can_append_and_rewrite_milestones
[INFO] [stdout]     test::claim_cannot_exceed_available_reserves
[INFO] [stdout]     test::claim_transfers_accrued_stipend_and_resets_the_checkpoint
[INFO] [stdout]     test::claiming_requires_registration
[INFO] [stdout]     test::completing_every_milestone_graduates_the_student
[INFO] [stderr] error: test failed, to rerun pass `--lib`
[INFO] [stdout]     test::deposit_rejects_non_positive_amounts
[INFO] [stdout]     test::deposit_scholarship_reserves_pulls_tokens_into_the_contract
[INFO] [stdout]     test::idle_stream_expires_after_the_decay_horizon
[INFO] [stdout]     test::idle_time_decays_an_unclaimed_tail
[INFO] [stdout]     test::initialize_course_is_single_shot
[INFO] [stdout]     test::initialize_course_seeds_config_oracle_and_milestones
[INFO] [stdout]     test::milestones_must_be_proven_in_order
[INFO] [stdout]     test::operations_require_initialization
[INFO] [stdout]     test::oracle_payload_known_answer
[INFO] [stdout]     test::oracle_rotation_invalidates_the_previous_key
[INFO] [stdout]     test::proof_below_the_test_threshold_is_rejected
[INFO] [stdout]     test::proof_beyond_the_configured_ladder_is_rejected
[INFO] [stdout]     test::proof_payload_view_matches_the_documented_encoding
[INFO] [stdout]     test::proof_requires_a_registered_oracle_key
[INFO] [stdout]     test::register_student_opens_a_stream_at_parity
[INFO] [stdout]     test::stream_accrues_exactly_and_decays_each_idle_period
[INFO] [stdout]     test::stream_parameters_are_validated
[INFO] [stdout]     test::tampered_and_foreign_signatures_are_rejected
[INFO] [stdout]     test::valid_proof_boosts_the_stream_and_resets_the_decay_clock
[INFO] [stdout] 
[INFO] [stdout] test result: FAILED. 0 passed; 25 failed; 0 ignored; 0 measured; 0 filtered out; finished in 0.31s
[INFO] [stdout] 
[INFO] running `Command { std: "docker" "inspect" "86bb7fc69b325295e0b74f99ba45414163511ac8dc6aa414dbdd7559070ac3ae", kill_on_drop: false }`
[INFO] running `Command { std: "docker" "rm" "-f" "86bb7fc69b325295e0b74f99ba45414163511ac8dc6aa414dbdd7559070ac3ae", kill_on_drop: false }`
[INFO] [stdout] 86bb7fc69b325295e0b74f99ba45414163511ac8dc6aa414dbdd7559070ac3ae
