[INFO] cloning repository https://github.com/arpandaze/gopal
[INFO] running `Command { std: "git" "-c" "credential.helper=" "-c" "credential.helper=/workspace/cargo-home/bin/git-credential-null" "clone" "--bare" "https://github.com/arpandaze/gopal" "/workspace/cache/git-repos/https%3A%2F%2Fgithub.com%2Farpandaze%2Fgopal", kill_on_drop: false }`
[INFO] [stderr] Cloning into bare repository '/workspace/cache/git-repos/https%3A%2F%2Fgithub.com%2Farpandaze%2Fgopal'...
[INFO] running `Command { std: "git" "rev-parse" "HEAD", kill_on_drop: false }`
[INFO] [stdout] 6853064525538922c2309743345eb950b5984015
[INFO] testing arpandaze/gopal against 1.99.0-beta.8+cargoflags=--release for beta-release-1.100-2
[INFO] running `Command { std: "git" "clone" "/workspace/cache/git-repos/https%3A%2F%2Fgithub.com%2Farpandaze%2Fgopal" "/workspace/builds/worker-4-tc1/source", kill_on_drop: false }`
[INFO] [stderr] Cloning into '/workspace/builds/worker-4-tc1/source'...
[INFO] [stderr] done.
[INFO] started tweaking git repo https://github.com/arpandaze/gopal
[INFO] finished tweaking git repo https://github.com/arpandaze/gopal
[INFO] tweaked toml for git repo https://github.com/arpandaze/gopal written to /workspace/builds/worker-4-tc1/source/Cargo.toml
[INFO] validating manifest of git repo https://github.com/arpandaze/gopal on toolchain 1.99.0-beta.8
[INFO] running `Command { std: CARGO_HOME="/workspace/cargo-home" RUSTUP_HOME="/workspace/rustup-home" "/workspace/cargo-home/bin/cargo" "+1.99.0-beta.8" "metadata" "--manifest-path" "Cargo.toml" "--no-deps", kill_on_drop: false }`
[INFO] crate git repo https://github.com/arpandaze/gopal already has a lockfile, it will not be regenerated
[INFO] running `Command { std: CARGO_HOME="/workspace/cargo-home" RUSTUP_HOME="/workspace/rustup-home" "/workspace/cargo-home/bin/cargo" "+1.99.0-beta.8" "fetch" "--manifest-path" "Cargo.toml", kill_on_drop: false }`
[INFO] [stderr]     Updating crates.io index
[INFO] [stderr]  Downloading crates ...
[INFO] [stderr]   Downloaded serde v1.0.225
[INFO] [stderr]   Downloaded unicode-ident v1.0.19
[INFO] [stderr]   Downloaded derive_is_enum_variant v0.1.1
[INFO] [stderr]   Downloaded windows-implement v0.60.0
[INFO] [stderr]   Downloaded unicode-xid v0.0.4
[INFO] [stderr]   Downloaded lazy-regex-proc_macros v3.4.1
[INFO] [stderr]   Downloaded crokey-proc_macros v1.3.0
[INFO] [stderr]   Downloaded gix-worktree-stream v0.9.0
[INFO] [stderr]   Downloaded human_format v1.1.0
[INFO] [stderr]   Downloaded windows-link v0.2.0
[INFO] [stderr]   Downloaded wasm-bindgen-shared v0.2.103
[INFO] [stderr]   Downloaded enum-kinds v0.5.1
[INFO] [stderr]   Downloaded env_filter v0.1.3
[INFO] [stderr]   Downloaded lazy-regex v3.4.1
[INFO] [stderr]   Downloaded wasm-bindgen-macro v0.2.103
[INFO] [stderr]   Downloaded darling_macro v0.14.4
[INFO] [stderr]   Downloaded gix-traverse v0.37.0
[INFO] [stderr]   Downloaded bytesize v1.3.3
[INFO] [stderr]   Downloaded darling v0.14.4
[INFO] [stderr]   Downloaded strsim v0.10.0
[INFO] [stderr]   Downloaded filetime v0.2.26
[INFO] [stderr]   Downloaded convert_case v0.7.1
[INFO] [stderr]   Downloaded serde_derive v1.0.225
[INFO] [stderr]   Downloaded from_variants v1.0.2
[INFO] [stderr]   Downloaded jwalk v0.8.1
[INFO] [stderr]   Downloaded num_threads v0.1.7
[INFO] [stderr]   Downloaded vte v0.8.0
[INFO] [stderr]   Downloaded crossbeam v0.8.4
[INFO] [stderr]   Downloaded gix-worktree-state v0.7.0
[INFO] [stderr]   Downloaded uluru v3.1.0
[INFO] [stderr]   Downloaded gix-negotiate v0.12.0
[INFO] [stderr]   Downloaded gix-features v0.38.2
[INFO] [stderr]   Downloaded prodash v28.0.0
[INFO] [stderr]   Downloaded gix-actor v0.30.0
[INFO] [stderr]   Downloaded cfg-if v1.0.3
[INFO] [stderr]   Downloaded syn v0.11.11
[INFO] [stderr]   Downloaded gix-commitgraph v0.24.3
[INFO] [stderr]   Downloaded gix-url v0.27.5
[INFO] [stderr]   Downloaded gix-pathspec v0.6.0
[INFO] [stderr]   Downloaded windows-result v0.4.0
[INFO] [stderr]   Downloaded quote v0.3.15
[INFO] [stderr]   Downloaded heck v0.3.3
[INFO] [stderr]   Downloaded vte_generate_state_changes v0.1.2
[INFO] [stderr]   Downloaded faster-hex v0.9.0
[INFO] [stderr]   Downloaded windows-strings v0.5.0
[INFO] [stderr]   Downloaded windows-interface v0.59.1
[INFO] [stderr]   Downloaded libredox v0.1.10
[INFO] [stderr]   Downloaded gix-hash v0.14.2
[INFO] [stderr]   Downloaded gix-macros v0.1.5
[INFO] [stderr]   Downloaded redox_users v0.4.6
[INFO] [stderr]   Downloaded synom v0.11.3
[INFO] [stderr]   Downloaded signal-hook-mio v0.2.4
[INFO] [stderr]   Downloaded gix-revwalk v0.12.0
[INFO] [stderr]   Downloaded gix-worktree v0.30.0
[INFO] [stderr]   Downloaded potential_utf v0.1.3
[INFO] [stderr]   Downloaded cargo-platform v0.1.9
[INFO] [stderr]   Downloaded wasm-bindgen-macro-support v0.2.103
[INFO] [stderr]   Downloaded from_variants_impl v1.0.2
[INFO] [stderr]   Downloaded strict v0.2.0
[INFO] [stderr]   Downloaded gix-validate v0.8.5
[INFO] [stderr]   Downloaded gix-trace v0.1.13
[INFO] [stderr]   Downloaded btoi v0.4.3
[INFO] [stderr]   Downloaded gix-hashtable v0.5.2
[INFO] [stderr]   Downloaded shell-words v1.1.0
[INFO] [stderr]   Downloaded gix-glob v0.16.5
[INFO] [stderr]   Downloaded gix-ignore v0.11.4
[INFO] [stderr]   Downloaded gix-submodule v0.8.0
[INFO] [stderr]   Downloaded gix-config-value v0.14.12
[INFO] [stderr]   Downloaded gix-status v0.5.0
[INFO] [stderr]   Downloaded proc-macro2 v1.0.101
[INFO] [stderr]   Downloaded find-msvc-tools v0.1.2
[INFO] [stderr]   Downloaded wasm-bindgen-backend v0.2.103
[INFO] [stderr]   Downloaded windows-core v0.62.0
[INFO] [stderr]   Downloaded env_logger v0.11.8
[INFO] [stderr]   Downloaded document-features v0.2.11
[INFO] [stderr]   Downloaded gix-utils v0.1.14
[INFO] [stderr]   Downloaded gix-validate v0.10.0
[INFO] [stderr]   Downloaded wasi v0.14.7+wasi-0.2.4
[INFO] [stderr]   Downloaded wasm-bindgen v0.2.103
[INFO] [stderr]   Downloaded arrayvec v0.5.2
[INFO] [stderr]   Downloaded minimad v0.13.1
[INFO] [stderr]   Downloaded crokey v1.3.0
[INFO] [stderr]   Downloaded derive_more-impl v2.0.1
[INFO] [stderr]   Downloaded gix-object v0.41.0
[INFO] [stderr]   Downloaded gix-path v0.10.20
[INFO] [stderr]   Downloaded gix-quote v0.4.15
[INFO] [stderr]   Downloaded gix-command v0.3.11
[INFO] [stderr]   Downloaded unicode-bom v2.0.3
[INFO] [stderr]   Downloaded io-close v0.3.7
[INFO] [stderr]   Downloaded gix-lock v13.1.1
[INFO] [stderr]   Downloaded gix-refspec v0.22.0
[INFO] [stderr]   Downloaded gix-revision v0.26.0
[INFO] [stderr]   Downloaded gix-sec v0.10.12
[INFO] [stderr]   Downloaded gix-prompt v0.8.9
[INFO] [stderr]   Downloaded clru v0.6.2
[INFO] [stderr]   Downloaded gix-mailmap v0.22.0
[INFO] [stderr]   Downloaded gix-discover v0.29.0
[INFO] [stderr]   Downloaded gix-credentials v0.24.5
[INFO] [stderr]   Downloaded gix-archive v0.9.0
[INFO] [stderr]   Downloaded directories-next v2.0.0
[INFO] [stderr]   Downloaded cli-log v2.1.0
[INFO] [stderr]   Downloaded proc-status v0.1.1
[INFO] [stderr]   Downloaded file-size v1.0.3
[INFO] [stderr]   Downloaded terminal-light v1.8.0
[INFO] [stderr]   Downloaded cargo_metadata v0.18.1
[INFO] [stderr]   Downloaded bitflags v2.9.4
[INFO] [stderr]   Downloaded tempfile v3.22.0
[INFO] [stderr]   Downloaded js-sys v0.3.80
[INFO] [stderr]   Downloaded iana-time-zone v0.1.64
[INFO] [stderr]   Downloaded portable-atomic-util v0.2.4
[INFO] [stderr]   Downloaded clap v4.5.48
[INFO] [stderr]   Downloaded clap_derive v4.5.47
[INFO] [stderr]   Downloaded gix-date v0.8.7
[INFO] [stderr]   Downloaded time-core v0.1.6
[INFO] [stderr]   Downloaded thiserror-impl v2.0.16
[INFO] [stderr]   Downloaded home v0.5.11
[INFO] [stderr]   Downloaded gix-fs v0.10.2
[INFO] [stderr]   Downloaded gix-packetline-blocking v0.17.5
[INFO] [stderr]   Downloaded kstring v2.0.2
[INFO] [stderr]   Downloaded gix-index v0.29.0
[INFO] [stderr]   Downloaded gix-tempfile v13.1.1
[INFO] [stderr]   Downloaded dashmap v5.5.3
[INFO] [stderr]   Downloaded gix-config v0.34.0
[INFO] [stderr]   Downloaded gix-ref v0.41.0
[INFO] [stderr]   Downloaded gix-odb v0.57.0
[INFO] [stderr]   Downloaded gix-diff v0.40.0
[INFO] [stderr]   Downloaded dirs-sys-next v0.1.2
[INFO] [stderr]   Downloaded xterm-query v0.5.2
[INFO] [stderr]   Downloaded camino v1.2.0
[INFO] [stderr]   Downloaded anyhow v1.0.100
[INFO] [stderr]   Downloaded serde_core v1.0.225
[INFO] [stderr]   Downloaded log v0.4.28
[INFO] [stderr]   Downloaded wit-bindgen v0.46.0
[INFO] [stderr]   Downloaded darling_core v0.14.4
[INFO] [stderr]   Downloaded litrs v0.4.2
[INFO] [stderr]   Downloaded derive_more v2.0.1
[INFO] [stderr]   Downloaded time-macros v0.2.24
[INFO] [stderr]   Downloaded gix-chunk v0.4.11
[INFO] [stderr]   Downloaded thiserror v2.0.16
[INFO] [stderr]   Downloaded gix-filter v0.9.0
[INFO] [stderr]   Downloaded gix-attributes v0.22.5
[INFO] [stderr]   Downloaded gix-bitmap v0.2.14
[INFO] [stderr]   Downloaded cc v1.2.38
[INFO] [stderr]   Downloaded dbus v0.9.9
[INFO] [stderr]   Downloaded jiff-static v0.2.15
[INFO] [stderr]   Downloaded memmap2 v0.9.8
[INFO] [stderr]   Downloaded url v2.5.7
[INFO] [stderr]   Downloaded gix-pack v0.47.0
[INFO] [stderr]   Downloaded indexmap v2.11.4
[INFO] [stderr]   Downloaded wasip2 v1.0.1+wasi-0.2.4
[INFO] [stderr]   Downloaded zerocopy-derive v0.8.27
[INFO] [stderr]   Downloaded unicode-segmentation v1.12.0
[INFO] [stderr]   Downloaded crossterm v0.29.0
[INFO] [stderr]   Downloaded winnow v0.7.13
[INFO] [stderr]   Downloaded hashbrown v0.16.0
[INFO] [stderr]   Downloaded io-uring v0.7.10
[INFO] [stderr]   Downloaded deranged v0.5.3
[INFO] [stderr]   Downloaded coolor v1.1.0
[INFO] [stderr]   Downloaded mpris v2.0.1
[INFO] [stderr]   Downloaded regex v1.11.2
[INFO] [stderr]   Downloaded winnow v0.5.40
[INFO] [stderr]   Downloaded unicode-normalization v0.1.24
[INFO] [stderr]   Downloaded time v0.3.44
[INFO] [stderr]   Downloaded imara-diff v0.1.8
[INFO] [stderr]   Downloaded serde_json v1.0.145
[INFO] [stderr]   Downloaded clap_builder v4.5.48
[INFO] [stderr]   Downloaded chrono v0.4.42
[INFO] [stderr]   Downloaded gix v0.58.0
[INFO] [stderr]   Downloaded syn v2.0.106
[INFO] [stderr]   Downloaded zerocopy v0.8.27
[INFO] [stderr]   Downloaded nix v0.29.0
[INFO] [stderr]   Downloaded regex-syntax v0.8.6
[INFO] [stderr]   Downloaded bstr v1.12.0
[INFO] [stderr]   Downloaded termimad v0.30.1
[INFO] [stderr]   Downloaded termimad v0.34.0
[INFO] [stderr]   Downloaded rustix v1.1.2
[INFO] [stderr]   Downloaded clap-help v1.5.0
[INFO] [stderr]   Downloaded regex-automata v0.4.10
[INFO] [stderr]   Downloaded bacon v2.21.0
[INFO] [stderr]   Downloaded jiff v0.2.15
[INFO] [stderr]   Downloaded libc v0.2.175
[INFO] [stderr]   Downloaded libdbus-sys v0.2.6
[INFO] [stderr]   Downloaded linux-raw-sys v0.11.0
[INFO] [stderr]   Downloaded windows-sys v0.61.0
[INFO] running `Command { std: "docker" "create" "-v" "/var/lib/crater-agent-workspace/builds/worker-4-tc1/source:/opt/rustwide/workdir:ro,Z" "-v" "/var/lib/crater-agent-workspace/builds/worker-4-tc1/target:/opt/rustwide/target:rw,Z" "-v" "/var/lib/crater-agent-workspace/cargo-home:/opt/rustwide/cargo-home:ro,Z" "-v" "/var/lib/crater-agent-workspace/rustup-home:/opt/rustwide/rustup-home:ro,Z" "-m" "1610612736" "--network" "none" "ghcr.io/rust-lang/crates-build-env/linux@sha256:77db811e55d90add9212f6832c23229e3de5f1c1f9905e8cb07319ea15df73ac" "sleep" "infinity", kill_on_drop: false }`
[INFO] [stdout] f2affcf5e5a1bc9d5b1de60eaa91ffffbbb96f36a08353ff356e0e4a16bc3351
[INFO] running `Command { std: "docker" "start" "f2affcf5e5a1bc9d5b1de60eaa91ffffbbb96f36a08353ff356e0e4a16bc3351", kill_on_drop: false }`
[INFO] running `Command { std: "docker" "inspect" "f2affcf5e5a1bc9d5b1de60eaa91ffffbbb96f36a08353ff356e0e4a16bc3351", kill_on_drop: false }`
[INFO] running `Command { std: "docker" "exec" "-e" "SOURCE_DIR=/opt/rustwide/workdir" "-e" "CARGO_HOME=/opt/rustwide/cargo-home" "-e" "RUSTUP_HOME=/opt/rustwide/rustup-home" "-e" "CARGO_TARGET_DIR=/opt/rustwide/target" "-w" "/opt/rustwide/workdir" "--user" "0:0" "f2affcf5e5a1bc9d5b1de60eaa91ffffbbb96f36a08353ff356e0e4a16bc3351" "/opt/rustwide/cargo-home/bin/cargo" "+1.99.0-beta.8" "metadata" "--no-deps" "--format-version=1", kill_on_drop: false }`
[INFO] running `Command { std: "docker" "inspect" "f2affcf5e5a1bc9d5b1de60eaa91ffffbbb96f36a08353ff356e0e4a16bc3351", kill_on_drop: false }`
[INFO] running `Command { std: "docker" "exec" "-e" "SOURCE_DIR=/opt/rustwide/workdir" "-e" "CARGO_HOME=/opt/rustwide/cargo-home" "-e" "RUSTUP_HOME=/opt/rustwide/rustup-home" "-e" "CARGO_TARGET_DIR=/opt/rustwide/target" "-e" "CARGO_INCREMENTAL=0" "-e" "RUST_BACKTRACE=full" "-e" "RUSTFLAGS=--cap-lints=warn" "-e" "RUSTDOCFLAGS=--cap-lints=warn" "-w" "/opt/rustwide/workdir" "--user" "0:0" "f2affcf5e5a1bc9d5b1de60eaa91ffffbbb96f36a08353ff356e0e4a16bc3351" "/opt/rustwide/cargo-home/bin/cargo" "+1.99.0-beta.8" "build" "--frozen" "--message-format=json" "--release", kill_on_drop: false }`
[INFO] [stderr]    Compiling proc-macro2 v1.0.101
[INFO] [stderr]    Compiling unicode-ident v1.0.19
[INFO] [stderr]    Compiling libc v0.2.175
[INFO] [stderr]    Compiling serde_core v1.0.225
[INFO] [stderr]    Compiling cfg-if v1.0.3
[INFO] [stderr]    Compiling syn v1.0.109
[INFO] [stderr]    Compiling pkg-config v0.3.32
[INFO] [stderr]    Compiling serde v1.0.225
[INFO] [stderr]    Compiling memchr v2.7.5
[INFO] [stderr]    Compiling strsim v0.10.0
[INFO] [stderr]    Compiling zerocopy v0.8.27
[INFO] [stderr]    Compiling ident_case v1.0.1
[INFO] [stderr]    Compiling fnv v1.0.7
[INFO] [stderr]    Compiling once_cell v1.21.3
[INFO] [stderr]    Compiling ahash v0.8.12
[INFO] [stderr]    Compiling utf8parse v0.2.2
[INFO] [stderr]    Compiling find-msvc-tools v0.1.2
[INFO] [stderr]    Compiling lock_api v0.4.13
[INFO] [stderr]    Compiling num-traits v0.2.19
[INFO] [stderr]    Compiling anstyle-parse v0.2.7
[INFO] [stderr]    Compiling cc v1.2.38
[INFO] [stderr]    Compiling is_terminal_polyfill v1.70.1
[INFO] [stderr]    Compiling anstyle-query v1.1.4
[INFO] [stderr]    Compiling smallvec v1.15.1
[INFO] [stderr]    Compiling unicode-xid v0.0.4
[INFO] [stderr]    Compiling colorchoice v1.0.4
[INFO] [stderr]    Compiling anstyle v1.0.11
[INFO] [stderr]    Compiling vcpkg v0.2.15
[INFO] [stderr]    Compiling regex-syntax v0.8.6
[INFO] [stderr]    Compiling synom v0.11.3
[INFO] [stderr]    Compiling rustix v1.1.2
[INFO] [stderr]    Compiling bitflags v2.9.4
[INFO] [stderr]    Compiling hashbrown v0.16.0
[INFO] [stderr]    Compiling libdbus-sys v0.2.6
[INFO] [stderr]    Compiling getrandom v0.3.3
[INFO] [stderr]    Compiling anstream v0.6.20
[INFO] [stderr]    Compiling quote v0.3.15
[INFO] [stderr]    Compiling unicode-segmentation v1.12.0
[INFO] [stderr]    Compiling syn v0.11.11
[INFO] [stderr]    Compiling linux-raw-sys v0.11.0
[INFO] [stderr]    Compiling log v0.4.28
[INFO] [stderr]    Compiling serde_json v1.0.145
[INFO] [stderr]    Compiling anyhow v1.0.100
[INFO] [stderr]    Compiling aho-corasick v1.1.3
[INFO] [stderr]    Compiling heck v0.3.3
[INFO] [stderr]    Compiling quote v1.0.40
[INFO] [stderr]    Compiling parking_lot_core v0.9.11
[INFO] [stderr]    Compiling winnow v0.7.13
[INFO] [stderr]    Compiling iana-time-zone v0.1.64
[INFO] [stderr]    Compiling toml_write v0.1.2
[INFO] [stderr]    Compiling strsim v0.11.1
[INFO] [stderr]    Compiling clap_lex v0.7.5
[INFO] [stderr]    Compiling syn v2.0.106
[INFO] [stderr]    Compiling indexmap v2.11.4
[INFO] [stderr]    Compiling parking_lot v0.12.4
[INFO] [stderr]    Compiling clap_builder v4.5.48
[INFO] [stderr]    Compiling signal-hook-registry v1.4.6
[INFO] [stderr]    Compiling derive_is_enum_variant v0.1.1
[INFO] [stderr]    Compiling libsqlite3-sys v0.28.0
[INFO] [stderr]    Compiling mio v1.0.4
[INFO] [stderr]    Compiling dbus v0.9.9
[INFO] [stderr]    Compiling socket2 v0.6.0
[INFO] [stderr]    Compiling itoa v1.0.15
[INFO] [stderr]    Compiling fallible-streaming-iterator v0.1.9
[INFO] [stderr]    Compiling fallible-iterator v0.3.0
[INFO] [stderr]    Compiling regex-automata v0.4.10
[INFO] [stderr]    Compiling ryu v1.0.20
[INFO] [stderr]    Compiling fastrand v2.3.0
[INFO] [stderr]    Compiling jiff v0.2.15
[INFO] [stderr]    Compiling hashbrown v0.14.5
[INFO] [stderr]    Compiling tempfile v3.22.0
[INFO] [stderr]    Compiling hashlink v0.9.1
[INFO] [stderr]    Compiling darling_core v0.14.4
[INFO] [stderr]    Compiling serde_derive v1.0.225
[INFO] [stderr]    Compiling thiserror-impl v1.0.69
[INFO] [stderr]    Compiling clap_derive v4.5.47
[INFO] [stderr]    Compiling tokio-macros v2.5.0
[INFO] [stderr]    Compiling enum-kinds v0.5.1
[INFO] [stderr]    Compiling regex v1.11.2
[INFO] [stderr]    Compiling tokio v1.47.1
[INFO] [stderr]    Compiling thiserror v1.0.69
[INFO] [stderr]    Compiling env_filter v0.1.3
[INFO] [stderr]    Compiling darling_macro v0.14.4
[INFO] [stderr]    Compiling darling v0.14.4
[INFO] [stderr]    Compiling from_variants_impl v1.0.2
[INFO] [stderr]    Compiling from_variants v1.0.2
[INFO] [stderr]    Compiling mpris v2.0.1
[INFO] [stderr]    Compiling clap v4.5.48
[INFO] [stderr]    Compiling env_logger v0.11.8
[INFO] [stderr]    Compiling serde_spanned v0.6.9
[INFO] [stderr]    Compiling toml_datetime v0.6.11
[INFO] [stderr]    Compiling chrono v0.4.42
[INFO] [stderr]    Compiling toml_edit v0.22.27
[INFO] [stderr]    Compiling toml v0.8.23
[INFO] [stderr]    Compiling rusqlite v0.31.0
[INFO] [stderr]    Compiling gopal v0.1.0 (/opt/rustwide/workdir)
[INFO] [stderr]     Finished `release` profile [optimized] target(s) in 2m 50s
[INFO] running `Command { std: "docker" "inspect" "f2affcf5e5a1bc9d5b1de60eaa91ffffbbb96f36a08353ff356e0e4a16bc3351", kill_on_drop: false }`
[INFO] running `Command { std: "docker" "exec" "-e" "SOURCE_DIR=/opt/rustwide/workdir" "-e" "CARGO_HOME=/opt/rustwide/cargo-home" "-e" "RUSTUP_HOME=/opt/rustwide/rustup-home" "-e" "CARGO_TARGET_DIR=/opt/rustwide/target" "-e" "CARGO_INCREMENTAL=0" "-e" "RUST_BACKTRACE=full" "-e" "RUSTFLAGS=--cap-lints=warn" "-e" "RUSTDOCFLAGS=--cap-lints=warn" "-w" "/opt/rustwide/workdir" "--user" "0:0" "f2affcf5e5a1bc9d5b1de60eaa91ffffbbb96f36a08353ff356e0e4a16bc3351" "/opt/rustwide/cargo-home/bin/cargo" "+1.99.0-beta.8" "test" "--frozen" "--no-run" "--message-format=json" "--release", kill_on_drop: false }`
[INFO] [stderr] warning: gopal v0.1.0 (/opt/rustwide/workdir) ignoring invalid dependency `bacon` which is missing a lib target
[INFO] [stderr]    Compiling syn v2.0.106
[INFO] [stderr]    Compiling libc v0.2.175
[INFO] [stderr]    Compiling serde_core v1.0.225
[INFO] [stderr]    Compiling memchr v2.7.5
[INFO] [stderr]    Compiling regex-syntax v0.8.6
[INFO] [stderr]    Compiling smallvec v1.15.1
[INFO] [stderr]    Compiling ahash v0.8.12
[INFO] [stderr]    Compiling num-traits v0.2.19
[INFO] [stderr]    Compiling rustix v1.1.2
[INFO] [stderr]    Compiling serde_json v1.0.145
[INFO] [stderr]    Compiling clap_builder v4.5.48
[INFO] [stderr]    Compiling hashbrown v0.14.5
[INFO] [stderr]    Compiling aho-corasick v1.1.3
[INFO] [stderr]    Compiling hashlink v0.9.1
[INFO] [stderr]    Compiling parking_lot_core v0.9.11
[INFO] [stderr]    Compiling socket2 v0.6.0
[INFO] [stderr]    Compiling mio v1.0.4
[INFO] [stderr]    Compiling signal-hook-registry v1.4.6
[INFO] [stderr]    Compiling getrandom v0.3.3
[INFO] [stderr]    Compiling dbus v0.9.9
[INFO] [stderr]    Compiling tempfile v3.22.0
[INFO] [stderr]    Compiling parking_lot v0.12.4
[INFO] [stderr]    Compiling regex-automata v0.4.10
[INFO] [stderr]    Compiling serde_derive v1.0.225
[INFO] [stderr]    Compiling thiserror-impl v1.0.69
[INFO] [stderr]    Compiling tokio-macros v2.5.0
[INFO] [stderr]    Compiling clap_derive v4.5.47
[INFO] [stderr]    Compiling tokio v1.47.1
[INFO] [stderr]    Compiling thiserror v1.0.69
[INFO] [stderr]    Compiling mpris v2.0.1
[INFO] [stderr]    Compiling clap v4.5.48
[INFO] [stderr]    Compiling regex v1.11.2
[INFO] [stderr]    Compiling env_filter v0.1.3
[INFO] [stderr]    Compiling serde v1.0.225
[INFO] [stderr]    Compiling env_logger v0.11.8
[INFO] [stderr]    Compiling toml_datetime v0.6.11
[INFO] [stderr]    Compiling serde_spanned v0.6.9
[INFO] [stderr]    Compiling toml_edit v0.22.27
[INFO] [stderr]    Compiling chrono v0.4.42
[INFO] [stderr]    Compiling rusqlite v0.31.0
[INFO] [stderr]    Compiling toml v0.8.23
[INFO] [stderr]    Compiling gopal v0.1.0 (/opt/rustwide/workdir)
[INFO] [stderr]     Finished `release` profile [optimized] target(s) in 1m 13s
[INFO] running `Command { std: "docker" "inspect" "f2affcf5e5a1bc9d5b1de60eaa91ffffbbb96f36a08353ff356e0e4a16bc3351", kill_on_drop: false }`
[INFO] running `Command { std: "docker" "exec" "-e" "SOURCE_DIR=/opt/rustwide/workdir" "-e" "CARGO_HOME=/opt/rustwide/cargo-home" "-e" "RUSTUP_HOME=/opt/rustwide/rustup-home" "-e" "CARGO_TARGET_DIR=/opt/rustwide/target" "-e" "CARGO_INCREMENTAL=0" "-e" "RUST_BACKTRACE=full" "-e" "RUSTFLAGS=--cap-lints=warn" "-e" "RUSTDOCFLAGS=--cap-lints=warn" "-w" "/opt/rustwide/workdir" "--user" "0:0" "f2affcf5e5a1bc9d5b1de60eaa91ffffbbb96f36a08353ff356e0e4a16bc3351" "/opt/rustwide/cargo-home/bin/cargo" "+1.99.0-beta.8" "test" "--frozen" "--release", kill_on_drop: false }`
[INFO] [stderr] warning: gopal v0.1.0 (/opt/rustwide/workdir) ignoring invalid dependency `bacon` which is missing a lib target
[INFO] [stderr]     Finished `release` profile [optimized] target(s) in 0.34s
[INFO] [stderr]      Running unittests src/lib.rs (/opt/rustwide/target/release/deps/gopal-4d3659e0c1848dbb)
[INFO] [stdout] 
[INFO] [stdout] running 8 tests
[INFO] [stdout] test session_tracker::tests::test_multiple_players ... ok
[INFO] [stdout] test session_tracker::tests::test_session_lifecycle ... ok
[INFO] [stdout] test tests::test_constants ... ok
[INFO] [stdout] test tests::test_version_exists ... ok
[INFO] [stdout] test mpris_monitor::tests::test_current_timestamp ... ok
[INFO] [stdout] test session_tracker::tests::test_cleanup_stale_sessions ... ok
[INFO] [stdout] test session_tracker::tests::test_session_interruption ... ok
[INFO] [stdout] test mpris_monitor::tests::test_mpris_monitor_creation ... FAILED
[INFO] [stdout] 
[INFO] [stdout] failures:
[INFO] [stdout] 
[INFO] [stdout] ---- mpris_monitor::tests::test_mpris_monitor_creation stdout ----
[INFO] [stdout] 
[INFO] [stdout] thread 'mpris_monitor::tests::test_mpris_monitor_creation' (3333) panicked at src/mpris_monitor.rs:490:9:
[INFO] [stdout] assertion failed: monitor.is_ok()
[INFO] [stdout] stack backtrace:
[INFO] [stdout]    0:     0x56ee8f4b10f1 - <<std[70759c8f55707aa4]::sys::backtrace::BacktraceLock>::print::DisplayBacktrace as core[df12db4294e9bfd3]::fmt::Display>::fmt
[INFO] [stdout]    1:     0x56ee8f4c60fa - core[df12db4294e9bfd3]::fmt::write
[INFO] [stdout]    2:     0x56ee8f4b5cdc - <alloc[2182bb758b4b3781]::vec::Vec<u8> as core[df12db4294e9bfd3]::io::write::Write>::write_fmt
[INFO] [stdout]    3:     0x56ee8f48c806 - std[70759c8f55707aa4]::panicking::default_hook::{closure#0}
[INFO] [stdout]    4:     0x56ee8f4a94e9 - std[70759c8f55707aa4]::panicking::default_hook
[INFO] [stdout]    5:     0x56ee8f2876c0 - test[9d35eded1c95d3be]::test_main_inner::<test[9d35eded1c95d3be]::test_main_static::{closure#0}>::{closure#0}
[INFO] [stdout]    6:     0x56ee8f4a9812 - std[70759c8f55707aa4]::panicking::panic_with_hook
[INFO] [stdout]    7:     0x56ee8f48c8e4 - std[70759c8f55707aa4]::panicking::panic_handler::{closure#0}
[INFO] [stdout]    8:     0x56ee8f484fc9 - std[70759c8f55707aa4]::sys::backtrace::__rust_end_short_backtrace::<std[70759c8f55707aa4]::panicking::panic_handler::{closure#0}, !>
[INFO] [stdout]    9:     0x56ee8f48d5bd - __rustc[8fa7c3cbc660c2b3]::rust_begin_unwind
[INFO] [stdout]   10:     0x56ee8f4c685c - core[df12db4294e9bfd3]::panicking::panic_fmt
[INFO] [stdout]   11:     0x56ee8f4c6822 - core[df12db4294e9bfd3]::panicking::panic
[INFO] [stdout]   12:     0x56ee8f276f0d - gopal[e70154c1c3f27bd0]::mpris_monitor::tests::test_mpris_monitor_creation::{closure#0}
[INFO] [stdout]   13:     0x56ee8f271bd3 - <tokio[ca777f91ffa0705d]::runtime::scheduler::current_thread::Context>::enter::<core[df12db4294e9bfd3]::task::poll::Poll<()>, <tokio[ca777f91ffa0705d]::runtime::scheduler::current_thread::CoreGuard>::block_on<core[df12db4294e9bfd3]::pin::Pin<&mut core[df12db4294e9bfd3]::pin::Pin<&mut dyn core[df12db4294e9bfd3]::future::future::Future<Output = ()>>>>::{closure#0}::{closure#0}>
[INFO] [stdout]   14:     0x56ee8f279ebc - <tokio[ca777f91ffa0705d]::runtime::context::scoped::Scoped<tokio[ca777f91ffa0705d]::runtime::scheduler::Context>>::set::<<tokio[ca777f91ffa0705d]::runtime::scheduler::current_thread::CoreGuard>::enter<<tokio[ca777f91ffa0705d]::runtime::scheduler::current_thread::CoreGuard>::block_on<core[df12db4294e9bfd3]::pin::Pin<&mut core[df12db4294e9bfd3]::pin::Pin<&mut dyn core[df12db4294e9bfd3]::future::future::Future<Output = ()>>>>::{closure#0}, core[df12db4294e9bfd3]::option::Option<()>>::{closure#0}, (alloc[2182bb758b4b3781]::boxed::Box<tokio[ca777f91ffa0705d]::runtime::scheduler::current_thread::Core>, core[df12db4294e9bfd3]::option::Option<()>)>
[INFO] [stdout]   15:     0x56ee8f271f27 - <tokio[ca777f91ffa0705d]::runtime::scheduler::current_thread::CoreGuard>::block_on::<core[df12db4294e9bfd3]::pin::Pin<&mut core[df12db4294e9bfd3]::pin::Pin<&mut dyn core[df12db4294e9bfd3]::future::future::Future<Output = ()>>>>
[INFO] [stdout]   16:     0x56ee8f276c30 - tokio[ca777f91ffa0705d]::runtime::context::runtime::enter_runtime::<<tokio[ca777f91ffa0705d]::runtime::scheduler::current_thread::CurrentThread>::block_on<core[df12db4294e9bfd3]::pin::Pin<&mut dyn core[df12db4294e9bfd3]::future::future::Future<Output = ()>>>::{closure#0}, ()>
[INFO] [stdout]   17:     0x56ee8f271ab5 - <tokio[ca777f91ffa0705d]::runtime::runtime::Runtime>::block_on::<core[df12db4294e9bfd3]::pin::Pin<&mut dyn core[df12db4294e9bfd3]::future::future::Future<Output = ()>>>
[INFO] [stdout]   18:     0x56ee8f2772ee - <gopal[e70154c1c3f27bd0]::mpris_monitor::tests::test_mpris_monitor_creation::{closure#0} as core[df12db4294e9bfd3]::ops::function::FnOnce<()>>::call_once
[INFO] [stdout]   19:     0x56ee8f27a9ab - test[9d35eded1c95d3be]::__rust_begin_short_backtrace::<core[df12db4294e9bfd3]::result::Result<(), alloc[2182bb758b4b3781]::string::String>, fn() -> core[df12db4294e9bfd3]::result::Result<(), alloc[2182bb758b4b3781]::string::String>>
[INFO] [stdout]   20:     0x56ee8f288015 - test[9d35eded1c95d3be]::run_test::{closure#0}
[INFO] [stdout]   21:     0x56ee8f2818d4 - std[70759c8f55707aa4]::sys::backtrace::__rust_begin_short_backtrace::<test[9d35eded1c95d3be]::run_test::{closure#1}, ()>
[INFO] [stdout]   22:     0x56ee8f28b172 - <std[70759c8f55707aa4]::thread::lifecycle::spawn_unchecked<test[9d35eded1c95d3be]::run_test::{closure#1}, ()>::{closure#1} as core[df12db4294e9bfd3]::ops::function::FnOnce<()>>::call_once::{shim:vtable#0}
[INFO] [stdout]   23:     0x56ee8f4b09b9 - <std[70759c8f55707aa4]::sys::thread::unix::Thread>::new::thread_start
[INFO] [stdout]   24:     0x7d19e2c62dfa - <unknown>
[INFO] [stdout]   25:     0x7d19e2cf63d4 - clone
[INFO] [stdout]   26:                0x0 - <unknown>
[INFO] [stdout] 
[INFO] [stdout] 
[INFO] [stdout] failures:
[INFO] [stdout]     mpris_monitor::tests::test_mpris_monitor_creation
[INFO] [stdout] 
[INFO] [stdout] test result: FAILED. 7 passed; 1 failed; 0 ignored; 0 measured; 0 filtered out; finished in 0.10s
[INFO] [stdout] 
[INFO] [stderr] error: test failed, to rerun pass `--lib`
[INFO] running `Command { std: "docker" "inspect" "f2affcf5e5a1bc9d5b1de60eaa91ffffbbb96f36a08353ff356e0e4a16bc3351", kill_on_drop: false }`
[INFO] running `Command { std: "docker" "rm" "-f" "f2affcf5e5a1bc9d5b1de60eaa91ffffbbb96f36a08353ff356e0e4a16bc3351", kill_on_drop: false }`
[INFO] [stdout] f2affcf5e5a1bc9d5b1de60eaa91ffffbbb96f36a08353ff356e0e4a16bc3351
