[INFO] cloning repository https://github.com/adicarlo/reflector
[INFO] running `Command { std: "git" "-c" "credential.helper=" "-c" "credential.helper=/workspace/cargo-home/bin/git-credential-null" "clone" "--bare" "https://github.com/adicarlo/reflector" "/workspace/cache/git-repos/https%3A%2F%2Fgithub.com%2Fadicarlo%2Freflector", kill_on_drop: false }`
[INFO] [stderr] Cloning into bare repository '/workspace/cache/git-repos/https%3A%2F%2Fgithub.com%2Fadicarlo%2Freflector'...
[INFO] running `Command { std: "git" "rev-parse" "HEAD", kill_on_drop: false }`
[INFO] [stdout] 798ff771dbe96b5cf8fc35d7e296bc512d70814c
[INFO] testing adicarlo/reflector against 1.99.0-beta.8+cargoflags=--release for beta-release-1.100-2
[INFO] running `Command { std: "git" "clone" "/workspace/cache/git-repos/https%3A%2F%2Fgithub.com%2Fadicarlo%2Freflector" "/workspace/builds/worker-5-tc1/source", kill_on_drop: false }`
[INFO] [stderr] Cloning into '/workspace/builds/worker-5-tc1/source'...
[INFO] [stderr] done.
[INFO] started tweaking git repo https://github.com/adicarlo/reflector
[INFO] finished tweaking git repo https://github.com/adicarlo/reflector
[INFO] tweaked toml for git repo https://github.com/adicarlo/reflector written to /workspace/builds/worker-5-tc1/source/Cargo.toml
[INFO] validating manifest of git repo https://github.com/adicarlo/reflector on toolchain 1.99.0-beta.8
[INFO] running `Command { std: CARGO_HOME="/workspace/cargo-home" RUSTUP_HOME="/workspace/rustup-home" "/workspace/cargo-home/bin/cargo" "+1.99.0-beta.8" "metadata" "--manifest-path" "Cargo.toml" "--no-deps", kill_on_drop: false }`
[INFO] crate git repo https://github.com/adicarlo/reflector already has a lockfile, it will not be regenerated
[INFO] running `Command { std: CARGO_HOME="/workspace/cargo-home" RUSTUP_HOME="/workspace/rustup-home" "/workspace/cargo-home/bin/cargo" "+1.99.0-beta.8" "fetch" "--manifest-path" "Cargo.toml", kill_on_drop: false }`
[INFO] [stderr]     Updating crates.io index
[INFO] [stderr]     Blocking waiting for file lock on package cache
[INFO] [stderr]  Downloading crates ...
[INFO] [stderr]   Downloaded sval_nested v2.14.1
[INFO] [stderr]   Downloaded sval_serde v2.14.1
[INFO] [stderr]   Downloaded sval_ref v2.14.1
[INFO] [stderr]   Downloaded value-bag-sval2 v1.11.1
[INFO] [stderr]   Downloaded sval v2.14.1
[INFO] [stderr]   Downloaded value-bag-serde1 v1.11.1
[INFO] [stderr]   Downloaded sval_dynamic v2.14.1
[INFO] [stderr]   Downloaded sval_json v2.14.1
[INFO] [stderr]   Downloaded lazy-regex-proc_macros v3.4.1
[INFO] [stderr]   Downloaded basic-cookies v0.1.5
[INFO] [stderr]   Downloaded suppaftp v5.4.0
[INFO] [stderr]   Downloaded lazy-regex v3.4.1
[INFO] [stderr]   Downloaded levenshtein v1.0.5
[INFO] [stderr]   Downloaded httpmock v0.7.0
[INFO] [stderr]   Downloaded sval_fmt v2.14.1
[INFO] [stderr]   Downloaded serde_fmt v1.0.3
[INFO] [stderr]   Downloaded serde_regex v1.1.0
[INFO] [stderr]   Downloaded erased-serde v0.4.6
[INFO] [stderr]   Downloaded std-logger v0.5.7
[INFO] [stderr]   Downloaded sval_buffer v2.14.1
[INFO] [stderr]   Downloaded assert_cmd v2.0.17
[INFO] [stderr]   Downloaded async-object-pool v0.1.5
[INFO] running `Command { std: "docker" "create" "-v" "/var/lib/crater-agent-workspace/builds/worker-5-tc1/source:/opt/rustwide/workdir:ro,Z" "-v" "/var/lib/crater-agent-workspace/builds/worker-5-tc1/target:/opt/rustwide/target:rw,Z" "-v" "/var/lib/crater-agent-workspace/cargo-home:/opt/rustwide/cargo-home:ro,Z" "-v" "/var/lib/crater-agent-workspace/rustup-home:/opt/rustwide/rustup-home:ro,Z" "-m" "1610612736" "--network" "none" "ghcr.io/rust-lang/crates-build-env/linux@sha256:77db811e55d90add9212f6832c23229e3de5f1c1f9905e8cb07319ea15df73ac" "sleep" "infinity", kill_on_drop: false }`
[INFO] [stdout] a45719b338e1faadc237a1bff64ceb533cd3031cd6a96b34bff251d352a1162e
[INFO] running `Command { std: "docker" "start" "a45719b338e1faadc237a1bff64ceb533cd3031cd6a96b34bff251d352a1162e", kill_on_drop: false }`
[INFO] running `Command { std: "docker" "inspect" "a45719b338e1faadc237a1bff64ceb533cd3031cd6a96b34bff251d352a1162e", kill_on_drop: false }`
[INFO] running `Command { std: "docker" "exec" "-e" "SOURCE_DIR=/opt/rustwide/workdir" "-e" "CARGO_HOME=/opt/rustwide/cargo-home" "-e" "RUSTUP_HOME=/opt/rustwide/rustup-home" "-e" "CARGO_TARGET_DIR=/opt/rustwide/target" "-w" "/opt/rustwide/workdir" "--user" "0:0" "a45719b338e1faadc237a1bff64ceb533cd3031cd6a96b34bff251d352a1162e" "/opt/rustwide/cargo-home/bin/cargo" "+1.99.0-beta.8" "metadata" "--no-deps" "--format-version=1", kill_on_drop: false }`
[INFO] running `Command { std: "docker" "inspect" "a45719b338e1faadc237a1bff64ceb533cd3031cd6a96b34bff251d352a1162e", kill_on_drop: false }`
[INFO] running `Command { std: "docker" "exec" "-e" "SOURCE_DIR=/opt/rustwide/workdir" "-e" "CARGO_HOME=/opt/rustwide/cargo-home" "-e" "RUSTUP_HOME=/opt/rustwide/rustup-home" "-e" "CARGO_TARGET_DIR=/opt/rustwide/target" "-e" "CARGO_INCREMENTAL=0" "-e" "RUST_BACKTRACE=full" "-e" "RUSTFLAGS=--cap-lints=warn" "-e" "RUSTDOCFLAGS=--cap-lints=warn" "-w" "/opt/rustwide/workdir" "--user" "0:0" "a45719b338e1faadc237a1bff64ceb533cd3031cd6a96b34bff251d352a1162e" "/opt/rustwide/cargo-home/bin/cargo" "+1.99.0-beta.8" "build" "--frozen" "--message-format=json" "--release", kill_on_drop: false }`
[INFO] [stderr]    Compiling proc-macro2 v1.0.101
[INFO] [stderr]    Compiling cfg-if v1.0.3
[INFO] [stderr]    Compiling cc v1.2.33
[INFO] [stderr]    Compiling libc v0.2.175
[INFO] [stderr]    Compiling memchr v2.7.5
[INFO] [stderr]    Compiling zeroize v1.8.1
[INFO] [stderr]    Compiling value-bag v1.11.1
[INFO] [stderr]    Compiling smallvec v1.15.1
[INFO] [stderr]    Compiling regex-syntax v0.8.5
[INFO] [stderr]    Compiling hashbrown v0.15.5
[INFO] [stderr]    Compiling rustls v0.23.31
[INFO] [stderr]    Compiling percent-encoding v2.3.1
[INFO] [stderr]    Compiling miniz_oxide v0.8.9
[INFO] [stderr]    Compiling futures-core v0.3.31
[INFO] [stderr]    Compiling fastrand v2.3.0
[INFO] [stderr]    Compiling crc32fast v1.5.0
[INFO] [stderr]    Compiling futures-io v0.3.31
[INFO] [stderr]    Compiling form_urlencoded v1.2.1
[INFO] [stderr]    Compiling iana-time-zone v0.1.63
[INFO] [stderr]    Compiling rustls-pki-types v1.12.0
[INFO] [stderr]    Compiling winnow v0.5.40
[INFO] [stderr]    Compiling parking v2.2.1
[INFO] [stderr]    Compiling chrono v0.4.41
[INFO] [stderr]    Compiling log v0.4.27
[INFO] [stderr]    Compiling futures-lite v2.6.1
[INFO] [stderr]    Compiling flate2 v1.1.2
[INFO] [stderr]    Compiling aho-corasick v1.1.3
[INFO] [stderr]    Compiling webpki-roots v1.0.2
[INFO] [stderr]    Compiling quote v1.0.40
[INFO] [stderr]    Compiling indexmap v2.10.0
[INFO] [stderr]    Compiling webpki-roots v0.26.11
[INFO] [stderr]    Compiling std-logger v0.5.7
[INFO] [stderr]    Compiling syn v2.0.106
[INFO] [stderr]    Compiling getrandom v0.2.16
[INFO] [stderr]    Compiling ring v0.17.14
[INFO] [stderr]    Compiling regex-automata v0.4.9
[INFO] [stderr]    Compiling regex v1.11.1
[INFO] [stderr]    Compiling synstructure v0.13.2
[INFO] [stderr]    Compiling zerofrom-derive v0.1.6
[INFO] [stderr]    Compiling yoke-derive v0.8.0
[INFO] [stderr]    Compiling zerovec-derive v0.11.1
[INFO] [stderr]    Compiling displaydoc v0.2.5
[INFO] [stderr]    Compiling serde_derive v1.0.219
[INFO] [stderr]    Compiling thiserror-impl v1.0.69
[INFO] [stderr]    Compiling lazy-regex-proc_macros v3.4.1
[INFO] [stderr]    Compiling lazy-regex v3.4.1
[INFO] [stderr]    Compiling zerofrom v0.1.6
[INFO] [stderr]    Compiling yoke v0.8.0
[INFO] [stderr]    Compiling thiserror v1.0.69
[INFO] [stderr]    Compiling suppaftp v5.4.0
[INFO] [stderr]    Compiling zerovec v0.11.4
[INFO] [stderr]    Compiling zerotrie v0.2.2
[INFO] [stderr]    Compiling tinystr v0.8.1
[INFO] [stderr]    Compiling potential_utf v0.1.2
[INFO] [stderr]    Compiling icu_collections v2.0.0
[INFO] [stderr]    Compiling icu_locale_core v2.0.0
[INFO] [stderr]    Compiling serde v1.0.219
[INFO] [stderr]    Compiling icu_provider v2.0.0
[INFO] [stderr]    Compiling icu_normalizer v2.0.0
[INFO] [stderr]    Compiling icu_properties v2.0.1
[INFO] [stderr]    Compiling idna_adapter v1.2.1
[INFO] [stderr]    Compiling idna v1.0.3
[INFO] [stderr]    Compiling url v2.5.4
[INFO] [stderr]    Compiling toml_datetime v0.6.11
[INFO] [stderr]    Compiling serde_spanned v0.6.9
[INFO] [stderr]    Compiling toml_edit v0.19.15
[INFO] [stderr]    Compiling rustls-webpki v0.103.4
[INFO] [stderr]    Compiling toml v0.7.8
[INFO] [stderr]    Compiling ureq v2.12.1
[INFO] [stderr]    Compiling reflector v0.1.0 (/opt/rustwide/workdir)
[INFO] [stderr]     Finished `release` profile [optimized] target(s) in 1m 31s
[INFO] running `Command { std: "docker" "inspect" "a45719b338e1faadc237a1bff64ceb533cd3031cd6a96b34bff251d352a1162e", kill_on_drop: false }`
[INFO] running `Command { std: "docker" "exec" "-e" "SOURCE_DIR=/opt/rustwide/workdir" "-e" "CARGO_HOME=/opt/rustwide/cargo-home" "-e" "RUSTUP_HOME=/opt/rustwide/rustup-home" "-e" "CARGO_TARGET_DIR=/opt/rustwide/target" "-e" "CARGO_INCREMENTAL=0" "-e" "RUST_BACKTRACE=full" "-e" "RUSTFLAGS=--cap-lints=warn" "-e" "RUSTDOCFLAGS=--cap-lints=warn" "-w" "/opt/rustwide/workdir" "--user" "0:0" "a45719b338e1faadc237a1bff64ceb533cd3031cd6a96b34bff251d352a1162e" "/opt/rustwide/cargo-home/bin/cargo" "+1.99.0-beta.8" "test" "--frozen" "--no-run" "--message-format=json" "--release", kill_on_drop: false }`
[INFO] [stderr]    Compiling syn v2.0.106
[INFO] [stderr]    Compiling libc v0.2.175
[INFO] [stderr]    Compiling memchr v2.7.5
[INFO] [stderr]    Compiling fastrand v2.3.0
[INFO] [stderr]    Compiling regex-automata v0.4.9
[INFO] [stderr]    Compiling log v0.4.27
[INFO] [stderr]    Compiling cfg-if v1.0.3
[INFO] [stderr]    Compiling rustix v1.0.8
[INFO] [stderr]    Compiling lock_api v0.4.13
[INFO] [stderr]    Compiling concurrent-queue v2.5.0
[INFO] [stderr]    Compiling linux-raw-sys v0.9.4
[INFO] [stderr]    Compiling bitflags v2.9.2
[INFO] [stderr]    Compiling parking_lot_core v0.9.11
[INFO] [stderr]    Compiling form_urlencoded v1.2.1
[INFO] [stderr]    Compiling scopeguard v1.2.0
[INFO] [stderr]    Compiling smallvec v1.15.1
[INFO] [stderr]    Compiling tiny-keccak v2.0.2
[INFO] [stderr]    Compiling siphasher v1.0.1
[INFO] [stderr]    Compiling hashbrown v0.15.5
[INFO] [stderr]    Compiling async-task v4.7.1
[INFO] [stderr]    Compiling futures-lite v2.6.1
[INFO] [stderr]    Compiling phf_shared v0.11.3
[INFO] [stderr]    Compiling precomputed-hash v0.1.1
[INFO] [stderr]    Compiling syn v1.0.109
[INFO] [stderr]    Compiling event-listener v5.4.1
[INFO] [stderr]    Compiling fixedbitset v0.4.2
[INFO] [stderr]    Compiling bit-vec v0.6.3
[INFO] [stderr]    Compiling new_debug_unreachable v1.0.6
[INFO] [stderr]    Compiling same-file v1.0.6
[INFO] [stderr]    Compiling itertools v0.11.0
[INFO] [stderr]    Compiling std-logger v0.5.7
[INFO] [stderr]    Compiling bit-set v0.5.3
[INFO] [stderr]    Compiling walkdir v2.5.0
[INFO] [stderr]    Compiling piper v0.2.4
[INFO] [stderr]    Compiling ena v0.14.3
[INFO] [stderr]    Compiling unicode-xid v0.2.6
[INFO] [stderr]    Compiling event-listener-strategy v0.5.4
[INFO] [stderr]    Compiling pico-args v0.5.0
[INFO] [stderr]    Compiling aho-corasick v1.1.3
[INFO] [stderr]    Compiling serde_json v1.0.143
[INFO] [stderr]    Compiling getrandom v0.2.16
[INFO] [stderr]    Compiling signal-hook-registry v1.4.6
[INFO] [stderr]    Compiling async-lock v3.4.1
[INFO] [stderr]    Compiling dirs-sys-next v0.1.2
[INFO] [stderr]    Compiling ring v0.17.14
[INFO] [stderr]    Compiling async-channel v2.5.0
[INFO] [stderr]    Compiling async-executor v1.13.2
[INFO] [stderr]    Compiling parking_lot v0.12.4
[INFO] [stderr]    Compiling blocking v1.6.2
[INFO] [stderr]    Compiling dirs-next v2.0.0
[INFO] [stderr]    Compiling indexmap v2.10.0
[INFO] [stderr]    Compiling term v0.7.0
[INFO] [stderr]    Compiling mio v1.0.4
[INFO] [stderr]    Compiling ascii-canvas v3.0.0
[INFO] [stderr]    Compiling string_cache v0.8.9
[INFO] [stderr]    Compiling socket2 v0.6.0
[INFO] [stderr]    Compiling async-channel v1.9.0
[INFO] [stderr]    Compiling kv-log-macro v1.0.7
[INFO] [stderr]    Compiling tracing-core v0.1.34
[INFO] [stderr]    Compiling predicates-core v1.0.9
[INFO] [stderr]    Compiling http-body v0.4.6
[INFO] [stderr]    Compiling socket2 v0.5.10
[INFO] [stderr]    Compiling futures-channel v0.3.31
[INFO] [stderr]    Compiling termtree v0.5.1
[INFO] [stderr]    Compiling tracing v0.1.41
[INFO] [stderr]    Compiling anstyle v1.0.11
[INFO] [stderr]    Compiling lalrpop-util v0.20.2
[INFO] [stderr]    Compiling assert_cmd v2.0.17
[INFO] [stderr]    Compiling difflib v0.4.0
[INFO] [stderr]    Compiling predicates-tree v1.0.12
[INFO] [stderr]    Compiling petgraph v0.6.5
[INFO] [stderr]    Compiling wait-timeout v0.2.1
[INFO] [stderr]    Compiling base64 v0.21.7
[INFO] [stderr]    Compiling levenshtein v1.0.5
[INFO] [stderr]    Compiling similar v2.7.0
[INFO] [stderr]    Compiling predicates v3.1.3
[INFO] [stderr]    Compiling regex v1.11.1
[INFO] [stderr]    Compiling rustls-webpki v0.103.4
[INFO] [stderr]    Compiling rustls v0.23.31
[INFO] [stderr]    Compiling lalrpop v0.20.2
[INFO] [stderr]    Compiling synstructure v0.13.2
[INFO] [stderr]    Compiling async-attributes v1.1.2
[INFO] [stderr]    Compiling zerofrom-derive v0.1.6
[INFO] [stderr]    Compiling yoke-derive v0.8.0
[INFO] [stderr]    Compiling zerovec-derive v0.11.1
[INFO] [stderr]    Compiling displaydoc v0.2.5
[INFO] [stderr]    Compiling serde_derive v1.0.219
[INFO] [stderr]    Compiling thiserror-impl v1.0.69
[INFO] [stderr]    Compiling lazy-regex-proc_macros v3.4.1
[INFO] [stderr]    Compiling futures-macro v0.3.31
[INFO] [stderr]    Compiling tokio-macros v2.5.0
[INFO] [stderr]    Compiling async-trait v0.1.89
[INFO] [stderr]    Compiling tokio v1.47.1
[INFO] [stderr]    Compiling zerofrom v0.1.6
[INFO] [stderr]    Compiling futures-util v0.3.31
[INFO] [stderr]    Compiling yoke v0.8.0
[INFO] [stderr]    Compiling zerotrie v0.2.2
[INFO] [stderr]    Compiling zerovec v0.11.4
[INFO] [stderr]    Compiling thiserror v1.0.69
[INFO] [stderr]    Compiling polling v3.10.0
[INFO] [stderr]    Compiling async-io v2.5.0
[INFO] [stderr]    Compiling tinystr v0.8.1
[INFO] [stderr]    Compiling potential_utf v0.1.2
[INFO] [stderr]    Compiling icu_collections v2.0.0
[INFO] [stderr]    Compiling icu_locale_core v2.0.0
[INFO] [stderr]    Compiling bstr v1.12.0
[INFO] [stderr]    Compiling async-signal v0.2.12
[INFO] [stderr]    Compiling async-global-executor v2.4.1
[INFO] [stderr]    Compiling async-process v2.4.0
[INFO] [stderr]    Compiling lazy-regex v3.4.1
[INFO] [stderr]    Compiling suppaftp v5.4.0
[INFO] [stderr]    Compiling icu_provider v2.0.0
[INFO] [stderr]    Compiling async-std v1.13.2
[INFO] [stderr]    Compiling icu_properties v2.0.1
[INFO] [stderr]    Compiling icu_normalizer v2.0.0
[INFO] [stderr]    Compiling serde v1.0.219
[INFO] [stderr]    Compiling hyper v0.14.32
[INFO] [stderr]    Compiling idna_adapter v1.2.1
[INFO] [stderr]    Compiling idna v1.0.3
[INFO] [stderr]    Compiling url v2.5.4
[INFO] [stderr]    Compiling ureq v2.12.1
[INFO] [stderr]    Compiling async-object-pool v0.1.5
[INFO] [stderr]    Compiling serde_spanned v0.6.9
[INFO] [stderr]    Compiling toml_datetime v0.6.11
[INFO] [stderr]    Compiling serde_regex v1.1.0
[INFO] [stderr]    Compiling toml_edit v0.19.15
[INFO] [stderr]    Compiling basic-cookies v0.1.5
[INFO] [stderr]    Compiling assert-json-diff v2.0.2
[INFO] [stderr]    Compiling httpmock v0.7.0
[INFO] [stderr]    Compiling toml v0.7.8
[INFO] [stderr]    Compiling reflector v0.1.0 (/opt/rustwide/workdir)
[INFO] [stderr]     Finished `release` profile [optimized] target(s) in 1m 52s
[INFO] running `Command { std: "docker" "inspect" "a45719b338e1faadc237a1bff64ceb533cd3031cd6a96b34bff251d352a1162e", kill_on_drop: false }`
[INFO] running `Command { std: "docker" "exec" "-e" "SOURCE_DIR=/opt/rustwide/workdir" "-e" "CARGO_HOME=/opt/rustwide/cargo-home" "-e" "RUSTUP_HOME=/opt/rustwide/rustup-home" "-e" "CARGO_TARGET_DIR=/opt/rustwide/target" "-e" "CARGO_INCREMENTAL=0" "-e" "RUST_BACKTRACE=full" "-e" "RUSTFLAGS=--cap-lints=warn" "-e" "RUSTDOCFLAGS=--cap-lints=warn" "-w" "/opt/rustwide/workdir" "--user" "0:0" "a45719b338e1faadc237a1bff64ceb533cd3031cd6a96b34bff251d352a1162e" "/opt/rustwide/cargo-home/bin/cargo" "+1.99.0-beta.8" "test" "--frozen" "--release", kill_on_drop: false }`
[INFO] [stderr]     Finished `release` profile [optimized] target(s) in 0.33s
[INFO] [stderr]      Running unittests src/lib.rs (/opt/rustwide/target/release/deps/reflector-942a5c638a5c184a)
[INFO] [stdout] 
[INFO] [stdout] running 55 tests
[INFO] [stdout] test config::tests::abi_truecolor ... ignored
[INFO] [stdout] test config::tests::sdo_capturelist ... ignored
[INFO] [stdout] test config::tests::sdo_mirror ... ignored
[INFO] [stdout] test config::tests::from_str ... ok
[INFO] [stdout] test config::tests::sourceconfig_uniqueness ... ok
[INFO] [stdout] test remote::factory::tests::test_from_url ... ok
[INFO] [stdout] test pathmaker::identity::tests::time_to_filename ... ok
[INFO] [stdout] test pathmaker::goes_r::tests::goes16_dogfood ... ok
[INFO] [stdout] test capture::tests::empty ... ok
[INFO] [stdout] test pathmaker::goes_r::tests::time_to_filename ... ok
[INFO] [stdout] test pathmaker::identity::tests::dogfood ... ok
[INFO] [stdout] test pathmaker::goes_r::tests::filename_to_time ... ok
[INFO] [stdout] test remote::ftp::tests::test_mock_resource_url ... ok
[INFO] [stdout] test remote::ftp::tests::ping ... FAILED
[INFO] [stdout] test remote::ftp::tests::cwd ... FAILED
[INFO] [stdout] test remote::ftp::tests::test_connect ... FAILED
[INFO] [stdout] test remote::ftp::tests::get ... FAILED
[INFO] [stdout] test remote::ftp::tests::validation ... FAILED
[INFO] [stdout] test remote::http::tests::url_trailing_slash ... ok
[INFO] [stdout] test pathmaker::sdo::tests::sdo_dogfood ... ok
[INFO] [stdout] test pathmaker::sdo::tests::time_to_filename ... ok
[INFO] [stdout] test remote::mock::tests::get ... ok
[INFO] [stdout] test remote::mock::tests::ping ... ok
[INFO] [stdout] test remote::factory::tests::invalid ... ok
[INFO] [stdout] test store::file::tests::check_mock ... ok
[INFO] [stdout] test store::file::tests::captures_in_list ... ok
[INFO] [stdout] test pathmaker::sdo::tests::filename_to_time ... ok
[INFO] [stdout] test store::file_list::tests::from_vec ... ok
[INFO] [stdout] test store::file_list::tests::empty ... ok
[INFO] [stdout] test remote::ftp::tests::list ... FAILED
[INFO] [stdout] test time_list::tests::clone ... ok
[INFO] [stdout] test remote::ftp::tests::remote_addr ... FAILED
[INFO] [stdout] test store::file::tests::format ... ok
[INFO] [stdout] test time_list::tests::display ... ok
[INFO] [stdout] test store::file::tests::get_put ... ok
[INFO] [stdout] test time_list::tests::iter ... ok
[INFO] [stdout] test time_range::tests::cmp ... ok
[INFO] [stdout] test remote::ftp::tests::not_found ... FAILED
[INFO] [stdout] test time_range::tests::from_now_to ... ok
[INFO] [stdout] test time_list::tests::from_range ... ok
[INFO] [stdout] test time_range::tests::check_empty ... ok
[INFO] [stdout] test time_list::tests::push ... ok
[INFO] [stdout] test remote::http::tests::url ... ok
[INFO] [stdout] test mirror::tests::periods_and_ranges ... ok
[INFO] [stdout] test time_range::tests::from_single ... ok
[INFO] [stdout] test time_range::tests::from_tuple ... ok
[INFO] [stdout] test time_range::tests::standard_range ... ok
[INFO] [stdout] test remote::http::tests::validation ... ok
[INFO] [stdout] test remote::http::tests::not_found ... ok
[INFO] [stdout] test mirror::tests::latest_capture ... ok
[INFO] [stdout] test remote::http::tests::get ... ok
[INFO] [stdout] test mirror::tests::status ... ok
[INFO] [stdout] test remote::http::tests::ping ... ok
[INFO] [stdout] test remote::http::tests::exists ... ok
[INFO] [stdout] test time_util::tests::now ... ok
[INFO] [stdout] 
[INFO] [stdout] failures:
[INFO] [stdout] 
[INFO] [stdout] ---- remote::ftp::tests::ping stdout ----
[INFO] [stdout] 
[INFO] [stdout] thread 'remote::ftp::tests::ping' (4318) panicked at src/remote/ftp.rs:202:37:
[INFO] [stdout] called `Result::unwrap()` on an `Err` value: FtpConnectErr(ConnectionError(Os { code: 101, kind: NetworkUnreachable, message: "Network is unreachable" }))
[INFO] [stdout] stack backtrace:
[INFO] [stdout]    0:     0x563bd012f681 - <<std[70759c8f55707aa4]::sys::backtrace::BacktraceLock>::print::DisplayBacktrace as core[df12db4294e9bfd3]::fmt::Display>::fmt
[INFO] [stdout]    1:     0x563bd014770a - core[df12db4294e9bfd3]::fmt::write
[INFO] [stdout]    2:     0x563bd013489c - <alloc[2182bb758b4b3781]::vec::Vec<u8> as core[df12db4294e9bfd3]::io::write::Write>::write_fmt
[INFO] [stdout]    3:     0x563bd01086f6 - std[70759c8f55707aa4]::panicking::default_hook::{closure#0}
[INFO] [stdout]    4:     0x563bd0126f49 - std[70759c8f55707aa4]::panicking::default_hook
[INFO] [stdout]    5:     0x563bcfdcb280 - test[9d35eded1c95d3be]::test_main_inner::<test[9d35eded1c95d3be]::test_main_static::{closure#0}>::{closure#0}
[INFO] [stdout]    6:     0x563bd0127272 - std[70759c8f55707aa4]::panicking::panic_with_hook
[INFO] [stdout]    7:     0x563bd01087a2 - std[70759c8f55707aa4]::panicking::panic_handler::{closure#0}
[INFO] [stdout]    8:     0x563bd0101329 - std[70759c8f55707aa4]::sys::backtrace::__rust_end_short_backtrace::<std[70759c8f55707aa4]::panicking::panic_handler::{closure#0}, !>
[INFO] [stdout]    9:     0x563bd010958d - __rustc[8fa7c3cbc660c2b3]::rust_begin_unwind
[INFO] [stdout]   10:     0x563bd0147eec - core[df12db4294e9bfd3]::panicking::panic_fmt
[INFO] [stdout]   11:     0x563bd0147cc2 - core[df12db4294e9bfd3]::result::unwrap_failed
[INFO] [stdout]   12:     0x563bcfda3084 - reflector[674fd78930ed52a4]::remote::ftp::tests::mock
[INFO] [stdout]   13:     0x563bcfda43a2 - reflector[674fd78930ed52a4]::remote::ftp::tests::ping
[INFO] [stdout]   14:     0x563bcfdba529 - <reflector[674fd78930ed52a4]::remote::ftp::tests::ping::{closure#0} as core[df12db4294e9bfd3]::ops::function::FnOnce<()>>::call_once
[INFO] [stdout]   15:     0x563bcfdbe56b - test[9d35eded1c95d3be]::__rust_begin_short_backtrace::<core[df12db4294e9bfd3]::result::Result<(), alloc[2182bb758b4b3781]::string::String>, fn() -> core[df12db4294e9bfd3]::result::Result<(), alloc[2182bb758b4b3781]::string::String>>
[INFO] [stdout]   16:     0x563bcfdcbbd5 - test[9d35eded1c95d3be]::run_test::{closure#0}
[INFO] [stdout]   17:     0x563bcfdc5494 - std[70759c8f55707aa4]::sys::backtrace::__rust_begin_short_backtrace::<test[9d35eded1c95d3be]::run_test::{closure#1}, ()>
[INFO] [stdout]   18:     0x563bcfdced32 - <std[70759c8f55707aa4]::thread::lifecycle::spawn_unchecked<test[9d35eded1c95d3be]::run_test::{closure#1}, ()>::{closure#1} as core[df12db4294e9bfd3]::ops::function::FnOnce<()>>::call_once::{shim:vtable#0}
[INFO] [stdout]   19:     0x563bd012e5b9 - <std[70759c8f55707aa4]::sys::thread::unix::Thread>::new::thread_start
[INFO] [stdout]   20:     0x7ffa22e80dfa - <unknown>
[INFO] [stdout]   21:     0x7ffa22f143d4 - clone
[INFO] [stdout]   22:                0x0 - <unknown>
[INFO] [stdout] 
[INFO] [stdout] ---- remote::ftp::tests::cwd stdout ----
[INFO] [stdout] 
[INFO] [stdout] thread 'remote::ftp::tests::cwd' (4313) panicked at src/remote/ftp.rs:202:37:
[INFO] [stdout] called `Result::unwrap()` on an `Err` value: FtpConnectErr(ConnectionError(Os { code: 101, kind: NetworkUnreachable, message: "Network is unreachable" }))
[INFO] [stdout] stack backtrace:
[INFO] [stdout]    0:     0x563bd012f681 - <<std[70759c8f55707aa4]::sys::backtrace::BacktraceLock>::print::DisplayBacktrace as core[df12db4294e9bfd3]::fmt::Display>::fmt
[INFO] [stdout]    1:     0x563bd014770a - core[df12db4294e9bfd3]::fmt::write
[INFO] [stdout]    2:     0x563bd013489c - <alloc[2182bb758b4b3781]::vec::Vec<u8> as core[df12db4294e9bfd3]::io::write::Write>::write_fmt
[INFO] [stdout]    3:     0x563bd01086f6 - std[70759c8f55707aa4]::panicking::default_hook::{closure#0}
[INFO] [stdout]    4:     0x563bd0126f49 - std[70759c8f55707aa4]::panicking::default_hook
[INFO] [stdout]    5:     0x563bcfdcb280 - test[9d35eded1c95d3be]::test_main_inner::<test[9d35eded1c95d3be]::test_main_static::{closure#0}>::{closure#0}
[INFO] [stdout]    6:     0x563bd0127272 - std[70759c8f55707aa4]::panicking::panic_with_hook
[INFO] [stdout]    7:     0x563bd01087a2 - std[70759c8f55707aa4]::panicking::panic_handler::{closure#0}
[INFO] [stdout]    8:     0x563bd0101329 - std[70759c8f55707aa4]::sys::backtrace::__rust_end_short_backtrace::<std[70759c8f55707aa4]::panicking::panic_handler::{closure#0}, !>
[INFO] [stdout]    9:     0x563bd010958d - __rustc[8fa7c3cbc660c2b3]::rust_begin_unwind
[INFO] [stdout]   10:     0x563bd0147eec - core[df12db4294e9bfd3]::panicking::panic_fmt
[INFO] [stdout]   11:     0x563bd0147cc2 - core[df12db4294e9bfd3]::result::unwrap_failed
[INFO] [stdout]   12:     0x563bcfda3084 - reflector[674fd78930ed52a4]::remote::ftp::tests::mock
[INFO] [stdout]   13:     0x563bcfda3e34 - reflector[674fd78930ed52a4]::remote::ftp::tests::cwd
[INFO] [stdout]   14:     0x563bcfdba4c9 - <reflector[674fd78930ed52a4]::remote::ftp::tests::cwd::{closure#0} as core[df12db4294e9bfd3]::ops::function::FnOnce<()>>::call_once
[INFO] [stdout]   15:     0x563bcfdbe56b - test[9d35eded1c95d3be]::__rust_begin_short_backtrace::<core[df12db4294e9bfd3]::result::Result<(), alloc[2182bb758b4b3781]::string::String>, fn() -> core[df12db4294e9bfd3]::result::Result<(), alloc[2182bb758b4b3781]::string::String>>
[INFO] [stdout]   16:     0x563bcfdcbbd5 - test[9d35eded1c95d3be]::run_test::{closure#0}
[INFO] [stdout]   17:     0x563bcfdc5494 - std[70759c8f55707aa4]::sys::backtrace::__rust_begin_short_backtrace::<test[9d35eded1c95d3be]::run_test::{closure#1}, ()>
[INFO] [stdout]   18:     0x563bcfdced32 - <std[70759c8f55707aa4]::thread::lifecycle::spawn_unchecked<test[9d35eded1c95d3be]::run_test::{closure#1}, ()>::{closure#1} as core[df12db4294e9bfd3]::ops::function::FnOnce<()>>::call_once::{shim:vtable#0}
[INFO] [stdout]   19:     0x563bd012e5b9 - <std[70759c8f55707aa4]::sys::thread::unix::Thread>::new::thread_start
[INFO] [stdout]   20:     0x7ffa22e80dfa - <unknown>
[INFO] [stdout]   21:     0x7ffa22f143d4 - clone
[INFO] [stdout]   22:                0x0 - <unknown>
[INFO] [stdout] 
[INFO] [stdout] ---- remote::ftp::tests::test_connect stdout ----
[INFO] [stdout] 
[INFO] [stdout] thread 'remote::ftp::tests::test_connect' (4320) panicked at src/remote/ftp.rs:202:37:
[INFO] [stdout] called `Result::unwrap()` on an `Err` value: FtpConnectErr(ConnectionError(Os { code: 101, kind: NetworkUnreachable, message: "Network is unreachable" }))
[INFO] [stdout] stack backtrace:
[INFO] [stdout]    0:     0x563bd012f681 - <<std[70759c8f55707aa4]::sys::backtrace::BacktraceLock>::print::DisplayBacktrace as core[df12db4294e9bfd3]::fmt::Display>::fmt
[INFO] [stdout]    1:     0x563bd014770a - core[df12db4294e9bfd3]::fmt::write
[INFO] [stdout]    2:     0x563bd013489c - <alloc[2182bb758b4b3781]::vec::Vec<u8> as core[df12db4294e9bfd3]::io::write::Write>::write_fmt
[INFO] [stdout]    3:     0x563bd01086f6 - std[70759c8f55707aa4]::panicking::default_hook::{closure#0}
[INFO] [stdout]    4:     0x563bd0126f49 - std[70759c8f55707aa4]::panicking::default_hook
[INFO] [stdout]    5:     0x563bcfdcb280 - test[9d35eded1c95d3be]::test_main_inner::<test[9d35eded1c95d3be]::test_main_static::{closure#0}>::{closure#0}
[INFO] [stdout]    6:     0x563bd0127272 - std[70759c8f55707aa4]::panicking::panic_with_hook
[INFO] [stdout]    7:     0x563bd01087a2 - std[70759c8f55707aa4]::panicking::panic_handler::{closure#0}
[INFO] [stdout]    8:     0x563bd0101329 - std[70759c8f55707aa4]::sys::backtrace::__rust_end_short_backtrace::<std[70759c8f55707aa4]::panicking::panic_handler::{closure#0}, !>
[INFO] [stdout]    9:     0x563bd010958d - __rustc[8fa7c3cbc660c2b3]::rust_begin_unwind
[INFO] [stdout]   10:     0x563bd0147eec - core[df12db4294e9bfd3]::panicking::panic_fmt
[INFO] [stdout]   11:     0x563bd0147cc2 - core[df12db4294e9bfd3]::result::unwrap_failed
[INFO] [stdout]   12:     0x563bcfda3084 - reflector[674fd78930ed52a4]::remote::ftp::tests::mock
[INFO] [stdout]   13:     0x563bcfda39ba - reflector[674fd78930ed52a4]::remote::ftp::tests::test_connect
[INFO] [stdout]   14:     0x563bcfdba489 - <reflector[674fd78930ed52a4]::remote::ftp::tests::test_connect::{closure#0} as core[df12db4294e9bfd3]::ops::function::FnOnce<()>>::call_once
[INFO] [stdout]   15:     0x563bcfdbe56b - test[9d35eded1c95d3be]::__rust_begin_short_backtrace::<core[df12db4294e9bfd3]::result::Result<(), alloc[2182bb758b4b3781]::string::String>, fn() -> core[df12db4294e9bfd3]::result::Result<(), alloc[2182bb758b4b3781]::string::String>>
[INFO] [stdout]   16:     0x563bcfdcbbd5 - test[9d35eded1c95d3be]::run_test::{closure#0}
[INFO] [stdout]   17:     0x563bcfdc5494 - std[70759c8f55707aa4]::sys::backtrace::__rust_begin_short_backtrace::<test[9d35eded1c95d3be]::run_test::{closure#1}, ()>
[INFO] [stdout]   18:     0x563bcfdced32 - <std[70759c8f55707aa4]::thread::lifecycle::spawn_unchecked<test[9d35eded1c95d3be]::run_test::{closure#1}, ()>::{closure#1} as core[df12db4294e9bfd3]::ops::function::FnOnce<()>>::call_once::{shim:vtable#0}
[INFO] [stdout]   19:     0x563bd012e5b9 - <std[70759c8f55707aa4]::sys::thread::unix::Thread>::new::thread_start
[INFO] [stdout]   20:     0x7ffa22e80dfa - <unknown>
[INFO] [stdout]   21:     0x7ffa22f143d4 - clone
[INFO] [stdout]   22:                0x0 - <unknown>
[INFO] [stdout] 
[INFO] [stdout] ---- remote::ftp::tests::get stdout ----
[INFO] [stdout] 
[INFO] [stdout] thread 'remote::ftp::tests::get' (4314) panicked at src/remote/ftp.rs:202:37:
[INFO] [stdout] called `Result::unwrap()` on an `Err` value: FtpConnectErr(ConnectionError(Os { code: 101, kind: NetworkUnreachable, message: "Network is unreachable" }))
[INFO] [stdout] stack backtrace:
[INFO] [stdout]    0:     0x563bd012f681 - <<std[70759c8f55707aa4]::sys::backtrace::BacktraceLock>::print::DisplayBacktrace as core[df12db4294e9bfd3]::fmt::Display>::fmt
[INFO] [stdout]    1:     0x563bd014770a - core[df12db4294e9bfd3]::fmt::write
[INFO] [stdout]    2:     0x563bd013489c - <alloc[2182bb758b4b3781]::vec::Vec<u8> as core[df12db4294e9bfd3]::io::write::Write>::write_fmt
[INFO] [stdout]    3:     0x563bd01086f6 - std[70759c8f55707aa4]::panicking::default_hook::{closure#0}
[INFO] [stdout]    4:     0x563bd0126f49 - std[70759c8f55707aa4]::panicking::default_hook
[INFO] [stdout]    5:     0x563bcfdcb280 - test[9d35eded1c95d3be]::test_main_inner::<test[9d35eded1c95d3be]::test_main_static::{closure#0}>::{closure#0}
[INFO] [stdout]    6:     0x563bd0127272 - std[70759c8f55707aa4]::panicking::panic_with_hook
[INFO] [stdout]    7:     0x563bd01087a2 - std[70759c8f55707aa4]::panicking::panic_handler::{closure#0}
[INFO] [stdout]    8:     0x563bd0101329 - std[70759c8f55707aa4]::sys::backtrace::__rust_end_short_backtrace::<std[70759c8f55707aa4]::panicking::panic_handler::{closure#0}, !>
[INFO] [stdout]    9:     0x563bd010958d - __rustc[8fa7c3cbc660c2b3]::rust_begin_unwind
[INFO] [stdout]   10:     0x563bd0147eec - core[df12db4294e9bfd3]::panicking::panic_fmt
[INFO] [stdout]   11:     0x563bd0147cc2 - core[df12db4294e9bfd3]::result::unwrap_failed
[INFO] [stdout]   12:     0x563bcfda3084 - reflector[674fd78930ed52a4]::remote::ftp::tests::mock
[INFO] [stdout]   13:     0x563bcfda3fd5 - reflector[674fd78930ed52a4]::remote::ftp::tests::get
[INFO] [stdout]   14:     0x563bcfdba4e9 - <reflector[674fd78930ed52a4]::remote::ftp::tests::get::{closure#0} as core[df12db4294e9bfd3]::ops::function::FnOnce<()>>::call_once
[INFO] [stdout]   15:     0x563bcfdbe56b - test[9d35eded1c95d3be]::__rust_begin_short_backtrace::<core[df12db4294e9bfd3]::result::Result<(), alloc[2182bb758b4b3781]::string::String>, fn() -> core[df12db4294e9bfd3]::result::Result<(), alloc[2182bb758b4b3781]::string::String>>
[INFO] [stdout]   16:     0x563bcfdcbbd5 - test[9d35eded1c95d3be]::run_test::{closure#0}
[INFO] [stdout]   17:     0x563bcfdc5494 - std[70759c8f55707aa4]::sys::backtrace::__rust_begin_short_backtrace::<test[9d35eded1c95d3be]::run_test::{closure#1}, ()>
[INFO] [stdout]   18:     0x563bcfdced32 - <std[70759c8f55707aa4]::thread::lifecycle::spawn_unchecked<test[9d35eded1c95d3be]::run_test::{closure#1}, ()>::{closure#1} as core[df12db4294e9bfd3]::ops::function::FnOnce<()>>::call_once::{shim:vtable#0}
[INFO] [stdout]   19:     0x563bd012e5b9 - <std[70759c8f55707aa4]::sys::thread::unix::Thread>::new::thread_start
[INFO] [stdout]   20:     0x7ffa22e80dfa - <unknown>
[INFO] [stdout]   21:     0x7ffa22f143d4 - clone
[INFO] [stdout]   22:                0x0 - <unknown>
[INFO] [stdout] 
[INFO] [stdout] ---- remote::ftp::tests::validation stdout ----
[INFO] [stdout] 
[INFO] [stdout] thread 'remote::ftp::tests::validation' (4322) panicked at src/remote/ftp.rs:202:37:
[INFO] [stdout] called `Result::unwrap()` on an `Err` value: FtpConnectErr(ConnectionError(Os { code: 101, kind: NetworkUnreachable, message: "Network is unreachable" }))
[INFO] [stdout] stack backtrace:
[INFO] [stdout]    0:     0x563bd012f681 - <<std[70759c8f55707aa4]::sys::backtrace::BacktraceLock>::print::DisplayBacktrace as core[df12db4294e9bfd3]::fmt::Display>::fmt
[INFO] [stdout]    1:     0x563bd014770a - core[df12db4294e9bfd3]::fmt::write
[INFO] [stdout]    2:     0x563bd013489c - <alloc[2182bb758b4b3781]::vec::Vec<u8> as core[df12db4294e9bfd3]::io::write::Write>::write_fmt
[INFO] [stdout]    3:     0x563bd01086f6 - std[70759c8f55707aa4]::panicking::default_hook::{closure#0}
[INFO] [stdout]    4:     0x563bd0126f49 - std[70759c8f55707aa4]::panicking::default_hook
[INFO] [stdout]    5:     0x563bcfdcb280 - test[9d35eded1c95d3be]::test_main_inner::<test[9d35eded1c95d3be]::test_main_static::{closure#0}>::{closure#0}
[INFO] [stdout]    6:     0x563bd0127272 - std[70759c8f55707aa4]::panicking::panic_with_hook
[INFO] [stdout]    7:     0x563bd01087a2 - std[70759c8f55707aa4]::panicking::panic_handler::{closure#0}
[INFO] [stdout]    8:     0x563bd0101329 - std[70759c8f55707aa4]::sys::backtrace::__rust_end_short_backtrace::<std[70759c8f55707aa4]::panicking::panic_handler::{closure#0}, !>
[INFO] [stdout]    9:     0x563bd010958d - __rustc[8fa7c3cbc660c2b3]::rust_begin_unwind
[INFO] [stdout]   10:     0x563bd0147eec - core[df12db4294e9bfd3]::panicking::panic_fmt
[INFO] [stdout]   11:     0x563bd0147cc2 - core[df12db4294e9bfd3]::result::unwrap_failed
[INFO] [stdout]   12:     0x563bcfda3084 - reflector[674fd78930ed52a4]::remote::ftp::tests::mock
[INFO] [stdout]   13:     0x563bcfda32ab - reflector[674fd78930ed52a4]::remote::ftp::tests::validation
[INFO] [stdout]   14:     0x563bcfdba449 - <reflector[674fd78930ed52a4]::remote::ftp::tests::validation::{closure#0} as core[df12db4294e9bfd3]::ops::function::FnOnce<()>>::call_once
[INFO] [stdout]   15:     0x563bcfdbe56b - test[9d35eded1c95d3be]::__rust_begin_short_backtrace::<core[df12db4294e9bfd3]::result::Result<(), alloc[2182bb758b4b3781]::string::String>, fn() -> core[df12db4294e9bfd3]::result::Result<(), alloc[2182bb758b4b3781]::string::String>>
[INFO] [stdout]   16:     0x563bcfdcbbd5 - test[9d35eded1c95d3be]::run_test::{closure#0}
[INFO] [stdout]   17:     0x563bcfdc5494 - std[70759c8f55707aa4]::sys::backtrace::__rust_begin_short_backtrace::<test[9d35eded1c95d3be]::run_test::{closure#1}, ()>
[INFO] [stdout]   18:     0x563bcfdced32 - <std[70759c8f55707aa4]::thread::lifecycle::spawn_unchecked<test[9d35eded1c95d3be]::run_test::{closure#1}, ()>::{closure#1} as core[df12db4294e9bfd3]::ops::function::FnOnce<()>>::call_once::{shim:vtable#0}
[INFO] [stdout]   19:     0x563bd012e5b9 - <std[70759c8f55707aa4]::sys::thread::unix::Thread>::new::thread_start
[INFO] [stdout]   20:     0x7ffa22e80dfa - <unknown>
[INFO] [stdout]   21:     0x7ffa22f143d4 - clone
[INFO] [stdout]   22:                0x0 - <unknown>
[INFO] [stdout] 
[INFO] [stdout] ---- remote::ftp::tests::list stdout ----
[INFO] [stdout] 
[INFO] [stdout] thread 'remote::ftp::tests::list' (4316) panicked at src/remote/ftp.rs:202:37:
[INFO] [stdout] called `Result::unwrap()` on an `Err` value: FtpConnectErr(ConnectionError(Os { code: 101, kind: NetworkUnreachable, message: "Network is unreachable" }))
[INFO] [stdout] stack backtrace:
[INFO] [stdout]    0:     0x563bd012f681 - <<std[70759c8f55707aa4]::sys::backtrace::BacktraceLock>::print::DisplayBacktrace as core[df12db4294e9bfd3]::fmt::Display>::fmt
[INFO] [stdout]    1:     0x563bd014770a - core[df12db4294e9bfd3]::fmt::write
[INFO] [stdout]    2:     0x563bd013489c - <alloc[2182bb758b4b3781]::vec::Vec<u8> as core[df12db4294e9bfd3]::io::write::Write>::write_fmt
[INFO] [stdout]    3:     0x563bd01086f6 - std[70759c8f55707aa4]::panicking::default_hook::{closure#0}
[INFO] [stdout]    4:     0x563bd0126f49 - std[70759c8f55707aa4]::panicking::default_hook
[INFO] [stdout]    5:     0x563bcfdcb280 - test[9d35eded1c95d3be]::test_main_inner::<test[9d35eded1c95d3be]::test_main_static::{closure#0}>::{closure#0}
[INFO] [stdout]    6:     0x563bd0127272 - std[70759c8f55707aa4]::panicking::panic_with_hook
[INFO] [stdout]    7:     0x563bd01087a2 - std[70759c8f55707aa4]::panicking::panic_handler::{closure#0}
[INFO] [stdout]    8:     0x563bd0101329 - std[70759c8f55707aa4]::sys::backtrace::__rust_end_short_backtrace::<std[70759c8f55707aa4]::panicking::panic_handler::{closure#0}, !>
[INFO] [stdout]    9:     0x563bd010958d - __rustc[8fa7c3cbc660c2b3]::rust_begin_unwind
[INFO] [stdout]   10:     0x563bd0147eec - core[df12db4294e9bfd3]::panicking::panic_fmt
[INFO] [stdout]   11:     0x563bd0147cc2 - core[df12db4294e9bfd3]::result::unwrap_failed
[INFO] [stdout]   12:     0x563bcfda3084 - reflector[674fd78930ed52a4]::remote::ftp::tests::mock
[INFO] [stdout]   13:     0x563bcfda4218 - reflector[674fd78930ed52a4]::remote::ftp::tests::list
[INFO] [stdout]   14:     0x563bcfdba509 - <reflector[674fd78930ed52a4]::remote::ftp::tests::list::{closure#0} as core[df12db4294e9bfd3]::ops::function::FnOnce<()>>::call_once
[INFO] [stdout]   15:     0x563bcfdbe56b - test[9d35eded1c95d3be]::__rust_begin_short_backtrace::<core[df12db4294e9bfd3]::result::Result<(), alloc[2182bb758b4b3781]::string::String>, fn() -> core[df12db4294e9bfd3]::result::Result<(), alloc[2182bb758b4b3781]::string::String>>
[INFO] [stdout]   16:     0x563bcfdcbbd5 - test[9d35eded1c95d3be]::run_test::{closure#0}
[INFO] [stdout]   17:     0x563bcfdc5494 - std[70759c8f55707aa4]::sys::backtrace::__rust_begin_short_backtrace::<test[9d35eded1c95d3be]::run_test::{closure#1}, ()>
[INFO] [stdout]   18:     0x563bcfdced32 - <std[70759c8f55707aa4]::thread::lifecycle::spawn_unchecked<test[9d35eded1c95d3be]::run_test::{closure#1}, ()>::{closure#1} as core[df12db4294e9bfd3]::ops::function::FnOnce<()>>::call_once::{shim:vtable#0}
[INFO] [stdout]   19:     0x563bd012e5b9 - <std[70759c8f55707aa4]::sys::thread::unix::Thread>::new::thread_start
[INFO] [stdout]   20:     0x7ffa22e80dfa - <unknown>
[INFO] [stdout]   21:     0x7ffa22f143d4 - clone
[INFO] [stdout]   22:                0x0 - <unknown>
[INFO] [stdout] 
[INFO] [stdout] ---- remote::ftp::tests::remote_addr stdout ----
[INFO] [stdout] 
[INFO] [stdout] thread 'remote::ftp::tests::remote_addr' (4319) panicked at src/remote/ftp.rs:202:37:
[INFO] [stdout] called `Result::unwrap()` on an `Err` value: FtpConnectErr(ConnectionError(Os { code: 101, kind: NetworkUnreachable, message: "Network is unreachable" }))
[INFO] [stdout] stack backtrace:
[INFO] [stdout]    0:     0x563bd012f681 - <<std[70759c8f55707aa4]::sys::backtrace::BacktraceLock>::print::DisplayBacktrace as core[df12db4294e9bfd3]::fmt::Display>::fmt
[INFO] [stdout]    1:     0x563bd014770a - core[df12db4294e9bfd3]::fmt::write
[INFO] [stdout]    2:     0x563bd013489c - <alloc[2182bb758b4b3781]::vec::Vec<u8> as core[df12db4294e9bfd3]::io::write::Write>::write_fmt
[INFO] [stdout]    3:     0x563bd01086f6 - std[70759c8f55707aa4]::panicking::default_hook::{closure#0}
[INFO] [stdout]    4:     0x563bd0126f49 - std[70759c8f55707aa4]::panicking::default_hook
[INFO] [stdout]    5:     0x563bcfdcb280 - test[9d35eded1c95d3be]::test_main_inner::<test[9d35eded1c95d3be]::test_main_static::{closure#0}>::{closure#0}
[INFO] [stdout]    6:     0x563bd0127272 - std[70759c8f55707aa4]::panicking::panic_with_hook
[INFO] [stdout]    7:     0x563bd01087a2 - std[70759c8f55707aa4]::panicking::panic_handler::{closure#0}
[INFO] [stdout]    8:     0x563bd0101329 - std[70759c8f55707aa4]::sys::backtrace::__rust_end_short_backtrace::<std[70759c8f55707aa4]::panicking::panic_handler::{closure#0}, !>
[INFO] [stdout]    9:     0x563bd010958d - __rustc[8fa7c3cbc660c2b3]::rust_begin_unwind
[INFO] [stdout]   10:     0x563bd0147eec - core[df12db4294e9bfd3]::panicking::panic_fmt
[INFO] [stdout]   11:     0x563bd0147cc2 - core[df12db4294e9bfd3]::result::unwrap_failed
[INFO] [stdout]   12:     0x563bcfda3084 - reflector[674fd78930ed52a4]::remote::ftp::tests::mock
[INFO] [stdout]   13:     0x563bcfda3776 - reflector[674fd78930ed52a4]::remote::ftp::tests::remote_addr
[INFO] [stdout]   14:     0x563bcfdba469 - <reflector[674fd78930ed52a4]::remote::ftp::tests::remote_addr::{closure#0} as core[df12db4294e9bfd3]::ops::function::FnOnce<()>>::call_once
[INFO] [stdout]   15:     0x563bcfdbe56b - test[9d35eded1c95d3be]::__rust_begin_short_backtrace::<core[df12db4294e9bfd3]::result::Result<(), alloc[2182bb758b4b3781]::string::String>, fn() -> core[df12db4294e9bfd3]::result::Result<(), alloc[2182bb758b4b3781]::string::String>>
[INFO] [stdout]   16:     0x563bcfdcbbd5 - test[9d35eded1c95d3be]::run_test::{closure#0}
[INFO] [stdout]   17:     0x563bcfdc5494 - std[70759c8f55707aa4]::sys::backtrace::__rust_begin_short_backtrace::<test[9d35eded1c95d3be]::run_test::{closure#1}, ()>
[INFO] [stdout]   18:     0x563bcfdced32 - <std[70759c8f55707aa4]::thread::lifecycle::spawn_unchecked<test[9d35eded1c95d3be]::run_test::{closure#1}, ()>::{closure#1} as core[df12db4294e9bfd3]::ops::function::FnOnce<()>>::call_once::{shim:vtable#0}
[INFO] [stdout]   19:     0x563bd012e5b9 - <std[70759c8f55707aa4]::sys::thread::unix::Thread>::new::thread_start
[INFO] [stdout]   20:     0x7ffa22e80dfa - <unknown>
[INFO] [stdout]   21:     0x7ffa22f143d4 - clone
[INFO] [stdout]   22:                0x0 - <unknown>
[INFO] [stdout] 
[INFO] [stdout] ---- remote::ftp::tests::not_found stdout ----
[INFO] [stdout] 
[INFO] [stdout] thread 'remote::ftp::tests::not_found' (4317) panicked at src/remote/ftp.rs:202:37:
[INFO] [stdout] called `Result::unwrap()` on an `Err` value: FtpConnectErr(ConnectionError(Os { code: 101, kind: NetworkUnreachable, message: "Network is unreachable" }))
[INFO] [stdout] stack backtrace:
[INFO] [stdout]    0:     0x563bd012f681 - <<std[70759c8f55707aa4]::sys::backtrace::BacktraceLock>::print::DisplayBacktrace as core[df12db4294e9bfd3]::fmt::Display>::fmt
[INFO] [stdout]    1:     0x563bd014770a - core[df12db4294e9bfd3]::fmt::write
[INFO] [stdout]    2:     0x563bd013489c - <alloc[2182bb758b4b3781]::vec::Vec<u8> as core[df12db4294e9bfd3]::io::write::Write>::write_fmt
[INFO] [stdout]    3:     0x563bd01086f6 - std[70759c8f55707aa4]::panicking::default_hook::{closure#0}
[INFO] [stdout]    4:     0x563bd0126f49 - std[70759c8f55707aa4]::panicking::default_hook
[INFO] [stdout]    5:     0x563bcfdcb280 - test[9d35eded1c95d3be]::test_main_inner::<test[9d35eded1c95d3be]::test_main_static::{closure#0}>::{closure#0}
[INFO] [stdout]    6:     0x563bd0127272 - std[70759c8f55707aa4]::panicking::panic_with_hook
[INFO] [stdout]    7:     0x563bd01087a2 - std[70759c8f55707aa4]::panicking::panic_handler::{closure#0}
[INFO] [stdout]    8:     0x563bd0101329 - std[70759c8f55707aa4]::sys::backtrace::__rust_end_short_backtrace::<std[70759c8f55707aa4]::panicking::panic_handler::{closure#0}, !>
[INFO] [stdout]    9:     0x563bd010958d - __rustc[8fa7c3cbc660c2b3]::rust_begin_unwind
[INFO] [stdout]   10:     0x563bd0147eec - core[df12db4294e9bfd3]::panicking::panic_fmt
[INFO] [stdout]   11:     0x563bd0147cc2 - core[df12db4294e9bfd3]::result::unwrap_failed
[INFO] [stdout]   12:     0x563bcfda3084 - reflector[674fd78930ed52a4]::remote::ftp::tests::mock
[INFO] [stdout]   13:     0x563bcfda4465 - reflector[674fd78930ed52a4]::remote::ftp::tests::not_found
[INFO] [stdout]   14:     0x563bcfdba549 - <reflector[674fd78930ed52a4]::remote::ftp::tests::not_found::{closure#0} as core[df12db4294e9bfd3]::ops::function::FnOnce<()>>::call_once
[INFO] [stdout]   15:     0x563bcfdbe56b - test[9d35eded1c95d3be]::__rust_begin_short_backtrace::<core[df12db4294e9bfd3]::result::Result<(), alloc[2182bb758b4b3781]::string::String>, fn() -> core[df12db4294e9bfd3]::result::Result<(), alloc[2182bb758b4b3781]::string::String>>
[INFO] [stdout]   16:     0x563bcfdcbbd5 - test[9d35eded1c95d3be]::run_test::{closure#0}
[INFO] [stdout]   17:     0x563bcfdc5494 - std[70759c8f55707aa4]::sys::backtrace::__rust_begin_short_backtrace::<test[9d35eded1c95d3be]::run_test::{closure#1}, ()>
[INFO] [stdout]   18:     0x563bcfdced32 - <std[70759c8f55707aa4]::thread::lifecycle::spawn_unchecked<test[9d35eded1c95d3be]::run_test::{closure#1}, ()>::{closure#1} as core[df12db4294e9bfd3]::ops::function::FnOnce<()>>::call_once::{shim:vtable#0}
[INFO] [stdout]   19:     0x563bd012e5b9 - <std[70759c8f55707aa4]::sys::thread::unix::Thread>::new::thread_start
[INFO] [stdout]   20:     0x7ffa22e80dfa - <unknown>
[INFO] [stdout]   21:     0x7ffa22f143d4 - clone
[INFO] [stdout]   22:                0x0 - <unknown>
[INFO] [stdout] 
[INFO] [stdout] 
[INFO] [stdout] failures:
[INFO] [stdout]     remote::ftp::tests::cwd
[INFO] [stdout]     remote::ftp::tests::get
[INFO] [stdout]     remote::ftp::tests::list
[INFO] [stdout]     remote::ftp::tests::not_found
[INFO] [stdout]     remote::ftp::tests::ping
[INFO] [stdout]     remote::ftp::tests::remote_addr
[INFO] [stdout]     remote::ftp::tests::test_connect
[INFO] [stdout]     remote::ftp::tests::validation
[INFO] [stdout] 
[INFO] [stdout] test result: FAILED. 44 passed; 8 failed; 3 ignored; 0 measured; 0 filtered out; finished in 0.06s
[INFO] [stdout] 
[INFO] [stderr] error: test failed, to rerun pass `--lib`
[INFO] running `Command { std: "docker" "inspect" "a45719b338e1faadc237a1bff64ceb533cd3031cd6a96b34bff251d352a1162e", kill_on_drop: false }`
[INFO] running `Command { std: "docker" "rm" "-f" "a45719b338e1faadc237a1bff64ceb533cd3031cd6a96b34bff251d352a1162e", kill_on_drop: false }`
[INFO] [stdout] a45719b338e1faadc237a1bff64ceb533cd3031cd6a96b34bff251d352a1162e
