[INFO] cloning repository https://github.com/DiscoBiscuit99/DiscoGB
[INFO] running `Command { std: "git" "-c" "credential.helper=" "-c" "credential.helper=/workspace/cargo-home/bin/git-credential-null" "clone" "--bare" "https://github.com/DiscoBiscuit99/DiscoGB" "/workspace/cache/git-repos/https%3A%2F%2Fgithub.com%2FDiscoBiscuit99%2FDiscoGB", kill_on_drop: false }`
[INFO] [stderr] Cloning into bare repository '/workspace/cache/git-repos/https%3A%2F%2Fgithub.com%2FDiscoBiscuit99%2FDiscoGB'...
[INFO] running `Command { std: "git" "rev-parse" "HEAD", kill_on_drop: false }`
[INFO] [stdout] 3474cec94c5c0e32924bfdf9ad71346ca30d79df
[INFO] testing DiscoBiscuit99/DiscoGB against 1.99.0-beta.8+cargoflags=--release for beta-release-1.100-2
[INFO] running `Command { std: "git" "clone" "/workspace/cache/git-repos/https%3A%2F%2Fgithub.com%2FDiscoBiscuit99%2FDiscoGB" "/workspace/builds/worker-6-tc1/source", kill_on_drop: false }`
[INFO] [stderr] Cloning into '/workspace/builds/worker-6-tc1/source'...
[INFO] [stderr] done.
[INFO] started tweaking git repo https://github.com/DiscoBiscuit99/DiscoGB
[INFO] finished tweaking git repo https://github.com/DiscoBiscuit99/DiscoGB
[INFO] tweaked toml for git repo https://github.com/DiscoBiscuit99/DiscoGB written to /workspace/builds/worker-6-tc1/source/Cargo.toml
[INFO] validating manifest of git repo https://github.com/DiscoBiscuit99/DiscoGB on toolchain 1.99.0-beta.8
[INFO] running `Command { std: CARGO_HOME="/workspace/cargo-home" RUSTUP_HOME="/workspace/rustup-home" "/workspace/cargo-home/bin/cargo" "+1.99.0-beta.8" "metadata" "--manifest-path" "Cargo.toml" "--no-deps", kill_on_drop: false }`
[INFO] crate git repo https://github.com/DiscoBiscuit99/DiscoGB already has a lockfile, it will not be regenerated
[INFO] running `Command { std: CARGO_HOME="/workspace/cargo-home" RUSTUP_HOME="/workspace/rustup-home" "/workspace/cargo-home/bin/cargo" "+1.99.0-beta.8" "fetch" "--manifest-path" "Cargo.toml", kill_on_drop: false }`
[INFO] [stderr]     Updating crates.io index
[INFO] [stderr]  Downloading crates ...
[INFO] [stderr]   Downloaded egui_grid v0.2.0
[INFO] [stderr]   Downloaded quote v1.0.28
[INFO] [stderr]   Downloaded egui_extras v0.22.0
[INFO] [stderr]   Downloaded unicode-ident v1.0.9
[INFO] [stderr]   Downloaded glutin-winit v0.3.0
[INFO] [stderr]   Downloaded ecolor v0.22.0
[INFO] [stderr]   Downloaded wayland-sys v0.30.1
[INFO] [stderr]   Downloaded toml_datetime v0.6.2
[INFO] [stderr]   Downloaded wasm-bindgen-futures v0.4.36
[INFO] [stderr]   Downloaded glutin_egl_sys v0.5.0
[INFO] [stderr]   Downloaded egui-winit v0.22.0
[INFO] [stderr]   Downloaded xcursor v0.3.4
[INFO] [stderr]   Downloaded glutin_glx_sys v0.4.0
[INFO] [stderr]   Downloaded glutin_wgl_sys v0.4.0
[INFO] [stderr]   Downloaded emath v0.22.0
[INFO] [stderr]   Downloaded atomic_refcell v0.1.10
[INFO] [stderr]   Downloaded accesskit v0.11.0
[INFO] [stderr]   Downloaded accesskit_winit v0.14.0
[INFO] [stderr]   Downloaded zvariant_derive v3.14.0
[INFO] [stderr]   Downloaded egui_glow v0.22.0
[INFO] [stderr]   Downloaded syn v2.0.18
[INFO] [stderr]   Downloaded log v0.4.18
[INFO] [stderr]   Downloaded smithay-clipboard v0.6.6
[INFO] [stderr]   Downloaded accesskit_windows v0.14.0
[INFO] [stderr]   Downloaded accesskit_unix v0.5.0
[INFO] [stderr]   Downloaded proc-macro2 v1.0.59
[INFO] [stderr]   Downloaded once_cell v1.17.2
[INFO] [stderr]   Downloaded webbrowser v0.8.10
[INFO] [stderr]   Downloaded arboard v3.2.0
[INFO] [stderr]   Downloaded accesskit_consumer v0.15.0
[INFO] [stderr]   Downloaded enumflags2_derive v0.7.7
[INFO] [stderr]   Downloaded zbus_names v2.5.1
[INFO] [stderr]   Downloaded enumflags2 v0.7.7
[INFO] [stderr]   Downloaded serde_repr v0.1.12
[INFO] [stderr]   Downloaded xml-rs v0.8.13
[INFO] [stderr]   Downloaded calloop v0.10.5
[INFO] [stderr]   Downloaded tempfile v3.5.0
[INFO] [stderr]   Downloaded eframe v0.22.0
[INFO] [stderr]   Downloaded uds_windows v1.0.2
[INFO] [stderr]   Downloaded glutin v0.30.8
[INFO] [stderr]   Downloaded zbus_macros v3.13.1
[INFO] [stderr]   Downloaded async-recursion v1.0.4
[INFO] [stderr]   Downloaded zvariant v3.14.0
[INFO] [stderr]   Downloaded blocking v1.3.1
[INFO] [stderr]   Downloaded atomic-waker v1.1.1
[INFO] [stderr]   Downloaded smithay-client-toolkit v0.16.0
[INFO] [stderr]   Downloaded winnow v0.4.1
[INFO] [stderr]   Downloaded glow v0.12.2
[INFO] [stderr]   Downloaded async-process v1.7.0
[INFO] [stderr]   Downloaded signal-hook v0.3.15
[INFO] [stderr]   Downloaded zbus v3.13.1
[INFO] [stderr]   Downloaded egui v0.22.0
[INFO] [stderr]   Downloaded regex v1.8.3
[INFO] [stderr]   Downloaded winit v0.28.6
[INFO] [stderr]   Downloaded regex-syntax v0.7.2
[INFO] [stderr]   Downloaded rustix v0.37.19
[INFO] [stderr]   Downloaded epaint v0.22.0
[INFO] [stderr]   Downloaded atspi-macros v0.2.0
[INFO] [stderr]   Downloaded atspi v0.10.1
[INFO] [stderr]   Downloaded cocoa v0.24.1
[INFO] [stderr]   Downloaded rayon-core v1.11.0
[INFO] [stderr]   Downloaded accesskit_macos v0.7.0
[INFO] [stderr]   Downloaded criterion v0.4.0
[INFO] [stderr]   Downloaded rayon v1.7.0
[INFO] [stderr]   Downloaded cocoa-foundation v0.1.1
[INFO] [stderr]   Downloaded plotters-svg v0.3.3
[INFO] [stderr]   Downloaded plotters-backend v0.3.4
[INFO] [stderr]   Downloaded os_str_bytes v6.5.0
[INFO] [stderr]   Downloaded plotters v0.3.4
[INFO] [stderr]   Downloaded clap v3.2.25
[INFO] [stderr]   Downloaded crossbeam-epoch v0.9.14
[INFO] running `Command { std: "docker" "create" "-v" "/var/lib/crater-agent-workspace/builds/worker-6-tc1/source:/opt/rustwide/workdir:ro,Z" "-v" "/var/lib/crater-agent-workspace/builds/worker-6-tc1/target:/opt/rustwide/target:rw,Z" "-v" "/var/lib/crater-agent-workspace/cargo-home:/opt/rustwide/cargo-home:ro,Z" "-v" "/var/lib/crater-agent-workspace/rustup-home:/opt/rustwide/rustup-home:ro,Z" "-m" "1610612736" "--network" "none" "ghcr.io/rust-lang/crates-build-env/linux@sha256:77db811e55d90add9212f6832c23229e3de5f1c1f9905e8cb07319ea15df73ac" "sleep" "infinity", kill_on_drop: false }`
[INFO] [stdout] 14b2109ee1f73d9aff24359b65cad8e3172967c6f07965ae611ab9db1ff5d4c8
[INFO] running `Command { std: "docker" "start" "14b2109ee1f73d9aff24359b65cad8e3172967c6f07965ae611ab9db1ff5d4c8", kill_on_drop: false }`
[INFO] running `Command { std: "docker" "inspect" "14b2109ee1f73d9aff24359b65cad8e3172967c6f07965ae611ab9db1ff5d4c8", kill_on_drop: false }`
[INFO] running `Command { std: "docker" "exec" "-e" "SOURCE_DIR=/opt/rustwide/workdir" "-e" "CARGO_HOME=/opt/rustwide/cargo-home" "-e" "RUSTUP_HOME=/opt/rustwide/rustup-home" "-e" "CARGO_TARGET_DIR=/opt/rustwide/target" "-w" "/opt/rustwide/workdir" "--user" "0:0" "14b2109ee1f73d9aff24359b65cad8e3172967c6f07965ae611ab9db1ff5d4c8" "/opt/rustwide/cargo-home/bin/cargo" "+1.99.0-beta.8" "metadata" "--no-deps" "--format-version=1", kill_on_drop: false }`
[INFO] running `Command { std: "docker" "inspect" "14b2109ee1f73d9aff24359b65cad8e3172967c6f07965ae611ab9db1ff5d4c8", kill_on_drop: false }`
[INFO] running `Command { std: "docker" "exec" "-e" "SOURCE_DIR=/opt/rustwide/workdir" "-e" "CARGO_HOME=/opt/rustwide/cargo-home" "-e" "RUSTUP_HOME=/opt/rustwide/rustup-home" "-e" "CARGO_TARGET_DIR=/opt/rustwide/target" "-e" "CARGO_INCREMENTAL=0" "-e" "RUST_BACKTRACE=full" "-e" "RUSTFLAGS=--cap-lints=warn" "-e" "RUSTDOCFLAGS=--cap-lints=warn" "-w" "/opt/rustwide/workdir" "--user" "0:0" "14b2109ee1f73d9aff24359b65cad8e3172967c6f07965ae611ab9db1ff5d4c8" "/opt/rustwide/cargo-home/bin/cargo" "+1.99.0-beta.8" "build" "--frozen" "--message-format=json" "--release", kill_on_drop: false }`
[INFO] [stderr]    Compiling proc-macro2 v1.0.59
[INFO] [stderr]    Compiling unicode-ident v1.0.9
[INFO] [stderr]    Compiling quote v1.0.28
[INFO] [stderr]    Compiling libc v0.2.144
[INFO] [stderr]    Compiling log v0.4.18
[INFO] [stderr]    Compiling once_cell v1.17.2
[INFO] [stderr]    Compiling xml-rs v0.8.13
[INFO] [stderr]    Compiling pkg-config v0.3.27
[INFO] [stderr]    Compiling memoffset v0.6.5
[INFO] [stderr]    Compiling futures-core v0.3.28
[INFO] [stderr]    Compiling libloading v0.7.4
[INFO] [stderr]    Compiling syn v1.0.109
[INFO] [stderr]    Compiling indexmap v1.9.3
[INFO] [stderr]    Compiling crossbeam-utils v0.8.15
[INFO] [stderr]    Compiling hashbrown v0.12.3
[INFO] [stderr]    Compiling event-listener v2.5.3
[INFO] [stderr]    Compiling ttf-parser v0.19.0
[INFO] [stderr]    Compiling serde v1.0.163
[INFO] [stderr]    Compiling dlib v0.5.0
[INFO] [stderr]    Compiling generic-array v0.14.7
[INFO] [stderr]    Compiling winnow v0.4.1
[INFO] [stderr]    Compiling simd-adler32 v0.3.5
[INFO] [stderr]    Compiling cfg_aliases v0.1.1
[INFO] [stderr]    Compiling ab_glyph_rasterizer v0.1.8
[INFO] [stderr]    Compiling thiserror v1.0.40
[INFO] [stderr]    Compiling futures-io v0.3.28
[INFO] [stderr]    Compiling toml_datetime v0.6.2
[INFO] [stderr]    Compiling slotmap v1.0.6
[INFO] [stderr]    Compiling slab v0.4.8
[INFO] [stderr]    Compiling parking_lot_core v0.9.7
[INFO] [stderr]    Compiling waker-fn v1.1.0
[INFO] [stderr]    Compiling concurrent-queue v2.2.0
[INFO] [stderr]    Compiling parking v2.1.0
[INFO] [stderr]    Compiling fastrand v1.9.0
[INFO] [stderr]    Compiling downcast-rs v1.2.0
[INFO] [stderr]    Compiling miniz_oxide v0.7.1
[INFO] [stderr]    Compiling nom v7.1.3
[INFO] [stderr]    Compiling async-lock v2.7.0
[INFO] [stderr]    Compiling memoffset v0.7.1
[INFO] [stderr]    Compiling io-lifetimes v1.0.11
[INFO] [stderr]    Compiling wayland-sys v0.29.5
[INFO] [stderr]    Compiling x11-dl v2.21.0
[INFO] [stderr]    Compiling smithay-client-toolkit v0.16.0
[INFO] [stderr]    Compiling fdeflate v0.3.0
[INFO] [stderr]    Compiling ahash v0.8.3
[INFO] [stderr]    Compiling syn v2.0.18
[INFO] [stderr]    Compiling futures-lite v1.13.0
[INFO] [stderr]    Compiling polling v2.8.0
[INFO] [stderr]    Compiling wayland-scanner v0.29.5
[INFO] [stderr]    Compiling gl_generator v0.14.0
[INFO] [stderr]    Compiling accesskit v0.11.0
[INFO] [stderr]    Compiling nix v0.24.3
[INFO] [stderr]    Compiling nix v0.25.1
[INFO] [stderr]    Compiling flate2 v1.0.26
[INFO] [stderr]    Compiling getrandom v0.2.9
[INFO] [stderr]    Compiling vec_map v0.8.2
[INFO] [stderr]    Compiling owned_ttf_parser v0.19.0
[INFO] [stderr]    Compiling byteorder v1.4.3
[INFO] [stderr]    Compiling futures-task v0.3.28
[INFO] [stderr]    Compiling ab_glyph v0.2.21
[INFO] [stderr]    Compiling rustix v0.37.19
[INFO] [stderr]    Compiling async-task v4.4.0
[INFO] [stderr]    Compiling toml_edit v0.19.8
[INFO] [stderr]    Compiling png v0.17.8
[INFO] [stderr]    Compiling rand_core v0.6.4
[INFO] [stderr]    Compiling parking_lot v0.12.1
[INFO] [stderr]    Compiling block-buffer v0.10.4
[INFO] [stderr]    Compiling crypto-common v0.1.6
[INFO] [stderr]    Compiling memmap2 v0.5.10
[INFO] [stderr]    Compiling aho-corasick v1.0.1
[INFO] [stderr]    Compiling async-channel v1.8.0
[INFO] [stderr]    Compiling async-fs v1.6.0
[INFO] [stderr]    Compiling async-io v1.13.0
[INFO] [stderr]    Compiling futures-util v0.3.28
[INFO] [stderr]    Compiling async-trait v0.1.68
[INFO] [stderr]    Compiling arrayref v0.3.7
[INFO] [stderr]    Compiling atomic-waker v1.1.1
[INFO] [stderr]    Compiling linux-raw-sys v0.3.8
[INFO] [stderr]    Compiling regex-syntax v0.7.2
[INFO] [stderr]    Compiling wayland-client v0.29.5
[INFO] [stderr]    Compiling wayland-protocols v0.29.5
[INFO] [stderr]    Compiling blocking v1.3.1
[INFO] [stderr]    Compiling rand_chacha v0.3.1
[INFO] [stderr]    Compiling proc-macro-crate v1.3.1
[INFO] [stderr]    Compiling nix v0.26.2
[INFO] [stderr]    Compiling xcursor v0.3.4
[INFO] [stderr]    Compiling digest v0.10.7
[INFO] [stderr]    Compiling socket2 v0.4.9
[INFO] [stderr]    Compiling tracing-core v0.1.31
[INFO] [stderr]    Compiling arrayvec v0.7.2
[INFO] [stderr]    Compiling futures-sink v0.3.28
[INFO] [stderr]    Compiling cpufeatures v0.2.7
[INFO] [stderr]    Compiling nohash-hasher v0.2.0
[INFO] [stderr]    Compiling tinyvec v1.6.0
[INFO] [stderr]    Compiling sha1 v0.10.5
[INFO] [stderr]    Compiling rand v0.8.5
[INFO] [stderr]    Compiling winit v0.28.6
[INFO] [stderr]    Compiling xdg-home v1.0.0
[INFO] [stderr]    Compiling async-executor v1.5.1
[INFO] [stderr]    Compiling regex v1.8.3
[INFO] [stderr]    Compiling async-broadcast v0.5.1
[INFO] [stderr]    Compiling ordered-stream v0.2.0
[INFO] [stderr]    Compiling num-traits v0.2.15
[INFO] [stderr]    Compiling raw-window-handle v0.5.2
[INFO] [stderr]    Compiling unicode-normalization v0.1.22
[INFO] [stderr]    Compiling glutin_egl_sys v0.5.0
[INFO] [stderr]    Compiling glutin_glx_sys v0.4.0
[INFO] [stderr]    Compiling mio v0.8.8
[INFO] [stderr]    Compiling wayland-sys v0.30.1
[INFO] [stderr]    Compiling instant v0.1.12
[INFO] [stderr]    Compiling num-integer v0.1.45
[INFO] [stderr]    Compiling unicode-bidi v0.3.13
[INFO] [stderr]    Compiling accesskit_consumer v0.15.0
[INFO] [stderr]    Compiling gethostname v0.2.3
[INFO] [stderr]    Compiling glutin v0.30.8
[INFO] [stderr]    Compiling num-rational v0.4.1
[INFO] [stderr]    Compiling glutin-winit v0.3.0
[INFO] [stderr]    Compiling home v0.5.5
[INFO] [stderr]    Compiling glow v0.12.2
[INFO] [stderr]    Compiling idna v0.3.0
[INFO] [stderr]    Compiling wayland-commons v0.29.5
[INFO] [stderr]    Compiling zvariant_utils v1.0.1
[INFO] [stderr]    Compiling x11rb-protocol v0.10.0
[INFO] [stderr]    Compiling bytemuck_derive v1.4.1
[INFO] [stderr]    Compiling serde_derive v1.0.163
[INFO] [stderr]    Compiling thiserror-impl v1.0.40
[INFO] [stderr]    Compiling enumflags2_derive v0.7.7
[INFO] [stderr]    Compiling bytemuck v1.13.1
[INFO] [stderr]    Compiling tracing-attributes v0.1.24
[INFO] [stderr]    Compiling ecolor v0.22.0
[INFO] [stderr]    Compiling tiny-skia-path v0.8.4
[INFO] [stderr]    Compiling emath v0.22.0
[INFO] [stderr]    Compiling serde_repr v0.1.12
[INFO] [stderr]    Compiling tiny-skia v0.8.4
[INFO] [stderr]    Compiling epaint v0.22.0
[INFO] [stderr]    Compiling async-recursion v1.0.4
[INFO] [stderr]    Compiling calloop v0.10.5
[INFO] [stderr]    Compiling zvariant_derive v3.14.0
[INFO] [stderr]    Compiling derivative v2.2.0
[INFO] [stderr]    Compiling zbus_macros v3.13.1
[INFO] [stderr]    Compiling atspi-macros v0.2.0
[INFO] [stderr]    Compiling url v2.3.1
[INFO] [stderr]    Compiling tracing v0.1.37
[INFO] [stderr]    Compiling wayland-cursor v0.29.5
[INFO] [stderr]    Compiling webbrowser v0.8.10
[INFO] [stderr]    Compiling image v0.24.6
[INFO] [stderr]    Compiling egui v0.22.0
[INFO] [stderr]    Compiling x11rb v0.10.1
[INFO] [stderr]    Compiling enumflags2 v0.7.7
[INFO] [stderr]    Compiling arboard v3.2.0
[INFO] [stderr]    Compiling zvariant v3.14.0
[INFO] [stderr]    Compiling egui_extras v0.22.0
[INFO] [stderr]    Compiling egui_glow v0.22.0
[INFO] [stderr]    Compiling egui_grid v0.2.0
[INFO] [stderr]    Compiling zbus_names v2.5.1
[INFO] [stderr]    Compiling zbus v3.13.1
[INFO] [stderr]    Compiling sctk-adwaita v0.5.4
[INFO] [stderr]    Compiling smithay-clipboard v0.6.6
[INFO] [stderr]    Compiling atspi v0.10.1
[INFO] [stderr]    Compiling accesskit_unix v0.5.0
[INFO] [stderr]    Compiling accesskit_winit v0.14.0
[INFO] [stderr]    Compiling egui-winit v0.22.0
[INFO] [stderr]    Compiling eframe v0.22.0
[INFO] [stderr]    Compiling discogb v0.1.0 (/opt/rustwide/workdir)
[INFO] [stdout] warning: unused import: `x8::*`
[INFO] [stdout]  --> src/gameboy/cpu/instructions/lsm/mod.rs:2:9
[INFO] [stdout]   |
[INFO] [stdout] 2 | pub use x8::*;
[INFO] [stdout]   |         ^^^^^
[INFO] [stdout]   |
[INFO] [stdout]   = note: `#[warn(unused_imports)]` (part of `#[warn(unused)]`) on by default
[INFO] [stdout] 
[INFO] [stdout] 
[INFO] [stdout] warning: unused import: `x16::*`
[INFO] [stdout]  --> src/gameboy/cpu/instructions/lsm/mod.rs:5:9
[INFO] [stdout]   |
[INFO] [stdout] 5 | pub use x16::*;
[INFO] [stdout]   |         ^^^^^^
[INFO] [stdout] 
[INFO] [stdout] 
[INFO] [stdout] warning: unused import: `br::*`
[INFO] [stdout]  --> src/gameboy/cpu/instructions/control/mod.rs:2:9
[INFO] [stdout]   |
[INFO] [stdout] 2 | pub use br::*;
[INFO] [stdout]   |         ^^^^^
[INFO] [stdout] 
[INFO] [stdout] 
[INFO] [stdout] warning: unused import: `misc::*`
[INFO] [stdout]  --> src/gameboy/cpu/instructions/control/mod.rs:5:9
[INFO] [stdout]   |
[INFO] [stdout] 5 | pub use misc::*;
[INFO] [stdout]   |         ^^^^^^^
[INFO] [stdout] 
[INFO] [stdout] 
[INFO] [stdout] warning: unused import: `x8::*`
[INFO] [stdout]  --> src/gameboy/cpu/instructions/alu/mod.rs:2:9
[INFO] [stdout]   |
[INFO] [stdout] 2 | pub use x8::*;
[INFO] [stdout]   |         ^^^^^
[INFO] [stdout] 
[INFO] [stdout] 
[INFO] [stdout] warning: unused import: `x16::*`
[INFO] [stdout]  --> src/gameboy/cpu/instructions/alu/mod.rs:5:9
[INFO] [stdout]   |
[INFO] [stdout] 5 | pub use x16::*;
[INFO] [stdout]   |         ^^^^^^
[INFO] [stdout] 
[INFO] [stdout] 
[INFO] [stdout] warning: unused import: `x8::*`
[INFO] [stdout]  --> src/gameboy/cpu/instructions/rsb/mod.rs:2:9
[INFO] [stdout]   |
[INFO] [stdout] 2 | pub use x8::*;
[INFO] [stdout]   |         ^^^^^
[INFO] [stdout] 
[INFO] [stdout] 
[INFO] [stdout] warning: field `cycles` is never read
[INFO] [stdout]   --> src/gameboy/cpu/mod.rs:27:5
[INFO] [stdout]    |
[INFO] [stdout] 13 | pub struct Cpu {
[INFO] [stdout]    |            --- field in this struct
[INFO] [stdout] ...
[INFO] [stdout] 27 |     cycles: u32,
[INFO] [stdout]    |     ^^^^^^
[INFO] [stdout]    |
[INFO] [stdout]    = note: `Cpu` has derived impls for the traits `Clone` and `Debug`, but these are intentionally ignored during dead code analysis
[INFO] [stdout]    = note: `#[warn(dead_code)]` (part of `#[warn(unused)]`) on by default
[INFO] [stdout] 
[INFO] [stdout] 
[INFO] [stdout] warning: function `rotate_right` is never used
[INFO] [stdout]   --> src/gameboy/cpu/instructions/util.rs:64:8
[INFO] [stdout]    |
[INFO] [stdout] 64 | pub fn rotate_right(reg: u8, mut flags: u8) -> (u8, u8) {
[INFO] [stdout]    |        ^^^^^^^^^^^^
[INFO] [stdout] 
[INFO] [stdout] 
[INFO] [stdout] warning: function `rotate_right_through_carry` is never used
[INFO] [stdout]    --> src/gameboy/cpu/instructions/util.rs:121:8
[INFO] [stdout]     |
[INFO] [stdout] 121 | pub fn rotate_right_through_carry(reg: u8, mut flags: u8) -> (u8, u8) {
[INFO] [stdout]     |        ^^^^^^^^^^^^^^^^^^^^^^^^^^
[INFO] [stdout] 
[INFO] [stdout] 
[INFO] [stdout] warning: function `decrement16` is never used
[INFO] [stdout]    --> src/gameboy/cpu/instructions/util.rs:235:8
[INFO] [stdout]     |
[INFO] [stdout] 235 | pub fn decrement16(reg: u16) -> u16 {
[INFO] [stdout]     |        ^^^^^^^^^^^
[INFO] [stdout] 
[INFO] [stdout] 
[INFO] [stdout] warning: function `separator_ui` is never used
[INFO] [stdout]    --> src/gui/mod.rs:111:4
[INFO] [stdout]     |
[INFO] [stdout] 111 | fn separator_ui(ui: &mut egui::Ui) {
[INFO] [stdout]     |    ^^^^^^^^^^^^
[INFO] [stdout] 
[INFO] [stdout] 
[INFO] [stderr]     Finished `release` profile [optimized] target(s) in 3m 29s
[INFO] running `Command { std: "docker" "inspect" "14b2109ee1f73d9aff24359b65cad8e3172967c6f07965ae611ab9db1ff5d4c8", kill_on_drop: false }`
[INFO] running `Command { std: "docker" "exec" "-e" "SOURCE_DIR=/opt/rustwide/workdir" "-e" "CARGO_HOME=/opt/rustwide/cargo-home" "-e" "RUSTUP_HOME=/opt/rustwide/rustup-home" "-e" "CARGO_TARGET_DIR=/opt/rustwide/target" "-e" "CARGO_INCREMENTAL=0" "-e" "RUST_BACKTRACE=full" "-e" "RUSTFLAGS=--cap-lints=warn" "-e" "RUSTDOCFLAGS=--cap-lints=warn" "-w" "/opt/rustwide/workdir" "--user" "0:0" "14b2109ee1f73d9aff24359b65cad8e3172967c6f07965ae611ab9db1ff5d4c8" "/opt/rustwide/cargo-home/bin/cargo" "+1.99.0-beta.8" "test" "--frozen" "--no-run" "--message-format=json" "--release", kill_on_drop: false }`
[INFO] [stderr]    Compiling crossbeam-utils v0.8.15
[INFO] [stderr]    Compiling serde v1.0.163
[INFO] [stderr]    Compiling memoffset v0.8.0
[INFO] [stderr]    Compiling crossbeam-epoch v0.9.14
[INFO] [stderr]    Compiling rayon-core v1.11.0
[INFO] [stderr]    Compiling either v1.8.1
[INFO] [stderr]    Compiling serde_json v1.0.96
[INFO] [stderr]    Compiling num_cpus v1.15.0
[INFO] [stderr]    Compiling indexmap v1.9.3
[INFO] [stderr]    Compiling plotters-backend v0.3.4
[INFO] [stderr]    Compiling itoa v1.0.6
[INFO] [stderr]    Compiling os_str_bytes v6.5.0
[INFO] [stderr]    Compiling hashbrown v0.12.3
[INFO] [stderr]    Compiling ryu v1.0.13
[INFO] [stderr]    Compiling half v1.8.2
[INFO] [stderr]    Compiling ciborium-io v0.2.1
[INFO] [stderr]    Compiling textwrap v0.16.0
[INFO] [stderr]    Compiling cast v0.3.0
[INFO] [stderr]    Compiling regex-syntax v0.7.2
[INFO] [stderr]    Compiling walkdir v2.3.3
[INFO] [stderr]    Compiling atty v0.2.14
[INFO] [stderr]    Compiling oorandom v11.1.3
[INFO] [stderr]    Compiling anes v0.1.6
[INFO] [stderr]    Compiling ciborium-ll v0.2.1
[INFO] [stderr]    Compiling itertools v0.10.5
[INFO] [stderr]    Compiling clap_lex v0.2.4
[INFO] [stderr]    Compiling plotters-svg v0.3.3
[INFO] [stderr]    Compiling concurrent-queue v2.2.0
[INFO] [stderr]    Compiling crossbeam-channel v0.5.8
[INFO] [stderr]    Compiling plotters v0.3.4
[INFO] [stderr]    Compiling async-channel v1.8.0
[INFO] [stderr]    Compiling async-io v1.13.0
[INFO] [stderr]    Compiling async-executor v1.5.1
[INFO] [stderr]    Compiling blocking v1.3.1
[INFO] [stderr]    Compiling crossbeam-deque v0.8.3
[INFO] [stderr]    Compiling async-fs v1.6.0
[INFO] [stderr]    Compiling regex v1.8.3
[INFO] [stderr]    Compiling clap v3.2.25
[INFO] [stderr]    Compiling rayon v1.7.0
[INFO] [stderr]    Compiling criterion-plot v0.5.0
[INFO] [stderr]    Compiling enumflags2 v0.7.7
[INFO] [stderr]    Compiling egui_extras v0.22.0
[INFO] [stderr]    Compiling ciborium v0.2.1
[INFO] [stderr]    Compiling zvariant v3.14.0
[INFO] [stderr]    Compiling egui_grid v0.2.0
[INFO] [stderr]    Compiling tinytemplate v1.2.1
[INFO] [stderr]    Compiling criterion v0.4.0
[INFO] [stderr]    Compiling zbus_names v2.5.1
[INFO] [stderr]    Compiling zbus v3.13.1
[INFO] [stderr]    Compiling atspi v0.10.1
[INFO] [stderr]    Compiling accesskit_unix v0.5.0
[INFO] [stderr]    Compiling accesskit_winit v0.14.0
[INFO] [stderr]    Compiling egui-winit v0.22.0
[INFO] [stderr]    Compiling eframe v0.22.0
[INFO] [stderr]    Compiling discogb v0.1.0 (/opt/rustwide/workdir)
[INFO] [stdout] warning: unused import: `x8::*`
[INFO] [stdout]  --> src/gameboy/cpu/instructions/lsm/mod.rs:2:9
[INFO] [stdout]   |
[INFO] [stdout] 2 | pub use x8::*;
[INFO] [stdout]   |         ^^^^^
[INFO] [stdout]   |
[INFO] [stdout]   = note: `#[warn(unused_imports)]` (part of `#[warn(unused)]`) on by default
[INFO] [stdout] 
[INFO] [stdout] 
[INFO] [stdout] warning: unused import: `x16::*`
[INFO] [stdout]  --> src/gameboy/cpu/instructions/lsm/mod.rs:5:9
[INFO] [stdout]   |
[INFO] [stdout] 5 | pub use x16::*;
[INFO] [stdout]   |         ^^^^^^
[INFO] [stdout] 
[INFO] [stdout] 
[INFO] [stdout] warning: unused import: `br::*`
[INFO] [stdout]  --> src/gameboy/cpu/instructions/control/mod.rs:2:9
[INFO] [stdout]   |
[INFO] [stdout] 2 | pub use br::*;
[INFO] [stdout]   |         ^^^^^
[INFO] [stdout] 
[INFO] [stdout] 
[INFO] [stdout] warning: unused import: `misc::*`
[INFO] [stdout]  --> src/gameboy/cpu/instructions/control/mod.rs:5:9
[INFO] [stdout]   |
[INFO] [stdout] 5 | pub use misc::*;
[INFO] [stdout]   |         ^^^^^^^
[INFO] [stdout] 
[INFO] [stdout] 
[INFO] [stdout] warning: unused import: `x8::*`
[INFO] [stdout]  --> src/gameboy/cpu/instructions/alu/mod.rs:2:9
[INFO] [stdout]   |
[INFO] [stdout] 2 | pub use x8::*;
[INFO] [stdout]   |         ^^^^^
[INFO] [stdout] 
[INFO] [stdout] 
[INFO] [stdout] warning: unused import: `x16::*`
[INFO] [stdout]  --> src/gameboy/cpu/instructions/alu/mod.rs:5:9
[INFO] [stdout]   |
[INFO] [stdout] 5 | pub use x16::*;
[INFO] [stdout]   |         ^^^^^^
[INFO] [stdout] 
[INFO] [stdout] 
[INFO] [stdout] warning: unused import: `x8::*`
[INFO] [stdout]  --> src/gameboy/cpu/instructions/rsb/mod.rs:2:9
[INFO] [stdout]   |
[INFO] [stdout] 2 | pub use x8::*;
[INFO] [stdout]   |         ^^^^^
[INFO] [stdout] 
[INFO] [stdout] 
[INFO] [stdout] warning: field `cycles` is never read
[INFO] [stdout]   --> src/gameboy/cpu/mod.rs:27:5
[INFO] [stdout]    |
[INFO] [stdout] 13 | pub struct Cpu {
[INFO] [stdout]    |            --- field in this struct
[INFO] [stdout] ...
[INFO] [stdout] 27 |     cycles: u32,
[INFO] [stdout]    |     ^^^^^^
[INFO] [stdout]    |
[INFO] [stdout]    = note: `Cpu` has derived impls for the traits `Clone` and `Debug`, but these are intentionally ignored during dead code analysis
[INFO] [stdout]    = note: `#[warn(dead_code)]` (part of `#[warn(unused)]`) on by default
[INFO] [stdout] 
[INFO] [stdout] 
[INFO] [stdout] warning: function `rotate_right` is never used
[INFO] [stdout]   --> src/gameboy/cpu/instructions/util.rs:64:8
[INFO] [stdout]    |
[INFO] [stdout] 64 | pub fn rotate_right(reg: u8, mut flags: u8) -> (u8, u8) {
[INFO] [stdout]    |        ^^^^^^^^^^^^
[INFO] [stdout] 
[INFO] [stdout] 
[INFO] [stdout] warning: function `rotate_right_through_carry` is never used
[INFO] [stdout]    --> src/gameboy/cpu/instructions/util.rs:121:8
[INFO] [stdout]     |
[INFO] [stdout] 121 | pub fn rotate_right_through_carry(reg: u8, mut flags: u8) -> (u8, u8) {
[INFO] [stdout]     |        ^^^^^^^^^^^^^^^^^^^^^^^^^^
[INFO] [stdout] 
[INFO] [stdout] 
[INFO] [stdout] warning: function `decrement16` is never used
[INFO] [stdout]    --> src/gameboy/cpu/instructions/util.rs:235:8
[INFO] [stdout]     |
[INFO] [stdout] 235 | pub fn decrement16(reg: u16) -> u16 {
[INFO] [stdout]     |        ^^^^^^^^^^^
[INFO] [stdout] 
[INFO] [stdout] 
[INFO] [stdout] warning: function `separator_ui` is never used
[INFO] [stdout]    --> src/gui/mod.rs:111:4
[INFO] [stdout]     |
[INFO] [stdout] 111 | fn separator_ui(ui: &mut egui::Ui) {
[INFO] [stdout]     |    ^^^^^^^^^^^^
[INFO] [stdout] 
[INFO] [stdout] 
[INFO] [stdout] warning: unused import: `x8::*`
[INFO] [stdout]  --> src/gameboy/cpu/instructions/lsm/mod.rs:2:9
[INFO] [stdout]   |
[INFO] [stdout] 2 | pub use x8::*;
[INFO] [stdout]   |         ^^^^^
[INFO] [stdout]   |
[INFO] [stdout]   = note: `#[warn(unused_imports)]` (part of `#[warn(unused)]`) on by default
[INFO] [stdout] 
[INFO] [stdout] 
[INFO] [stdout] warning: unused import: `x16::*`
[INFO] [stdout]  --> src/gameboy/cpu/instructions/lsm/mod.rs:5:9
[INFO] [stdout]   |
[INFO] [stdout] 5 | pub use x16::*;
[INFO] [stdout]   |         ^^^^^^
[INFO] [stdout] 
[INFO] [stdout] 
[INFO] [stdout] warning: unused import: `br::*`
[INFO] [stdout]  --> src/gameboy/cpu/instructions/control/mod.rs:2:9
[INFO] [stdout]   |
[INFO] [stdout] 2 | pub use br::*;
[INFO] [stdout]   |         ^^^^^
[INFO] [stdout] 
[INFO] [stdout] 
[INFO] [stdout] warning: unused import: `misc::*`
[INFO] [stdout]  --> src/gameboy/cpu/instructions/control/mod.rs:5:9
[INFO] [stdout]   |
[INFO] [stdout] 5 | pub use misc::*;
[INFO] [stdout]   |         ^^^^^^^
[INFO] [stdout] 
[INFO] [stdout] 
[INFO] [stdout] warning: unused import: `x8::*`
[INFO] [stdout]  --> src/gameboy/cpu/instructions/alu/mod.rs:2:9
[INFO] [stdout]   |
[INFO] [stdout] 2 | pub use x8::*;
[INFO] [stdout]   |         ^^^^^
[INFO] [stdout] 
[INFO] [stdout] 
[INFO] [stdout] warning: unused import: `x16::*`
[INFO] [stdout]  --> src/gameboy/cpu/instructions/alu/mod.rs:5:9
[INFO] [stdout]   |
[INFO] [stdout] 5 | pub use x16::*;
[INFO] [stdout]   |         ^^^^^^
[INFO] [stdout] 
[INFO] [stdout] 
[INFO] [stdout] warning: unused import: `x8::*`
[INFO] [stdout]  --> src/gameboy/cpu/instructions/rsb/mod.rs:2:9
[INFO] [stdout]   |
[INFO] [stdout] 2 | pub use x8::*;
[INFO] [stdout]   |         ^^^^^
[INFO] [stdout] 
[INFO] [stdout] 
[INFO] [stdout] warning: field `cycles` is never read
[INFO] [stdout]   --> src/gameboy/cpu/mod.rs:27:5
[INFO] [stdout]    |
[INFO] [stdout] 13 | pub struct Cpu {
[INFO] [stdout]    |            --- field in this struct
[INFO] [stdout] ...
[INFO] [stdout] 27 |     cycles: u32,
[INFO] [stdout]    |     ^^^^^^
[INFO] [stdout]    |
[INFO] [stdout]    = note: `Cpu` has derived impls for the traits `Clone` and `Debug`, but these are intentionally ignored during dead code analysis
[INFO] [stdout]    = note: `#[warn(dead_code)]` (part of `#[warn(unused)]`) on by default
[INFO] [stdout] 
[INFO] [stdout] 
[INFO] [stdout] warning: function `rotate_right` is never used
[INFO] [stdout]   --> src/gameboy/cpu/instructions/util.rs:64:8
[INFO] [stdout]    |
[INFO] [stdout] 64 | pub fn rotate_right(reg: u8, mut flags: u8) -> (u8, u8) {
[INFO] [stdout]    |        ^^^^^^^^^^^^
[INFO] [stdout] 
[INFO] [stdout] 
[INFO] [stdout] warning: function `rotate_right_through_carry` is never used
[INFO] [stdout]    --> src/gameboy/cpu/instructions/util.rs:121:8
[INFO] [stdout]     |
[INFO] [stdout] 121 | pub fn rotate_right_through_carry(reg: u8, mut flags: u8) -> (u8, u8) {
[INFO] [stdout]     |        ^^^^^^^^^^^^^^^^^^^^^^^^^^
[INFO] [stdout] 
[INFO] [stdout] 
[INFO] [stdout] warning: function `decrement16` is never used
[INFO] [stdout]    --> src/gameboy/cpu/instructions/util.rs:235:8
[INFO] [stdout]     |
[INFO] [stdout] 235 | pub fn decrement16(reg: u16) -> u16 {
[INFO] [stdout]     |        ^^^^^^^^^^^
[INFO] [stdout] 
[INFO] [stdout] 
[INFO] [stdout] warning: function `separator_ui` is never used
[INFO] [stdout]    --> src/gui/mod.rs:111:4
[INFO] [stdout]     |
[INFO] [stdout] 111 | fn separator_ui(ui: &mut egui::Ui) {
[INFO] [stdout]     |    ^^^^^^^^^^^^
[INFO] [stdout] 
[INFO] [stdout] 
[INFO] [stderr]     Finished `release` profile [optimized] target(s) in 2m 12s
[INFO] running `Command { std: "docker" "inspect" "14b2109ee1f73d9aff24359b65cad8e3172967c6f07965ae611ab9db1ff5d4c8", kill_on_drop: false }`
[INFO] running `Command { std: "docker" "exec" "-e" "SOURCE_DIR=/opt/rustwide/workdir" "-e" "CARGO_HOME=/opt/rustwide/cargo-home" "-e" "RUSTUP_HOME=/opt/rustwide/rustup-home" "-e" "CARGO_TARGET_DIR=/opt/rustwide/target" "-e" "CARGO_INCREMENTAL=0" "-e" "RUST_BACKTRACE=full" "-e" "RUSTFLAGS=--cap-lints=warn" "-e" "RUSTDOCFLAGS=--cap-lints=warn" "-w" "/opt/rustwide/workdir" "--user" "0:0" "14b2109ee1f73d9aff24359b65cad8e3172967c6f07965ae611ab9db1ff5d4c8" "/opt/rustwide/cargo-home/bin/cargo" "+1.99.0-beta.8" "test" "--frozen" "--release", kill_on_drop: false }`
[INFO] [stderr] warning: unused import: `x8::*`
[INFO] [stderr]  --> src/gameboy/cpu/instructions/lsm/mod.rs:2:9
[INFO] [stderr]   |
[INFO] [stderr] 2 | pub use x8::*;
[INFO] [stderr]   |         ^^^^^
[INFO] [stderr]   |
[INFO] [stderr]   = note: `#[warn(unused_imports)]` (part of `#[warn(unused)]`) on by default
[INFO] [stderr] 
[INFO] [stderr] warning: unused import: `x16::*`
[INFO] [stderr]  --> src/gameboy/cpu/instructions/lsm/mod.rs:5:9
[INFO] [stderr]   |
[INFO] [stderr] 5 | pub use x16::*;
[INFO] [stderr]   |         ^^^^^^
[INFO] [stderr] 
[INFO] [stderr] warning: unused import: `br::*`
[INFO] [stderr]  --> src/gameboy/cpu/instructions/control/mod.rs:2:9
[INFO] [stderr]   |
[INFO] [stderr] 2 | pub use br::*;
[INFO] [stderr]   |         ^^^^^
[INFO] [stderr] 
[INFO] [stderr] warning: unused import: `misc::*`
[INFO] [stderr]  --> src/gameboy/cpu/instructions/control/mod.rs:5:9
[INFO] [stderr]   |
[INFO] [stderr] 5 | pub use misc::*;
[INFO] [stderr]   |         ^^^^^^^
[INFO] [stderr] 
[INFO] [stderr] warning: unused import: `x8::*`
[INFO] [stderr]  --> src/gameboy/cpu/instructions/alu/mod.rs:2:9
[INFO] [stderr]   |
[INFO] [stderr] 2 | pub use x8::*;
[INFO] [stderr]   |         ^^^^^
[INFO] [stderr] 
[INFO] [stderr] warning: unused import: `x16::*`
[INFO] [stderr]  --> src/gameboy/cpu/instructions/alu/mod.rs:5:9
[INFO] [stderr]   |
[INFO] [stderr] 5 | pub use x16::*;
[INFO] [stderr]   |         ^^^^^^
[INFO] [stderr] 
[INFO] [stderr] warning: unused import: `x8::*`
[INFO] [stderr]  --> src/gameboy/cpu/instructions/rsb/mod.rs:2:9
[INFO] [stderr]   |
[INFO] [stderr] 2 | pub use x8::*;
[INFO] [stderr]   |         ^^^^^
[INFO] [stderr] 
[INFO] [stderr] warning: field `cycles` is never read
[INFO] [stderr]   --> src/gameboy/cpu/mod.rs:27:5
[INFO] [stderr]    |
[INFO] [stderr] 13 | pub struct Cpu {
[INFO] [stderr]    |            --- field in this struct
[INFO] [stderr] ...
[INFO] [stderr] 27 |     cycles: u32,
[INFO] [stderr]    |     ^^^^^^
[INFO] [stderr]    |
[INFO] [stderr]    = note: `Cpu` has derived impls for the traits `Clone` and `Debug`, but these are intentionally ignored during dead code analysis
[INFO] [stderr]    = note: `#[warn(dead_code)]` (part of `#[warn(unused)]`) on by default
[INFO] [stderr] 
[INFO] [stderr] warning: function `rotate_right` is never used
[INFO] [stderr]   --> src/gameboy/cpu/instructions/util.rs:64:8
[INFO] [stderr]    |
[INFO] [stderr] 64 | pub fn rotate_right(reg: u8, mut flags: u8) -> (u8, u8) {
[INFO] [stderr]    |        ^^^^^^^^^^^^
[INFO] [stderr] 
[INFO] [stderr] warning: function `rotate_right_through_carry` is never used
[INFO] [stderr]    --> src/gameboy/cpu/instructions/util.rs:121:8
[INFO] [stderr]     |
[INFO] [stderr] 121 | pub fn rotate_right_through_carry(reg: u8, mut flags: u8) -> (u8, u8) {
[INFO] [stderr]     |        ^^^^^^^^^^^^^^^^^^^^^^^^^^
[INFO] [stderr] 
[INFO] [stderr] warning: function `decrement16` is never used
[INFO] [stderr]    --> src/gameboy/cpu/instructions/util.rs:235:8
[INFO] [stderr]     |
[INFO] [stderr] 235 | pub fn decrement16(reg: u16) -> u16 {
[INFO] [stderr]     |        ^^^^^^^^^^^
[INFO] [stderr] 
[INFO] [stderr] warning: function `separator_ui` is never used
[INFO] [stderr]    --> src/gui/mod.rs:111:4
[INFO] [stderr]     |
[INFO] [stderr] 111 | fn separator_ui(ui: &mut egui::Ui) {
[INFO] [stderr]     |    ^^^^^^^^^^^^
[INFO] [stderr] 
[INFO] [stderr] warning: `discogb` (lib) generated 12 warnings (run `cargo fix --lib -p discogb` to apply 7 suggestions)
[INFO] [stderr] warning: `discogb` (lib test) generated 12 warnings (12 duplicates)
[INFO] [stderr]     Finished `release` profile [optimized] target(s) in 0.49s
[INFO] [stderr]      Running unittests src/lib.rs (/opt/rustwide/target/release/deps/discogb-237056135c0f4d9e)
[INFO] [stdout] 
[INFO] [stdout] running 5 tests
[INFO] [stdout] test gameboy::memory::tests::test_read_write_byte ... ok
[INFO] [stdout] test gameboy::cpu::tests::fetch_decode_execute ... FAILED
[INFO] [stdout] test gameboy::memory::tests::test_read_byte_unused - should panic ... ok
[INFO] [stdout] test gameboy::memory::tests::test_write_byte_unused - should panic ... ok
[INFO] [stdout] test gameboy::memory::tests::test_write_byte_rom - should panic ... ok
[INFO] [stdout] 
[INFO] [stdout] failures:
[INFO] [stdout] 
[INFO] [stdout] ---- gameboy::cpu::tests::fetch_decode_execute stdout ----
[INFO] [stdout] 
[INFO] [stdout] thread 'gameboy::cpu::tests::fetch_decode_execute' (11637) panicked at src/gameboy/cpu/mod.rs:253:9:
[INFO] [stdout] assertion `left == right` failed
[INFO] [stdout]   left: 3
[INFO] [stdout]  right: 1
[INFO] [stdout] stack backtrace:
[INFO] [stdout]    0:     0x5d8b75b4b421 - <<std[70759c8f55707aa4]::sys::backtrace::BacktraceLock>::print::DisplayBacktrace as core[df12db4294e9bfd3]::fmt::Display>::fmt
[INFO] [stdout]    1:     0x5d8b75b5f5fa - core[df12db4294e9bfd3]::fmt::write
[INFO] [stdout]    2:     0x5d8b75b4f8bc - <alloc[2182bb758b4b3781]::vec::Vec<u8> as core[df12db4294e9bfd3]::io::write::Write>::write_fmt
[INFO] [stdout]    3:     0x5d8b75b27a16 - std[70759c8f55707aa4]::panicking::default_hook::{closure#0}
[INFO] [stdout]    4:     0x5d8b75b43b89 - std[70759c8f55707aa4]::panicking::default_hook
[INFO] [stdout]    5:     0x5d8b75ae0010 - test[9d35eded1c95d3be]::test_main_inner::<test[9d35eded1c95d3be]::test_main_static::{closure#0}>::{closure#0}
[INFO] [stdout]    6:     0x5d8b75b43d42 - std[70759c8f55707aa4]::panicking::panic_with_hook
[INFO] [stdout]    7:     0x5d8b75b27ac2 - std[70759c8f55707aa4]::panicking::panic_handler::{closure#0}
[INFO] [stdout]    8:     0x5d8b75b20849 - std[70759c8f55707aa4]::sys::backtrace::__rust_end_short_backtrace::<std[70759c8f55707aa4]::panicking::panic_handler::{closure#0}, !>
[INFO] [stdout]    9:     0x5d8b75b286bd - __rustc[8fa7c3cbc660c2b3]::rust_begin_unwind
[INFO] [stdout]   10:     0x5d8b75b5fd2c - core[df12db4294e9bfd3]::panicking::panic_fmt
[INFO] [stdout]   11:     0x5d8b75b5fc43 - core[df12db4294e9bfd3]::panicking::assert_failed_inner
[INFO] [stdout]   12:     0x5d8b75ad32b9 - core[df12db4294e9bfd3]::panicking::assert_failed::<u16, u16>
[INFO] [stdout]   13:     0x5d8b75ad30a1 - <discogb[749c21db3aac7e39]::gameboy::cpu::tests::fetch_decode_execute::{closure#0} as core[df12db4294e9bfd3]::ops::function::FnOnce<()>>::call_once
[INFO] [stdout]   14:     0x5d8b75ad32fb - test[9d35eded1c95d3be]::__rust_begin_short_backtrace::<core[df12db4294e9bfd3]::result::Result<(), alloc[2182bb758b4b3781]::string::String>, fn() -> core[df12db4294e9bfd3]::result::Result<(), alloc[2182bb758b4b3781]::string::String>>
[INFO] [stdout]   15:     0x5d8b75ae0965 - test[9d35eded1c95d3be]::run_test::{closure#0}
[INFO] [stdout]   16:     0x5d8b75ada224 - std[70759c8f55707aa4]::sys::backtrace::__rust_begin_short_backtrace::<test[9d35eded1c95d3be]::run_test::{closure#1}, ()>
[INFO] [stdout]   17:     0x5d8b75ae3ac2 - <std[70759c8f55707aa4]::thread::lifecycle::spawn_unchecked<test[9d35eded1c95d3be]::run_test::{closure#1}, ()>::{closure#1} as core[df12db4294e9bfd3]::ops::function::FnOnce<()>>::call_once::{shim:vtable#0}
[INFO] [stdout]   18:     0x5d8b75b4acf9 - <std[70759c8f55707aa4]::sys::thread::unix::Thread>::new::thread_start
[INFO] [stdout]   19:     0x742178803dfa - <unknown>
[INFO] [stdout]   20:     0x7421788973d4 - clone
[INFO] [stdout]   21:                0x0 - <unknown>
[INFO] [stdout] 
[INFO] [stdout] 
[INFO] [stdout] failures:
[INFO] [stdout]     gameboy::cpu::tests::fetch_decode_execute
[INFO] [stdout] 
[INFO] [stdout] test result: FAILED. 4 passed; 1 failed; 0 ignored; 0 measured; 0 filtered out; finished in 0.00s
[INFO] [stdout] 
[INFO] [stderr] error: test failed, to rerun pass `--lib`
[INFO] running `Command { std: "docker" "inspect" "14b2109ee1f73d9aff24359b65cad8e3172967c6f07965ae611ab9db1ff5d4c8", kill_on_drop: false }`
[INFO] running `Command { std: "docker" "rm" "-f" "14b2109ee1f73d9aff24359b65cad8e3172967c6f07965ae611ab9db1ff5d4c8", kill_on_drop: false }`
[INFO] [stdout] 14b2109ee1f73d9aff24359b65cad8e3172967c6f07965ae611ab9db1ff5d4c8
