[INFO] fetching crate zenith-float 1.0.12...
[INFO] testing zenith-float-1.0.12 against 1.99.0-beta.8+cargoflags=--release for beta-release-1.100-2
[INFO] extracting crate zenith-float 1.0.12 into /workspace/builds/worker-4-tc1/source
[INFO] started tweaking crates.io crate zenith-float 1.0.12
[INFO] removed 0 missing tests
[INFO] finished tweaking crates.io crate zenith-float 1.0.12
[INFO] tweaked toml for crates.io crate zenith-float 1.0.12 written to /workspace/builds/worker-4-tc1/source/Cargo.toml
[INFO] validating manifest of crates.io crate zenith-float 1.0.12 on toolchain 1.99.0-beta.8
[INFO] running `Command { std: CARGO_HOME="/workspace/cargo-home" RUSTUP_HOME="/workspace/rustup-home" "/workspace/cargo-home/bin/cargo" "+1.99.0-beta.8" "metadata" "--manifest-path" "Cargo.toml" "--no-deps", kill_on_drop: false }`
[INFO] crate crates.io crate zenith-float 1.0.12 already has a lockfile, it will not be regenerated
[INFO] running `Command { std: CARGO_HOME="/workspace/cargo-home" RUSTUP_HOME="/workspace/rustup-home" "/workspace/cargo-home/bin/cargo" "+1.99.0-beta.8" "fetch" "--manifest-path" "Cargo.toml", kill_on_drop: false }`
[INFO] [stderr]     Updating crates.io index
[INFO] [stderr]  Downloading crates ...
[INFO] [stderr]   Downloaded trybuild v1.0.120
[INFO] [stderr]   Downloaded spin v0.9.9
[INFO] [stderr]   Downloaded zenith-float-macro v1.0.12
[INFO] [stderr]   Downloaded target-triple v1.0.1
[INFO] [stderr]   Downloaded glob v0.3.4
[INFO] [stderr]   Downloaded rand v0.8.8
[INFO] [stderr]   Downloaded toml v1.1.4+spec-1.1.0
[INFO] [stderr]   Downloaded zenith-float-num v1.0.12
[INFO] running `Command { std: "docker" "create" "-v" "/var/lib/crater-agent-workspace/builds/worker-4-tc1/source:/opt/rustwide/workdir:ro,Z" "-v" "/var/lib/crater-agent-workspace/builds/worker-4-tc1/target:/opt/rustwide/target:rw,Z" "-v" "/var/lib/crater-agent-workspace/cargo-home:/opt/rustwide/cargo-home:ro,Z" "-v" "/var/lib/crater-agent-workspace/rustup-home:/opt/rustwide/rustup-home:ro,Z" "-m" "1610612736" "--network" "none" "ghcr.io/rust-lang/crates-build-env/linux@sha256:77db811e55d90add9212f6832c23229e3de5f1c1f9905e8cb07319ea15df73ac" "sleep" "infinity", kill_on_drop: false }`
[INFO] [stdout] fbe9d3816e889992893af4ddfee21c96444ae0fdc97a835ff18ad7d5d5d03fb5
[INFO] running `Command { std: "docker" "start" "fbe9d3816e889992893af4ddfee21c96444ae0fdc97a835ff18ad7d5d5d03fb5", kill_on_drop: false }`
[INFO] running `Command { std: "docker" "inspect" "fbe9d3816e889992893af4ddfee21c96444ae0fdc97a835ff18ad7d5d5d03fb5", kill_on_drop: false }`
[INFO] running `Command { std: "docker" "exec" "-e" "SOURCE_DIR=/opt/rustwide/workdir" "-e" "CARGO_HOME=/opt/rustwide/cargo-home" "-e" "RUSTUP_HOME=/opt/rustwide/rustup-home" "-e" "CARGO_TARGET_DIR=/opt/rustwide/target" "-w" "/opt/rustwide/workdir" "--user" "0:0" "fbe9d3816e889992893af4ddfee21c96444ae0fdc97a835ff18ad7d5d5d03fb5" "/opt/rustwide/cargo-home/bin/cargo" "+1.99.0-beta.8" "metadata" "--no-deps" "--format-version=1", kill_on_drop: false }`
[INFO] running `Command { std: "docker" "inspect" "fbe9d3816e889992893af4ddfee21c96444ae0fdc97a835ff18ad7d5d5d03fb5", kill_on_drop: false }`
[INFO] running `Command { std: "docker" "exec" "-e" "SOURCE_DIR=/opt/rustwide/workdir" "-e" "CARGO_HOME=/opt/rustwide/cargo-home" "-e" "RUSTUP_HOME=/opt/rustwide/rustup-home" "-e" "CARGO_TARGET_DIR=/opt/rustwide/target" "-e" "CARGO_INCREMENTAL=0" "-e" "RUST_BACKTRACE=full" "-e" "RUSTFLAGS=--cap-lints=warn" "-e" "RUSTDOCFLAGS=--cap-lints=warn" "-w" "/opt/rustwide/workdir" "--user" "0:0" "fbe9d3816e889992893af4ddfee21c96444ae0fdc97a835ff18ad7d5d5d03fb5" "/opt/rustwide/cargo-home/bin/cargo" "+1.99.0-beta.8" "build" "--frozen" "--message-format=json" "--release", kill_on_drop: false }`
[INFO] [stderr]    Compiling proc-macro2 v1.0.107
[INFO] [stderr]    Compiling unicode-ident v1.0.24
[INFO] [stderr]    Compiling quote v1.0.47
[INFO] [stderr]    Compiling either v1.18.0
[INFO] [stderr]    Compiling syn v1.0.109
[INFO] [stderr]    Compiling spin v0.9.9
[INFO] [stderr]    Compiling lazy_static v1.5.0
[INFO] [stderr]    Compiling itertools v0.10.5
[INFO] [stderr]    Compiling zenith-float-num v1.0.12
[INFO] [stderr]    Compiling zenith-float-macro v1.0.12
[INFO] [stderr]    Compiling zenith-float v1.0.12 (/opt/rustwide/workdir)
[INFO] [stderr]     Finished `release` profile [optimized] target(s) in 39.20s
[INFO] running `Command { std: "docker" "inspect" "fbe9d3816e889992893af4ddfee21c96444ae0fdc97a835ff18ad7d5d5d03fb5", kill_on_drop: false }`
[INFO] running `Command { std: "docker" "exec" "-e" "SOURCE_DIR=/opt/rustwide/workdir" "-e" "CARGO_HOME=/opt/rustwide/cargo-home" "-e" "RUSTUP_HOME=/opt/rustwide/rustup-home" "-e" "CARGO_TARGET_DIR=/opt/rustwide/target" "-e" "CARGO_INCREMENTAL=0" "-e" "RUST_BACKTRACE=full" "-e" "RUSTFLAGS=--cap-lints=warn" "-e" "RUSTDOCFLAGS=--cap-lints=warn" "-w" "/opt/rustwide/workdir" "--user" "0:0" "fbe9d3816e889992893af4ddfee21c96444ae0fdc97a835ff18ad7d5d5d03fb5" "/opt/rustwide/cargo-home/bin/cargo" "+1.99.0-beta.8" "test" "--frozen" "--no-run" "--message-format=json" "--release", kill_on_drop: false }`
[INFO] [stderr]    Compiling serde_core v1.0.229
[INFO] [stderr]    Compiling zmij v1.0.23
[INFO] [stderr]    Compiling serde_json v1.0.151
[INFO] [stderr]    Compiling target-triple v1.0.1
[INFO] [stderr]    Compiling serde v1.0.229
[INFO] [stderr]    Compiling winnow v1.0.4
[INFO] [stderr]    Compiling memchr v2.8.3
[INFO] [stderr]    Compiling itoa v1.0.18
[INFO] [stderr]    Compiling toml_writer v1.1.2+spec-1.1.0
[INFO] [stderr]    Compiling glob v0.3.4
[INFO] [stderr]    Compiling termcolor v1.4.1
[INFO] [stderr]    Compiling syn v3.0.4
[INFO] [stderr]    Compiling toml_parser v1.1.3+spec-1.1.0
[INFO] [stderr]    Compiling serde_derive v1.0.229
[INFO] [stderr]    Compiling serde_spanned v1.1.1
[INFO] [stderr]    Compiling toml_datetime v1.1.1+spec-1.1.0
[INFO] [stderr]    Compiling toml v1.1.4+spec-1.1.0
[INFO] [stderr]    Compiling trybuild v1.0.120
[INFO] [stderr]    Compiling zenith-float v1.0.12 (/opt/rustwide/workdir)
[INFO] [stderr]     Finished `release` profile [optimized] target(s) in 41.59s
[INFO] running `Command { std: "docker" "inspect" "fbe9d3816e889992893af4ddfee21c96444ae0fdc97a835ff18ad7d5d5d03fb5", kill_on_drop: false }`
[INFO] running `Command { std: "docker" "exec" "-e" "SOURCE_DIR=/opt/rustwide/workdir" "-e" "CARGO_HOME=/opt/rustwide/cargo-home" "-e" "RUSTUP_HOME=/opt/rustwide/rustup-home" "-e" "CARGO_TARGET_DIR=/opt/rustwide/target" "-e" "CARGO_INCREMENTAL=0" "-e" "RUST_BACKTRACE=full" "-e" "RUSTFLAGS=--cap-lints=warn" "-e" "RUSTDOCFLAGS=--cap-lints=warn" "-w" "/opt/rustwide/workdir" "--user" "0:0" "fbe9d3816e889992893af4ddfee21c96444ae0fdc97a835ff18ad7d5d5d03fb5" "/opt/rustwide/cargo-home/bin/cargo" "+1.99.0-beta.8" "test" "--frozen" "--release", kill_on_drop: false }`
[INFO] [stderr]     Finished `release` profile [optimized] target(s) in 0.02s
[INFO] [stderr]      Running unittests src/lib.rs (/opt/rustwide/target/release/deps/zenith_float-b7c9b21ad55eaf84)
[INFO] [stdout] 
[INFO] [stdout] running 0 tests
[INFO] [stdout] 
[INFO] [stdout] test result: ok. 0 passed; 0 failed; 0 ignored; 0 measured; 0 filtered out; finished in 0.00s
[INFO] [stdout] 
[INFO] [stderr]      Running unittests src/bin/hex_golds.rs (/opt/rustwide/target/release/deps/hex_golds-0727a6a43adb294d)
[INFO] [stdout] 
[INFO] [stdout] running 0 tests
[INFO] [stdout] 
[INFO] [stdout] test result: ok. 0 passed; 0 failed; 0 ignored; 0 measured; 0 filtered out; finished in 0.00s
[INFO] [stdout] 
[INFO] [stderr]      Running tests/mod.rs (/opt/rustwide/target/release/deps/mod-56944d197f1cf658)
[INFO] [stdout] 
[INFO] [stdout] running 13 tests
[INFO] [stdout] test compile_time_literals ... ok
[INFO] [stdout] test cexpr_i_squared ... ok
[INFO] [stdout] test native_operators ... ok
[INFO] [stdout] test cexpr_cancellation_matches_high_prec ... ok
[INFO] [stdout] test expr_erf_plus_erfc_is_one_at_256 ... ok
[INFO] [stdout] test radix_base12_roundtrip ... ok
[INFO] [stdout] test cexpr_erf_uses_p_wrk ... ok
[INFO] [stdout] test expr_bessel_j0_y0_sq_working_prec ... ok
[INFO] [stdout] test macro_run_misc_test ... ok
[INFO] [stdout] test macro_run_err_test ... ok
[INFO] [stdout] test macro_run_cexpr_tests ... ok
[INFO] [stderr]    Compiling proc-macro2 v1.0.107
[INFO] [stderr]    Compiling quote v1.0.47
[INFO] [stderr]    Compiling unicode-ident v1.0.24
[INFO] [stderr]    Compiling spin v0.9.9
[INFO] [stderr]    Compiling either v1.18.0
[INFO] [stderr]    Compiling syn v1.0.109
[INFO] [stdout] test macro_run_basic_tests ... ok
[INFO] [stderr]    Compiling lazy_static v1.5.0
[INFO] [stderr]    Compiling itertools v0.10.5
[INFO] [stderr]    Compiling zenith-float-num v1.0.12
[INFO] [stderr]    Compiling zenith-float-macro v1.0.12
[INFO] [stderr]    Compiling zenith-float v1.0.12 (/opt/rustwide/workdir)
[INFO] [stderr]    Compiling zenith-float-tests v0.0.0 (/opt/rustwide/target/tests/trybuild/zenith-float)
[INFO] [stderr]     Finished `dev` profile [unoptimized + debuginfo] target(s) in 5.05s
[INFO] [stderr] 
[INFO] [stderr] 
[INFO] [stderr] test ./tests/tests/expr.rs ... ok
[INFO] [stderr] test ./tests/tests/cexpr.rs ... ok
[INFO] [stdout] test macro_compile_tests ... ok
[INFO] [stderr] 
[INFO] [stdout] 
[INFO] [stderr] 
[INFO] [stdout] test result: ok. 13 passed; 0 failed; 0 ignored; 0 measured; 0 filtered out; finished in 9.88s
[INFO] [stdout] 
[INFO] [stderr]    Doc-tests zenith_float
[INFO] [stdout] 
[INFO] [stdout] running 12 tests
[INFO] [stdout] test src/lib.rs - (line 62) ... FAILED
[INFO] [stdout] test src/lib.rs - exact (line 297) ... FAILED
[INFO] [stdout] test src/lib.rs - (line 93) ... FAILED
[INFO] [stdout] test src/lib.rs - expr (line 264) ... FAILED
[INFO] [stdout] test src/lib.rs - (line 297) ... FAILED
[INFO] [stdout] test src/lib.rs - exact (line 264) ... FAILED
[INFO] [stdout] test src/lib.rs - (line 264) ... FAILED
[INFO] [stdout] test src/lib.rs - expr (line 297) ... FAILED
[INFO] [stdout] test src/lib.rs - cexpr (line 297) ... FAILED
[INFO] [stdout] test src/lib.rs - fbig (line 297) ... ok
[INFO] [stdout] test src/lib.rs - cexpr (line 264) ... ok
[INFO] [stdout] test src/lib.rs - fbig (line 264) ... ok
[INFO] [stdout] 
[INFO] [stdout] failures:
[INFO] [stdout] 
[INFO] [stdout] ---- src/lib.rs - (line 62) stdout ----
[INFO] [stdout] Couldn't compile the test.
[INFO] [stdout] ---- src/lib.rs - exact (line 297) stdout ----
[INFO] [stdout] Couldn't compile the test.
[INFO] [stdout] ---- src/lib.rs - (line 93) stdout ----
[INFO] [stdout] Couldn't compile the test.
[INFO] [stdout] ---- src/lib.rs - expr (line 264) stdout ----
[INFO] [stdout] Couldn't compile the test.
[INFO] [stdout] ---- src/lib.rs - (line 297) stdout ----
[INFO] [stdout] Couldn't compile the test.
[INFO] [stdout] ---- src/lib.rs - exact (line 264) stdout ----
[INFO] [stdout] Couldn't compile the test.
[INFO] [stdout] ---- src/lib.rs - (line 264) stdout ----
[INFO] [stdout] Couldn't compile the test.
[INFO] [stdout] ---- src/lib.rs - expr (line 297) stdout ----
[INFO] [stdout] Couldn't compile the test.
[INFO] [stdout] ---- src/lib.rs - cexpr (line 297) stdout ----
[INFO] [stdout] Couldn't compile the test.
[INFO] [stdout] 
[INFO] [stdout] failures:
[INFO] [stdout]     src/lib.rs - (line 264)
[INFO] [stdout]     src/lib.rs - (line 297)
[INFO] [stdout]     src/lib.rs - (line 62)
[INFO] [stdout]     src/lib.rs - (line 93)
[INFO] [stdout]     src/lib.rs - cexpr (line 297)
[INFO] [stdout]     src/lib.rs - exact (line 264)
[INFO] [stdout]     src/lib.rs - exact (line 297)
[INFO] [stdout]     src/lib.rs - expr (line 264)
[INFO] [stdout]     src/lib.rs - expr (line 297)
[INFO] [stdout] 
[INFO] [stdout] test result: FAILED. 3 passed; 9 failed; 0 ignored; 0 measured; 0 filtered out; finished in 3.95s
[INFO] [stdout] 
[INFO] [stderr] error: doctest failed, to rerun pass `--doc`
[INFO] running `Command { std: "docker" "inspect" "fbe9d3816e889992893af4ddfee21c96444ae0fdc97a835ff18ad7d5d5d03fb5", kill_on_drop: false }`
[INFO] running `Command { std: "docker" "rm" "-f" "fbe9d3816e889992893af4ddfee21c96444ae0fdc97a835ff18ad7d5d5d03fb5", kill_on_drop: false }`
[INFO] [stdout] fbe9d3816e889992893af4ddfee21c96444ae0fdc97a835ff18ad7d5d5d03fb5
