[INFO] fetching crate zeldhash-api 0.3.6...
[INFO] testing zeldhash-api-0.3.6 against 1.100.0-beta.1+cargoflags=--release for beta-release-1.100-2
[INFO] extracting crate zeldhash-api 0.3.6 into /workspace/builds/worker-3-tc2/source
[INFO] removed /workspace/builds/worker-3-tc2/source/rust-toolchain.toml
[INFO] started tweaking crates.io crate zeldhash-api 0.3.6
[INFO] finished tweaking crates.io crate zeldhash-api 0.3.6
[INFO] tweaked toml for crates.io crate zeldhash-api 0.3.6 written to /workspace/builds/worker-3-tc2/source/Cargo.toml
[INFO] validating manifest of crates.io crate zeldhash-api 0.3.6 on toolchain 1.100.0-beta.1
[INFO] running `Command { std: CARGO_HOME="/workspace/cargo-home" RUSTUP_HOME="/workspace/rustup-home" "/workspace/cargo-home/bin/cargo" "+1.100.0-beta.1" "metadata" "--manifest-path" "Cargo.toml" "--no-deps", kill_on_drop: false }`
[INFO] crate crates.io crate zeldhash-api 0.3.6 already has a lockfile, it will not be regenerated
[INFO] running `Command { std: CARGO_HOME="/workspace/cargo-home" RUSTUP_HOME="/workspace/rustup-home" "/workspace/cargo-home/bin/cargo" "+1.100.0-beta.1" "fetch" "--manifest-path" "Cargo.toml", kill_on_drop: false }`
[INFO] running `Command { std: "docker" "create" "-v" "/var/lib/crater-agent-workspace/builds/worker-3-tc2/source:/opt/rustwide/workdir:ro,Z" "-v" "/var/lib/crater-agent-workspace/builds/worker-3-tc2/target:/opt/rustwide/target:rw,Z" "-v" "/var/lib/crater-agent-workspace/cargo-home:/opt/rustwide/cargo-home:ro,Z" "-v" "/var/lib/crater-agent-workspace/rustup-home:/opt/rustwide/rustup-home:ro,Z" "-m" "1610612736" "--network" "none" "ghcr.io/rust-lang/crates-build-env/linux@sha256:77db811e55d90add9212f6832c23229e3de5f1c1f9905e8cb07319ea15df73ac" "sleep" "infinity", kill_on_drop: false }`
[INFO] [stdout] 4f5b0eb8d74957fd032694e0d85017780ac9eda5719ba95bf1ed214dc1ca9b6a
[INFO] running `Command { std: "docker" "start" "4f5b0eb8d74957fd032694e0d85017780ac9eda5719ba95bf1ed214dc1ca9b6a", kill_on_drop: false }`
[INFO] running `Command { std: "docker" "inspect" "4f5b0eb8d74957fd032694e0d85017780ac9eda5719ba95bf1ed214dc1ca9b6a", kill_on_drop: false }`
[INFO] running `Command { std: "docker" "exec" "-e" "SOURCE_DIR=/opt/rustwide/workdir" "-e" "CARGO_HOME=/opt/rustwide/cargo-home" "-e" "RUSTUP_HOME=/opt/rustwide/rustup-home" "-e" "CARGO_TARGET_DIR=/opt/rustwide/target" "-w" "/opt/rustwide/workdir" "--user" "0:0" "4f5b0eb8d74957fd032694e0d85017780ac9eda5719ba95bf1ed214dc1ca9b6a" "/opt/rustwide/cargo-home/bin/cargo" "+1.100.0-beta.1" "metadata" "--no-deps" "--format-version=1", kill_on_drop: false }`
[INFO] running `Command { std: "docker" "inspect" "4f5b0eb8d74957fd032694e0d85017780ac9eda5719ba95bf1ed214dc1ca9b6a", kill_on_drop: false }`
[INFO] running `Command { std: "docker" "exec" "-e" "SOURCE_DIR=/opt/rustwide/workdir" "-e" "CARGO_HOME=/opt/rustwide/cargo-home" "-e" "RUSTUP_HOME=/opt/rustwide/rustup-home" "-e" "CARGO_TARGET_DIR=/opt/rustwide/target" "-e" "CARGO_INCREMENTAL=0" "-e" "RUST_BACKTRACE=full" "-e" "RUSTFLAGS=--cap-lints=warn" "-e" "RUSTDOCFLAGS=--cap-lints=warn" "-w" "/opt/rustwide/workdir" "--user" "0:0" "4f5b0eb8d74957fd032694e0d85017780ac9eda5719ba95bf1ed214dc1ca9b6a" "/opt/rustwide/cargo-home/bin/cargo" "+1.100.0-beta.1" "build" "--frozen" "--message-format=json" "--release", kill_on_drop: false }`
[INFO] [stderr]    Compiling proc-macro2 v1.0.103
[INFO] [stderr]    Compiling quote v1.0.42
[INFO] [stderr]    Compiling libc v0.2.178
[INFO] [stderr]    Compiling unicode-ident v1.0.22
[INFO] [stderr]    Compiling find-msvc-tools v0.1.5
[INFO] [stderr]    Compiling serde_core v1.0.228
[INFO] [stderr]    Compiling zerocopy v0.8.31
[INFO] [stderr]    Compiling bytes v1.11.0
[INFO] [stderr]    Compiling log v0.4.29
[INFO] [stderr]    Compiling tracing-core v0.1.35
[INFO] [stderr]    Compiling siphasher v1.0.1
[INFO] [stderr]    Compiling memchr v2.7.6
[INFO] [stderr]    Compiling phf_shared v0.11.3
[INFO] [stderr]    Compiling serde_json v1.0.145
[INFO] [stderr]    Compiling crunchy v0.2.4
[INFO] [stderr]    Compiling phf_generator v0.11.3
[INFO] [stderr]    Compiling http v1.4.0
[INFO] [stderr]    Compiling syn v2.0.111
[INFO] [stderr]    Compiling litemap v0.8.1
[INFO] [stderr]    Compiling arrayvec v0.7.6
[INFO] [stderr]    Compiling writeable v0.6.2
[INFO] [stderr]    Compiling parking_lot_core v0.9.12
[INFO] [stderr]    Compiling mio v1.1.1
[INFO] [stderr]    Compiling signal-hook-registry v1.4.7
[INFO] [stderr]    Compiling parking_lot v0.12.5
[INFO] [stderr]    Compiling jobserver v0.1.34
[INFO] [stderr]    Compiling socket2 v0.6.1
[INFO] [stderr]    Compiling cc v1.2.49
[INFO] [stderr]    Compiling getrandom v0.2.16
[INFO] [stderr]    Compiling http-body v1.0.1
[INFO] [stderr]    Compiling tiny-keccak v2.0.2
[INFO] [stderr]    Compiling ahash v0.8.12
[INFO] [stderr]    Compiling futures-task v0.3.31
[INFO] [stderr]    Compiling bitcoin-io v0.1.4
[INFO] [stderr]    Compiling icu_normalizer_data v2.1.1
[INFO] [stderr]    Compiling icu_properties_data v2.1.1
[INFO] [stderr]    Compiling zeroize v1.8.2
[INFO] [stderr]    Compiling rustls-pki-types v1.13.1
[INFO] [stderr]    Compiling futures-util v0.3.31
[INFO] [stderr]    Compiling once_cell v1.21.3
[INFO] [stderr]    Compiling bitcoin-internals v0.3.0
[INFO] [stderr]    Compiling pest v2.8.4
[INFO] [stderr]    Compiling const-random-macro v0.1.16
[INFO] [stderr]    Compiling bitflags v2.10.0
[INFO] [stderr]    Compiling hashbrown v0.15.5
[INFO] [stderr]    Compiling getrandom v0.3.4
[INFO] [stderr]    Compiling ring v0.17.14
[INFO] [stderr]    Compiling zstd-sys v2.0.16+zstd.1.5.7
[INFO] [stderr]    Compiling secp256k1-sys v0.10.1
[INFO] [stderr]    Compiling hex-conservative v0.2.2
[INFO] [stderr]    Compiling futures-channel v0.3.31
[INFO] [stderr]    Compiling rustls v0.23.35
[INFO] [stderr]    Compiling libsqlite3-sys v0.35.0
[INFO] [stderr]    Compiling pest_meta v2.8.4
[INFO] [stderr]    Compiling bitcoin_hashes v0.14.1
[INFO] [stderr]    Compiling hashlink v0.10.0
[INFO] [stderr]    Compiling rand_core v0.9.3
[INFO] [stderr]    Compiling const-random v0.1.18
[INFO] [stderr]    Compiling form_urlencoded v1.2.2
[INFO] [stderr]    Compiling http-body-util v0.1.3
[INFO] [stderr]    Compiling synstructure v0.13.2
[INFO] [stderr]    Compiling zstd-safe v7.2.4
[INFO] [stderr]    Compiling rustls v0.21.12
[INFO] [stderr]    Compiling erased-serde v0.4.9
[INFO] [stderr]    Compiling regex-syntax v0.8.8
[INFO] [stderr]    Compiling pest_generator v2.8.4
[INFO] [stderr]    Compiling dlv-list v0.5.2
[INFO] [stderr]    Compiling blake3 v1.8.2
[INFO] [stderr]    Compiling crossbeam-queue v0.3.12
[INFO] [stderr]    Compiling heed-traits v0.20.0
[INFO] [stderr]    Compiling winnow v0.7.14
[INFO] [stderr]    Compiling anstyle v1.0.13
[INFO] [stderr]    Compiling thiserror v2.0.17
[INFO] [stderr]    Compiling zerocopy-derive v0.8.31
[INFO] [stderr]    Compiling serde_derive v1.0.228
[INFO] [stderr]    Compiling zerofrom-derive v0.1.6
[INFO] [stderr]    Compiling zerofrom v0.1.6
[INFO] [stderr]    Compiling yoke-derive v0.8.1
[INFO] [stderr]    Compiling serde v1.0.228
[INFO] [stderr]    Compiling zerovec-derive v0.11.2
[INFO] [stderr]    Compiling yoke v0.8.1
[INFO] [stderr]    Compiling displaydoc v0.2.5
[INFO] [stderr]    Compiling tokio-macros v2.6.0
[INFO] [stderr]    Compiling tracing-attributes v0.1.31
[INFO] [stderr]    Compiling zerovec v0.11.5
[INFO] [stderr]    Compiling tokio v1.48.0
[INFO] [stderr]    Compiling zerotrie v0.2.3
[INFO] [stderr]    Compiling phf_macros v0.11.3
[INFO] [stderr]    Compiling tinystr v0.8.2
[INFO] [stderr]    Compiling potential_utf v0.1.4
[INFO] [stderr]    Compiling tracing v0.1.43
[INFO] [stderr]    Compiling icu_locale_core v2.1.1
[INFO] [stderr]    Compiling icu_collections v2.1.1
[INFO] [stderr]    Compiling phf v0.11.3
[INFO] [stderr]    Compiling doxygen-rs v0.4.2
[INFO] [stderr]    Compiling lmdb-master-sys v0.2.5
[INFO] [stderr]    Compiling hashbrown v0.14.5
[INFO] [stderr]    Compiling ppv-lite86 v0.2.21
[INFO] [stderr]    Compiling icu_provider v2.1.1
[INFO] [stderr]    Compiling icu_normalizer v2.1.1
[INFO] [stderr]    Compiling icu_properties v2.1.1
[INFO] [stderr]    Compiling rustls-webpki v0.103.8
[INFO] [stderr]    Compiling idna_adapter v1.2.1
[INFO] [stderr]    Compiling rustls-webpki v0.101.7
[INFO] [stderr]    Compiling sct v0.7.1
[INFO] [stderr]    Compiling rand_chacha v0.9.0
[INFO] [stderr]    Compiling bincode v1.3.3
[INFO] [stderr]    Compiling half v2.7.1
[INFO] [stderr]    Compiling hyper v1.8.1
[INFO] [stderr]    Compiling tower v0.5.2
[INFO] [stderr]    Compiling regex-automata v0.4.13
[INFO] [stderr]    Compiling ucd-trie v0.1.7
[INFO] [stderr]    Compiling bitcoin v0.32.8
[INFO] [stderr]    Compiling heed-types v0.20.1
[INFO] [stderr]    Compiling idna v1.1.0
[INFO] [stderr]    Compiling anstream v0.6.21
[INFO] [stderr]    Compiling hyper-util v0.1.19
[INFO] [stderr]    Compiling tokio-rustls v0.26.4
[INFO] [stderr]    Compiling matchers v0.2.0
[INFO] [stderr]    Compiling ciborium-ll v0.2.2
[INFO] [stderr]    Compiling rand v0.9.2
[INFO] [stderr]    Compiling secp256k1 v0.29.1
[INFO] [stderr]    Compiling ordered-multimap v0.7.3
[INFO] [stderr]    Compiling serde_urlencoded v0.7.1
[INFO] [stderr]    Compiling tracing-serde v0.2.0
[INFO] [stderr]    Compiling toml_parser v1.0.4
[INFO] [stderr]    Compiling thiserror-impl v2.0.17
[INFO] [stderr]    Compiling pest_derive v2.8.4
[INFO] [stderr]    Compiling synchronoise v1.0.1
[INFO] [stderr]    Compiling base58ck v0.1.0
[INFO] [stderr]    Compiling bitcoin-units v0.1.2
[INFO] [stderr]    Compiling toml_datetime v0.7.3
[INFO] [stderr]    Compiling serde_spanned v1.0.3
[INFO] [stderr]    Compiling webpki-roots v1.0.4
[INFO] [stderr]    Compiling scheduled-thread-pool v0.2.7
[INFO] [stderr]    Compiling page_size v0.6.0
[INFO] [stderr]    Compiling tracing-log v0.2.0
[INFO] [stderr]    Compiling encoding_rs v0.8.35
[INFO] [stderr]    Compiling thread_local v1.1.9
[INFO] [stderr]    Compiling clap_lex v0.7.6
[INFO] [stderr]    Compiling iri-string v0.7.9
[INFO] [stderr]    Compiling fallible-iterator v0.3.0
[INFO] [stderr]    Compiling unicode-segmentation v1.12.0
[INFO] [stderr]    Compiling fallible-streaming-iterator v0.1.9
[INFO] [stderr]    Compiling arraydeque v0.5.1
[INFO] [stderr]    Compiling nu-ansi-term v0.50.3
[INFO] [stderr]    Compiling xxhash-rust v0.8.15
[INFO] [stderr]    Compiling arrayref v0.3.9
[INFO] [stderr]    Compiling rollblock v0.4.1
[INFO] [stderr]    Compiling ron v0.12.0
[INFO] [stderr]    Compiling tower-http v0.6.7
[INFO] [stderr]    Compiling tracing-subscriber v0.3.22
[INFO] [stderr]    Compiling clap_builder v4.5.53
[INFO] [stderr]    Compiling rustls-pemfile v1.0.4
[INFO] [stderr]    Compiling clap_derive v4.5.49
[INFO] [stderr]    Compiling rayon v1.11.0
[INFO] [stderr]    Compiling axum-core v0.5.5
[INFO] [stderr]    Compiling dirs-sys v0.5.0
[INFO] [stderr]    Compiling yaml-rust2 v0.10.4
[INFO] [stderr]    Compiling convert_case v0.6.0
[INFO] [stderr]    Compiling heed v0.20.5
[INFO] [stderr]    Compiling r2d2 v0.8.10
[INFO] [stderr]    Compiling hyper-rustls v0.27.7
[INFO] [stderr]    Compiling toml v0.9.8
[INFO] [stderr]    Compiling serde-untagged v0.1.9
[INFO] [stderr]    Compiling tokio-rustls v0.24.1
[INFO] [stderr]    Compiling json5 v0.4.1
[INFO] [stderr]    Compiling rust-ini v0.21.3
[INFO] [stderr]    Compiling uuid v1.19.0
[INFO] [stderr]    Compiling ciborium v0.2.2
[INFO] [stderr]    Compiling url v2.5.7
[INFO] [stderr]    Compiling async-trait v0.1.89
[INFO] [stderr]    Compiling serde_path_to_error v0.1.20
[INFO] [stderr]    Compiling fs2 v0.4.3
[INFO] [stderr]    Compiling memmap2 v0.9.9
[INFO] [stderr]    Compiling matchit v0.8.4
[INFO] [stderr]    Compiling pathdiff v0.2.3
[INFO] [stderr]    Compiling reqwest v0.12.24
[INFO] [stderr]    Compiling zeldhash-protocol v0.6.0
[INFO] [stderr]    Compiling config v0.15.19
[INFO] [stderr]    Compiling axum v0.8.7
[INFO] [stderr]    Compiling directories v6.0.0
[INFO] [stderr]    Compiling clap v4.5.53
[INFO] [stderr]    Compiling tower-http v0.5.2
[INFO] [stderr]    Compiling zstd v0.13.3
[INFO] [stderr]    Compiling rusqlite v0.37.0
[INFO] [stderr]    Compiling r2d2_sqlite v0.31.0
[INFO] [stderr]    Compiling zeldhash-api v0.3.6 (/opt/rustwide/workdir)
[INFO] [stderr]     Finished `release` profile [optimized] target(s) in 7m 38s
[INFO] running `Command { std: "docker" "inspect" "4f5b0eb8d74957fd032694e0d85017780ac9eda5719ba95bf1ed214dc1ca9b6a", kill_on_drop: false }`
[INFO] running `Command { std: "docker" "exec" "-e" "SOURCE_DIR=/opt/rustwide/workdir" "-e" "CARGO_HOME=/opt/rustwide/cargo-home" "-e" "RUSTUP_HOME=/opt/rustwide/rustup-home" "-e" "CARGO_TARGET_DIR=/opt/rustwide/target" "-e" "CARGO_INCREMENTAL=0" "-e" "RUST_BACKTRACE=full" "-e" "RUSTFLAGS=--cap-lints=warn" "-e" "RUSTDOCFLAGS=--cap-lints=warn" "-w" "/opt/rustwide/workdir" "--user" "0:0" "4f5b0eb8d74957fd032694e0d85017780ac9eda5719ba95bf1ed214dc1ca9b6a" "/opt/rustwide/cargo-home/bin/cargo" "+1.100.0-beta.1" "test" "--frozen" "--no-run" "--message-format=json" "--release", kill_on_drop: false }`
[INFO] [stderr]    Compiling bitflags v2.10.0
[INFO] [stderr]    Compiling rustix v1.1.2
[INFO] [stderr]    Compiling linux-raw-sys v0.11.0
[INFO] [stderr]    Compiling ron v0.12.0
[INFO] [stderr]    Compiling tower-http v0.6.7
[INFO] [stderr]    Compiling heed v0.20.5
[INFO] [stderr]    Compiling rusqlite v0.37.0
[INFO] [stderr]    Compiling tower-http v0.5.2
[INFO] [stderr]    Compiling reqwest v0.12.24
[INFO] [stderr]    Compiling rollblock v0.4.1
[INFO] [stderr]    Compiling r2d2_sqlite v0.31.0
[INFO] [stderr]    Compiling config v0.15.19
[INFO] [stderr]    Compiling tempfile v3.23.0
[INFO] [stderr]    Compiling zeldhash-api v0.3.6 (/opt/rustwide/workdir)
[INFO] [stderr]     Finished `release` profile [optimized] target(s) in 1m 16s
[INFO] running `Command { std: "docker" "inspect" "4f5b0eb8d74957fd032694e0d85017780ac9eda5719ba95bf1ed214dc1ca9b6a", kill_on_drop: false }`
[INFO] running `Command { std: "docker" "exec" "-e" "SOURCE_DIR=/opt/rustwide/workdir" "-e" "CARGO_HOME=/opt/rustwide/cargo-home" "-e" "RUSTUP_HOME=/opt/rustwide/rustup-home" "-e" "CARGO_TARGET_DIR=/opt/rustwide/target" "-e" "CARGO_INCREMENTAL=0" "-e" "RUST_BACKTRACE=full" "-e" "RUSTFLAGS=--cap-lints=warn" "-e" "RUSTDOCFLAGS=--cap-lints=warn" "-w" "/opt/rustwide/workdir" "--user" "0:0" "4f5b0eb8d74957fd032694e0d85017780ac9eda5719ba95bf1ed214dc1ca9b6a" "/opt/rustwide/cargo-home/bin/cargo" "+1.100.0-beta.1" "test" "--frozen" "--release", kill_on_drop: false }`
[INFO] [stderr]     Finished `release` profile [optimized] target(s) in 0.27s
[INFO] [stderr]      Running unittests src/main.rs (/opt/rustwide/target/release/build/zeldhash-api/a4fc7177c77a23ab/out/zeldhash_api-a4fc7177c77a23ab)
[INFO] [stdout] 
[INFO] [stdout] running 51 tests
[INFO] [stdout] test rollblockpool::tests::build_rollblock_client_settings_formats_endpoint ... ok
[INFO] [stdout] test config::tests::load_reads_default_config_file_when_present ... ok
[INFO] [stdout] test config::tests::load_prefers_cli_over_env_and_defaults ... ok
[INFO] [stdout] test rollblockpool::tests::connect_returns_error_for_unreachable_endpoint ... ok
[INFO] [stdout] test cli::tests::gather_from_accepts_minimal_arguments ... ok
[INFO] [stdout] test rollblockpool::tests::ensure_rollblock_available_closes_mock_connection ... ok
[INFO] [stdout] test cli::tests::gather_parses_all_flags_from_env_overrides ... ok
[INFO] [stdout] test config::tests::load_combines_config_file_and_env_when_cli_missing ... ok
[INFO] [stdout] test rollblockpool::tests::mock_client_records_get_calls ... ok
[INFO] [stdout] test rollblockpool::tests::settings_returns_config ... ok
[INFO] [stdout] test rollblockpool::tests::ensure_rollblock_available_propagates_connect_errors ... ok
[INFO] [stdout] test routes::tests::block_details_returns_not_found ... ok
[INFO] [stdout] test routes::tests::address_utxos_returns_empty_when_no_confirmed ... ok
[INFO] [stdout] test routes::tests::address_utxos_filters_unconfirmed_and_fetches_balances ... ok
[INFO] [stdout] test routes::tests::compute_utxo_key_is_stable ... ok
[INFO] [stdout] test routes::tests::decode_balance_handles_lengths ... ok
[INFO] [stdout] test routes::tests::decode_balance_treats_negative_as_zero ... ok
[INFO] [stdout] test routes::tests::address_utxos_rejects_over_limit ... ok
[INFO] [stdout] test routes::tests::block_details_rejects_overflow_height ... ok
[INFO] [stdout] test routes::tests::fetch_rollblock_balances_resizes_missing_values ... ok
[INFO] [stdout] test routes::tests::fetch_utxos_blockcypher_maps_fields ... ok
[INFO] [stdout] test routes::tests::fetch_rollblock_balances_returns_error_on_rollblock_failure ... ok
[INFO] [stdout] test routes::tests::fetch_utxos_esplora_succeeds ... ok
[INFO] [stdout] test routes::tests::fetch_utxos_esplora_fails_on_429 ... ok
[INFO] [stdout] test routes::tests::fetch_address_utxos_all_fail ... ok
[INFO] [stdout] test routes::tests::fetch_address_utxos_falls_back_on_failure ... ok
[INFO] [stdout] test routes::tests::block_details_fails_on_bad_json ... ok
[INFO] [stdout] test routes::tests::blocks_fails_on_invalid_json ... ok
[INFO] [stdout] test routes::tests::block_details_returns_stats_and_rewards ... ok
[INFO] [stdout] test routes::tests::blocks_returns_cumul_stats ... ok
[INFO] [stdout] test routes::tests::rewards_by_txid_rejects_invalid_txid ... ok
[INFO] [stdout] test routes::tests::rewards_by_txid_returns_not_found ... ok
[INFO] [stdout] test routes::tests::root_returns_error_when_sqlite_unavailable ... FAILED
[INFO] [stdout] test routes::tests::rewards_count_by_address_returns_zero_for_unknown_address ... ok
[INFO] [stdout] test routes::tests::rewards_rejects_invalid_sort ... ok
[INFO] [stdout] test routes::tests::rewards_applies_limit_and_offset ... ok
[INFO] [stdout] test routes::tests::rewards_rejects_overflow_offset ... ok
[INFO] [stdout] test routes::tests::rewards_by_txid_returns_rows ... ok
[INFO] [stdout] test routes::tests::rewards_count_by_address_returns_counts ... ok
[INFO] [stdout] test sqlitepool::tests::build_sqlite_pool_fails_when_file_missing ... ok
[INFO] [stdout] test sqlitepool::tests::build_sqlite_pool_succeeds_for_existing_file ... ok
[INFO] [stdout] test routes::tests::root_returns_ok ... ok
[INFO] [stdout] test tests::bootstrap_fails_when_rollblock_unavailable ... ok
[INFO] [stdout] test routes::tests::utxo_balance_rejects_invalid_txid ... ok
[INFO] [stdout] test tests::bootstrap_fails_when_sqlite_missing ... ok
[INFO] [stdout] test routes::tests::utxo_balance_returns_balance ... ok
[INFO] [stdout] test tests::bootstrap_succeeds_with_mock_rollblock ... ok
[INFO] [stdout] test routes::tests::utxo_balances_parses_and_returns_values ... ok
[INFO] [stdout] test routes::tests::utxo_balances_rejects_too_many ... ok
[INFO] [stdout] test routes::tests::utxo_balances_returns_empty_for_no_inputs ... ok
[INFO] [stdout] test routes::tests::rewards_supports_zero_count_sort ... ok
[INFO] [stdout] 
[INFO] [stdout] failures:
[INFO] [stdout] 
[INFO] [stdout] ---- routes::tests::root_returns_error_when_sqlite_unavailable stdout ----
[INFO] [stdout] 
[INFO] [stdout] thread 'routes::tests::root_returns_error_when_sqlite_unavailable' (4133) panicked at src/routes.rs:1193:13:
[INFO] [stdout] expected root error
[INFO] [stdout] stack backtrace:
[INFO] [stdout]    0:     0x5877218e5311 - <<std[617be2ca0a6fd877]::sys::backtrace::BacktraceLock>::print::DisplayBacktrace as core[a373ad73a504971]::fmt::Display>::fmt
[INFO] [stdout]    1:     0x5877218ff38a - core[a373ad73a504971]::fmt::write
[INFO] [stdout]    2:     0x5877218eae2c - <alloc[2e1b2a31b91974c5]::vec::Vec<u8> as core[a373ad73a504971]::io::write::Write>::write_fmt
[INFO] [stdout]    3:     0x5877218be696 - std[617be2ca0a6fd877]::panicking::default_hook::{closure#0}
[INFO] [stdout]    4:     0x5877218dc509 - std[617be2ca0a6fd877]::panicking::default_hook
[INFO] [stdout]    5:     0x587721394ff0 - test[aada8e7e76ba119b]::test_main_inner::{closure#0}
[INFO] [stdout]    6:     0x5877218dc832 - std[617be2ca0a6fd877]::panicking::panic_with_hook
[INFO] [stdout]    7:     0x5877218be774 - std[617be2ca0a6fd877]::panicking::panic_handler::{closure#0}
[INFO] [stdout]    8:     0x5877218b6ea9 - std[617be2ca0a6fd877]::sys::backtrace::__rust_end_short_backtrace::<std[617be2ca0a6fd877]::panicking::panic_handler::{closure#0}, !>
[INFO] [stdout]    9:     0x5877218bf75d - __rustc[ea4f61d10b84890b]::rust_begin_unwind
[INFO] [stdout]   10:     0x5877218ffbac - core[a373ad73a504971]::panicking::panic_fmt
[INFO] [stdout]   11:     0x5877212c759d - zeldhash_api[f1dcdf4d078a0455]::routes::tests::root_returns_error_when_sqlite_unavailable::{closure#0}
[INFO] [stdout]   12:     0x587721371c23 - <tokio[7b3902c1ccef4ffa]::runtime::scheduler::current_thread::Context>::enter::<core[a373ad73a504971]::task::poll::Poll<()>, <tokio[7b3902c1ccef4ffa]::runtime::scheduler::current_thread::CoreGuard>::block_on<core[a373ad73a504971]::pin::Pin<&mut core[a373ad73a504971]::pin::Pin<&mut dyn core[a373ad73a504971]::future::future::Future<Output = ()>>>>::{closure#0}::{closure#0}>
[INFO] [stdout]   13:     0x587721319bcc - <tokio[7b3902c1ccef4ffa]::runtime::context::scoped::Scoped<tokio[7b3902c1ccef4ffa]::runtime::scheduler::Context>>::set::<<tokio[7b3902c1ccef4ffa]::runtime::scheduler::current_thread::CoreGuard>::enter<<tokio[7b3902c1ccef4ffa]::runtime::scheduler::current_thread::CoreGuard>::block_on<core[a373ad73a504971]::pin::Pin<&mut core[a373ad73a504971]::pin::Pin<&mut dyn core[a373ad73a504971]::future::future::Future<Output = ()>>>>::{closure#0}, core[a373ad73a504971]::option::Option<()>>::{closure#0}, (alloc[2e1b2a31b91974c5]::boxed::Box<tokio[7b3902c1ccef4ffa]::runtime::scheduler::current_thread::Core>, core[a373ad73a504971]::option::Option<()>)>
[INFO] [stdout]   14:     0x587721372767 - <tokio[7b3902c1ccef4ffa]::runtime::scheduler::current_thread::CoreGuard>::block_on::<core[a373ad73a504971]::pin::Pin<&mut core[a373ad73a504971]::pin::Pin<&mut dyn core[a373ad73a504971]::future::future::Future<Output = ()>>>>
[INFO] [stdout]   15:     0x5877212f3efd - tokio[7b3902c1ccef4ffa]::runtime::context::runtime::enter_runtime::<<tokio[7b3902c1ccef4ffa]::runtime::scheduler::current_thread::CurrentThread>::block_on<core[a373ad73a504971]::pin::Pin<&mut dyn core[a373ad73a504971]::future::future::Future<Output = ()>>>::{closure#0}, ()>
[INFO] [stdout]   16:     0x5877212eca4e - <tokio[7b3902c1ccef4ffa]::runtime::runtime::Runtime>::block_on::<core[a373ad73a504971]::pin::Pin<&mut dyn core[a373ad73a504971]::future::future::Future<Output = ()>>>
[INFO] [stdout]   17:     0x5877212cf7d3 - <zeldhash_api[f1dcdf4d078a0455]::routes::tests::root_returns_error_when_sqlite_unavailable::{closure#0} as core[a373ad73a504971]::ops::function::FnOnce<()>>::call_once
[INFO] [stdout]   18:     0x58772138843b - test[aada8e7e76ba119b]::__rust_begin_short_backtrace::<core[a373ad73a504971]::result::Result<(), alloc[2e1b2a31b91974c5]::string::String>, fn() -> core[a373ad73a504971]::result::Result<(), alloc[2e1b2a31b91974c5]::string::String>>
[INFO] [stdout]   19:     0x587721395615 - test[aada8e7e76ba119b]::run_test::{closure#0}
[INFO] [stdout]   20:     0x58772138ef04 - std[617be2ca0a6fd877]::sys::backtrace::__rust_begin_short_backtrace::<test[aada8e7e76ba119b]::run_test::{closure#1}, ()>
[INFO] [stdout]   21:     0x5877213986a2 - <std[617be2ca0a6fd877]::thread::lifecycle::spawn_unchecked<test[aada8e7e76ba119b]::run_test::{closure#1}, ()>::{closure#1} as core[a373ad73a504971]::ops::function::FnOnce<()>>::call_once::{shim:vtable#0}
[INFO] [stdout]   22:     0x5877218e44af - <std[617be2ca0a6fd877]::sys::thread::unix::Thread>::new::thread_start
[INFO] [stdout]   23:     0x762ca23d3dfa - <unknown>
[INFO] [stdout]   24:     0x762ca24673d4 - clone
[INFO] [stdout]   25:                0x0 - <unknown>
[INFO] [stdout] 
[INFO] [stdout] 
[INFO] [stdout] failures:
[INFO] [stdout]     routes::tests::root_returns_error_when_sqlite_unavailable
[INFO] [stdout] 
[INFO] [stdout] test result: FAILED. 50 passed; 1 failed; 0 ignored; 0 measured; 0 filtered out; finished in 0.28s
[INFO] [stdout] 
[INFO] [stderr] error: test failed, to rerun pass `--bin zeldhash-api`
[INFO] running `Command { std: "docker" "inspect" "4f5b0eb8d74957fd032694e0d85017780ac9eda5719ba95bf1ed214dc1ca9b6a", kill_on_drop: false }`
[INFO] running `Command { std: "docker" "rm" "-f" "4f5b0eb8d74957fd032694e0d85017780ac9eda5719ba95bf1ed214dc1ca9b6a", kill_on_drop: false }`
[INFO] [stdout] 4f5b0eb8d74957fd032694e0d85017780ac9eda5719ba95bf1ed214dc1ca9b6a
