[INFO] fetching crate xaeroflux 1.0.0...
[INFO] testing xaeroflux-1.0.0 against 1.100.0-beta.1+cargoflags=--release for beta-release-1.100-2
[INFO] extracting crate xaeroflux 1.0.0 into /workspace/builds/worker-6-tc2/source
[INFO] removed /workspace/builds/worker-6-tc2/source/rust-toolchain.toml
[INFO] started tweaking crates.io crate xaeroflux 1.0.0
[INFO] finished tweaking crates.io crate xaeroflux 1.0.0
[INFO] tweaked toml for crates.io crate xaeroflux 1.0.0 written to /workspace/builds/worker-6-tc2/source/Cargo.toml
[INFO] validating manifest of crates.io crate xaeroflux 1.0.0 on toolchain 1.100.0-beta.1
[INFO] running `Command { std: CARGO_HOME="/workspace/cargo-home" RUSTUP_HOME="/workspace/rustup-home" "/workspace/cargo-home/bin/cargo" "+1.100.0-beta.1" "metadata" "--manifest-path" "Cargo.toml" "--no-deps", kill_on_drop: false }`
[INFO] crate crates.io crate xaeroflux 1.0.0 already has a lockfile, it will not be regenerated
[INFO] running `Command { std: CARGO_HOME="/workspace/cargo-home" RUSTUP_HOME="/workspace/rustup-home" "/workspace/cargo-home/bin/cargo" "+1.100.0-beta.1" "fetch" "--manifest-path" "Cargo.toml", kill_on_drop: false }`
[INFO] running `Command { std: "docker" "create" "-v" "/var/lib/crater-agent-workspace/builds/worker-6-tc2/source:/opt/rustwide/workdir:ro,Z" "-v" "/var/lib/crater-agent-workspace/builds/worker-6-tc2/target:/opt/rustwide/target:rw,Z" "-v" "/var/lib/crater-agent-workspace/cargo-home:/opt/rustwide/cargo-home:ro,Z" "-v" "/var/lib/crater-agent-workspace/rustup-home:/opt/rustwide/rustup-home:ro,Z" "-m" "1610612736" "--network" "none" "ghcr.io/rust-lang/crates-build-env/linux@sha256:77db811e55d90add9212f6832c23229e3de5f1c1f9905e8cb07319ea15df73ac" "sleep" "infinity", kill_on_drop: false }`
[INFO] [stdout] fa39af2023808e33795ba557684ef414d7868e9f6de85fe9f84fe274140cd460
[INFO] running `Command { std: "docker" "start" "fa39af2023808e33795ba557684ef414d7868e9f6de85fe9f84fe274140cd460", kill_on_drop: false }`
[INFO] running `Command { std: "docker" "inspect" "fa39af2023808e33795ba557684ef414d7868e9f6de85fe9f84fe274140cd460", kill_on_drop: false }`
[INFO] running `Command { std: "docker" "exec" "-e" "SOURCE_DIR=/opt/rustwide/workdir" "-e" "CARGO_HOME=/opt/rustwide/cargo-home" "-e" "RUSTUP_HOME=/opt/rustwide/rustup-home" "-e" "CARGO_TARGET_DIR=/opt/rustwide/target" "-w" "/opt/rustwide/workdir" "--user" "0:0" "fa39af2023808e33795ba557684ef414d7868e9f6de85fe9f84fe274140cd460" "/opt/rustwide/cargo-home/bin/cargo" "+1.100.0-beta.1" "metadata" "--no-deps" "--format-version=1", kill_on_drop: false }`
[INFO] running `Command { std: "docker" "inspect" "fa39af2023808e33795ba557684ef414d7868e9f6de85fe9f84fe274140cd460", kill_on_drop: false }`
[INFO] running `Command { std: "docker" "exec" "-e" "SOURCE_DIR=/opt/rustwide/workdir" "-e" "CARGO_HOME=/opt/rustwide/cargo-home" "-e" "RUSTUP_HOME=/opt/rustwide/rustup-home" "-e" "CARGO_TARGET_DIR=/opt/rustwide/target" "-e" "CARGO_INCREMENTAL=0" "-e" "RUST_BACKTRACE=full" "-e" "RUSTFLAGS=--cap-lints=warn" "-e" "RUSTDOCFLAGS=--cap-lints=warn" "-w" "/opt/rustwide/workdir" "--user" "0:0" "fa39af2023808e33795ba557684ef414d7868e9f6de85fe9f84fe274140cd460" "/opt/rustwide/cargo-home/bin/cargo" "+1.100.0-beta.1" "build" "--frozen" "--message-format=json" "--release", kill_on_drop: false }`
[INFO] [stderr]    Compiling libc v0.2.174
[INFO] [stderr]    Compiling serde_core v1.0.228
[INFO] [stderr]    Compiling serde v1.0.228
[INFO] [stderr]    Compiling log v0.4.27
[INFO] [stderr]    Compiling syn v2.0.104
[INFO] [stderr]    Compiling portable-atomic v1.11.1
[INFO] [stderr]    Compiling slab v0.4.10
[INFO] [stderr]    Compiling cc v1.2.30
[INFO] [stderr]    Compiling futures-channel v0.3.31
[INFO] [stderr]    Compiling typenum v1.18.0
[INFO] [stderr]    Compiling thiserror v2.0.12
[INFO] [stderr]    Compiling object v0.36.7
[INFO] [stderr]    Compiling hashbrown v0.15.4
[INFO] [stderr]    Compiling gimli v0.31.1
[INFO] [stderr]    Compiling once_cell v1.21.3
[INFO] [stderr]    Compiling tracing-core v0.1.34
[INFO] [stderr]    Compiling socket2 v0.6.0
[INFO] [stderr]    Compiling signal-hook-registry v1.4.5
[INFO] [stderr]    Compiling mio v1.0.4
[INFO] [stderr]    Compiling getrandom v0.3.3
[INFO] [stderr]    Compiling rand_core v0.9.3
[INFO] [stderr]    Compiling getrandom v0.2.16
[INFO] [stderr]    Compiling ring v0.17.14
[INFO] [stderr]    Compiling rustls v0.23.35
[INFO] [stderr]    Compiling rustc-demangle v0.1.25
[INFO] [stderr]    Compiling const-oid v0.10.1
[INFO] [stderr]    Compiling form_urlencoded v1.2.1
[INFO] [stderr]    Compiling indexmap v2.10.0
[INFO] [stderr]    Compiling anyhow v1.0.100
[INFO] [stderr]    Compiling fastrand v2.3.0
[INFO] [stderr]    Compiling futures-lite v2.6.0
[INFO] [stderr]    Compiling base64ct v1.8.0
[INFO] [stderr]    Compiling pem-rfc7468 v1.0.0
[INFO] [stderr]    Compiling cordyceps v0.3.4
[INFO] [stderr]    Compiling spin v0.10.0
[INFO] [stderr]    Compiling diatomic-waker v0.2.3
[INFO] [stderr]    Compiling rand_chacha v0.9.0
[INFO] [stderr]    Compiling futures-buffered v0.2.12
[INFO] [stderr]    Compiling synstructure v0.13.2
[INFO] [stderr]    Compiling curve25519-dalek v5.0.0-pre.1
[INFO] [stderr]    Compiling heapless v0.7.17
[INFO] [stderr]    Compiling addr2line v0.24.2
[INFO] [stderr]    Compiling tinyvec v1.9.0
[INFO] [stderr]    Compiling hash32 v0.2.1
[INFO] [stderr]    Compiling rand v0.9.2
[INFO] [stderr]    Compiling socket2 v0.5.10
[INFO] [stderr]    Compiling iroh-quinn-udp v0.5.7
[INFO] [stderr]    Compiling n0-future v0.3.1
[INFO] [stderr]    Compiling spin v0.9.8
[INFO] [stderr]    Compiling syn v1.0.109
[INFO] [stderr]    Compiling serde_derive v1.0.228
[INFO] [stderr]    Compiling zeroize_derive v1.4.2
[INFO] [stderr]    Compiling tokio-macros v2.6.0
[INFO] [stderr]    Compiling futures-macro v0.3.31
[INFO] [stderr]    Compiling zerofrom-derive v0.1.6
[INFO] [stderr]    Compiling yoke-derive v0.8.0
[INFO] [stderr]    Compiling zeroize v1.8.2
[INFO] [stderr]    Compiling tracing-attributes v0.1.30
[INFO] [stderr]    Compiling zerovec-derive v0.11.1
[INFO] [stderr]    Compiling futures-util v0.3.31
[INFO] [stderr]    Compiling displaydoc v0.2.5
[INFO] [stderr]    Compiling hybrid-array v0.4.5
[INFO] [stderr]    Compiling rustls-pki-types v1.12.0
[INFO] [stderr]    Compiling zerofrom v0.1.6
[INFO] [stderr]    Compiling yoke v0.8.0
[INFO] [stderr]    Compiling tracing v0.1.41
[INFO] [stderr]    Compiling thiserror-impl v2.0.12
[INFO] [stderr]    Compiling crypto-common v0.2.0-rc.4
[INFO] [stderr]    Compiling zerovec v0.11.2
[INFO] [stderr]    Compiling zerotrie v0.2.2
[INFO] [stderr]    Compiling block-buffer v0.11.0
[INFO] [stderr]    Compiling backtrace v0.3.75
[INFO] [stderr]    Compiling pin-project-internal v1.1.10
[INFO] [stderr]    Compiling digest v0.11.0-rc.3
[INFO] [stderr]    Compiling tinystr v0.8.1
[INFO] [stderr]    Compiling potential_utf v0.1.2
[INFO] [stderr]    Compiling icu_locale_core v2.0.0
[INFO] [stderr]    Compiling icu_collections v2.0.0
[INFO] [stderr]    Compiling spez v0.1.2
[INFO] [stderr]    Compiling smallvec v1.15.1
[INFO] [stderr]    Compiling bytes v1.10.1
[INFO] [stderr]    Compiling parking_lot_core v0.9.11
[INFO] [stderr]    Compiling parking_lot v0.12.4
[INFO] [stderr]    Compiling http v1.3.1
[INFO] [stderr]    Compiling pin-project v1.1.10
[INFO] [stderr]    Compiling n0-error-macros v0.1.2
[INFO] [stderr]    Compiling der v0.8.0-rc.10
[INFO] [stderr]    Compiling tokio v1.48.0
[INFO] [stderr]    Compiling icu_provider v2.0.0
[INFO] [stderr]    Compiling n0-error v0.1.2
[INFO] [stderr]    Compiling icu_normalizer v2.0.0
[INFO] [stderr]    Compiling icu_properties v2.0.1
[INFO] [stderr]    Compiling http-body v1.0.1
[INFO] [stderr]    Compiling spki v0.8.0-rc.4
[INFO] [stderr]    Compiling futures-executor v0.3.31
[INFO] [stderr]    Compiling derive_more-impl v2.0.1
[INFO] [stderr]    Compiling idna_adapter v1.2.1
[INFO] [stderr]    Compiling idna v1.0.3
[INFO] [stderr]    Compiling derive_more-impl v1.0.0
[INFO] [stderr]    Compiling curve25519-dalek-derive v0.1.1
[INFO] [stderr]    Compiling url v2.5.4
[INFO] [stderr]    Compiling toml_edit v0.22.27
[INFO] [stderr]    Compiling derive_more v1.0.0
[INFO] [stderr]    Compiling rustls-webpki v0.103.8
[INFO] [stderr]    Compiling deranged v0.4.0
[INFO] [stderr]    Compiling derive_more v2.0.1
[INFO] [stderr]    Compiling pkcs8 v0.11.0-rc.8
[INFO] [stderr]    Compiling futures v0.3.31
[INFO] [stderr]    Compiling cobs v0.3.0
[INFO] [stderr]    Compiling tokio-util v0.7.15
[INFO] [stderr]    Compiling inout v0.2.1
[INFO] [stderr]    Compiling postcard-derive v0.2.1
[INFO] [stderr]    Compiling async-trait v0.1.88
[INFO] [stderr]    Compiling rand_core v0.6.4
[INFO] [stderr]    Compiling time-core v0.1.4
[INFO] [stderr]    Compiling signature v3.0.0-rc.5
[INFO] [stderr]    Compiling h2 v0.4.11
[INFO] [stderr]    Compiling num-conv v0.1.0
[INFO] [stderr]    Compiling time v0.3.41
[INFO] [stderr]    Compiling rustls-native-certs v0.8.2
[INFO] [stderr]    Compiling ed25519 v3.0.0-rc.2
[INFO] [stderr]    Compiling rand_chacha v0.3.1
[INFO] [stderr]    Compiling netlink-packet-core v0.8.1
[INFO] [stderr]    Compiling postcard v1.1.3
[INFO] [stderr]    Compiling proc-macro-crate v3.3.0
[INFO] [stderr]    Compiling http-body-util v0.1.3
[INFO] [stderr]    Compiling sha2 v0.11.0-rc.2
[INFO] [stderr]    Compiling rustversion v1.0.21
[INFO] [stderr]    Compiling tower v0.5.2
[INFO] [stderr]    Compiling rand v0.8.5
[INFO] [stderr]    Compiling cipher v0.5.0-rc.1
[INFO] [stderr]    Compiling netlink-sys v0.8.7
[INFO] [stderr]    Compiling proc-macro-error-attr v0.4.12
[INFO] [stderr]    Compiling webpki-roots v1.0.4
[INFO] [stderr]    Compiling tokio-rustls v0.26.2
[INFO] [stderr]    Compiling ed25519-dalek v3.0.0-pre.1
[INFO] [stderr]    Compiling thiserror-impl v1.0.69
[INFO] [stderr]    Compiling enum-as-inner v0.6.1
[INFO] [stderr]    Compiling blake3 v1.8.2
[INFO] [stderr]    Compiling iroh-quinn v0.14.0
[INFO] [stderr]    Compiling iri-string v0.7.8
[INFO] [stderr]    Compiling litrs v0.4.1
[INFO] [stderr]    Compiling moka v0.12.10
[INFO] [stderr]    Compiling document-features v0.2.11
[INFO] [stderr]    Compiling thiserror v1.0.69
[INFO] [stderr]    Compiling num_enum_derive v0.7.4
[INFO] [stderr]    Compiling netlink-packet-route v0.25.1
[INFO] [stderr]    Compiling syn-mid v0.5.4
[INFO] [stderr]    Compiling hyper v1.6.0
[INFO] [stderr]    Compiling hickory-proto v0.25.2
[INFO] [stderr]    Compiling tower-http v0.6.6
[INFO] [stderr]    Compiling proc-macro-error v0.4.12
[INFO] [stderr]    Compiling http v0.2.12
[INFO] [stderr]    Compiling hyper-util v0.1.16
[INFO] [stderr]    Compiling serde_urlencoded v0.7.1
[INFO] [stderr]    Compiling universal-hash v0.6.0-rc.2
[INFO] [stderr]    Compiling iroh-metrics-derive v0.4.0
[INFO] [stderr]    Compiling hyper-rustls v0.27.7
[INFO] [stderr]    Compiling uuid v1.17.0
[INFO] [stderr]    Compiling acto v0.7.4
[INFO] [stderr]    Compiling netwatch v0.12.0
[INFO] [stderr]    Compiling pkarr v5.0.0
[INFO] [stderr]    Compiling regex-syntax v0.8.5
[INFO] [stderr]    Compiling xml-rs v0.8.27
[INFO] [stderr]    Compiling tagptr v0.2.0
[INFO] [stderr]    Compiling self_cell v1.2.0
[INFO] [stderr]    Compiling regex-syntax v0.6.29
[INFO] [stderr]    Compiling base32 v0.5.1
[INFO] [stderr]    Compiling proc-macro-hack v0.5.20+deprecated
[INFO] [stderr]    Compiling constant_time_eq v0.3.1
[INFO] [stderr]    Compiling ntimestamp v1.0.0
[INFO] [stderr]    Compiling xmltree v0.10.3
[INFO] [stderr]    Compiling netdev v0.38.2
[INFO] [stderr]    Compiling regex-automata v0.1.10
[INFO] [stderr]    Compiling regex-automata v0.4.9
[INFO] [stderr]    Compiling reqwest v0.12.22
[INFO] [stderr]    Compiling iroh-metrics v0.37.0
[INFO] [stderr]    Compiling poly1305 v0.9.0-rc.2
[INFO] [stderr]    Compiling attohttpc v0.24.1
[INFO] [stderr]    Compiling num_enum v0.7.4
[INFO] [stderr]    Compiling iroh-base v0.95.1
[INFO] [stderr]    Compiling netlink-proto v0.12.0
[INFO] [stderr]    Compiling chacha20 v0.10.0-rc.2
[INFO] [stderr]    Compiling salsa20 v0.11.0-rc.1
[INFO] [stderr]    Compiling n0-watcher v0.5.0
[INFO] [stderr]    Compiling aead v0.6.0-rc.2
[INFO] [stderr]    Compiling async-compat v0.2.4
[INFO] [stderr]    Compiling strum_macros v0.27.2
[INFO] [stderr]    Compiling simple-dns v0.9.3
[INFO] [stderr]    Compiling iroh-relay v0.95.1
[INFO] [stderr]    Compiling overload v0.1.1
[INFO] [stderr]    Compiling dyn-clone v1.0.19
[INFO] [stderr]    Compiling simdutf8 v0.1.5
[INFO] [stderr]    Compiling base16ct v0.3.0
[INFO] [stderr]    Compiling resolv-conf v0.7.4
[INFO] [stderr]    Compiling lru v0.13.0
[INFO] [stderr]    Compiling smol_str v0.1.24
[INFO] [stderr]    Compiling strum v0.27.2
[INFO] [stderr]    Compiling hickory-resolver v0.25.2
[INFO] [stderr]    Compiling tokio-websockets v0.12.1
[INFO] [stderr]    Compiling serdect v0.4.1
[INFO] [stderr]    Compiling nu-ansi-term v0.46.0
[INFO] [stderr]    Compiling rustls-platform-verifier v0.5.3
[INFO] [stderr]    Compiling crypto_secretbox v0.2.0-pre.0
[INFO] [stderr]    Compiling igd-next v0.16.1
[INFO] [stderr]    Compiling regex v1.11.1
[INFO] [stderr]    Compiling iroh-quinn-proto v0.13.0
[INFO] [stderr]    Compiling matchers v0.1.0
[INFO] [stderr]    Compiling lru v0.16.2
[INFO] [stderr]    Compiling yasna v0.5.2
[INFO] [stderr]    Compiling serde_bytes v0.11.17
[INFO] [stderr]    Compiling sha1 v0.11.0-rc.2
[INFO] [stderr]    Compiling ref-cast-impl v1.0.25
[INFO] [stderr]    Compiling pem v3.0.6
[INFO] [stderr]    Compiling tracing-log v0.2.0
[INFO] [stderr]    Compiling iroh v0.95.1
[INFO] [stderr]    Compiling thread_local v1.1.9
[INFO] [stderr]    Compiling z32 v1.3.0
[INFO] [stderr]    Compiling rustix v1.0.8
[INFO] [stderr]    Compiling tracing-subscriber v0.3.19
[INFO] [stderr]    Compiling libsqlite3-sys v0.35.0
[INFO] [stderr]    Compiling rcgen v0.14.5
[INFO] [stderr]    Compiling ref-cast v1.0.25
[INFO] [stderr]    Compiling genawaiter-proc-macro v0.99.1
[INFO] [stderr]    Compiling portmapper v0.12.0
[INFO] [stderr]    Compiling crypto_box v0.10.0-pre.0
[INFO] [stderr]    Compiling swarm-discovery v0.4.1
[INFO] [stderr]    Compiling tokio-stream v0.1.17
[INFO] [stderr]    Compiling backon v1.5.1
[INFO] [stderr]    Compiling inplace-vec-builder v0.1.1
[INFO] [stderr]    Compiling snafu-derive v0.8.6
[INFO] [stderr]    Compiling irpc-derive v0.9.0
[INFO] [stderr]    Compiling is_terminal_polyfill v1.70.1
[INFO] [stderr]    Compiling anstyle v1.0.11
[INFO] [stderr]    Compiling linux-raw-sys v0.9.4
[INFO] [stderr]    Compiling anstyle-query v1.1.3
[INFO] [stderr]    Compiling btparse v0.2.0
[INFO] [stderr]    Compiling binary-merge v0.1.2
[INFO] [stderr]    Compiling genawaiter-macro v0.99.1
[INFO] [stderr]    Compiling redb v2.6.3
[INFO] [stderr]    Compiling genawaiter v0.99.1
[INFO] [stderr]    Compiling range-collections v0.4.6
[INFO] [stderr]    Compiling color-backtrace v0.7.0
[INFO] [stderr]    Compiling anstream v0.6.19
[INFO] [stderr]    Compiling snafu v0.8.6
[INFO] [stderr]    Compiling tracing-error v0.2.1
[INFO] [stderr]    Compiling iroh-io v0.6.2
[INFO] [stderr]    Compiling positioned-io v0.3.5
[INFO] [stderr]    Compiling iroh-blobs v0.97.0
[INFO] [stderr]    Compiling serde_json v1.0.141
[INFO] [stderr]    Compiling fixedbitset v0.5.7
[INFO] [stderr]    Compiling clap_builder v4.5.53
[INFO] [stderr]    Compiling reflink-copy v0.1.28
[INFO] [stderr]    Compiling futures-concurrency v7.6.3
[INFO] [stderr]    Compiling chrono v0.4.41
[INFO] [stderr]    Compiling irpc v0.11.0
[INFO] [stderr]    Compiling bao-tree v0.16.0
[INFO] [stderr]    Compiling n0-snafu v0.2.2
[INFO] [stderr]    Compiling iroh-tickets v0.2.0
[INFO] [stderr]    Compiling nested_enum_utils v0.2.2
[INFO] [stderr]    Compiling clap_derive v4.5.49
[INFO] [stderr]    Compiling hashlink v0.10.0
[INFO] [stderr]    Compiling colored v2.2.0
[INFO] [stderr]    Compiling clap v4.5.53
[INFO] [stderr]    Compiling iroh-gossip v0.95.0
[INFO] [stderr]    Compiling rusqlite v0.37.0
[INFO] [stderr]    Compiling xaeroflux v1.0.0 (/opt/rustwide/workdir)
[INFO] [stdout] warning: fields `endpoint`, `gossip`, and `router` are never read
[INFO] [stdout]    --> src/lib.rs:182:5
[INFO] [stdout]     |
[INFO] [stdout] 179 | struct NetworkActor {
[INFO] [stdout]     |        ------------ fields in this struct
[INFO] [stdout] ...
[INFO] [stdout] 182 |     endpoint: Endpoint,
[INFO] [stdout]     |     ^^^^^^^^
[INFO] [stdout] 183 |     gossip: Arc<Gossip>,
[INFO] [stdout]     |     ^^^^^^
[INFO] [stdout] 184 |     router: Router,
[INFO] [stdout]     |     ^^^^^^
[INFO] [stdout]     |
[INFO] [stdout]     = note: `#[warn(dead_code)]` (part of `#[warn(unused)]`) on by default
[INFO] [stdout] 
[INFO] [stdout] 
[INFO] [stderr] warning: unused dependency `colored`
[INFO] [stderr]   --> Cargo.toml:21:15
[INFO] [stderr]    |
[INFO] [stderr] 21 | [dependencies.colored]
[INFO] [stderr]    |               ^^^^^^^^
[INFO] [stderr]    |
[INFO] [stderr]    = note: `cargo::unused_dependencies` is set to `warn` by default
[INFO] [stderr] help: consider removing the dependency on `colored`
[INFO] [stderr] warning: unused dependency `iroh-blobs`
[INFO] [stderr]   --> Cargo.toml:31:15
[INFO] [stderr]    |
[INFO] [stderr] 31 | [dependencies.iroh-blobs]
[INFO] [stderr]    |               ^^^^^^^^^^^
[INFO] [stderr]    |
[INFO] [stderr] help: consider removing the dependency on `iroh-blobs`
[INFO] [stderr] warning: `xaeroflux` (manifest) generated 2 warnings
[INFO] [stderr]     Finished `release` profile [optimized] target(s) in 11m 24s
[INFO] [stderr] warning: the following packages contain code that will be rejected by a future version of Rust: iroh v0.95.1, iroh-blobs v0.97.0, iroh-quinn v0.14.0, iroh-quinn-udp v0.5.7, iroh-relay v0.95.1, n0-future v0.3.1, netwatch v0.12.0, pkarr v5.0.0
[INFO] [stderr] note: to see what the problems were, use the option `--future-incompat-report`, or run `cargo report future-incompatibilities --id 7`
[INFO] running `Command { std: "docker" "inspect" "fa39af2023808e33795ba557684ef414d7868e9f6de85fe9f84fe274140cd460", kill_on_drop: false }`
[INFO] running `Command { std: "docker" "exec" "-e" "SOURCE_DIR=/opt/rustwide/workdir" "-e" "CARGO_HOME=/opt/rustwide/cargo-home" "-e" "RUSTUP_HOME=/opt/rustwide/rustup-home" "-e" "CARGO_TARGET_DIR=/opt/rustwide/target" "-e" "CARGO_INCREMENTAL=0" "-e" "RUST_BACKTRACE=full" "-e" "RUSTFLAGS=--cap-lints=warn" "-e" "RUSTDOCFLAGS=--cap-lints=warn" "-w" "/opt/rustwide/workdir" "--user" "0:0" "fa39af2023808e33795ba557684ef414d7868e9f6de85fe9f84fe274140cd460" "/opt/rustwide/cargo-home/bin/cargo" "+1.100.0-beta.1" "test" "--frozen" "--no-run" "--message-format=json" "--release", kill_on_drop: false }`
[INFO] [stdout] warning: fields `endpoint`, `gossip`, and `router` are never read
[INFO] [stdout]    --> src/lib.rs:182:5
[INFO] [stdout]     |
[INFO] [stdout] 179 | struct NetworkActor {
[INFO] [stdout]     |        ------------ fields in this struct
[INFO] [stdout] ...
[INFO] [stdout] 182 |     endpoint: Endpoint,
[INFO] [stdout]     |     ^^^^^^^^
[INFO] [stdout] 183 |     gossip: Arc<Gossip>,
[INFO] [stdout]     |     ^^^^^^
[INFO] [stdout] 184 |     router: Router,
[INFO] [stdout]     |     ^^^^^^
[INFO] [stdout]     |
[INFO] [stdout]     = note: `#[warn(dead_code)]` (part of `#[warn(unused)]`) on by default
[INFO] [stdout] 
[INFO] [stdout] 
[INFO] [stderr]    Compiling xaeroflux v1.0.0 (/opt/rustwide/workdir)
[INFO] [stdout] warning: fields `endpoint`, `gossip`, and `router` are never read
[INFO] [stdout]    --> src/lib.rs:182:5
[INFO] [stdout]     |
[INFO] [stdout] 179 | struct NetworkActor {
[INFO] [stdout]     |        ------------ fields in this struct
[INFO] [stdout] ...
[INFO] [stdout] 182 |     endpoint: Endpoint,
[INFO] [stdout]     |     ^^^^^^^^
[INFO] [stdout] 183 |     gossip: Arc<Gossip>,
[INFO] [stdout]     |     ^^^^^^
[INFO] [stdout] 184 |     router: Router,
[INFO] [stdout]     |     ^^^^^^
[INFO] [stdout]     |
[INFO] [stdout]     = note: `#[warn(dead_code)]` (part of `#[warn(unused)]`) on by default
[INFO] [stdout] 
[INFO] [stdout] 
[INFO] [stderr] warning: unused dependency `colored`
[INFO] [stderr]   --> Cargo.toml:21:15
[INFO] [stderr]    |
[INFO] [stderr] 21 | [dependencies.colored]
[INFO] [stderr]    |               ^^^^^^^^
[INFO] [stderr]    |
[INFO] [stderr]    = note: `cargo::unused_dependencies` is set to `warn` by default
[INFO] [stderr] help: consider removing the dependency on `colored`
[INFO] [stderr] warning: unused dependency `iroh-blobs`
[INFO] [stderr]   --> Cargo.toml:31:15
[INFO] [stderr]    |
[INFO] [stderr] 31 | [dependencies.iroh-blobs]
[INFO] [stderr]    |               ^^^^^^^^^^^
[INFO] [stderr]    |
[INFO] [stderr] help: consider removing the dependency on `iroh-blobs`
[INFO] [stderr] warning: `xaeroflux` (manifest) generated 2 warnings
[INFO] [stderr]     Finished `release` profile [optimized] target(s) in 18.70s
[INFO] [stderr] warning: the following packages contain code that will be rejected by a future version of Rust: iroh v0.95.1, iroh-blobs v0.97.0, iroh-quinn v0.14.0, iroh-quinn-udp v0.5.7, iroh-relay v0.95.1, n0-future v0.3.1, netwatch v0.12.0, pkarr v5.0.0
[INFO] [stderr] note: to see what the problems were, use the option `--future-incompat-report`, or run `cargo report future-incompatibilities --id 7`
[INFO] running `Command { std: "docker" "inspect" "fa39af2023808e33795ba557684ef414d7868e9f6de85fe9f84fe274140cd460", kill_on_drop: false }`
[INFO] running `Command { std: "docker" "exec" "-e" "SOURCE_DIR=/opt/rustwide/workdir" "-e" "CARGO_HOME=/opt/rustwide/cargo-home" "-e" "RUSTUP_HOME=/opt/rustwide/rustup-home" "-e" "CARGO_TARGET_DIR=/opt/rustwide/target" "-e" "CARGO_INCREMENTAL=0" "-e" "RUST_BACKTRACE=full" "-e" "RUSTFLAGS=--cap-lints=warn" "-e" "RUSTDOCFLAGS=--cap-lints=warn" "-w" "/opt/rustwide/workdir" "--user" "0:0" "fa39af2023808e33795ba557684ef414d7868e9f6de85fe9f84fe274140cd460" "/opt/rustwide/cargo-home/bin/cargo" "+1.100.0-beta.1" "test" "--frozen" "--release", kill_on_drop: false }`
[INFO] [stderr] warning: fields `endpoint`, `gossip`, and `router` are never read
[INFO] [stderr]    --> src/lib.rs:182:5
[INFO] [stderr]     |
[INFO] [stderr] 179 | struct NetworkActor {
[INFO] [stderr]     |        ------------ fields in this struct
[INFO] [stderr] ...
[INFO] [stderr] 182 |     endpoint: Endpoint,
[INFO] [stderr]     |     ^^^^^^^^
[INFO] [stderr] 183 |     gossip: Arc<Gossip>,
[INFO] [stderr]     |     ^^^^^^
[INFO] [stderr] 184 |     router: Router,
[INFO] [stderr]     |     ^^^^^^
[INFO] [stderr]     |
[INFO] [stderr]     = note: `#[warn(dead_code)]` (part of `#[warn(unused)]`) on by default
[INFO] [stderr] 
[INFO] [stderr] warning: `xaeroflux` (lib) generated 1 warning
[INFO] [stderr] warning: `xaeroflux` (lib test) generated 1 warning (1 duplicate)
[INFO] [stderr] warning: unused dependency `colored`
[INFO] [stderr]   --> Cargo.toml:21:15
[INFO] [stderr]    |
[INFO] [stderr] 21 | [dependencies.colored]
[INFO] [stderr]    |               ^^^^^^^^
[INFO] [stderr]    |
[INFO] [stderr]    = note: `cargo::unused_dependencies` is set to `warn` by default
[INFO] [stderr] help: consider removing the dependency on `colored`
[INFO] [stderr] warning: unused dependency `iroh-blobs`
[INFO] [stderr]   --> Cargo.toml:31:15
[INFO] [stderr]    |
[INFO] [stderr] 31 | [dependencies.iroh-blobs]
[INFO] [stderr]    |               ^^^^^^^^^^^
[INFO] [stderr]    |
[INFO] [stderr] help: consider removing the dependency on `iroh-blobs`
[INFO] [stderr] warning: `xaeroflux` (manifest) generated 2 warnings
[INFO] [stderr]     Finished `release` profile [optimized] target(s) in 0.40s
[INFO] [stderr] warning: the following packages contain code that will be rejected by a future version of Rust: iroh v0.95.1, iroh-blobs v0.97.0, iroh-quinn v0.14.0, iroh-quinn-udp v0.5.7, iroh-relay v0.95.1, n0-future v0.3.1, netwatch v0.12.0, pkarr v5.0.0
[INFO] [stderr] note: to see what the problems were, use the option `--future-incompat-report`, or run `cargo report future-incompatibilities --id 7`
[INFO] [stderr]      Running unittests src/lib.rs (/opt/rustwide/target/release/build/xaeroflux/16de279bc1d1a5f9/out/xaeroflux-16de279bc1d1a5f9)
[INFO] [stdout] 
[INFO] [stdout] running 1 test
[INFO] [stdout] test tests::basic_integration_sanity ... FAILED
[INFO] [stdout] 
[INFO] [stdout] failures:
[INFO] [stdout] 
[INFO] [stdout] ---- tests::basic_integration_sanity stdout ----
[INFO] [stdout] 
[INFO] [stdout] thread 'tests::basic_integration_sanity' (5339) panicked at src/lib.rs:436:14:
[INFO] [stdout] failed to create XaeroFlux: Service 'mdns' error
[INFO] [stdout] 
[INFO] [stdout] Caused by:
[INFO] [stdout]     0: Service 'mdns' error
[INFO] [stdout]     1: Cannot bind to IPv4 or IPv6
[INFO] [stdout] 
[INFO] [stdout] Stack backtrace:
[INFO] [stdout]    0: <anyhow::Error as core::convert::From<iroh::endpoint::BindError>>::from
[INFO] [stdout]    1: <xaeroflux::NetworkActor>::new::{closure#0}
[INFO] [stdout]    2: xaeroflux::tests::basic_integration_sanity::{closure#0}
[INFO] [stdout]    3: <tokio::runtime::scheduler::current_thread::Context>::enter::<core::task::poll::Poll<()>, <tokio::runtime::scheduler::current_thread::CoreGuard>::block_on<core::pin::Pin<&mut core::pin::Pin<&mut dyn core::future::future::Future<Output = ()>>>>::{closure#0}::{closure#0}>
[INFO] [stdout]    4: <tokio::runtime::context::scoped::Scoped<tokio::runtime::scheduler::Context>>::set::<<tokio::runtime::scheduler::current_thread::CoreGuard>::enter<<tokio::runtime::scheduler::current_thread::CoreGuard>::block_on<core::pin::Pin<&mut core::pin::Pin<&mut dyn core::future::future::Future<Output = ()>>>>::{closure#0}, core::option::Option<()>>::{closure#0}, (alloc::boxed::Box<tokio::runtime::scheduler::current_thread::Core>, core::option::Option<()>)>
[INFO] [stdout]    5: <tokio::runtime::scheduler::current_thread::CoreGuard>::block_on::<core::pin::Pin<&mut core::pin::Pin<&mut dyn core::future::future::Future<Output = ()>>>>
[INFO] [stdout]    6: tokio::runtime::context::runtime::enter_runtime::<<tokio::runtime::scheduler::current_thread::CurrentThread>::block_on<core::pin::Pin<&mut dyn core::future::future::Future<Output = ()>>>::{closure#0}, ()>
[INFO] [stdout]    7: <tokio::runtime::runtime::Runtime>::block_on::<core::pin::Pin<&mut dyn core::future::future::Future<Output = ()>>>
[INFO] [stdout]    8: <xaeroflux::tests::basic_integration_sanity::{closure#0} as core::ops::function::FnOnce<()>>::call_once
[INFO] [stdout]    9: test::__rust_begin_short_backtrace::<core::result::Result<(), alloc::string::String>, fn() -> core::result::Result<(), alloc::string::String>>
[INFO] [stdout]   10: test::run_test::{closure#0}
[INFO] [stdout]   11: std::sys::backtrace::__rust_begin_short_backtrace::<test::run_test::{closure#1}, ()>
[INFO] [stdout]   12: <std::thread::lifecycle::spawn_unchecked<test::run_test::{closure#1}, ()>::{closure#1} as core::ops::function::FnOnce<()>>::call_once::{shim:vtable#0}
[INFO] [stdout]   13: <std::sys::thread::unix::Thread>::new::thread_start
[INFO] [stdout]   14: <unknown>
[INFO] [stdout]   15: clone
[INFO] [stdout] stack backtrace:
[INFO] [stdout]    0:     0x60018ca59121 - <<std[617be2ca0a6fd877]::sys::backtrace::BacktraceLock>::print::DisplayBacktrace as core[a373ad73a504971]::fmt::Display>::fmt
[INFO] [stdout]    1:     0x60018ca71a8a - core[a373ad73a504971]::fmt::write
[INFO] [stdout]    2:     0x60018ca5e48c - <alloc[2e1b2a31b91974c5]::vec::Vec<u8> as core[a373ad73a504971]::io::write::Write>::write_fmt
[INFO] [stdout]    3:     0x60018ca32dd6 - std[617be2ca0a6fd877]::panicking::default_hook::{closure#0}
[INFO] [stdout]    4:     0x60018ca50509 - std[617be2ca0a6fd877]::panicking::default_hook
[INFO] [stdout]    5:     0x60018bd56210 - test[aada8e7e76ba119b]::test_main_inner::{closure#0}
[INFO] [stdout]    6:     0x60018ca50832 - std[617be2ca0a6fd877]::panicking::panic_with_hook
[INFO] [stdout]    7:     0x60018ca32e82 - std[617be2ca0a6fd877]::panicking::panic_handler::{closure#0}
[INFO] [stdout]    8:     0x60018ca2b399 - std[617be2ca0a6fd877]::sys::backtrace::__rust_end_short_backtrace::<std[617be2ca0a6fd877]::panicking::panic_handler::{closure#0}, !>
[INFO] [stdout]    9:     0x60018ca33d8d - __rustc[ea4f61d10b84890b]::rust_begin_unwind
[INFO] [stdout]   10:     0x60018ca721ec - core[a373ad73a504971]::panicking::panic_fmt
[INFO] [stdout]   11:     0x60018ca71fc2 - core[a373ad73a504971]::result::unwrap_failed
[INFO] [stdout]   12:     0x60018bcc1a49 - xaeroflux[f07c0de932f8151e]::tests::basic_integration_sanity::{closure#0}
[INFO] [stdout]   13:     0x60018bd0f483 - <tokio[841dbbba374e830b]::runtime::scheduler::current_thread::Context>::enter::<core[a373ad73a504971]::task::poll::Poll<()>, <tokio[841dbbba374e830b]::runtime::scheduler::current_thread::CoreGuard>::block_on<core[a373ad73a504971]::pin::Pin<&mut core[a373ad73a504971]::pin::Pin<&mut dyn core[a373ad73a504971]::future::future::Future<Output = ()>>>>::{closure#0}::{closure#0}>
[INFO] [stdout]   14:     0x60018bd075ac - <tokio[841dbbba374e830b]::runtime::context::scoped::Scoped<tokio[841dbbba374e830b]::runtime::scheduler::Context>>::set::<<tokio[841dbbba374e830b]::runtime::scheduler::current_thread::CoreGuard>::enter<<tokio[841dbbba374e830b]::runtime::scheduler::current_thread::CoreGuard>::block_on<core[a373ad73a504971]::pin::Pin<&mut core[a373ad73a504971]::pin::Pin<&mut dyn core[a373ad73a504971]::future::future::Future<Output = ()>>>>::{closure#0}, core[a373ad73a504971]::option::Option<()>>::{closure#0}, (alloc[2e1b2a31b91974c5]::boxed::Box<tokio[841dbbba374e830b]::runtime::scheduler::current_thread::Core>, core[a373ad73a504971]::option::Option<()>)>
[INFO] [stdout]   15:     0x60018bd0fdd7 - <tokio[841dbbba374e830b]::runtime::scheduler::current_thread::CoreGuard>::block_on::<core[a373ad73a504971]::pin::Pin<&mut core[a373ad73a504971]::pin::Pin<&mut dyn core[a373ad73a504971]::future::future::Future<Output = ()>>>>
[INFO] [stdout]   16:     0x60018bd439f7 - tokio[841dbbba374e830b]::runtime::context::runtime::enter_runtime::<<tokio[841dbbba374e830b]::runtime::scheduler::current_thread::CurrentThread>::block_on<core[a373ad73a504971]::pin::Pin<&mut dyn core[a373ad73a504971]::future::future::Future<Output = ()>>>::{closure#0}, ()>
[INFO] [stdout]   17:     0x60018bcdfc05 - <tokio[841dbbba374e830b]::runtime::runtime::Runtime>::block_on::<core[a373ad73a504971]::pin::Pin<&mut dyn core[a373ad73a504971]::future::future::Future<Output = ()>>>
[INFO] [stdout]   18:     0x60018bcc32dd - <xaeroflux[f07c0de932f8151e]::tests::basic_integration_sanity::{closure#0} as core[a373ad73a504971]::ops::function::FnOnce<()>>::call_once
[INFO] [stdout]   19:     0x60018bd4965b - test[aada8e7e76ba119b]::__rust_begin_short_backtrace::<core[a373ad73a504971]::result::Result<(), alloc[2e1b2a31b91974c5]::string::String>, fn() -> core[a373ad73a504971]::result::Result<(), alloc[2e1b2a31b91974c5]::string::String>>
[INFO] [stdout]   20:     0x60018bd56835 - test[aada8e7e76ba119b]::run_test::{closure#0}
[INFO] [stdout]   21:     0x60018bd50124 - std[617be2ca0a6fd877]::sys::backtrace::__rust_begin_short_backtrace::<test[aada8e7e76ba119b]::run_test::{closure#1}, ()>
[INFO] [stdout]   22:     0x60018bd598c2 - <std[617be2ca0a6fd877]::thread::lifecycle::spawn_unchecked<test[aada8e7e76ba119b]::run_test::{closure#1}, ()>::{closure#1} as core[a373ad73a504971]::ops::function::FnOnce<()>>::call_once::{shim:vtable#0}
[INFO] [stdout]   23:     0x60018ca57fef - <std[617be2ca0a6fd877]::sys::thread::unix::Thread>::new::thread_start
[INFO] [stdout]   24:     0x782a7399adfa - <unknown>
[INFO] [stdout]   25:     0x782a73a2e3d4 - clone
[INFO] [stdout]   26:                0x0 - <unknown>
[INFO] [stdout] 
[INFO] [stdout] 
[INFO] [stdout] failures:
[INFO] [stdout]     tests::basic_integration_sanity
[INFO] [stdout] 
[INFO] [stdout] test result: FAILED. 0 passed; 1 failed; 0 ignored; 0 measured; 0 filtered out; finished in 0.02s
[INFO] [stdout] 
[INFO] [stderr] error: test failed, to rerun pass `--lib`
[INFO] running `Command { std: "docker" "inspect" "fa39af2023808e33795ba557684ef414d7868e9f6de85fe9f84fe274140cd460", kill_on_drop: false }`
[INFO] running `Command { std: "docker" "rm" "-f" "fa39af2023808e33795ba557684ef414d7868e9f6de85fe9f84fe274140cd460", kill_on_drop: false }`
[INFO] [stdout] fa39af2023808e33795ba557684ef414d7868e9f6de85fe9f84fe274140cd460
