[INFO] fetching crate wrangler 1.21.0...
[INFO] testing wrangler-1.21.0 against 1.100.0-beta.1+cargoflags=--release for beta-release-1.100-2
[INFO] extracting crate wrangler 1.21.0 into /workspace/builds/worker-2-tc2/source
[INFO] removed /workspace/builds/worker-2-tc2/source/rust-toolchain
[INFO] started tweaking crates.io crate wrangler 1.21.0
[INFO] finished tweaking crates.io crate wrangler 1.21.0
[INFO] tweaked toml for crates.io crate wrangler 1.21.0 written to /workspace/builds/worker-2-tc2/source/Cargo.toml
[INFO] validating manifest of crates.io crate wrangler 1.21.0 on toolchain 1.100.0-beta.1
[INFO] running `Command { std: CARGO_HOME="/workspace/cargo-home" RUSTUP_HOME="/workspace/rustup-home" "/workspace/cargo-home/bin/cargo" "+1.100.0-beta.1" "metadata" "--manifest-path" "Cargo.toml" "--no-deps", kill_on_drop: false }`
[INFO] crate crates.io crate wrangler 1.21.0 already has a lockfile, it will not be regenerated
[INFO] running `Command { std: CARGO_HOME="/workspace/cargo-home" RUSTUP_HOME="/workspace/rustup-home" "/workspace/cargo-home/bin/cargo" "+1.100.0-beta.1" "fetch" "--manifest-path" "Cargo.toml", kill_on_drop: false }`
[INFO] running `Command { std: "docker" "create" "-v" "/var/lib/crater-agent-workspace/builds/worker-2-tc2/source:/opt/rustwide/workdir:ro,Z" "-v" "/var/lib/crater-agent-workspace/builds/worker-2-tc2/target:/opt/rustwide/target:rw,Z" "-v" "/var/lib/crater-agent-workspace/cargo-home:/opt/rustwide/cargo-home:ro,Z" "-v" "/var/lib/crater-agent-workspace/rustup-home:/opt/rustwide/rustup-home:ro,Z" "-m" "1610612736" "--network" "none" "ghcr.io/rust-lang/crates-build-env/linux@sha256:77db811e55d90add9212f6832c23229e3de5f1c1f9905e8cb07319ea15df73ac" "sleep" "infinity", kill_on_drop: false }`
[INFO] [stdout] ecd870a72dc22e2cbadb43778399428513392bb56932c562651518a465386933
[INFO] running `Command { std: "docker" "start" "ecd870a72dc22e2cbadb43778399428513392bb56932c562651518a465386933", kill_on_drop: false }`
[INFO] running `Command { std: "docker" "inspect" "ecd870a72dc22e2cbadb43778399428513392bb56932c562651518a465386933", kill_on_drop: false }`
[INFO] running `Command { std: "docker" "exec" "-e" "SOURCE_DIR=/opt/rustwide/workdir" "-e" "CARGO_HOME=/opt/rustwide/cargo-home" "-e" "RUSTUP_HOME=/opt/rustwide/rustup-home" "-e" "CARGO_TARGET_DIR=/opt/rustwide/target" "-w" "/opt/rustwide/workdir" "--user" "0:0" "ecd870a72dc22e2cbadb43778399428513392bb56932c562651518a465386933" "/opt/rustwide/cargo-home/bin/cargo" "+1.100.0-beta.1" "metadata" "--no-deps" "--format-version=1", kill_on_drop: false }`
[INFO] running `Command { std: "docker" "inspect" "ecd870a72dc22e2cbadb43778399428513392bb56932c562651518a465386933", kill_on_drop: false }`
[INFO] running `Command { std: "docker" "exec" "-e" "SOURCE_DIR=/opt/rustwide/workdir" "-e" "CARGO_HOME=/opt/rustwide/cargo-home" "-e" "RUSTUP_HOME=/opt/rustwide/rustup-home" "-e" "CARGO_TARGET_DIR=/opt/rustwide/target" "-e" "CARGO_INCREMENTAL=0" "-e" "RUST_BACKTRACE=full" "-e" "RUSTFLAGS=--cap-lints=warn" "-e" "RUSTDOCFLAGS=--cap-lints=warn" "-w" "/opt/rustwide/workdir" "--user" "0:0" "ecd870a72dc22e2cbadb43778399428513392bb56932c562651518a465386933" "/opt/rustwide/cargo-home/bin/cargo" "+1.100.0-beta.1" "build" "--frozen" "--message-format=json" "--release", kill_on_drop: false }`
[INFO] [stderr]    Compiling libc v0.2.124
[INFO] [stderr]    Compiling proc-macro2 v1.0.37
[INFO] [stderr]    Compiling syn v1.0.91
[INFO] [stderr]    Compiling cfg-if v1.0.0
[INFO] [stderr]    Compiling cc v1.0.73
[INFO] [stderr]    Compiling memchr v2.4.1
[INFO] [stderr]    Compiling log v0.4.16
[INFO] [stderr]    Compiling serde_derive v1.0.136
[INFO] [stderr]    Compiling pkg-config v0.3.25
[INFO] [stderr]    Compiling serde v1.0.136
[INFO] [stderr]    Compiling once_cell v1.10.0
[INFO] [stderr]    Compiling lazy_static v1.4.0
[INFO] [stderr]    Compiling bytes v1.1.0
[INFO] [stderr]    Compiling openssl-src v111.22.0+1.1.1q
[INFO] [stderr]    Compiling quote v1.0.18
[INFO] [stderr]    Compiling pin-project-lite v0.2.8
[INFO] [stderr]    Compiling itoa v1.0.1
[INFO] [stderr]    Compiling futures-core v0.3.21
[INFO] [stderr]    Compiling bitflags v1.3.2
[INFO] [stderr]    Compiling socket2 v0.4.4
[INFO] [stderr]    Compiling typenum v1.15.0
[INFO] [stderr]    Compiling slab v0.4.6
[INFO] [stderr]    Compiling openssl-sys v0.9.72
[INFO] [stderr]    Compiling num_cpus v1.13.1
[INFO] [stderr]    Compiling mio v0.8.2
[INFO] [stderr]    Compiling signal-hook-registry v1.4.0
[INFO] [stderr]    Compiling futures-task v0.3.21
[INFO] [stderr]    Compiling futures-channel v0.3.21
[INFO] [stderr]    Compiling futures-sink v0.3.21
[INFO] [stderr]    Compiling fnv v1.0.7
[INFO] [stderr]    Compiling ring v0.16.20
[INFO] [stderr]    Compiling aho-corasick v0.7.18
[INFO] [stderr]    Compiling openssl-probe v0.1.5
[INFO] [stderr]    Compiling futures-util v0.3.21
[INFO] [stderr]    Compiling ryu v1.0.9
[INFO] [stderr]    Compiling regex-syntax v0.6.25
[INFO] [stderr]    Compiling futures-io v0.3.21
[INFO] [stderr]    Compiling adler v1.0.2
[INFO] [stderr]    Compiling unicode-width v0.1.9
[INFO] [stderr]    Compiling pin-utils v0.1.0
[INFO] [stderr]    Compiling httparse v1.7.0
[INFO] [stderr]    Compiling miniz_oxide v0.5.1
[INFO] [stderr]    Compiling http v0.2.6
[INFO] [stderr]    Compiling getrandom v0.2.6
[INFO] [stderr]    Compiling unicase v2.6.0
[INFO] [stderr]    Compiling tinyvec_macros v0.1.0
[INFO] [stderr]    Compiling matches v0.1.9
[INFO] [stderr]    Compiling spin v0.5.2
[INFO] [stderr]    Compiling byteorder v1.4.3
[INFO] [stderr]    Compiling untrusted v0.7.1
[INFO] [stderr]    Compiling base64 v0.13.0
[INFO] [stderr]    Compiling openssl v0.10.38
[INFO] [stderr]    Compiling regex v1.5.5
[INFO] [stderr]    Compiling foreign-types-shared v0.1.1
[INFO] [stderr]    Compiling ppv-lite86 v0.2.16
[INFO] [stderr]    Compiling foreign-types v0.3.2
[INFO] [stderr]    Compiling tinyvec v1.5.1
[INFO] [stderr]    Compiling backtrace v0.3.65
[INFO] [stderr]    Compiling tracing-core v0.1.26
[INFO] [stderr]    Compiling indexmap v1.8.1
[INFO] [stderr]    Compiling num-traits v0.2.14
[INFO] [stderr]    Compiling generic-array v0.14.5
[INFO] [stderr]    Compiling gimli v0.26.1
[INFO] [stderr]    Compiling native-tls v0.2.10
[INFO] [stderr]    Compiling percent-encoding v2.1.0
[INFO] [stderr]    Compiling form_urlencoded v1.0.1
[INFO] [stderr]    Compiling unicode-normalization v0.1.19
[INFO] [stderr]    Compiling object v0.28.3
[INFO] [stderr]    Compiling tokio-macros v1.7.0
[INFO] [stderr]    Compiling tokio v1.17.0
[INFO] [stderr]    Compiling futures-macro v0.3.21
[INFO] [stderr]    Compiling tracing-attributes v0.1.20
[INFO] [stderr]    Compiling addr2line v0.17.0
[INFO] [stderr]    Compiling serde_json v1.0.79
[INFO] [stderr]    Compiling hashbrown v0.11.2
[INFO] [stderr]    Compiling tracing v0.1.34
[INFO] [stderr]    Compiling cfg-if v0.1.10
[INFO] [stderr]    Compiling rustc-demangle v0.1.21
[INFO] [stderr]    Compiling unicode-bidi v0.3.7
[INFO] [stderr]    Compiling idna v0.2.3
[INFO] [stderr]    Compiling tokio-util v0.7.1
[INFO] [stderr]    Compiling webpki v0.22.0
[INFO] [stderr]    Compiling thiserror-impl v1.0.30
[INFO] [stderr]    Compiling rand_core v0.6.3
[INFO] [stderr]    Compiling libz-sys v1.1.5
[INFO] [stderr]    Compiling try-lock v0.2.3
[INFO] [stderr]    Compiling rustls v0.20.4
[INFO] [stderr]    Compiling want v0.3.0
[INFO] [stderr]    Compiling rand_chacha v0.3.1
[INFO] [stderr]    Compiling url v2.2.2
[INFO] [stderr]    Compiling thiserror v1.0.30
[INFO] [stderr]    Compiling h2 v0.3.13
[INFO] [stderr]    Compiling sct v0.7.0
[INFO] [stderr]    Compiling http-body v0.4.4
[INFO] [stderr]    Compiling time v0.1.44
[INFO] [stderr]    Compiling num-integer v0.1.44
[INFO] [stderr]    Compiling httpdate v1.0.2
[INFO] [stderr]    Compiling tower-service v0.3.1
[INFO] [stderr]    Compiling darling_core v0.13.4
[INFO] [stderr]    Compiling rand v0.8.5
[INFO] [stderr]    Compiling mime_guess v2.0.4
[INFO] [stderr]    Compiling digest v0.9.0
[INFO] [stderr]    Compiling block-buffer v0.9.0
[INFO] [stderr]    Compiling rustls-pemfile v1.0.0
[INFO] [stderr]    Compiling bzip2-sys v0.1.11+1.0.8
[INFO] [stderr]    Compiling curl-sys v0.4.53+curl-7.82.0
[INFO] [stderr]    Compiling atty v0.2.14
[INFO] [stderr]    Compiling iovec v0.1.4
[INFO] [stderr]    Compiling terminal_size v0.1.17
[INFO] [stderr]    Compiling cpufeatures v0.2.2
[INFO] [stderr]    Compiling encoding_rs v0.8.31
[INFO] [stderr]    Compiling regex-automata v0.1.10
[INFO] [stderr]    Compiling crc32fast v1.3.2
[INFO] [stderr]    Compiling opaque-debug v0.3.0
[INFO] [stderr]    Compiling tokio-rustls v0.23.3
[INFO] [stderr]    Compiling hyper v0.14.18
[INFO] [stderr]    Compiling darling_macro v0.13.4
[INFO] [stderr]    Compiling bstr v0.2.17
[INFO] [stderr]    Compiling rustls-native-certs v0.6.2
[INFO] [stderr]    Compiling getrandom v0.1.16
[INFO] [stderr]    Compiling net2 v0.2.37
[INFO] [stderr]    Compiling generic-array v0.12.4
[INFO] [stderr]    Compiling termios v0.3.3
[INFO] [stderr]    Compiling error-chain v0.12.4
[INFO] [stderr]    Compiling byte-tools v0.3.1
[INFO] [stderr]    Compiling failure_derive v0.1.8
[INFO] [stderr]    Compiling rustversion v1.0.6
[INFO] [stderr]    Compiling mime v0.3.16
[INFO] [stderr]    Compiling anyhow v1.0.56
[INFO] [stderr]    Compiling static_assertions v1.1.0
[INFO] [stderr]    Compiling lexical-core v0.7.6
[INFO] [stderr]    Compiling block-padding v0.1.5
[INFO] [stderr]    Compiling mio v0.6.23
[INFO] [stderr]    Compiling chrono v0.4.19
[INFO] [stderr]    Compiling rand_core v0.5.1
[INFO] [stderr]    Compiling darling v0.13.4
[INFO] [stderr]    Compiling proc-macro-error-attr v1.0.4
[INFO] [stderr]    Compiling serde_urlencoded v0.7.1
[INFO] [stderr]    Compiling webpki-roots v0.22.3
[INFO] [stderr]    Compiling pin-project-internal v1.0.10
[INFO] [stderr]    Compiling synstructure v0.12.6
[INFO] [stderr]    Compiling rustls-pemfile v0.3.0
[INFO] [stderr]    Compiling dirs-sys v0.3.7
[INFO] [stderr]    Compiling filetime v0.2.16
[INFO] [stderr]    Compiling nom v5.1.2
[INFO] [stderr]    Compiling unicode-segmentation v1.9.0
[INFO] [stderr]    Compiling lazycell v1.3.0
[INFO] [stderr]    Compiling hyper-rustls v0.23.0
[INFO] [stderr]    Compiling arrayvec v0.5.2
[INFO] [stderr]    Compiling linked-hash-map v0.5.4
[INFO] [stderr]    Compiling ansi_term v0.12.1
[INFO] [stderr]    Compiling crossbeam-utils v0.8.8
[INFO] [stderr]    Compiling either v1.6.1
[INFO] [stderr]    Compiling ipnet v2.5.0
[INFO] [stderr]    Compiling same-file v1.0.6
[INFO] [stderr]    Compiling curl v0.4.43
[INFO] [stderr]    Compiling async-trait v0.1.53
[INFO] [stderr]    Compiling walkdir v2.3.2
[INFO] [stderr]    Compiling heck v0.3.3
[INFO] [stderr]    Compiling mio-extras v2.0.6
[INFO] [stderr]    Compiling pin-project v1.0.10
[INFO] [stderr]    Compiling proc-macro-error v1.0.4
[INFO] [stderr]    Compiling flate2 v1.0.23
[INFO] [stderr]    Compiling bzip2 v0.4.3
[INFO] [stderr]    Compiling serde_with_macros v1.5.2
[INFO] [stderr]    Compiling rand_chacha v0.2.2
[INFO] [stderr]    Compiling block-buffer v0.7.3
[INFO] [stderr]    Compiling digest v0.8.1
[INFO] [stderr]    Compiling sha-1 v0.9.8
[INFO] [stderr]    Compiling textwrap v0.11.0
[INFO] [stderr]    Compiling sys-info v0.9.1
[INFO] [stderr]    Compiling input_buffer v0.4.0
[INFO] [stderr]    Compiling inotify-sys v0.1.5
[INFO] [stderr]    Compiling dirs v1.0.5
[INFO] [stderr]    Compiling clicolors-control v1.0.1
[INFO] [stderr]    Compiling xattr v0.2.2
[INFO] [stderr]    Compiling csv-core v0.1.10
[INFO] [stderr]    Compiling erased-serde v0.3.20
[INFO] [stderr]    Compiling semver v1.0.7
[INFO] [stderr]    Compiling data-encoding v2.3.2
[INFO] [stderr]    Compiling utf-8 v0.7.6
[INFO] [stderr]    Compiling fake-simd v0.1.2
[INFO] [stderr]    Compiling vec_map v0.8.2
[INFO] [stderr]    Compiling opaque-debug v0.2.3
[INFO] [stderr]    Compiling strsim v0.8.0
[INFO] [stderr]    Compiling itoa v0.4.8
[INFO] [stderr]    Compiling percent-encoding v1.0.1
[INFO] [stderr]    Compiling csv v1.1.6
[INFO] [stderr]    Compiling serde_qs v0.4.6
[INFO] [stderr]    Compiling clap v2.34.0
[INFO] [stderr]    Compiling sha-1 v0.8.2
[INFO] [stderr]    Compiling tar v0.4.38
[INFO] [stderr]    Compiling console v0.9.2
[INFO] [stderr]    Compiling term v0.5.2
[INFO] [stderr]    Compiling inotify v0.7.1
[INFO] [stderr]    Compiling serde_with v1.12.1
[INFO] [stderr]    Compiling rand v0.7.3
[INFO] [stderr]    Compiling zip v0.5.13
[INFO] [stderr]    Compiling structopt-derive v0.4.18
[INFO] [stderr]    Compiling failure v0.1.8
[INFO] [stderr]    Compiling itertools v0.10.3
[INFO] [stderr]    Compiling yaml-rust v0.4.5
[INFO] [stderr]    Compiling dirs v2.0.2
[INFO] [stderr]    Compiling console v0.11.3
[INFO] [stderr]    Compiling globset v0.4.8
[INFO] [stderr]    Compiling sha2 v0.9.9
[INFO] [stderr]    Compiling console v0.15.0
[INFO] [stderr]    Compiling bytes v0.4.12
[INFO] [stderr]    Compiling float-cmp v0.9.0
[INFO] [stderr]    Compiling uuid v0.8.2
[INFO] [stderr]    Compiling toml v0.5.9
[INFO] [stderr]    Compiling serde_path_to_error v0.1.7
[INFO] [stderr]    Compiling futures-executor v0.3.21
[INFO] [stderr]    Compiling combine v4.6.3
[INFO] [stderr]    Compiling fs2 v0.4.3
[INFO] [stderr]    Compiling term_size v0.3.2
[INFO] [stderr]    Compiling thread_local v1.1.4
[INFO] [stderr]    Compiling difflib v0.4.0
[INFO] [stderr]    Compiling hex v0.4.3
[INFO] [stderr]    Compiling rust-ini v0.13.0
[INFO] [stderr]    Compiling unescape v0.1.0
[INFO] [stderr]    Compiling normalize-line-endings v0.3.0
[INFO] [stderr]    Compiling is_executable v0.1.2
[INFO] [stderr]    Compiling predicates-core v1.0.3
[INFO] [stderr]    Compiling termcolor v1.1.3
[INFO] [stderr]    Compiling siphasher v0.3.10
[INFO] [stderr]    Compiling number_prefix v0.3.0
[INFO] [stderr]    Compiling encode_unicode v0.3.6
[INFO] [stderr]    Compiling remove_dir_all v0.5.3
[INFO] [stderr]    Compiling humantime v2.1.0
[INFO] [stderr]    Compiling fastrand v1.7.0
[INFO] [stderr]    Compiling tempfile v3.3.0
[INFO] [stderr]    Compiling prettytable-rs v0.8.0
[INFO] [stderr]    Compiling env_logger v0.8.4
[INFO] [stderr]    Compiling indicatif v0.15.0
[INFO] [stderr]    Compiling predicates v2.1.1
[INFO] [stderr]    Compiling chrome-devtools-rs v0.0.0-alpha.3
[INFO] [stderr]    Compiling config v0.11.0
[INFO] [stderr]    Compiling ignore v0.4.18
[INFO] [stderr]    Compiling billboard v0.1.0
[INFO] [stderr]    Compiling futures v0.3.21
[INFO] [stderr]    Compiling parity-ws v0.11.1
[INFO] [stderr]    Compiling structopt v0.3.26
[INFO] [stderr]    Compiling notify v4.0.17
[INFO] [stderr]    Compiling toml_edit v0.2.1
[INFO] [stderr]    Compiling os-version v0.2.0
[INFO] [stderr]    Compiling tokio-retry v0.3.0
[INFO] [stderr]    Compiling which v4.2.5
[INFO] [stderr]    Compiling colored_json v2.1.0
[INFO] [stderr]    Compiling dirs v3.0.2
[INFO] [stderr]    Compiling twox-hash v1.6.2
[INFO] [stderr]    Compiling console v0.14.1
[INFO] [stderr]    Compiling tokio-stream v0.1.8
[INFO] [stderr]    Compiling rustls-pemfile v0.2.1
[INFO] [stderr]    Compiling number_prefix v0.4.0
[INFO] [stderr]    Compiling text_io v0.1.10
[INFO] [stderr]    Compiling path-slash v0.2.1
[INFO] [stderr]    Compiling binary-install v0.0.3-alpha.1
[INFO] [stderr]    Compiling tokio-native-tls v0.3.0
[INFO] [stderr]    Compiling tungstenite v0.13.0
[INFO] [stderr]    Compiling hyper-tls v0.5.0
[INFO] [stderr]    Compiling reqwest v0.11.10
[INFO] [stderr]    Compiling tokio-tungstenite v0.14.0
[INFO] [stderr]    Compiling cloudflare v0.9.1
[INFO] [stderr]    Compiling oauth2 v4.1.0
[INFO] [stderr]    Compiling wrangler v1.21.0 (/opt/rustwide/workdir)
[INFO] [stdout] warning: hiding a lifetime that's elided elsewhere is confusing
[INFO] [stdout]   --> src/kv/key.rs:42:23
[INFO] [stdout]    |
[INFO] [stdout] 42 |     fn request_params(&self) -> ListNamespaceKeys {
[INFO] [stdout]    |                       ^^^^^     ^^^^^^^^^^^^^^^^^ the same lifetime is hidden here
[INFO] [stdout]    |                       |
[INFO] [stdout]    |                       the lifetime is elided here
[INFO] [stdout]    |
[INFO] [stdout]    = help: the same lifetime is referred to in inconsistent ways, making the signature confusing
[INFO] [stdout]    = note: `#[warn(mismatched_lifetime_syntaxes)]` on by default
[INFO] [stdout] help: use `'_` for type paths
[INFO] [stdout]    |
[INFO] [stdout] 42 |     fn request_params(&self) -> ListNamespaceKeys<'_> {
[INFO] [stdout]    |                                                  ++++
[INFO] [stdout] 
[INFO] [stdout] 
[INFO] [stderr] warning: unused dependency `futures`
[INFO] [stderr]   --> Cargo.toml:62:15
[INFO] [stderr]    |
[INFO] [stderr] 62 | [dependencies.futures]
[INFO] [stderr]    |               ^^^^^^^^
[INFO] [stderr]    |
[INFO] [stderr]    = note: `cargo::unused_dependencies` is set to `warn` by default
[INFO] [stderr] help: consider removing the dependency on `futures`
[INFO] [stderr] warning: unused dependency `os-version`
[INFO] [stderr]    --> Cargo.toml:106:15
[INFO] [stderr]     |
[INFO] [stderr] 106 | [dependencies.os-version]
[INFO] [stderr]     |               ^^^^^^^^^^^
[INFO] [stderr]     |
[INFO] [stderr] help: consider removing the dependency on `os-version`
[INFO] [stderr] warning: unused dependency `predicates`
[INFO] [stderr]    --> Cargo.toml:115:15
[INFO] [stderr]     |
[INFO] [stderr] 115 | [dependencies.predicates]
[INFO] [stderr]     |               ^^^^^^^^^^^
[INFO] [stderr]     |
[INFO] [stderr] help: consider removing the dependency on `predicates`
[INFO] [stderr] warning: unused dependency `sys-info`
[INFO] [stderr]    --> Cargo.toml:153:15
[INFO] [stderr]     |
[INFO] [stderr] 153 | [dependencies.sys-info]
[INFO] [stderr]     |               ^^^^^^^^^
[INFO] [stderr]     |
[INFO] [stderr] help: consider removing the dependency on `sys-info`
[INFO] [stderr] warning: unused dependency `tempfile`
[INFO] [stderr]    --> Cargo.toml:156:15
[INFO] [stderr]     |
[INFO] [stderr] 156 | [dependencies.tempfile]
[INFO] [stderr]     |               ^^^^^^^^^
[INFO] [stderr]     |
[INFO] [stderr] help: consider removing the dependency on `tempfile`
[INFO] [stderr] warning: unused dependency `tokio-retry`
[INFO] [stderr]    --> Cargo.toml:173:15
[INFO] [stderr]     |
[INFO] [stderr] 173 | [dependencies.tokio-retry]
[INFO] [stderr]     |               ^^^^^^^^^^^^
[INFO] [stderr]     |
[INFO] [stderr] help: consider removing the dependency on `tokio-retry`
[INFO] [stderr] warning: `wrangler` (manifest) generated 6 warnings
[INFO] [stderr]     Finished `release` profile [optimized] target(s) in 7m 25s
[INFO] [stderr] warning: the following packages contain code that will be rejected by a future version of Rust: binary-install v0.0.3-alpha.1, nom v5.1.2
[INFO] [stderr] note: to see what the problems were, use the option `--future-incompat-report`, or run `cargo report future-incompatibilities --id 4`
[INFO] running `Command { std: "docker" "inspect" "ecd870a72dc22e2cbadb43778399428513392bb56932c562651518a465386933", kill_on_drop: false }`
[INFO] running `Command { std: "docker" "exec" "-e" "SOURCE_DIR=/opt/rustwide/workdir" "-e" "CARGO_HOME=/opt/rustwide/cargo-home" "-e" "RUSTUP_HOME=/opt/rustwide/rustup-home" "-e" "CARGO_TARGET_DIR=/opt/rustwide/target" "-e" "CARGO_INCREMENTAL=0" "-e" "RUST_BACKTRACE=full" "-e" "RUSTFLAGS=--cap-lints=warn" "-e" "RUSTDOCFLAGS=--cap-lints=warn" "-w" "/opt/rustwide/workdir" "--user" "0:0" "ecd870a72dc22e2cbadb43778399428513392bb56932c562651518a465386933" "/opt/rustwide/cargo-home/bin/cargo" "+1.100.0-beta.1" "test" "--frozen" "--no-run" "--message-format=json" "--release", kill_on_drop: false }`
[INFO] [stderr]    Compiling libc v0.2.124
[INFO] [stderr]    Compiling memchr v2.4.1
[INFO] [stderr]    Compiling log v0.4.16
[INFO] [stderr]    Compiling serde v1.0.136
[INFO] [stderr]    Compiling once_cell v1.10.0
[INFO] [stderr]    Compiling bytes v1.1.0
[INFO] [stderr]    Compiling pin-project-lite v0.2.8
[INFO] [stderr]    Compiling itoa v1.0.1
[INFO] [stderr]    Compiling slab v0.4.6
[INFO] [stderr]    Compiling futures-core v0.3.21
[INFO] [stderr]    Compiling typenum v1.15.0
[INFO] [stderr]    Compiling regex-syntax v0.6.25
[INFO] [stderr]    Compiling futures-sink v0.3.21
[INFO] [stderr]    Compiling openssl-probe v0.1.5
[INFO] [stderr]    Compiling ryu v1.0.9
[INFO] [stderr]    Compiling aho-corasick v0.7.18
[INFO] [stderr]    Compiling socket2 v0.4.4
[INFO] [stderr]    Compiling signal-hook-registry v1.4.0
[INFO] [stderr]    Compiling num_cpus v1.13.1
[INFO] [stderr]    Compiling mio v0.8.2
[INFO] [stderr]    Compiling tokio v1.17.0
[INFO] [stderr]    Compiling openssl-sys v0.9.72
[INFO] [stderr]    Compiling futures-channel v0.3.21
[INFO] [stderr]    Compiling futures-task v0.3.21
[INFO] [stderr]    Compiling futures-io v0.3.21
[INFO] [stderr]    Compiling unicode-width v0.1.9
[INFO] [stderr]    Compiling miniz_oxide v0.5.1
[INFO] [stderr]    Compiling futures-util v0.3.21
[INFO] [stderr]    Compiling http v0.2.6
[INFO] [stderr]    Compiling getrandom v0.2.6
[INFO] [stderr]    Compiling byteorder v1.4.3
[INFO] [stderr]    Compiling regex v1.5.5
[INFO] [stderr]    Compiling tinyvec_macros v0.1.0
[INFO] [stderr]    Compiling base64 v0.13.0
[INFO] [stderr]    Compiling untrusted v0.7.1
[INFO] [stderr]    Compiling matches v0.1.9
[INFO] [stderr]    Compiling ppv-lite86 v0.2.16
[INFO] [stderr]    Compiling ring v0.16.20
[INFO] [stderr]    Compiling tinyvec v1.5.1
[INFO] [stderr]    Compiling httparse v1.7.0
[INFO] [stderr]    Compiling tracing-core v0.1.26
[INFO] [stderr]    Compiling gimli v0.26.1
[INFO] [stderr]    Compiling percent-encoding v2.1.0
[INFO] [stderr]    Compiling unicode-normalization v0.1.19
[INFO] [stderr]    Compiling form_urlencoded v1.0.1
[INFO] [stderr]    Compiling tracing v0.1.34
[INFO] [stderr]    Compiling openssl v0.10.38
[INFO] [stderr]    Compiling object v0.28.3
[INFO] [stderr]    Compiling num-traits v0.2.14
[INFO] [stderr]    Compiling hashbrown v0.11.2
[INFO] [stderr]    Compiling addr2line v0.17.0
[INFO] [stderr]    Compiling unicode-bidi v0.3.7
[INFO] [stderr]    Compiling rustc-demangle v0.1.21
[INFO] [stderr]    Compiling idna v0.2.3
[INFO] [stderr]    Compiling native-tls v0.2.10
[INFO] [stderr]    Compiling backtrace v0.3.65
[INFO] [stderr]    Compiling indexmap v1.8.1
[INFO] [stderr]    Compiling tokio-util v0.7.1
[INFO] [stderr]    Compiling webpki v0.22.0
[INFO] [stderr]    Compiling rand_core v0.6.3
[INFO] [stderr]    Compiling generic-array v0.14.5
[INFO] [stderr]    Compiling try-lock v0.2.3
[INFO] [stderr]    Compiling want v0.3.0
[INFO] [stderr]    Compiling rand_chacha v0.3.1
[INFO] [stderr]    Compiling h2 v0.3.13
[INFO] [stderr]    Compiling url v2.2.2
[INFO] [stderr]    Compiling sct v0.7.0
[INFO] [stderr]    Compiling serde_json v1.0.79
[INFO] [stderr]    Compiling http-body v0.4.4
[INFO] [stderr]    Compiling time v0.1.44
[INFO] [stderr]    Compiling thiserror v1.0.30
[INFO] [stderr]    Compiling tower-service v0.3.1
[INFO] [stderr]    Compiling httpdate v1.0.2
[INFO] [stderr]    Compiling regex-automata v0.1.10
[INFO] [stderr]    Compiling bstr v0.2.17
[INFO] [stderr]    Compiling rustls v0.20.4
[INFO] [stderr]    Compiling rand v0.8.5
[INFO] [stderr]    Compiling block-buffer v0.9.0
[INFO] [stderr]    Compiling digest v0.9.0
[INFO] [stderr]    Compiling tokio-native-tls v0.3.0
[INFO] [stderr]    Compiling rustls-pemfile v1.0.0
[INFO] [stderr]    Compiling iovec v0.1.4
[INFO] [stderr]    Compiling atty v0.2.14
[INFO] [stderr]    Compiling terminal_size v0.1.17
[INFO] [stderr]    Compiling cpufeatures v0.2.2
[INFO] [stderr]    Compiling rustls-native-certs v0.6.2
[INFO] [stderr]    Compiling net2 v0.2.37
[INFO] [stderr]    Compiling num-integer v0.1.44
[INFO] [stderr]    Compiling generic-array v0.12.4
[INFO] [stderr]    Compiling getrandom v0.1.16
[INFO] [stderr]    Compiling tokio-rustls v0.23.3
[INFO] [stderr]    Compiling hyper v0.14.18
[INFO] [stderr]    Compiling termios v0.3.3
[INFO] [stderr]    Compiling unicase v2.6.0
[INFO] [stderr]    Compiling mime v0.3.16
[INFO] [stderr]    Compiling byte-tools v0.3.1
[INFO] [stderr]    Compiling either v1.6.1
[INFO] [stderr]    Compiling block-padding v0.1.5
[INFO] [stderr]    Compiling rand_core v0.5.1
[INFO] [stderr]    Compiling chrono v0.4.19
[INFO] [stderr]    Compiling mio v0.6.23
[INFO] [stderr]    Compiling webpki-roots v0.22.3
[INFO] [stderr]    Compiling mime_guess v2.0.4
[INFO] [stderr]    Compiling serde_urlencoded v0.7.1
[INFO] [stderr]    Compiling rustls-pemfile v0.3.0
[INFO] [stderr]    Compiling bzip2-sys v0.1.11+1.0.8
[INFO] [stderr]    Compiling crc32fast v1.3.2
[INFO] [stderr]    Compiling encoding_rs v0.8.31
[INFO] [stderr]    Compiling libz-sys v1.1.5
[INFO] [stderr]    Compiling dirs-sys v0.3.7
[INFO] [stderr]    Compiling filetime v0.2.16
[INFO] [stderr]    Compiling ansi_term v0.12.1
[INFO] [stderr]    Compiling predicates-core v1.0.3
[INFO] [stderr]    Compiling lazycell v1.3.0
[INFO] [stderr]    Compiling linked-hash-map v0.5.4
[INFO] [stderr]    Compiling ipnet v2.5.0
[INFO] [stderr]    Compiling lexical-core v0.7.6
[INFO] [stderr]    Compiling mio-extras v2.0.6
[INFO] [stderr]    Compiling walkdir v2.3.2
[INFO] [stderr]    Compiling curl-sys v0.4.53+curl-7.82.0
[INFO] [stderr]    Compiling flate2 v1.0.23
[INFO] [stderr]    Compiling bzip2 v0.4.3
[INFO] [stderr]    Compiling rand_chacha v0.2.2
[INFO] [stderr]    Compiling block-buffer v0.7.3
[INFO] [stderr]    Compiling itertools v0.10.3
[INFO] [stderr]    Compiling digest v0.8.1
[INFO] [stderr]    Compiling hyper-rustls v0.23.0
[INFO] [stderr]    Compiling hyper-tls v0.5.0
[INFO] [stderr]    Compiling sha-1 v0.9.8
[INFO] [stderr]    Compiling reqwest v0.11.10
[INFO] [stderr]    Compiling error-chain v0.12.4
[INFO] [stderr]    Compiling anyhow v1.0.56
[INFO] [stderr]    Compiling pin-project v1.0.10
[INFO] [stderr]    Compiling float-cmp v0.9.0
[INFO] [stderr]    Compiling textwrap v0.11.0
[INFO] [stderr]    Compiling input_buffer v0.4.0
[INFO] [stderr]    Compiling clicolors-control v1.0.1
[INFO] [stderr]    Compiling xattr v0.2.2
[INFO] [stderr]    Compiling inotify-sys v0.1.5
[INFO] [stderr]    Compiling dirs v1.0.5
[INFO] [stderr]    Compiling csv-core v0.1.10
[INFO] [stderr]    Compiling itoa v0.4.8
[INFO] [stderr]    Compiling strsim v0.8.0
[INFO] [stderr]    Compiling data-encoding v2.3.2
[INFO] [stderr]    Compiling doc-comment v0.3.3
[INFO] [stderr]    Compiling difflib v0.4.0
[INFO] [stderr]    Compiling vec_map v0.8.2
[INFO] [stderr]    Compiling fake-simd v0.1.2
[INFO] [stderr]    Compiling percent-encoding v1.0.1
[INFO] [stderr]    Compiling opaque-debug v0.2.3
[INFO] [stderr]    Compiling normalize-line-endings v0.3.0
[INFO] [stderr]    Compiling utf-8 v0.7.6
[INFO] [stderr]    Compiling predicates v2.1.1
[INFO] [stderr]    Compiling tungstenite v0.13.0
[INFO] [stderr]    Compiling serde_qs v0.4.6
[INFO] [stderr]    Compiling sha-1 v0.8.2
[INFO] [stderr]    Compiling clap v2.34.0
[INFO] [stderr]    Compiling csv v1.1.6
[INFO] [stderr]    Compiling term v0.5.2
[INFO] [stderr]    Compiling tar v0.4.38
[INFO] [stderr]    Compiling inotify v0.7.1
[INFO] [stderr]    Compiling console v0.9.2
[INFO] [stderr]    Compiling nom v5.1.2
[INFO] [stderr]    Compiling rand v0.7.3
[INFO] [stderr]    Compiling zip v0.5.13
[INFO] [stderr]    Compiling curl v0.4.43
[INFO] [stderr]    Compiling yaml-rust v0.4.5
[INFO] [stderr]    Compiling dirs v2.0.2
[INFO] [stderr]    Compiling console v0.11.3
[INFO] [stderr]    Compiling sha2 v0.9.9
[INFO] [stderr]    Compiling console v0.15.0
[INFO] [stderr]    Compiling bytes v0.4.12
[INFO] [stderr]    Compiling globset v0.4.8
[INFO] [stderr]    Compiling serde_with v1.12.1
[INFO] [stderr]    Compiling failure v0.1.8
[INFO] [stderr]    Compiling crossbeam-utils v0.8.8
[INFO] [stderr]    Compiling futures-executor v0.3.21
[INFO] [stderr]    Compiling uuid v0.8.2
[INFO] [stderr]    Compiling toml v0.5.9
[INFO] [stderr]    Compiling serde_path_to_error v0.1.7
[INFO] [stderr]    Compiling combine v4.6.3
[INFO] [stderr]    Compiling term_size v0.3.2
[INFO] [stderr]    Compiling fs2 v0.4.3
[INFO] [stderr]    Compiling thread_local v1.1.4
[INFO] [stderr]    Compiling rust-ini v0.13.0
[INFO] [stderr]    Compiling remove_dir_all v0.5.3
[INFO] [stderr]    Compiling unescape v0.1.0
[INFO] [stderr]    Compiling termcolor v1.1.3
[INFO] [stderr]    Compiling termtree v0.2.4
[INFO] [stderr]    Compiling humantime v2.1.0
[INFO] [stderr]    Compiling number_prefix v0.3.0
[INFO] [stderr]    Compiling is_executable v0.1.2
[INFO] [stderr]    Compiling fastrand v1.7.0
[INFO] [stderr]    Compiling siphasher v0.3.10
[INFO] [stderr]    Compiling encode_unicode v0.3.6
[INFO] [stderr]    Compiling binary-install v0.0.3-alpha.1
[INFO] [stderr]    Compiling tempfile v3.3.0
[INFO] [stderr]    Compiling prettytable-rs v0.8.0
[INFO] [stderr]    Compiling indicatif v0.15.0
[INFO] [stderr]    Compiling env_logger v0.8.4
[INFO] [stderr]    Compiling predicates-tree v1.0.5
[INFO] [stderr]    Compiling config v0.11.0
[INFO] [stderr]    Compiling cloudflare v0.9.1
[INFO] [stderr]    Compiling chrome-devtools-rs v0.0.0-alpha.3
[INFO] [stderr]    Compiling ignore v0.4.18
[INFO] [stderr]    Compiling billboard v0.1.0
[INFO] [stderr]    Compiling oauth2 v4.1.0
[INFO] [stderr]    Compiling futures v0.3.21
[INFO] [stderr]    Compiling parity-ws v0.11.1
[INFO] [stderr]    Compiling toml_edit v0.2.1
[INFO] [stderr]    Compiling structopt v0.3.26
[INFO] [stderr]    Compiling notify v4.0.17
[INFO] [stderr]    Compiling tokio-tungstenite v0.14.0
[INFO] [stderr]    Compiling os-version v0.2.0
[INFO] [stderr]    Compiling tokio-retry v0.3.0
[INFO] [stderr]    Compiling colored_json v2.1.0
[INFO] [stderr]    Compiling dirs v3.0.2
[INFO] [stderr]    Compiling which v4.2.5
[INFO] [stderr]    Compiling twox-hash v1.6.2
[INFO] [stderr]    Compiling sys-info v0.9.1
[INFO] [stderr]    Compiling semver v1.0.7
[INFO] [stderr]    Compiling erased-serde v0.3.20
[INFO] [stderr]    Compiling console v0.14.1
[INFO] [stderr]    Compiling tokio-stream v0.1.8
[INFO] [stderr]    Compiling rustls-pemfile v0.2.1
[INFO] [stderr]    Compiling wait-timeout v0.2.0
[INFO] [stderr]    Compiling number_prefix v0.4.0
[INFO] [stderr]    Compiling text_io v0.1.10
[INFO] [stderr]    Compiling path-slash v0.2.1
[INFO] [stderr]    Compiling assert_cmd v2.0.4
[INFO] [stderr]    Compiling fs_extra v1.2.0
[INFO] [stdout] warning: hiding a lifetime that's elided elsewhere is confusing
[INFO] [stdout]   --> src/kv/key.rs:42:23
[INFO] [stdout]    |
[INFO] [stdout] 42 |     fn request_params(&self) -> ListNamespaceKeys {
[INFO] [stdout]    |                       ^^^^^     ^^^^^^^^^^^^^^^^^ the same lifetime is hidden here
[INFO] [stdout]    |                       |
[INFO] [stdout]    |                       the lifetime is elided here
[INFO] [stdout]    |
[INFO] [stdout]    = help: the same lifetime is referred to in inconsistent ways, making the signature confusing
[INFO] [stdout]    = note: `#[warn(mismatched_lifetime_syntaxes)]` on by default
[INFO] [stdout] help: use `'_` for type paths
[INFO] [stdout]    |
[INFO] [stdout] 42 |     fn request_params(&self) -> ListNamespaceKeys<'_> {
[INFO] [stdout]    |                                                  ++++
[INFO] [stdout] 
[INFO] [stdout] 
[INFO] [stderr]    Compiling wrangler v1.21.0 (/opt/rustwide/workdir)
[INFO] [stdout] warning: hiding a lifetime that's elided elsewhere is confusing
[INFO] [stdout]   --> src/kv/key.rs:42:23
[INFO] [stdout]    |
[INFO] [stdout] 42 |     fn request_params(&self) -> ListNamespaceKeys {
[INFO] [stdout]    |                       ^^^^^     ^^^^^^^^^^^^^^^^^ the same lifetime is hidden here
[INFO] [stdout]    |                       |
[INFO] [stdout]    |                       the lifetime is elided here
[INFO] [stdout]    |
[INFO] [stdout]    = help: the same lifetime is referred to in inconsistent ways, making the signature confusing
[INFO] [stdout]    = note: `#[warn(mismatched_lifetime_syntaxes)]` on by default
[INFO] [stdout] help: use `'_` for type paths
[INFO] [stdout]    |
[INFO] [stdout] 42 |     fn request_params(&self) -> ListNamespaceKeys<'_> {
[INFO] [stdout]    |                                                  ++++
[INFO] [stdout] 
[INFO] [stdout] 
[INFO] [stdout] warning: unused imports: `KvConfig` and `SiteConfig`
[INFO] [stdout]  --> src/settings/toml/tests/../../../../tests/fixtures/mod.rs:6:36
[INFO] [stdout]   |
[INFO] [stdout] 6 | pub use wrangler_toml::{EnvConfig, KvConfig, SiteConfig, Triggers, WranglerToml, TEST_ENV_NAME};
[INFO] [stdout]   |                                    ^^^^^^^^  ^^^^^^^^^^
[INFO] [stdout]   |
[INFO] [stdout]   = note: `#[warn(unused_imports)]` (part of `#[warn(unused)]`) on by default
[INFO] [stdout] 
[INFO] [stdout] 
[INFO] [stdout] warning: hiding a lifetime that's elided elsewhere is confusing
[INFO] [stdout]   --> src/kv/key.rs:42:23
[INFO] [stdout]    |
[INFO] [stdout] 42 |     fn request_params(&self) -> ListNamespaceKeys {
[INFO] [stdout]    |                       ^^^^^     ^^^^^^^^^^^^^^^^^ the same lifetime is hidden here
[INFO] [stdout]    |                       |
[INFO] [stdout]    |                       the lifetime is elided here
[INFO] [stdout]    |
[INFO] [stdout]    = help: the same lifetime is referred to in inconsistent ways, making the signature confusing
[INFO] [stdout]    = note: `#[warn(mismatched_lifetime_syntaxes)]` on by default
[INFO] [stdout] help: use `'_` for type paths
[INFO] [stdout]    |
[INFO] [stdout] 42 |     fn request_params(&self) -> ListNamespaceKeys<'_> {
[INFO] [stdout]    |                                                  ++++
[INFO] [stdout] 
[INFO] [stdout] 
[INFO] [stdout] warning: unused imports: `EnvConfig`, `KvConfig`, `SiteConfig`, `TEST_ENV_NAME`, and `Triggers`
[INFO] [stdout]  --> tests/fixtures/mod.rs:6:25
[INFO] [stdout]   |
[INFO] [stdout] 6 | pub use wrangler_toml::{EnvConfig, KvConfig, SiteConfig, Triggers, WranglerToml, TEST_ENV_NAME};
[INFO] [stdout]   |                         ^^^^^^^^^  ^^^^^^^^  ^^^^^^^^^^  ^^^^^^^^                ^^^^^^^^^^^^^
[INFO] [stdout]   |
[INFO] [stdout]   = note: `#[warn(unused_imports)]` (part of `#[warn(unused)]`) on by default
[INFO] [stdout] 
[INFO] [stdout] 
[INFO] [stdout] warning: unused imports: `EnvConfig`, `KvConfig`, `SiteConfig`, `TEST_ENV_NAME`, and `Triggers`
[INFO] [stdout]  --> tests/fixtures/mod.rs:6:25
[INFO] [stdout]   |
[INFO] [stdout] 6 | pub use wrangler_toml::{EnvConfig, KvConfig, SiteConfig, Triggers, WranglerToml, TEST_ENV_NAME};
[INFO] [stdout]   |                         ^^^^^^^^^  ^^^^^^^^  ^^^^^^^^^^  ^^^^^^^^                ^^^^^^^^^^^^^
[INFO] [stdout]   |
[INFO] [stdout]   = note: `#[warn(unused_imports)]` (part of `#[warn(unused)]`) on by default
[INFO] [stdout] 
[INFO] [stdout] 
[INFO] [stderr]     Finished `release` profile [optimized] target(s) in 6m 28s
[INFO] [stderr] warning: the following packages contain code that will be rejected by a future version of Rust: binary-install v0.0.3-alpha.1, fs_extra v1.2.0, nom v5.1.2
[INFO] [stderr] note: to see what the problems were, use the option `--future-incompat-report`, or run `cargo report future-incompatibilities --id 5`
[INFO] running `Command { std: "docker" "inspect" "ecd870a72dc22e2cbadb43778399428513392bb56932c562651518a465386933", kill_on_drop: false }`
[INFO] running `Command { std: "docker" "exec" "-e" "SOURCE_DIR=/opt/rustwide/workdir" "-e" "CARGO_HOME=/opt/rustwide/cargo-home" "-e" "RUSTUP_HOME=/opt/rustwide/rustup-home" "-e" "CARGO_TARGET_DIR=/opt/rustwide/target" "-e" "CARGO_INCREMENTAL=0" "-e" "RUST_BACKTRACE=full" "-e" "RUSTFLAGS=--cap-lints=warn" "-e" "RUSTDOCFLAGS=--cap-lints=warn" "-w" "/opt/rustwide/workdir" "--user" "0:0" "ecd870a72dc22e2cbadb43778399428513392bb56932c562651518a465386933" "/opt/rustwide/cargo-home/bin/cargo" "+1.100.0-beta.1" "test" "--frozen" "--release", kill_on_drop: false }`
[INFO] [stderr] warning: hiding a lifetime that's elided elsewhere is confusing
[INFO] [stderr]   --> src/kv/key.rs:42:23
[INFO] [stderr]    |
[INFO] [stderr] 42 |     fn request_params(&self) -> ListNamespaceKeys {
[INFO] [stderr]    |                       ^^^^^     ^^^^^^^^^^^^^^^^^ the same lifetime is hidden here
[INFO] [stderr]    |                       |
[INFO] [stderr]    |                       the lifetime is elided here
[INFO] [stderr]    |
[INFO] [stderr]    = help: the same lifetime is referred to in inconsistent ways, making the signature confusing
[INFO] [stderr]    = note: `#[warn(mismatched_lifetime_syntaxes)]` on by default
[INFO] [stderr] help: use `'_` for type paths
[INFO] [stderr]    |
[INFO] [stderr] 42 |     fn request_params(&self) -> ListNamespaceKeys<'_> {
[INFO] [stderr]    |                                                  ++++
[INFO] [stderr] 
[INFO] [stderr] warning: `wrangler` (lib) generated 1 warning (run `cargo fix --lib -p wrangler` to apply 1 suggestion)
[INFO] [stderr] warning: unused imports: `KvConfig` and `SiteConfig`
[INFO] [stderr]  --> src/settings/toml/tests/../../../../tests/fixtures/mod.rs:6:36
[INFO] [stderr]   |
[INFO] [stderr] 6 | pub use wrangler_toml::{EnvConfig, KvConfig, SiteConfig, Triggers, WranglerToml, TEST_ENV_NAME};
[INFO] [stderr]   |                                    ^^^^^^^^  ^^^^^^^^^^
[INFO] [stderr]   |
[INFO] [stderr]   = note: `#[warn(unused_imports)]` (part of `#[warn(unused)]`) on by default
[INFO] [stderr] 
[INFO] [stderr] warning: `wrangler` (lib test) generated 2 warnings (1 duplicate) (run `cargo fix --lib -p wrangler --tests` to apply 1 suggestion)
[INFO] [stderr] warning: `wrangler` (lib) generated 1 warning (1 duplicate)
[INFO] [stderr] warning: unused imports: `EnvConfig`, `KvConfig`, `SiteConfig`, `TEST_ENV_NAME`, and `Triggers`
[INFO] [stderr]  --> tests/fixtures/mod.rs:6:25
[INFO] [stderr]   |
[INFO] [stderr] 6 | pub use wrangler_toml::{EnvConfig, KvConfig, SiteConfig, Triggers, WranglerToml, TEST_ENV_NAME};
[INFO] [stderr]   |                         ^^^^^^^^^  ^^^^^^^^  ^^^^^^^^^^  ^^^^^^^^                ^^^^^^^^^^^^^
[INFO] [stderr]   |
[INFO] [stderr]   = note: `#[warn(unused_imports)]` (part of `#[warn(unused)]`) on by default
[INFO] [stderr] 
[INFO] [stderr] warning: `wrangler` (test "build") generated 1 warning (run `cargo fix --test "build" -p wrangler` to apply 1 suggestion)
[INFO] [stderr] warning: `wrangler` (test "preview") generated 1 warning (1 duplicate)
[INFO] [stderr]     Finished `release` profile [optimized] target(s) in 0.81s
[INFO] [stderr] warning: the following packages contain code that will be rejected by a future version of Rust: binary-install v0.0.3-alpha.1, fs_extra v1.2.0, nom v5.1.2
[INFO] [stderr] note: to see what the problems were, use the option `--future-incompat-report`, or run `cargo report future-incompatibilities --id 5`
[INFO] [stderr]      Running unittests src/lib.rs (/opt/rustwide/target/release/build/wrangler/ca83492aae5aff38/out/wrangler-ca83492aae5aff38)
[INFO] [stdout] 
[INFO] [stdout] running 128 tests
[INFO] [stdout] test commands::kv::namespace::create::tests::it_can_detect_valid_binding ... ok
[INFO] [stdout] test commands::kv::namespace::create::tests::it_doesnt_message_about_namespaces ... ok
[INFO] [stdout] test commands::dev::gcs::headers::tests::headers_are_appended ... ok
[INFO] [stdout] test commands::kv::key::put::tests::metadata_parser_legal ... ok
[INFO] [stdout] test commands::kv::key::put::tests::metadata_parser_illegal ... ok
[INFO] [stdout] test commands::kv::namespace::create::tests::it_messages_about_env ... ok
[INFO] [stdout] test commands::kv::namespace::create::tests::it_can_detect_invalid_binding ... ok
[INFO] [stdout] test commands::kv::tests::it_can_detect_duplicate_bindings ... ok
[INFO] [stdout] test commands::kv::tests::it_doesnt_double_encode_slash ... ok
[INFO] [stdout] test commands::kv::key::put::tests::metadata_parser_error_message_unquoted_string_error_message ... ok
[INFO] [stdout] test commands::kv::namespace::create::tests::it_messages_about_preview ... ok
[INFO] [stdout] test commands::kv::namespace::create::tests::it_messages_about_namespaces ... ok
[INFO] [stdout] test cli::tests::adhoc_migration_parsing ... ok
[INFO] [stdout] test commands::kv::namespace::create::tests::it_messages_when_no_existing_id ... ok
[INFO] [stdout] test commands::kv::tests::it_encodes_slash ... ok
[INFO] [stdout] test settings::environment::tests::it_gets_from_the_environment ... ok
[INFO] [stdout] test commands::tests::it_can_detect_invalid_worker_name ... ok
[INFO] [stdout] test commands::tests::it_can_detect_valid_worker_name ... ok
[INFO] [stdout] test http::cf::tests::gets_environment_tests ... ok
[INFO] [stdout] test settings::global_user::tests::it_can_prioritize_token_input ... ok
[INFO] [stdout] test settings::global_user::tests::it_fails_if_oauth_and_api_tokens_both_exist ... ok
[INFO] [stdout] test settings::global_user::tests::it_can_prioritize_env_vars ... ok
[INFO] [stdout] test settings::global_user::tests::it_fails_if_oauth_token_and_complete_global_key_both_exist ... ok
[INFO] [stdout] test settings::global_user::tests::it_fails_if_oauth_token_and_global_key_without_user_email_both_exist ... ok
[INFO] [stdout] test settings::global_user::tests::it_fails_if_global_auth_incomplete_in_env ... ok
[INFO] [stdout] test settings::global_user::tests::it_fails_if_global_auth_incomplete_in_file ... ok
[INFO] [stdout] test settings::global_user::tests::it_succeeds_with_no_config ... ok
[INFO] [stdout] test settings::global_user::tests::it_succeeds_with_oauth_token ... ok
[INFO] [stdout] test settings::global_user::tests::it_fails_if_oauth_token_incomplete_in_file ... ok
[INFO] [stdout] test settings::global_user::tests::it_fails_if_oauth_token_and_user_email_both_exist ... ok
[INFO] [stdout] test settings::global_user::tests::it_fails_if_partial_oauth_and_api_tokens_both_exist ... ok
[INFO] [stdout] test settings::global_user::tests::it_falls_through_to_config_with_no_env_vars ... ok
[INFO] [stdout] test settings::toml::migrations::tests::adhoc_only_change_tag ... ok
[INFO] [stdout] test settings::toml::manifest::tests::serialize ... ok
[INFO] [stdout] test settings::toml::migrations::tests::migration_list_hastag ... ok
[INFO] [stdout] test settings::toml::migrations::tests::migration_list_hastag_noop ... ok
[INFO] [stdout] test settings::toml::migrations::tests::adhoc_full ... ok
[INFO] [stdout] test settings::toml::migrations::tests::migration_list_fresh ... ok
[INFO] [stdout] test settings::toml::manifest::tests::generate ... FAILED
[INFO] [stdout] test settings::global_user::tests::it_fails_if_partial_oauth_token_and_complete_global_key_both_exist ... ok
[INFO] [stdout] test settings::toml::tests::deployments::it_can_get_a_scheduled_no_workers_dev_no_zoned ... ok
[INFO] [stdout] test settings::global_user::tests::it_fails_with_no_authentication_method ... ok
[INFO] [stdout] test settings::toml::tests::deployments::it_can_get_a_multi_route_zoned_get_deployments ... ok
[INFO] [stdout] test settings::toml::tests::deployments::it_can_get_a_single_route_zoned_get_deployments_workers_dev_false ... ok
[INFO] [stdout] test settings::toml::tests::deployments::it_can_get_empty_deployments ... ok
[INFO] [stdout] test settings::toml::tests::deployments::it_can_get_multi_route_with_route ... ok
[INFO] [stdout] test commands::kv::namespace::create::tests::it_messages_about_overridden_namespaces ... ok
[INFO] [stdout] test settings::toml::tests::deployments::it_can_get_a_multi_route_zoned_get_deployments_workers_dev_false ... ok
[INFO] [stdout] test settings::toml::tests::deployments::it_can_get_a_route_with_routes ... ok
[INFO] [stdout] test settings::toml::tests::deployments::it_can_get_a_scheduled_in_env_no_workers_dev_no_zoned ... ok
[INFO] [stdout] test settings::toml::tests::deployments::it_can_get_multiple_deployments ... ok
[INFO] [stdout] test settings::toml::tests::deployments::it_can_get_a_single_route_zoned_get_deployments ... ok
[INFO] [stdout] test settings::toml::tests::deployments::it_can_get_a_top_level_zoneless_get_deployments ... ok
[INFO] [stdout] test settings::toml::tests::deployments::it_can_multi_route_get_deployments_empty_route ... ok
[INFO] [stdout] test settings::toml::tests::deployments::it_can_single_route_get_deployments_empty_route ... ok
[INFO] [stdout] test settings::toml::tests::deployments::it_can_single_route_get_deployments_missing_route ... ok
[INFO] [stdout] test settings::toml::tests::deployments::it_errors_on_multi_route_get_deployments_missing_zone_id ... ok
[INFO] [stdout] test settings::toml::tests::deployments::it_errors_on_single_route_get_deployments_empty_zone_id ... ok
[INFO] [stdout] test settings::toml::tests::deployments::it_can_zoneless_get_deployments_workers_dev_false ... ok
[INFO] [stdout] test settings::toml::tests::deployments::it_cat_get_inherited_env_schedules ... ok
[INFO] [stdout] test settings::toml::tests::deployments::it_gets_deployments_with_route_and_workers_dev_true ... ok
[INFO] [stdout] test settings::toml::tests::deployments::it_errors_on_single_route_get_deployments_missing_zone_id ... ok
[INFO] [stdout] test settings::toml::tests::deployments::it_errors_on_multi_route_get_deployments_empty_zone_id ... ok
[INFO] [stdout] test settings::toml::tests::deployments::it_gets_deployments_with_routes_and_workers_dev_true ... ok
[INFO] [stdout] test settings::toml::tests::deployments::when_top_level_empty_env_has_zone_id ... ok
[INFO] [stdout] test settings::toml::tests::deployments::when_top_level_empty_env_workers_dev_false ... ok
[INFO] [stdout] test settings::toml::tests::deployments::when_top_level_empty_env_zoned_single_route_zone_id_only ... ok
[INFO] [stdout] test settings::toml::tests::deployments::when_top_level_empty_env_empty ... ok
[INFO] [stdout] test settings::toml::tests::deployments::when_top_level_empty_zoned_multi_route_env ... ok
[INFO] [stdout] test settings::toml::tests::deployments::when_top_level_empty_zoned_multi_route_env_route_empty ... ok
[INFO] [stdout] test settings::toml::tests::deployments::when_top_level_empty_zoned_multi_route_env_routes_empty ... ok
[INFO] [stdout] test settings::toml::tests::deployments::when_top_level_empty_env_workers_dev_true ... ok
[INFO] [stdout] test settings::toml::tests::deployments::when_top_level_empty_env_zoned_single_route ... ok
[INFO] [stdout] test settings::toml::tests::deployments::when_top_level_empty_env_zoned_single_route_no_zone_id ... ok
[INFO] [stdout] test settings::toml::tests::deployments::when_top_level_zoned_env_empty ... ok
[INFO] [stdout] test settings::toml::tests::deployments::when_top_level_zoned_env_zoned_single_route_route_empty ... ok
[INFO] [stdout] test settings::toml::tests::deployments::when_top_level_zoned_env_zoned_single_route_zone_id_missing ... ok
[INFO] [stdout] test settings::toml::tests::deployments::when_top_level_zoned_env_zoneless_workers_dev_false ... ok
[INFO] [stdout] test settings::toml::tests::deployments::when_top_level_empty_zoned_single_route_env ... ok
[INFO] [stdout] test settings::toml::tests::deployments::it_errors_on_get_deployments_missing_name ... ok
[INFO] [stdout] test settings::toml::tests::deployments::when_top_level_zoneless_env_empty ... ok
[INFO] [stdout] test settings::toml::tests::deployments::it_can_multi_route_get_deployments_empty_routes_list ... ok
[INFO] [stdout] test settings::toml::tests::deployments::when_top_level_empty_zoned_multi_route_env_zone_id_missing ... ok
[INFO] [stdout] test settings::toml::tests::deployments::when_top_level_zoneless_env_zoned_multi_route ... ok
[INFO] [stdout] test settings::toml::tests::deployments::when_top_level_zoneless_env_zoned_multi_route_route_empty ... ok
[INFO] [stdout] test settings::toml::tests::deployments::when_top_level_zoned_env_zoned_single_route ... ok
[INFO] [stdout] test settings::toml::tests::deployments::when_top_level_zoneless_env_zoned_multi_route_route_key_present ... ok
[INFO] [stdout] test settings::toml::tests::deployments::when_top_level_zoneless_env_zoned_single_route ... ok
[INFO] [stdout] test settings::toml::tests::deployments::when_top_level_zoneless_env_zoned_multi_route_routes_list_empty ... ok
[INFO] [stdout] test settings::toml::tests::deployments::when_top_level_zoned_env_zoneless_workers_dev_true ... ok
[INFO] [stdout] test settings::toml::tests::deployments::when_top_level_zoneless_env_zoned_single_route_empty ... ok
[INFO] [stdout] test settings::toml::tests::deployments::when_top_level_zoneless_env_zoneless_workers_dev_false ... ok
[INFO] [stdout] test settings::toml::tests::it_builds_from_config ... ok
[INFO] [stdout] test settings::toml::tests::it_builds_from_environments_config ... ok
[INFO] [stdout] test settings::toml::tests::it_returns_top_level_name_when_no_env ... ok
[INFO] [stdout] test settings::toml::tests::deployments::when_top_level_zoneless_env_zoned_single_route_zone_id_missing ... ok
[INFO] [stdout] test settings::toml::tests::deployments::when_top_level_zoneless_env_zoned_multi_route_zone_id_missing ... ok
[INFO] [stdout] test settings::toml::tests::deployments::when_top_level_zoneless_env_zoneless_workers_dev_true ... ok
[INFO] [stdout] test settings::toml::tests::it_concatenates_top_level_with_env_when_env_omits_name ... ok
[INFO] [stdout] test settings::toml::tests::it_uses_env_name_when_provided ... ok
[INFO] [stdout] test settings::toml::tests::it_builds_from_environments_config_with_kv ... ok
[INFO] [stdout] test settings::toml::tests::parses_same_from_config_path_as_string ... ok
[INFO] [stdout] test settings::toml::tests::it_builds_from_environments_config_with_r2 ... ok
[INFO] [stdout] test sites::tests::it_can_allow_unfiltered_files ... FAILED
[INFO] [stdout] test sites::tests::it_can_filter_by_exclude ... FAILED
[INFO] [stdout] test sites::tests::it_can_prioritize_include_over_exclude ... FAILED
[INFO] [stdout] test sites::tests::it_can_filter_by_include ... FAILED
[INFO] [stdout] test sites::tests::it_combines_url_safe_and_hash_properly ... ok
[INFO] [stdout] test sites::tests::it_inserts_hash_without_extension ... ok
[INFO] [stdout] test sites::tests::it_generates_a_url_safe_hash ... ok
[INFO] [stdout] test sites::tests::it_inserts_hash_before_extension ... ok
[INFO] [stdout] test sites::tests::it_removes_bucket_dir_prefix ... ok
[INFO] [stdout] test sites::tests::it_can_ignore_hidden_except_wellknown ... FAILED
[INFO] [stdout] test terminal::interactive::tests::it_trims_user_input_right_whitespace_chars ... ok
[INFO] [stdout] test sites::tests::it_runs_directory_keys_values_returning_expected_valyes ... ok
[INFO] [stdout] test upload::form::project_assets::tests::invalid_globs_fail ... ok
[INFO] [stdout] test upload::fails_with_good_error_msg_on_verify_email_err ... ok
[INFO] [stdout] test wranglerjs::bundle::tests::it_has_errors ... ok
[INFO] [stdout] test upload::form::project_assets::tests::custom_globs ... ok
[INFO] [stdout] test upload::form::project_assets::tests::default_globs ... ok
[INFO] [stdout] test sites::tests::it_can_include_gitignore_entries ... FAILED
[INFO] [stdout] test wranglerjs::bundle::tests::it_writes_the_bundle_script ... ok
[INFO] [stdout] test wranglerjs::output::tests::it_returns_project_size_with_wasm ... ok
[INFO] [stdout] test wranglerjs::output::tests::it_warns_near_max_size ... ok
[INFO] [stdout] test wranglerjs::output::tests::it_returns_project_size_without_wasm ... ok
[INFO] [stdout] test wranglerjs::output::tests::it_warns_over_max_size ... ok
[INFO] [stdout] test wranglerjs::bundle::tests::it_writes_the_bundle_wasm ... ok
[INFO] [stdout] test sites::tests::it_can_ignore_node_modules ... FAILED
[INFO] [stdout] 
[INFO] [stdout] failures:
[INFO] [stdout] 
[INFO] [stdout] ---- settings::toml::manifest::tests::generate stdout ----
[INFO] [stdout] Error: Read-only file system (os error 30)
[INFO] [stdout] 
[INFO] [stdout] Stack backtrace:
[INFO] [stdout]    0: <wrangler::settings::toml::manifest::Manifest>::generate
[INFO] [stdout]    1: <wrangler::settings::toml::manifest::tests::generate::{closure#0} as core::ops::function::FnOnce<()>>::call_once
[INFO] [stdout]    2: test::__rust_begin_short_backtrace::<core::result::Result<(), alloc::string::String>, fn() -> core::result::Result<(), alloc::string::String>>
[INFO] [stdout]    3: test::run_test::{closure#0}
[INFO] [stdout]    4: std::sys::backtrace::__rust_begin_short_backtrace::<test::run_test::{closure#1}, ()>
[INFO] [stdout]    5: <std::thread::lifecycle::spawn_unchecked<test::run_test::{closure#1}, ()>::{closure#1} as core::ops::function::FnOnce<()>>::call_once::{shim:vtable#0}
[INFO] [stdout]    6: <std::sys::thread::unix::Thread>::new::thread_start
[INFO] [stdout]    7: <unknown>
[INFO] [stdout]    8: clone
[INFO] [stdout] 
[INFO] [stdout] ---- sites::tests::it_can_allow_unfiltered_files stdout ----
[INFO] [stdout] 
[INFO] [stdout] thread 'sites::tests::it_can_allow_unfiltered_files' (14216) panicked at src/sites/mod.rs:489:34:
[INFO] [stdout] called `Result::unwrap()` on an `Err` value: Os { code: 30, kind: ReadOnlyFilesystem, message: "Read-only file system" }
[INFO] [stdout] stack backtrace:
[INFO] [stdout]    0:     0x57544c052de1 - <<std[617be2ca0a6fd877]::sys::backtrace::BacktraceLock>::print::DisplayBacktrace as core[a373ad73a504971]::fmt::Display>::fmt
[INFO] [stdout]    1:     0x57544c06cdda - core[a373ad73a504971]::fmt::write
[INFO] [stdout]    2:     0x57544c05828c - <alloc[2e1b2a31b91974c5]::vec::Vec<u8> as core[a373ad73a504971]::io::write::Write>::write_fmt
[INFO] [stdout]    3:     0x57544c02ace6 - std[617be2ca0a6fd877]::panicking::default_hook::{closure#0}
[INFO] [stdout]    4:     0x57544c049579 - std[617be2ca0a6fd877]::panicking::default_hook
[INFO] [stdout]    5:     0x57544babeda0 - test[aada8e7e76ba119b]::test_main_inner::{closure#0}
[INFO] [stdout]    6:     0x57544c0498a2 - std[617be2ca0a6fd877]::panicking::panic_with_hook
[INFO] [stdout]    7:     0x57544c02ad92 - std[617be2ca0a6fd877]::panicking::panic_handler::{closure#0}
[INFO] [stdout]    8:     0x57544c023469 - std[617be2ca0a6fd877]::sys::backtrace::__rust_end_short_backtrace::<std[617be2ca0a6fd877]::panicking::panic_handler::{closure#0}, !>
[INFO] [stdout]    9:     0x57544c02be2d - __rustc[ea4f61d10b84890b]::rust_begin_unwind
[INFO] [stdout]   10:     0x57544c06d53c - core[a373ad73a504971]::panicking::panic_fmt
[INFO] [stdout]   11:     0x57544c06d312 - core[a373ad73a504971]::result::unwrap_failed
[INFO] [stdout]   12:     0x57544b9dd0b3 - <wrangler[84e7dc9752b1353]::sites::tests::it_can_allow_unfiltered_files::{closure#0} as core[a373ad73a504971]::ops::function::FnOnce<()>>::call_once
[INFO] [stdout]   13:     0x57544bab21eb - test[aada8e7e76ba119b]::__rust_begin_short_backtrace::<core[a373ad73a504971]::result::Result<(), alloc[2e1b2a31b91974c5]::string::String>, fn() -> core[a373ad73a504971]::result::Result<(), alloc[2e1b2a31b91974c5]::string::String>>
[INFO] [stdout]   14:     0x57544babf3c5 - test[aada8e7e76ba119b]::run_test::{closure#0}
[INFO] [stdout]   15:     0x57544bab8cb4 - std[617be2ca0a6fd877]::sys::backtrace::__rust_begin_short_backtrace::<test[aada8e7e76ba119b]::run_test::{closure#1}, ()>
[INFO] [stdout]   16:     0x57544bac2452 - <std[617be2ca0a6fd877]::thread::lifecycle::spawn_unchecked<test[aada8e7e76ba119b]::run_test::{closure#1}, ()>::{closure#1} as core[a373ad73a504971]::ops::function::FnOnce<()>>::call_once::{shim:vtable#0}
[INFO] [stdout]   17:     0x57544c051a3f - <std[617be2ca0a6fd877]::sys::thread::unix::Thread>::new::thread_start
[INFO] [stdout]   18:     0x7ca5a9556dfa - <unknown>
[INFO] [stdout]   19:     0x7ca5a95ea3d4 - clone
[INFO] [stdout]   20:                0x0 - <unknown>
[INFO] [stdout] 
[INFO] [stdout] ---- sites::tests::it_can_filter_by_exclude stdout ----
[INFO] [stdout] 
[INFO] [stdout] thread 'sites::tests::it_can_filter_by_exclude' (14217) panicked at src/sites/mod.rs:545:34:
[INFO] [stdout] called `Result::unwrap()` on an `Err` value: Os { code: 30, kind: ReadOnlyFilesystem, message: "Read-only file system" }
[INFO] [stdout] stack backtrace:
[INFO] [stdout]    0:     0x57544c052de1 - <<std[617be2ca0a6fd877]::sys::backtrace::BacktraceLock>::print::DisplayBacktrace as core[a373ad73a504971]::fmt::Display>::fmt
[INFO] [stdout]    1:     0x57544c06cdda - core[a373ad73a504971]::fmt::write
[INFO] [stdout]    2:     0x57544c05828c - <alloc[2e1b2a31b91974c5]::vec::Vec<u8> as core[a373ad73a504971]::io::write::Write>::write_fmt
[INFO] [stdout]    3:     0x57544c02ace6 - std[617be2ca0a6fd877]::panicking::default_hook::{closure#0}
[INFO] [stdout]    4:     0x57544c049579 - std[617be2ca0a6fd877]::panicking::default_hook
[INFO] [stdout]    5:     0x57544babeda0 - test[aada8e7e76ba119b]::test_main_inner::{closure#0}
[INFO] [stdout]    6:     0x57544c0498a2 - std[617be2ca0a6fd877]::panicking::panic_with_hook
[INFO] [stdout]    7:     0x57544c02ad92 - std[617be2ca0a6fd877]::panicking::panic_handler::{closure#0}
[INFO] [stdout]    8:     0x57544c023469 - std[617be2ca0a6fd877]::sys::backtrace::__rust_end_short_backtrace::<std[617be2ca0a6fd877]::panicking::panic_handler::{closure#0}, !>
[INFO] [stdout]    9:     0x57544c02be2d - __rustc[ea4f61d10b84890b]::rust_begin_unwind
[INFO] [stdout]   10:     0x57544c06d53c - core[a373ad73a504971]::panicking::panic_fmt
[INFO] [stdout]   11:     0x57544c06d312 - core[a373ad73a504971]::result::unwrap_failed
[INFO] [stdout]   12:     0x57544b9db348 - <wrangler[84e7dc9752b1353]::sites::tests::it_can_filter_by_exclude::{closure#0} as core[a373ad73a504971]::ops::function::FnOnce<()>>::call_once
[INFO] [stdout]   13:     0x57544bab21eb - test[aada8e7e76ba119b]::__rust_begin_short_backtrace::<core[a373ad73a504971]::result::Result<(), alloc[2e1b2a31b91974c5]::string::String>, fn() -> core[a373ad73a504971]::result::Result<(), alloc[2e1b2a31b91974c5]::string::String>>
[INFO] [stdout]   14:     0x57544babf3c5 - test[aada8e7e76ba119b]::run_test::{closure#0}
[INFO] [stdout]   15:     0x57544bab8cb4 - std[617be2ca0a6fd877]::sys::backtrace::__rust_begin_short_backtrace::<test[aada8e7e76ba119b]::run_test::{closure#1}, ()>
[INFO] [stdout]   16:     0x57544bac2452 - <std[617be2ca0a6fd877]::thread::lifecycle::spawn_unchecked<test[aada8e7e76ba119b]::run_test::{closure#1}, ()>::{closure#1} as core[a373ad73a504971]::ops::function::FnOnce<()>>::call_once::{shim:vtable#0}
[INFO] [stdout]   17:     0x57544c051a3f - <std[617be2ca0a6fd877]::sys::thread::unix::Thread>::new::thread_start
[INFO] [stdout]   18:     0x7ca5a9556dfa - <unknown>
[INFO] [stdout]   19:     0x7ca5a95ea3d4 - clone
[INFO] [stdout]   20:                0x0 - <unknown>
[INFO] [stdout] 
[INFO] [stdout] ---- sites::tests::it_can_prioritize_include_over_exclude stdout ----
[INFO] [stdout] 
[INFO] [stdout] thread 'sites::tests::it_can_prioritize_include_over_exclude' (14222) panicked at src/sites/mod.rs:574:34:
[INFO] [stdout] called `Result::unwrap()` on an `Err` value: Os { code: 30, kind: ReadOnlyFilesystem, message: "Read-only file system" }
[INFO] [stdout] stack backtrace:
[INFO] [stdout]    0:     0x57544c052de1 - <<std[617be2ca0a6fd877]::sys::backtrace::BacktraceLock>::print::DisplayBacktrace as core[a373ad73a504971]::fmt::Display>::fmt
[INFO] [stdout]    1:     0x57544c06cdda - core[a373ad73a504971]::fmt::write
[INFO] [stdout]    2:     0x57544c05828c - <alloc[2e1b2a31b91974c5]::vec::Vec<u8> as core[a373ad73a504971]::io::write::Write>::write_fmt
[INFO] [stdout]    3:     0x57544c02ace6 - std[617be2ca0a6fd877]::panicking::default_hook::{closure#0}
[INFO] [stdout]    4:     0x57544c049579 - std[617be2ca0a6fd877]::panicking::default_hook
[INFO] [stdout]    5:     0x57544babeda0 - test[aada8e7e76ba119b]::test_main_inner::{closure#0}
[INFO] [stdout]    6:     0x57544c0498a2 - std[617be2ca0a6fd877]::panicking::panic_with_hook
[INFO] [stdout]    7:     0x57544c02ad92 - std[617be2ca0a6fd877]::panicking::panic_handler::{closure#0}
[INFO] [stdout]    8:     0x57544c023469 - std[617be2ca0a6fd877]::sys::backtrace::__rust_end_short_backtrace::<std[617be2ca0a6fd877]::panicking::panic_handler::{closure#0}, !>
[INFO] [stdout]    9:     0x57544c02be2d - __rustc[ea4f61d10b84890b]::rust_begin_unwind
[INFO] [stdout]   10:     0x57544c06d53c - core[a373ad73a504971]::panicking::panic_fmt
[INFO] [stdout]   11:     0x57544c06d312 - core[a373ad73a504971]::result::unwrap_failed
[INFO] [stdout]   12:     0x57544b9df908 - <wrangler[84e7dc9752b1353]::sites::tests::it_can_prioritize_include_over_exclude::{closure#0} as core[a373ad73a504971]::ops::function::FnOnce<()>>::call_once
[INFO] [stdout]   13:     0x57544bab21eb - test[aada8e7e76ba119b]::__rust_begin_short_backtrace::<core[a373ad73a504971]::result::Result<(), alloc[2e1b2a31b91974c5]::string::String>, fn() -> core[a373ad73a504971]::result::Result<(), alloc[2e1b2a31b91974c5]::string::String>>
[INFO] [stdout]   14:     0x57544babf3c5 - test[aada8e7e76ba119b]::run_test::{closure#0}
[INFO] [stdout]   15:     0x57544bab8cb4 - std[617be2ca0a6fd877]::sys::backtrace::__rust_begin_short_backtrace::<test[aada8e7e76ba119b]::run_test::{closure#1}, ()>
[INFO] [stdout]   16:     0x57544bac2452 - <std[617be2ca0a6fd877]::thread::lifecycle::spawn_unchecked<test[aada8e7e76ba119b]::run_test::{closure#1}, ()>::{closure#1} as core[a373ad73a504971]::ops::function::FnOnce<()>>::call_once::{shim:vtable#0}
[INFO] [stdout]   17:     0x57544c051a3f - <std[617be2ca0a6fd877]::sys::thread::unix::Thread>::new::thread_start
[INFO] [stdout]   18:     0x7ca5a9556dfa - <unknown>
[INFO] [stdout]   19:     0x7ca5a95ea3d4 - clone
[INFO] [stdout]   20:                0x0 - <unknown>
[INFO] [stdout] 
[INFO] [stdout] ---- sites::tests::it_can_filter_by_include stdout ----
[INFO] [stdout] 
[INFO] [stdout] thread 'sites::tests::it_can_filter_by_include' (14218) panicked at src/sites/mod.rs:517:34:
[INFO] [stdout] called `Result::unwrap()` on an `Err` value: Os { code: 30, kind: ReadOnlyFilesystem, message: "Read-only file system" }
[INFO] [stdout] stack backtrace:
[INFO] [stdout]    0:     0x57544c052de1 - <<std[617be2ca0a6fd877]::sys::backtrace::BacktraceLock>::print::DisplayBacktrace as core[a373ad73a504971]::fmt::Display>::fmt
[INFO] [stdout]    1:     0x57544c06cdda - core[a373ad73a504971]::fmt::write
[INFO] [stdout]    2:     0x57544c05828c - <alloc[2e1b2a31b91974c5]::vec::Vec<u8> as core[a373ad73a504971]::io::write::Write>::write_fmt
[INFO] [stdout]    3:     0x57544c02ace6 - std[617be2ca0a6fd877]::panicking::default_hook::{closure#0}
[INFO] [stdout]    4:     0x57544c049579 - std[617be2ca0a6fd877]::panicking::default_hook
[INFO] [stdout]    5:     0x57544babeda0 - test[aada8e7e76ba119b]::test_main_inner::{closure#0}
[INFO] [stdout]    6:     0x57544c0498a2 - std[617be2ca0a6fd877]::panicking::panic_with_hook
[INFO] [stdout]    7:     0x57544c02ad92 - std[617be2ca0a6fd877]::panicking::panic_handler::{closure#0}
[INFO] [stdout]    8:     0x57544c023469 - std[617be2ca0a6fd877]::sys::backtrace::__rust_end_short_backtrace::<std[617be2ca0a6fd877]::panicking::panic_handler::{closure#0}, !>
[INFO] [stdout]    9:     0x57544c02be2d - __rustc[ea4f61d10b84890b]::rust_begin_unwind
[INFO] [stdout]   10:     0x57544c06d53c - core[a373ad73a504971]::panicking::panic_fmt
[INFO] [stdout]   11:     0x57544c06d312 - core[a373ad73a504971]::result::unwrap_failed
[INFO] [stdout]   12:     0x57544b9dbc58 - <wrangler[84e7dc9752b1353]::sites::tests::it_can_filter_by_include::{closure#0} as core[a373ad73a504971]::ops::function::FnOnce<()>>::call_once
[INFO] [stdout]   13:     0x57544bab21eb - test[aada8e7e76ba119b]::__rust_begin_short_backtrace::<core[a373ad73a504971]::result::Result<(), alloc[2e1b2a31b91974c5]::string::String>, fn() -> core[a373ad73a504971]::result::Result<(), alloc[2e1b2a31b91974c5]::string::String>>
[INFO] [stdout]   14:     0x57544babf3c5 - test[aada8e7e76ba119b]::run_test::{closure#0}
[INFO] [stdout]   15:     0x57544bab8cb4 - std[617be2ca0a6fd877]::sys::backtrace::__rust_begin_short_backtrace::<test[aada8e7e76ba119b]::run_test::{closure#1}, ()>
[INFO] [stdout]   16:     0x57544bac2452 - <std[617be2ca0a6fd877]::thread::lifecycle::spawn_unchecked<test[aada8e7e76ba119b]::run_test::{closure#1}, ()>::{closure#1} as core[a373ad73a504971]::ops::function::FnOnce<()>>::call_once::{shim:vtable#0}
[INFO] [stdout]   17:     0x57544c051a3f - <std[617be2ca0a6fd877]::sys::thread::unix::Thread>::new::thread_start
[INFO] [stdout]   18:     0x7ca5a9556dfa - <unknown>
[INFO] [stdout]   19:     0x7ca5a95ea3d4 - clone
[INFO] [stdout]   20:                0x0 - <unknown>
[INFO] [stdout] 
[INFO] [stdout] ---- sites::tests::it_can_ignore_hidden_except_wellknown stdout ----
[INFO] [stdout] 
[INFO] [stdout] thread 'sites::tests::it_can_ignore_hidden_except_wellknown' (14219) panicked at src/sites/mod.rs:457:34:
[INFO] [stdout] called `Result::unwrap()` on an `Err` value: Os { code: 30, kind: ReadOnlyFilesystem, message: "Read-only file system" }
[INFO] [stdout] stack backtrace:
[INFO] [stdout]    0:     0x57544c052de1 - <<std[617be2ca0a6fd877]::sys::backtrace::BacktraceLock>::print::DisplayBacktrace as core[a373ad73a504971]::fmt::Display>::fmt
[INFO] [stdout]    1:     0x57544c06cdda - core[a373ad73a504971]::fmt::write
[INFO] [stdout]    2:     0x57544c05828c - <alloc[2e1b2a31b91974c5]::vec::Vec<u8> as core[a373ad73a504971]::io::write::Write>::write_fmt
[INFO] [stdout]    3:     0x57544c02ace6 - std[617be2ca0a6fd877]::panicking::default_hook::{closure#0}
[INFO] [stdout]    4:     0x57544c049579 - std[617be2ca0a6fd877]::panicking::default_hook
[INFO] [stdout]    5:     0x57544babeda0 - test[aada8e7e76ba119b]::test_main_inner::{closure#0}
[INFO] [stdout]    6:     0x57544c0498a2 - std[617be2ca0a6fd877]::panicking::panic_with_hook
[INFO] [stdout]    7:     0x57544c02ad92 - std[617be2ca0a6fd877]::panicking::panic_handler::{closure#0}
[INFO] [stdout]    8:     0x57544c023469 - std[617be2ca0a6fd877]::sys::backtrace::__rust_end_short_backtrace::<std[617be2ca0a6fd877]::panicking::panic_handler::{closure#0}, !>
[INFO] [stdout]    9:     0x57544c02be2d - __rustc[ea4f61d10b84890b]::rust_begin_unwind
[INFO] [stdout]   10:     0x57544c06d53c - core[a373ad73a504971]::panicking::panic_fmt
[INFO] [stdout]   11:     0x57544c06d312 - core[a373ad73a504971]::result::unwrap_failed
[INFO] [stdout]   12:     0x57544b9deeea - <wrangler[84e7dc9752b1353]::sites::tests::it_can_ignore_hidden_except_wellknown::{closure#0} as core[a373ad73a504971]::ops::function::FnOnce<()>>::call_once
[INFO] [stdout]   13:     0x57544bab21eb - test[aada8e7e76ba119b]::__rust_begin_short_backtrace::<core[a373ad73a504971]::result::Result<(), alloc[2e1b2a31b91974c5]::string::String>, fn() -> core[a373ad73a504971]::result::Result<(), alloc[2e1b2a31b91974c5]::string::String>>
[INFO] [stdout]   14:     0x57544babf3c5 - test[aada8e7e76ba119b]::run_test::{closure#0}
[INFO] [stdout]   15:     0x57544bab8cb4 - std[617be2ca0a6fd877]::sys::backtrace::__rust_begin_short_backtrace::<test[aada8e7e76ba119b]::run_test::{closure#1}, ()>
[INFO] [stdout]   16:     0x57544bac2452 - <std[617be2ca0a6fd877]::thread::lifecycle::spawn_unchecked<test[aada8e7e76ba119b]::run_test::{closure#1}, ()>::{closure#1} as core[a373ad73a504971]::ops::function::FnOnce<()>>::call_once::{shim:vtable#0}
[INFO] [stdout]   17:     0x57544c051a3f - <std[617be2ca0a6fd877]::sys::thread::unix::Thread>::new::thread_start
[INFO] [stdout]   18:     0x7ca5a9556dfa - <unknown>
[INFO] [stdout]   19:     0x7ca5a95ea3d4 - clone
[INFO] [stdout]   20:                0x0 - <unknown>
[INFO] [stdout] 
[INFO] [stdout] ---- sites::tests::it_can_include_gitignore_entries stdout ----
[INFO] [stdout] 
[INFO] [stdout] thread 'sites::tests::it_can_include_gitignore_entries' (14221) panicked at src/sites/mod.rs:602:34:
[INFO] [stdout] called `Result::unwrap()` on an `Err` value: Os { code: 30, kind: ReadOnlyFilesystem, message: "Read-only file system" }
[INFO] [stdout] stack backtrace:
[INFO] [stdout]    0:     0x57544c052de1 - <<std[617be2ca0a6fd877]::sys::backtrace::BacktraceLock>::print::DisplayBacktrace as core[a373ad73a504971]::fmt::Display>::fmt
[INFO] [stdout]    1:     0x57544c06cdda - core[a373ad73a504971]::fmt::write
[INFO] [stdout]    2:     0x57544c05828c - <alloc[2e1b2a31b91974c5]::vec::Vec<u8> as core[a373ad73a504971]::io::write::Write>::write_fmt
[INFO] [stdout]    3:     0x57544c02ace6 - std[617be2ca0a6fd877]::panicking::default_hook::{closure#0}
[INFO] [stdout]    4:     0x57544c049579 - std[617be2ca0a6fd877]::panicking::default_hook
[INFO] [stdout]    5:     0x57544babeda0 - test[aada8e7e76ba119b]::test_main_inner::{closure#0}
[INFO] [stdout]    6:     0x57544c0498a2 - std[617be2ca0a6fd877]::panicking::panic_with_hook
[INFO] [stdout]    7:     0x57544c02ad92 - std[617be2ca0a6fd877]::panicking::panic_handler::{closure#0}
[INFO] [stdout]    8:     0x57544c023469 - std[617be2ca0a6fd877]::sys::backtrace::__rust_end_short_backtrace::<std[617be2ca0a6fd877]::panicking::panic_handler::{closure#0}, !>
[INFO] [stdout]    9:     0x57544c02be2d - __rustc[ea4f61d10b84890b]::rust_begin_unwind
[INFO] [stdout]   10:     0x57544c06d53c - core[a373ad73a504971]::panicking::panic_fmt
[INFO] [stdout]   11:     0x57544c06d312 - core[a373ad73a504971]::result::unwrap_failed
[INFO] [stdout]   12:     0x57544b9ddb09 - <wrangler[84e7dc9752b1353]::sites::tests::it_can_include_gitignore_entries::{closure#0} as core[a373ad73a504971]::ops::function::FnOnce<()>>::call_once
[INFO] [stdout]   13:     0x57544bab21eb - test[aada8e7e76ba119b]::__rust_begin_short_backtrace::<core[a373ad73a504971]::result::Result<(), alloc[2e1b2a31b91974c5]::string::String>, fn() -> core[a373ad73a504971]::result::Result<(), alloc[2e1b2a31b91974c5]::string::String>>
[INFO] [stdout]   14:     0x57544babf3c5 - test[aada8e7e76ba119b]::run_test::{closure#0}
[INFO] [stdout]   15:     0x57544bab8cb4 - std[617be2ca0a6fd877]::sys::backtrace::__rust_begin_short_backtrace::<test[aada8e7e76ba119b]::run_test::{closure#1}, ()>
[INFO] [stdout]   16:     0x57544bac2452 - <std[617be2ca0a6fd877]::thread::lifecycle::spawn_unchecked<test[aada8e7e76ba119b]::run_test::{closure#1}, ()>::{closure#1} as core[a373ad73a504971]::ops::function::FnOnce<()>>::call_once::{shim:vtable#0}
[INFO] [stdout]   17:     0x57544c051a3f - <std[617be2ca0a6fd877]::sys::thread::unix::Thread>::new::thread_start
[INFO] [stdout]   18:     0x7ca5a9556dfa - <unknown>
[INFO] [stdout]   19:     0x7ca5a95ea3d4 - clone
[INFO] [stdout]   20:                0x0 - <unknown>
[INFO] [stdout] 
[INFO] [stdout] ---- sites::tests::it_can_ignore_node_modules stdout ----
[INFO] [stdout] 
[INFO] [stdout] thread 'sites::tests::it_can_ignore_node_modules' (14220) panicked at src/sites/mod.rs:430:66:
[INFO] [stdout] called `Result::unwrap()` on an `Err` value: Os { code: 30, kind: ReadOnlyFilesystem, message: "Read-only file system" }
[INFO] [stdout] stack backtrace:
[INFO] [stdout]    0:     0x57544c052de1 - <<std[617be2ca0a6fd877]::sys::backtrace::BacktraceLock>::print::DisplayBacktrace as core[a373ad73a504971]::fmt::Display>::fmt
[INFO] [stdout]    1:     0x57544c06cdda - core[a373ad73a504971]::fmt::write
[INFO] [stdout]    2:     0x57544c05828c - <alloc[2e1b2a31b91974c5]::vec::Vec<u8> as core[a373ad73a504971]::io::write::Write>::write_fmt
[INFO] [stdout]    3:     0x57544c02ace6 - std[617be2ca0a6fd877]::panicking::default_hook::{closure#0}
[INFO] [stdout]    4:     0x57544c049579 - std[617be2ca0a6fd877]::panicking::default_hook
[INFO] [stdout]    5:     0x57544babeda0 - test[aada8e7e76ba119b]::test_main_inner::{closure#0}
[INFO] [stdout]    6:     0x57544c0498a2 - std[617be2ca0a6fd877]::panicking::panic_with_hook
[INFO] [stdout]    7:     0x57544c02ad92 - std[617be2ca0a6fd877]::panicking::panic_handler::{closure#0}
[INFO] [stdout]    8:     0x57544c023469 - std[617be2ca0a6fd877]::sys::backtrace::__rust_end_short_backtrace::<std[617be2ca0a6fd877]::panicking::panic_handler::{closure#0}, !>
[INFO] [stdout]    9:     0x57544c02be2d - __rustc[ea4f61d10b84890b]::rust_begin_unwind
[INFO] [stdout]   10:     0x57544c06d53c - core[a373ad73a504971]::panicking::panic_fmt
[INFO] [stdout]   11:     0x57544c06d312 - core[a373ad73a504971]::result::unwrap_failed
[INFO] [stdout]   12:     0x57544b9dc51f - <wrangler[84e7dc9752b1353]::sites::tests::it_can_ignore_node_modules::{closure#0} as core[a373ad73a504971]::ops::function::FnOnce<()>>::call_once
[INFO] [stdout]   13:     0x57544bab21eb - test[aada8e7e76ba119b]::__rust_begin_short_backtrace::<core[a373ad73a504971]::result::Result<(), alloc[2e1b2a31b91974c5]::string::String>, fn() -> core[a373ad73a504971]::result::Result<(), alloc[2e1b2a31b91974c5]::string::String>>
[INFO] [stdout]   14:     0x57544babf3c5 - test[aada8e7e76ba119b]::run_test::{closure#0}
[INFO] [stdout]   15:     0x57544bab8cb4 - std[617be2ca0a6fd877]::sys::backtrace::__rust_begin_short_backtrace::<test[aada8e7e76ba119b]::run_test::{closure#1}, ()>
[INFO] [stdout]   16:     0x57544bac2452 - <std[617be2ca0a6fd877]::thread::lifecycle::spawn_unchecked<test[aada8e7e76ba119b]::run_test::{closure#1}, ()>::{closure#1} as core[a373ad73a504971]::ops::function::FnOnce<()>>::call_once::{shim:vtable#0}
[INFO] [stdout]   17:     0x57544c051a3f - <std[617be2ca0a6fd877]::sys::thread::unix::Thread>::new::thread_start
[INFO] [stdout]   18:     0x7ca5a9556dfa - <unknown>
[INFO] [stdout]   19:     0x7ca5a95ea3d4 - clone
[INFO] [stdout]   20:                0x0 - <unknown>
[INFO] [stdout] 
[INFO] [stdout] 
[INFO] [stdout] failures:
[INFO] [stdout]     settings::toml::manifest::tests::generate
[INFO] [stdout]     sites::tests::it_can_allow_unfiltered_files
[INFO] [stdout]     sites::tests::it_can_filter_by_exclude
[INFO] [stdout]     sites::tests::it_can_filter_by_include
[INFO] [stdout]     sites::tests::it_can_ignore_hidden_except_wellknown
[INFO] [stdout]     sites::tests::it_can_ignore_node_modules
[INFO] [stdout]     sites::tests::it_can_include_gitignore_entries
[INFO] [stdout]     sites::tests::it_can_prioritize_include_over_exclude
[INFO] [stdout] 
[INFO] [stdout] test result: FAILED. 120 passed; 8 failed; 0 ignored; 0 measured; 0 filtered out; finished in 0.04s
[INFO] [stdout] 
[INFO] [stderr] error: test failed, to rerun pass `--lib`
[INFO] running `Command { std: "docker" "inspect" "ecd870a72dc22e2cbadb43778399428513392bb56932c562651518a465386933", kill_on_drop: false }`
[INFO] running `Command { std: "docker" "rm" "-f" "ecd870a72dc22e2cbadb43778399428513392bb56932c562651518a465386933", kill_on_drop: false }`
[INFO] [stdout] ecd870a72dc22e2cbadb43778399428513392bb56932c562651518a465386933
