[INFO] fetching crate whisky-provider 1.0.28-beta.1...
[INFO] testing whisky-provider-1.0.28-beta.1 against 1.100.0-beta.1+cargoflags=--release for beta-release-1.100-2
[INFO] extracting crate whisky-provider 1.0.28-beta.1 into /workspace/builds/worker-3-tc2/source
[INFO] started tweaking crates.io crate whisky-provider 1.0.28-beta.1
[INFO] removed 0 missing tests
[INFO] finished tweaking crates.io crate whisky-provider 1.0.28-beta.1
[INFO] tweaked toml for crates.io crate whisky-provider 1.0.28-beta.1 written to /workspace/builds/worker-3-tc2/source/Cargo.toml
[INFO] validating manifest of crates.io crate whisky-provider 1.0.28-beta.1 on toolchain 1.100.0-beta.1
[INFO] running `Command { std: CARGO_HOME="/workspace/cargo-home" RUSTUP_HOME="/workspace/rustup-home" "/workspace/cargo-home/bin/cargo" "+1.100.0-beta.1" "metadata" "--manifest-path" "Cargo.toml" "--no-deps", kill_on_drop: false }`
[INFO] crate crates.io crate whisky-provider 1.0.28-beta.1 already has a lockfile, it will not be regenerated
[INFO] running `Command { std: CARGO_HOME="/workspace/cargo-home" RUSTUP_HOME="/workspace/rustup-home" "/workspace/cargo-home/bin/cargo" "+1.100.0-beta.1" "fetch" "--manifest-path" "Cargo.toml", kill_on_drop: false }`
[INFO] running `Command { std: "docker" "create" "-v" "/var/lib/crater-agent-workspace/builds/worker-3-tc2/source:/opt/rustwide/workdir:ro,Z" "-v" "/var/lib/crater-agent-workspace/builds/worker-3-tc2/target:/opt/rustwide/target:rw,Z" "-v" "/var/lib/crater-agent-workspace/cargo-home:/opt/rustwide/cargo-home:ro,Z" "-v" "/var/lib/crater-agent-workspace/rustup-home:/opt/rustwide/rustup-home:ro,Z" "-m" "1610612736" "--network" "none" "ghcr.io/rust-lang/crates-build-env/linux@sha256:77db811e55d90add9212f6832c23229e3de5f1c1f9905e8cb07319ea15df73ac" "sleep" "infinity", kill_on_drop: false }`
[INFO] [stdout] 0d9411fbfb9b638062ed5aeb4b152da6f6aec363570da2d49a00d512bbabffee
[INFO] running `Command { std: "docker" "start" "0d9411fbfb9b638062ed5aeb4b152da6f6aec363570da2d49a00d512bbabffee", kill_on_drop: false }`
[INFO] running `Command { std: "docker" "inspect" "0d9411fbfb9b638062ed5aeb4b152da6f6aec363570da2d49a00d512bbabffee", kill_on_drop: false }`
[INFO] running `Command { std: "docker" "exec" "-e" "SOURCE_DIR=/opt/rustwide/workdir" "-e" "CARGO_HOME=/opt/rustwide/cargo-home" "-e" "RUSTUP_HOME=/opt/rustwide/rustup-home" "-e" "CARGO_TARGET_DIR=/opt/rustwide/target" "-w" "/opt/rustwide/workdir" "--user" "0:0" "0d9411fbfb9b638062ed5aeb4b152da6f6aec363570da2d49a00d512bbabffee" "/opt/rustwide/cargo-home/bin/cargo" "+1.100.0-beta.1" "metadata" "--no-deps" "--format-version=1", kill_on_drop: false }`
[INFO] running `Command { std: "docker" "inspect" "0d9411fbfb9b638062ed5aeb4b152da6f6aec363570da2d49a00d512bbabffee", kill_on_drop: false }`
[INFO] running `Command { std: "docker" "exec" "-e" "SOURCE_DIR=/opt/rustwide/workdir" "-e" "CARGO_HOME=/opt/rustwide/cargo-home" "-e" "RUSTUP_HOME=/opt/rustwide/rustup-home" "-e" "CARGO_TARGET_DIR=/opt/rustwide/target" "-e" "CARGO_INCREMENTAL=0" "-e" "RUST_BACKTRACE=full" "-e" "RUSTFLAGS=--cap-lints=warn" "-e" "RUSTDOCFLAGS=--cap-lints=warn" "-w" "/opt/rustwide/workdir" "--user" "0:0" "0d9411fbfb9b638062ed5aeb4b152da6f6aec363570da2d49a00d512bbabffee" "/opt/rustwide/cargo-home/bin/cargo" "+1.100.0-beta.1" "build" "--frozen" "--message-format=json" "--release", kill_on_drop: false }`
[INFO] [stderr]    Compiling proc-macro2 v1.0.106
[INFO] [stderr]    Compiling unicode-ident v1.0.23
[INFO] [stderr]    Compiling quote v1.0.44
[INFO] [stderr]    Compiling libc v0.2.181
[INFO] [stderr]    Compiling cfg-if v1.0.4
[INFO] [stderr]    Compiling itoa v1.0.17
[INFO] [stderr]    Compiling shlex v1.3.0
[INFO] [stderr]    Compiling find-msvc-tools v0.1.9
[INFO] [stderr]    Compiling serde_core v1.0.228
[INFO] [stderr]    Compiling memchr v2.8.0
[INFO] [stderr]    Compiling autocfg v1.5.0
[INFO] [stderr]    Compiling serde v1.0.228
[INFO] [stderr]    Compiling once_cell v1.21.3
[INFO] [stderr]    Compiling pin-project-lite v0.2.16
[INFO] [stderr]    Compiling zerocopy v0.8.39
[INFO] [stderr]    Compiling bytes v1.11.1
[INFO] [stderr]    Compiling futures-core v0.3.31
[INFO] [stderr]    Compiling zmij v1.0.21
[INFO] [stderr]    Compiling serde_json v1.0.149
[INFO] [stderr]    Compiling stable_deref_trait v1.2.1
[INFO] [stderr]    Compiling futures-sink v0.3.31
[INFO] [stderr]    Compiling version_check v0.9.5
[INFO] [stderr]    Compiling slab v0.4.12
[INFO] [stderr]    Compiling thiserror v1.0.69
[INFO] [stderr]    Compiling log v0.4.29
[INFO] [stderr]    Compiling futures-channel v0.3.31
[INFO] [stderr]    Compiling pin-utils v0.1.0
[INFO] [stderr]    Compiling pkg-config v0.3.32
[INFO] [stderr]    Compiling cc v1.2.55
[INFO] [stderr]    Compiling vcpkg v0.2.15
[INFO] [stderr]    Compiling futures-task v0.3.31
[INFO] [stderr]    Compiling fnv v1.0.7
[INFO] [stderr]    Compiling futures-io v0.3.31
[INFO] [stderr]    Compiling tracing-core v0.1.36
[INFO] [stderr]    Compiling minicbor v0.25.1
[INFO] [stderr]    Compiling num-traits v0.2.19
[INFO] [stderr]    Compiling equivalent v1.0.2
[INFO] [stderr]    Compiling hashbrown v0.16.1
[INFO] [stderr]    Compiling wasm-bindgen-shared v0.2.92
[INFO] [stderr]    Compiling writeable v0.6.2
[INFO] [stderr]    Compiling litemap v0.8.1
[INFO] [stderr]    Compiling smallvec v1.15.1
[INFO] [stderr]    Compiling cryptoxide v0.4.4
[INFO] [stderr]    Compiling syn v1.0.109
[INFO] [stderr]    Compiling hex v0.4.3
[INFO] [stderr]    Compiling httparse v1.10.1
[INFO] [stderr]    Compiling try-lock v0.2.5
[INFO] [stderr]    Compiling indexmap v2.13.0
[INFO] [stderr]    Compiling bumpalo v3.19.1
[INFO] [stderr]    Compiling icu_normalizer_data v2.1.1
[INFO] [stderr]    Compiling typenum v1.19.0
[INFO] [stderr]    Compiling icu_properties_data v2.1.2
[INFO] [stderr]    Compiling openssl v0.10.75
[INFO] [stderr]    Compiling foreign-types-shared v0.1.1
[INFO] [stderr]    Compiling either v1.15.0
[INFO] [stderr]    Compiling foreign-types v0.3.2
[INFO] [stderr]    Compiling want v0.3.1
[INFO] [stderr]    Compiling generic-array v0.14.7
[INFO] [stderr]    Compiling bitflags v2.10.0
[INFO] [stderr]    Compiling tracing v0.1.44
[INFO] [stderr]    Compiling native-tls v0.2.15
[INFO] [stderr]    Compiling tower-service v0.3.3
[INFO] [stderr]    Compiling syn v2.0.115
[INFO] [stderr]    Compiling http v1.4.0
[INFO] [stderr]    Compiling ahash v0.8.12
[INFO] [stderr]    Compiling wasm-bindgen v0.2.92
[INFO] [stderr]    Compiling base58 v0.2.0
[INFO] [stderr]    Compiling radium v0.7.0
[INFO] [stderr]    Compiling percent-encoding v2.3.2
[INFO] [stderr]    Compiling bech32 v0.9.1
[INFO] [stderr]    Compiling openssl-probe v0.1.6
[INFO] [stderr]    Compiling rustversion v1.0.22
[INFO] [stderr]    Compiling crc-catalog v2.4.0
[INFO] [stderr]    Compiling num-integer v0.1.46
[INFO] [stderr]    Compiling paste v1.0.15
[INFO] [stderr]    Compiling crc v3.4.0
[INFO] [stderr]    Compiling http v0.2.12
[INFO] [stderr]    Compiling indexmap v1.9.3
[INFO] [stderr]    Compiling mio v1.1.1
[INFO] [stderr]    Compiling socket2 v0.6.2
[INFO] [stderr]    Compiling getrandom v0.2.17
[INFO] [stderr]    Compiling num_cpus v1.17.0
[INFO] [stderr]    Compiling dyn-clone v1.0.20
[INFO] [stderr]    Compiling peg-runtime v0.8.5
[INFO] [stderr]    Compiling num-bigint v0.4.6
[INFO] [stderr]    Compiling rand_core v0.6.4
[INFO] [stderr]    Compiling tap v1.0.1
[INFO] [stderr]    Compiling schemars v0.8.22
[INFO] [stderr]    Compiling wyz v0.5.1
[INFO] [stderr]    Compiling peg-macros v0.8.5
[INFO] [stderr]    Compiling threadpool v1.8.1
[INFO] [stderr]    Compiling tokio v1.49.0
[INFO] [stderr]    Compiling openssl-sys v0.9.111
[INFO] [stderr]    Compiling secp256k1-sys v0.8.2
[INFO] [stderr]    Compiling blst v0.3.16
[INFO] [stderr]    Compiling clear_on_drop v0.2.5
[INFO] [stderr]    Compiling http-body v1.0.1
[INFO] [stderr]    Compiling form_urlencoded v1.2.2
[INFO] [stderr]    Compiling itertools v0.10.5
[INFO] [stderr]    Compiling itertools v0.13.0
[INFO] [stderr]    Compiling ref-cast v1.0.25
[INFO] [stderr]    Compiling unicode-width v0.1.14
[INFO] [stderr]    Compiling funty v2.0.0
[INFO] [stderr]    Compiling hashbrown v0.12.3
[INFO] [stderr]    Compiling typed-arena v2.0.2
[INFO] [stderr]    Compiling arrayvec v0.5.2
[INFO] [stderr]    Compiling utf8_iter v1.0.4
[INFO] [stderr]    Compiling heck v0.4.1
[INFO] [stderr]    Compiling unicode-segmentation v1.12.0
[INFO] [stderr]    Compiling atomic-waker v1.1.2
[INFO] [stderr]    Compiling peg v0.8.5
[INFO] [stderr]    Compiling num-rational v0.4.2
[INFO] [stderr]    Compiling bitvec v1.0.1
[INFO] [stderr]    Compiling pretty v0.11.3
[INFO] [stderr]    Compiling block-buffer v0.9.0
[INFO] [stderr]    Compiling digest v0.9.0
[INFO] [stderr]    Compiling http-body v0.4.6
[INFO] [stderr]    Compiling num-iter v0.1.45
[INFO] [stderr]    Compiling socket2 v0.5.10
[INFO] [stderr]    Compiling num-complex v0.4.6
[INFO] [stderr]    Compiling anyhow v1.0.101
[INFO] [stderr]    Compiling opaque-debug v0.3.1
[INFO] [stderr]    Compiling ryu v1.0.23
[INFO] [stderr]    Compiling httpdate v1.0.3
[INFO] [stderr]    Compiling cpufeatures v0.2.17
[INFO] [stderr]    Compiling strum v0.24.1
[INFO] [stderr]    Compiling hamming v0.1.3
[INFO] [stderr]    Compiling rand_core v0.4.2
[INFO] [stderr]    Compiling cquisitor-minicbor v0.19.0
[INFO] [stderr]    Compiling rand_os v0.1.3
[INFO] [stderr]    Compiling sha2 v0.9.9
[INFO] [stderr]    Compiling ed25519-bip32 v0.4.1
[INFO] [stderr]    Compiling encoding_rs v0.8.35
[INFO] [stderr]    Compiling rust_decimal v1.40.0
[INFO] [stderr]    Compiling num v0.4.3
[INFO] [stderr]    Compiling bech32 v0.7.3
[INFO] [stderr]    Compiling noop_proc_macro v0.3.0
[INFO] [stderr]    Compiling cbor_event v2.4.0
[INFO] [stderr]    Compiling mime v0.3.17
[INFO] [stderr]    Compiling half v1.8.3
[INFO] [stderr]    Compiling ipnet v2.11.0
[INFO] [stderr]    Compiling base64 v0.21.7
[INFO] [stderr]    Compiling http-body-util v0.1.3
[INFO] [stderr]    Compiling rustls-pemfile v1.0.4
[INFO] [stderr]    Compiling itertools v0.14.0
[INFO] [stderr]    Compiling sync_wrapper v1.0.2
[INFO] [stderr]    Compiling tower-layer v0.3.3
[INFO] [stderr]    Compiling sync_wrapper v0.1.2
[INFO] [stderr]    Compiling iana-time-zone v0.1.65
[INFO] [stderr]    Compiling bech32 v0.11.1
[INFO] [stderr]    Compiling arrayvec v0.7.6
[INFO] [stderr]    Compiling bs58 v0.5.1
[INFO] [stderr]    Compiling base64 v0.22.1
[INFO] [stderr]    Compiling synstructure v0.13.2
[INFO] [stderr]    Compiling wasm-bindgen-backend v0.2.92
[INFO] [stderr]    Compiling serde_derive_internals v0.29.1
[INFO] [stderr]    Compiling strum_macros v0.24.3
[INFO] [stderr]    Compiling minicbor-derive v0.13.0
[INFO] [stderr]    Compiling whisky-macros v1.0.28-beta.1
[INFO] [stderr]    Compiling serde_derive v1.0.228
[INFO] [stderr]    Compiling zerocopy-derive v0.8.39
[INFO] [stderr]    Compiling zerofrom-derive v0.1.6
[INFO] [stderr]    Compiling yoke-derive v0.8.1
[INFO] [stderr]    Compiling zerovec-derive v0.11.2
[INFO] [stderr]    Compiling zeroize_derive v1.4.3
[INFO] [stderr]    Compiling thiserror-impl v1.0.69
[INFO] [stderr]    Compiling displaydoc v0.2.5
[INFO] [stderr]    Compiling futures-macro v0.3.31
[INFO] [stderr]    Compiling tokio-util v0.7.18
[INFO] [stderr]    Compiling zeroize v1.8.2
[INFO] [stderr]    Compiling zerofrom v0.1.6
[INFO] [stderr]    Compiling minicbor-derive v0.15.3
[INFO] [stderr]    Compiling openssl-macros v0.1.1
[INFO] [stderr]    Compiling wasm-bindgen-macro-support v0.2.92
[INFO] [stderr]    Compiling schemars_derive v0.8.22
[INFO] [stderr]    Compiling yoke v0.8.1
[INFO] [stderr]    Compiling miette-derive v5.10.0
[INFO] [stderr]    Compiling futures-util v0.3.31
[INFO] [stderr]    Compiling zerotrie v0.2.3
[INFO] [stderr]    Compiling zerovec v0.11.5
[INFO] [stderr]    Compiling h2 v0.4.13
[INFO] [stderr]    Compiling secp256k1 v0.26.0
[INFO] [stderr]    Compiling ref-cast-impl v1.0.25
[INFO] [stderr]    Compiling schemars_derive v0.9.0
[INFO] [stderr]    Compiling num-derive v0.4.2
[INFO] [stderr]    Compiling wasm-bindgen-macro v0.2.92
[INFO] [stderr]    Compiling rustls-pki-types v1.14.0
[INFO] [stderr]    Compiling async-trait v0.1.89
[INFO] [stderr]    Compiling miette v5.10.0
[INFO] [stderr]    Compiling tinystr v0.8.2
[INFO] [stderr]    Compiling potential_utf v0.1.4
[INFO] [stderr]    Compiling icu_locale_core v2.1.1
[INFO] [stderr]    Compiling icu_collections v2.1.1
[INFO] [stderr]    Compiling rustls-pemfile v2.2.0
[INFO] [stderr]    Compiling icu_provider v2.1.1
[INFO] [stderr]    Compiling icu_properties v2.1.2
[INFO] [stderr]    Compiling icu_normalizer v2.1.1
[INFO] [stderr]    Compiling serde_urlencoded v0.7.1
[INFO] [stderr]    Compiling schemars v0.9.0
[INFO] [stderr]    Compiling chrono v0.4.43
[INFO] [stderr]    Compiling serde_qs v0.12.0
[INFO] [stderr]    Compiling hyper v1.8.1
[INFO] [stderr]    Compiling js-sys v0.3.69
[INFO] [stderr]    Compiling console_error_panic_hook v0.1.7
[INFO] [stderr]    Compiling tokio-native-tls v0.3.1
[INFO] [stderr]    Compiling h2 v0.3.27
[INFO] [stderr]    Compiling futures-executor v0.3.31
[INFO] [stderr]    Compiling idna_adapter v1.2.1
[INFO] [stderr]    Compiling tower v0.5.3
[INFO] [stderr]    Compiling idna v1.1.0
[INFO] [stderr]    Compiling futures v0.3.31
[INFO] [stderr]    Compiling half v2.7.1
[INFO] [stderr]    Compiling ppv-lite86 v0.2.21
[INFO] [stderr]    Compiling hashbrown v0.14.5
[INFO] [stderr]    Compiling url v2.5.8
[INFO] [stderr]    Compiling rand_chacha v0.3.1
[INFO] [stderr]    Compiling hashlink v0.9.1
[INFO] [stderr]    Compiling rand v0.8.5
[INFO] [stderr]    Compiling hyper-util v0.1.20
[INFO] [stderr]    Compiling pallas-codec v0.31.0
[INFO] [stderr]    Compiling cardano-serialization-lib v15.0.0-beta.1
[INFO] [stderr]    Compiling pallas-crypto v0.31.0
[INFO] [stderr]    Compiling hyper-tls v0.6.0
[INFO] [stderr]    Compiling pallas-primitives v0.31.0
[INFO] [stderr]    Compiling pallas-addresses v0.31.0
[INFO] [stderr]    Compiling reqwest v0.12.12
[INFO] [stderr]    Compiling hyper v0.14.32
[INFO] [stderr]    Compiling serde-wasm-bindgen v0.6.5
[INFO] [stderr]    Compiling hyper-tls v0.5.0
[INFO] [stderr]    Compiling reqwest v0.11.27
[INFO] [stderr]    Compiling maestro-rust-sdk v1.2.5
[INFO] [stderr]    Compiling pallas-traverse v0.31.0
[INFO] [stderr]    Compiling uplc v1.1.10
[INFO] [stderr]    Compiling whisky-common v1.0.28-beta.1
[INFO] [stderr]    Compiling cquisitor-lib v0.1.0-beta.25
[INFO] [stderr]    Compiling whisky-csl v1.0.28-beta.1
[INFO] [stderr]    Compiling whisky-provider v1.0.28-beta.1 (/opt/rustwide/workdir)
[INFO] [stderr]     Finished `release` profile [optimized] target(s) in 4m 30s
[INFO] running `Command { std: "docker" "inspect" "0d9411fbfb9b638062ed5aeb4b152da6f6aec363570da2d49a00d512bbabffee", kill_on_drop: false }`
[INFO] running `Command { std: "docker" "exec" "-e" "SOURCE_DIR=/opt/rustwide/workdir" "-e" "CARGO_HOME=/opt/rustwide/cargo-home" "-e" "RUSTUP_HOME=/opt/rustwide/rustup-home" "-e" "CARGO_TARGET_DIR=/opt/rustwide/target" "-e" "CARGO_INCREMENTAL=0" "-e" "RUST_BACKTRACE=full" "-e" "RUSTFLAGS=--cap-lints=warn" "-e" "RUSTDOCFLAGS=--cap-lints=warn" "-w" "/opt/rustwide/workdir" "--user" "0:0" "0d9411fbfb9b638062ed5aeb4b152da6f6aec363570da2d49a00d512bbabffee" "/opt/rustwide/cargo-home/bin/cargo" "+1.100.0-beta.1" "test" "--frozen" "--no-run" "--message-format=json" "--release", kill_on_drop: false }`
[INFO] [stderr]    Compiling tokio-macros v2.6.0
[INFO] [stderr]    Compiling dotenv v0.15.0
[INFO] [stderr]    Compiling tokio v1.49.0
[INFO] [stderr]    Compiling tokio-util v0.7.18
[INFO] [stderr]    Compiling tokio-native-tls v0.3.1
[INFO] [stderr]    Compiling tower v0.5.3
[INFO] [stderr]    Compiling h2 v0.4.13
[INFO] [stderr]    Compiling h2 v0.3.27
[INFO] [stderr]    Compiling hyper v0.14.32
[INFO] [stderr]    Compiling hyper v1.8.1
[INFO] [stderr]    Compiling hyper-util v0.1.20
[INFO] [stderr]    Compiling hyper-tls v0.6.0
[INFO] [stderr]    Compiling reqwest v0.12.12
[INFO] [stderr]    Compiling hyper-tls v0.5.0
[INFO] [stderr]    Compiling reqwest v0.11.27
[INFO] [stderr]    Compiling maestro-rust-sdk v1.2.5
[INFO] [stderr]    Compiling whisky-provider v1.0.28-beta.1 (/opt/rustwide/workdir)
[INFO] [stderr]     Finished `release` profile [optimized] target(s) in 1m 24s
[INFO] running `Command { std: "docker" "inspect" "0d9411fbfb9b638062ed5aeb4b152da6f6aec363570da2d49a00d512bbabffee", kill_on_drop: false }`
[INFO] running `Command { std: "docker" "exec" "-e" "SOURCE_DIR=/opt/rustwide/workdir" "-e" "CARGO_HOME=/opt/rustwide/cargo-home" "-e" "RUSTUP_HOME=/opt/rustwide/rustup-home" "-e" "CARGO_TARGET_DIR=/opt/rustwide/target" "-e" "CARGO_INCREMENTAL=0" "-e" "RUST_BACKTRACE=full" "-e" "RUSTFLAGS=--cap-lints=warn" "-e" "RUSTDOCFLAGS=--cap-lints=warn" "-w" "/opt/rustwide/workdir" "--user" "0:0" "0d9411fbfb9b638062ed5aeb4b152da6f6aec363570da2d49a00d512bbabffee" "/opt/rustwide/cargo-home/bin/cargo" "+1.100.0-beta.1" "test" "--frozen" "--release", kill_on_drop: false }`
[INFO] [stderr]     Finished `release` profile [optimized] target(s) in 0.50s
[INFO] [stderr]      Running unittests src/lib.rs (/opt/rustwide/target/release/build/whisky-provider/9afb67cf73e4c618/out/whisky_provider-9afb67cf73e4c618)
[INFO] [stdout] 
[INFO] [stdout] running 1 test
[INFO] [stdout] test blockfrost::evaluator::test_additional_utxo_to_ogmios ... ok
[INFO] [stdout] 
[INFO] [stdout] test result: ok. 1 passed; 0 failed; 0 ignored; 0 measured; 0 filtered out; finished in 0.00s
[INFO] [stdout] 
[INFO] [stderr]      Running tests/mod.rs (/opt/rustwide/target/release/build/whisky-provider/b63d1854ae5233a1/out/mod-b63d1854ae5233a1)
[INFO] [stdout] 
[INFO] [stdout] running 22 tests
[INFO] [stdout] test blockfrost::fetcher::tests::test_fetch_account_info ... FAILED
[INFO] [stdout] test blockfrost::evaluator::tests::test_evaluate_tx ... ok
[INFO] [stdout] test blockfrost::fetcher::tests::test_fetch_address_utxos ... FAILED
[INFO] [stdout] test maestro::evaluator::tests::test_evaluate_tx ... ok
[INFO] [stdout] test blockfrost::fetcher::tests::test_fetch_collection_assets ... FAILED
[INFO] [stdout] test maestro::fetcher::tests::test_fetch_address_utxos ... FAILED
[INFO] [stdout] test blockfrost::fetcher::tests::test_fetch_tx_info ... FAILED
[INFO] [stdout] test blockfrost::fetcher::tests::test_fetch_protocol_parameters ... FAILED
[INFO] [stdout] test maestro::fetcher::tests::test_fetch_asset_metadata ... FAILED
[INFO] [stdout] test maestro::fetcher::tests::test_fetch_account_info ... FAILED
[INFO] [stdout] test maestro::fetcher::tests::test_fetch_asset_addresses ... FAILED
[INFO] [stdout] test maestro::fetcher::tests::test_fetch_block_info ... FAILED
[INFO] [stdout] test maestro::fetcher::tests::test_fetch_protocol_parameters ... FAILED
[INFO] [stdout] test blockfrost::submitter::tests::test_submit_tx ... ok
[INFO] [stdout] test maestro::fetcher::tests::test_fetch_tx_info ... FAILED
[INFO] [stdout] test blockfrost::fetcher::tests::test_fetch_utxo ... FAILED
[INFO] [stdout] test maestro::submitter::tests::test_submit_tx ... ok
[INFO] [stdout] test blockfrost::fetcher::tests::test_fetch_block_info ... FAILED
[INFO] [stdout] test blockfrost::fetcher::tests::test_fetch_asset_addresses ... FAILED
[INFO] [stdout] test maestro::fetcher::tests::test_fetch_collection_assets ... FAILED
[INFO] [stderr] error: test failed, to rerun pass `--test mod`
[INFO] [stdout] test maestro::fetcher::tests::test_fetch_utxo ... FAILED
[INFO] [stdout] test blockfrost::fetcher::tests::test_fetch_asset_metadata ... FAILED
[INFO] [stdout] 
[INFO] [stdout] failures:
[INFO] [stdout] 
[INFO] [stdout] ---- blockfrost::fetcher::tests::test_fetch_account_info stdout ----
[INFO] [stdout] 
[INFO] [stdout] thread 'blockfrost::fetcher::tests::test_fetch_account_info' (3911) panicked at tests/blockfrost/fetcher.rs:12:50:
[INFO] [stdout] called `Result::unwrap()` on an `Err` value: NotPresent
[INFO] [stdout] stack backtrace:
[INFO] [stdout]    0:     0x63ae9f798005 - <<std[617be2ca0a6fd877]::sys::backtrace::BacktraceLock>::print::DisplayBacktrace as core[a373ad73a504971]::fmt::Display>::fmt
[INFO] [stdout]    1:     0x63ae9f6e8324 - core[a373ad73a504971]::fmt::write
[INFO] [stdout]    2:     0x63ae9f7976ab - <alloc[2e1b2a31b91974c5]::vec::Vec<u8> as core[a373ad73a504971]::io::write::Write>::write_fmt
[INFO] [stdout]    3:     0x63ae9f7972a9 - std[617be2ca0a6fd877]::panicking::default_hook::{closure#0}
[INFO] [stdout]    4:     0x63ae9f796f2a - std[617be2ca0a6fd877]::panicking::default_hook
[INFO] [stdout]    5:     0x63ae9f796a5b - std[617be2ca0a6fd877]::panicking::panic_with_hook
[INFO] [stdout]    6:     0x63ae9f7bc941 - std[617be2ca0a6fd877]::panicking::panic_handler::{closure#0}
[INFO] [stdout]    7:     0x63ae9f7bc8f9 - std[617be2ca0a6fd877]::sys::backtrace::__rust_end_short_backtrace::<std[617be2ca0a6fd877]::panicking::panic_handler::{closure#0}, !>
[INFO] [stdout]    8:     0x63ae9f7bcdec - __rustc[ea4f61d10b84890b]::rust_begin_unwind
[INFO] [stdout]    9:     0x63ae9f6e81bb - core[a373ad73a504971]::panicking::panic_fmt
[INFO] [stdout]   10:     0x63ae9f6ecc11 - core[a373ad73a504971]::result::unwrap_failed
[INFO] [stdout]   11:     0x63ae9f6cd726 - mod[e8265e674b480f6e]::blockfrost::fetcher::tests::test_fetch_account_info::{closure#0}
[INFO] [stdout]   12:     0x63ae9f6cabbc - <tokio[fbb19f5bb958bcfe]::runtime::runtime::Runtime>::block_on::<core[a373ad73a504971]::pin::Pin<&mut dyn core[a373ad73a504971]::future::future::Future<Output = ()>>>
[INFO] [stdout]   13:     0x63ae9f6d4732 - <mod[e8265e674b480f6e]::blockfrost::fetcher::tests::test_fetch_account_info::{closure#0} as core[a373ad73a504971]::ops::function::FnOnce<()>>::call_once
[INFO] [stdout]   14:     0x63ae9f7d633b - test[aada8e7e76ba119b]::__rust_begin_short_backtrace::<core[a373ad73a504971]::result::Result<(), alloc[2e1b2a31b91974c5]::string::String>, fn() -> core[a373ad73a504971]::result::Result<(), alloc[2e1b2a31b91974c5]::string::String>>
[INFO] [stdout]   15:     0x63ae9f7d1fe2 - test[aada8e7e76ba119b]::run_test::{closure#0}
[INFO] [stdout]   16:     0x63ae9f7d1a8c - std[617be2ca0a6fd877]::sys::backtrace::__rust_begin_short_backtrace::<test[aada8e7e76ba119b]::run_test::{closure#1}, ()>
[INFO] [stdout]   17:     0x63ae9f7ee15c - <std[617be2ca0a6fd877]::thread::lifecycle::spawn_unchecked<test[aada8e7e76ba119b]::run_test::{closure#1}, ()>::{closure#1} as core[a373ad73a504971]::ops::function::FnOnce<()>>::call_once::{shim:vtable#0}
[INFO] [stdout]   18:     0x63ae9f7be678 - <std[617be2ca0a6fd877]::sys::thread::unix::Thread>::new::thread_start
[INFO] [stdout]   19:     0x7ddd84a34dfa - <unknown>
[INFO] [stdout]   20:     0x7ddd84ac83d4 - clone
[INFO] [stdout]   21:                0x0 - <unknown>
[INFO] [stdout] 
[INFO] [stdout] ---- blockfrost::fetcher::tests::test_fetch_address_utxos stdout ----
[INFO] [stdout] 
[INFO] [stdout] thread 'blockfrost::fetcher::tests::test_fetch_address_utxos' (3912) panicked at tests/blockfrost/fetcher.rs:30:50:
[INFO] [stdout] called `Result::unwrap()` on an `Err` value: NotPresent
[INFO] [stdout] stack backtrace:
[INFO] [stdout]    0:     0x63ae9f798005 - <<std[617be2ca0a6fd877]::sys::backtrace::BacktraceLock>::print::DisplayBacktrace as core[a373ad73a504971]::fmt::Display>::fmt
[INFO] [stdout]    1:     0x63ae9f6e8324 - core[a373ad73a504971]::fmt::write
[INFO] [stdout]    2:     0x63ae9f7976ab - <alloc[2e1b2a31b91974c5]::vec::Vec<u8> as core[a373ad73a504971]::io::write::Write>::write_fmt
[INFO] [stdout]    3:     0x63ae9f7972a9 - std[617be2ca0a6fd877]::panicking::default_hook::{closure#0}
[INFO] [stdout]    4:     0x63ae9f796f2a - std[617be2ca0a6fd877]::panicking::default_hook
[INFO] [stdout]    5:     0x63ae9f796a5b - std[617be2ca0a6fd877]::panicking::panic_with_hook
[INFO] [stdout]    6:     0x63ae9f7bc941 - std[617be2ca0a6fd877]::panicking::panic_handler::{closure#0}
[INFO] [stdout]    7:     0x63ae9f7bc8f9 - std[617be2ca0a6fd877]::sys::backtrace::__rust_end_short_backtrace::<std[617be2ca0a6fd877]::panicking::panic_handler::{closure#0}, !>
[INFO] [stdout]    8:     0x63ae9f7bcdec - __rustc[ea4f61d10b84890b]::rust_begin_unwind
[INFO] [stdout]    9:     0x63ae9f6e81bb - core[a373ad73a504971]::panicking::panic_fmt
[INFO] [stdout]   10:     0x63ae9f6ecc11 - core[a373ad73a504971]::result::unwrap_failed
[INFO] [stdout]   11:     0x63ae9f6cda9e - mod[e8265e674b480f6e]::blockfrost::fetcher::tests::test_fetch_address_utxos::{closure#0}
[INFO] [stdout]   12:     0x63ae9f6cabbc - <tokio[fbb19f5bb958bcfe]::runtime::runtime::Runtime>::block_on::<core[a373ad73a504971]::pin::Pin<&mut dyn core[a373ad73a504971]::future::future::Future<Output = ()>>>
[INFO] [stdout]   13:     0x63ae9f6d4875 - <mod[e8265e674b480f6e]::blockfrost::fetcher::tests::test_fetch_address_utxos::{closure#0} as core[a373ad73a504971]::ops::function::FnOnce<()>>::call_once
[INFO] [stdout]   14:     0x63ae9f7d633b - test[aada8e7e76ba119b]::__rust_begin_short_backtrace::<core[a373ad73a504971]::result::Result<(), alloc[2e1b2a31b91974c5]::string::String>, fn() -> core[a373ad73a504971]::result::Result<(), alloc[2e1b2a31b91974c5]::string::String>>
[INFO] [stdout]   15:     0x63ae9f7d1fe2 - test[aada8e7e76ba119b]::run_test::{closure#0}
[INFO] [stdout]   16:     0x63ae9f7d1a8c - std[617be2ca0a6fd877]::sys::backtrace::__rust_begin_short_backtrace::<test[aada8e7e76ba119b]::run_test::{closure#1}, ()>
[INFO] [stdout]   17:     0x63ae9f7ee15c - <std[617be2ca0a6fd877]::thread::lifecycle::spawn_unchecked<test[aada8e7e76ba119b]::run_test::{closure#1}, ()>::{closure#1} as core[a373ad73a504971]::ops::function::FnOnce<()>>::call_once::{shim:vtable#0}
[INFO] [stdout]   18:     0x63ae9f7be678 - <std[617be2ca0a6fd877]::sys::thread::unix::Thread>::new::thread_start
[INFO] [stdout]   19:     0x7ddd84a34dfa - <unknown>
[INFO] [stdout]   20:     0x7ddd84ac83d4 - clone
[INFO] [stdout]   21:                0x0 - <unknown>
[INFO] [stdout] 
[INFO] [stdout] ---- blockfrost::fetcher::tests::test_fetch_collection_assets stdout ----
[INFO] [stdout] 
[INFO] [stdout] thread 'blockfrost::fetcher::tests::test_fetch_collection_assets' (3916) panicked at tests/blockfrost/fetcher.rs:116:50:
[INFO] [stdout] called `Result::unwrap()` on an `Err` value: NotPresent
[INFO] [stdout] stack backtrace:
[INFO] [stdout]    0:     0x63ae9f798005 - <<std[617be2ca0a6fd877]::sys::backtrace::BacktraceLock>::print::DisplayBacktrace as core[a373ad73a504971]::fmt::Display>::fmt
[INFO] [stdout]    1:     0x63ae9f6e8324 - core[a373ad73a504971]::fmt::write
[INFO] [stdout]    2:     0x63ae9f7976ab - <alloc[2e1b2a31b91974c5]::vec::Vec<u8> as core[a373ad73a504971]::io::write::Write>::write_fmt
[INFO] [stdout]    3:     0x63ae9f7972a9 - std[617be2ca0a6fd877]::panicking::default_hook::{closure#0}
[INFO] [stdout]    4:     0x63ae9f796f2a - std[617be2ca0a6fd877]::panicking::default_hook
[INFO] [stdout]    5:     0x63ae9f796a5b - std[617be2ca0a6fd877]::panicking::panic_with_hook
[INFO] [stdout]    6:     0x63ae9f7bc941 - std[617be2ca0a6fd877]::panicking::panic_handler::{closure#0}
[INFO] [stdout]    7:     0x63ae9f7bc8f9 - std[617be2ca0a6fd877]::sys::backtrace::__rust_end_short_backtrace::<std[617be2ca0a6fd877]::panicking::panic_handler::{closure#0}, !>
[INFO] [stdout]    8:     0x63ae9f7bcdec - __rustc[ea4f61d10b84890b]::rust_begin_unwind
[INFO] [stdout]    9:     0x63ae9f6e81bb - core[a373ad73a504971]::panicking::panic_fmt
[INFO] [stdout]   10:     0x63ae9f6ecc11 - core[a373ad73a504971]::result::unwrap_failed
[INFO] [stdout]   11:     0x63ae9f6ce652 - mod[e8265e674b480f6e]::blockfrost::fetcher::tests::test_fetch_collection_assets::{closure#0}
[INFO] [stdout]   12:     0x63ae9f6cabbc - <tokio[fbb19f5bb958bcfe]::runtime::runtime::Runtime>::block_on::<core[a373ad73a504971]::pin::Pin<&mut dyn core[a373ad73a504971]::future::future::Future<Output = ()>>>
[INFO] [stdout]   13:     0x63ae9f6d4c26 - <mod[e8265e674b480f6e]::blockfrost::fetcher::tests::test_fetch_collection_assets::{closure#0} as core[a373ad73a504971]::ops::function::FnOnce<()>>::call_once
[INFO] [stdout]   14:     0x63ae9f7d633b - test[aada8e7e76ba119b]::__rust_begin_short_backtrace::<core[a373ad73a504971]::result::Result<(), alloc[2e1b2a31b91974c5]::string::String>, fn() -> core[a373ad73a504971]::result::Result<(), alloc[2e1b2a31b91974c5]::string::String>>
[INFO] [stdout]   15:     0x63ae9f7d1fe2 - test[aada8e7e76ba119b]::run_test::{closure#0}
[INFO] [stdout]   16:     0x63ae9f7d1a8c - std[617be2ca0a6fd877]::sys::backtrace::__rust_begin_short_backtrace::<test[aada8e7e76ba119b]::run_test::{closure#1}, ()>
[INFO] [stdout]   17:     0x63ae9f7ee15c - <std[617be2ca0a6fd877]::thread::lifecycle::spawn_unchecked<test[aada8e7e76ba119b]::run_test::{closure#1}, ()>::{closure#1} as core[a373ad73a504971]::ops::function::FnOnce<()>>::call_once::{shim:vtable#0}
[INFO] [stdout]   18:     0x63ae9f7be678 - <std[617be2ca0a6fd877]::sys::thread::unix::Thread>::new::thread_start
[INFO] [stdout]   19:     0x7ddd84a34dfa - <unknown>
[INFO] [stdout]   20:     0x7ddd84ac83d4 - clone
[INFO] [stdout]   21:                0x0 - <unknown>
[INFO] [stdout] 
[INFO] [stdout] ---- maestro::fetcher::tests::test_fetch_address_utxos stdout ----
[INFO] [stdout] 
[INFO] [stdout] thread 'maestro::fetcher::tests::test_fetch_address_utxos' (3923) panicked at tests/maestro/fetcher.rs:26:68:
[INFO] [stdout] called `Result::unwrap()` on an `Err` value: NotPresent
[INFO] [stdout] stack backtrace:
[INFO] [stdout]    0:     0x63ae9f798005 - <<std[617be2ca0a6fd877]::sys::backtrace::BacktraceLock>::print::DisplayBacktrace as core[a373ad73a504971]::fmt::Display>::fmt
[INFO] [stdout]    1:     0x63ae9f6e8324 - core[a373ad73a504971]::fmt::write
[INFO] [stdout]    2:     0x63ae9f7976ab - <alloc[2e1b2a31b91974c5]::vec::Vec<u8> as core[a373ad73a504971]::io::write::Write>::write_fmt
[INFO] [stdout]    3:     0x63ae9f7972a9 - std[617be2ca0a6fd877]::panicking::default_hook::{closure#0}
[INFO] [stdout]    4:     0x63ae9f796f2a - std[617be2ca0a6fd877]::panicking::default_hook
[INFO] [stdout]    5:     0x63ae9f796a5b - std[617be2ca0a6fd877]::panicking::panic_with_hook
[INFO] [stdout]    6:     0x63ae9f7bc941 - std[617be2ca0a6fd877]::panicking::panic_handler::{closure#0}
[INFO] [stdout]    7:     0x63ae9f7bc8f9 - std[617be2ca0a6fd877]::sys::backtrace::__rust_end_short_backtrace::<std[617be2ca0a6fd877]::panicking::panic_handler::{closure#0}, !>
[INFO] [stdout]    8:     0x63ae9f7bcdec - __rustc[ea4f61d10b84890b]::rust_begin_unwind
[INFO] [stdout]    9:     0x63ae9f6e81bb - core[a373ad73a504971]::panicking::panic_fmt
[INFO] [stdout]   10:     0x63ae9f6ecc11 - core[a373ad73a504971]::result::unwrap_failed
[INFO] [stdout]   11:     0x63ae9f6cfe80 - mod[e8265e674b480f6e]::maestro::fetcher::tests::test_fetch_address_utxos::{closure#0}
[INFO] [stdout]   12:     0x63ae9f6cabbc - <tokio[fbb19f5bb958bcfe]::runtime::runtime::Runtime>::block_on::<core[a373ad73a504971]::pin::Pin<&mut dyn core[a373ad73a504971]::future::future::Future<Output = ()>>>
[INFO] [stdout]   13:     0x63ae9f6d55f4 - <mod[e8265e674b480f6e]::maestro::fetcher::tests::test_fetch_address_utxos::{closure#0} as core[a373ad73a504971]::ops::function::FnOnce<()>>::call_once
[INFO] [stdout]   14:     0x63ae9f7d633b - test[aada8e7e76ba119b]::__rust_begin_short_backtrace::<core[a373ad73a504971]::result::Result<(), alloc[2e1b2a31b91974c5]::string::String>, fn() -> core[a373ad73a504971]::result::Result<(), alloc[2e1b2a31b91974c5]::string::String>>
[INFO] [stdout]   15:     0x63ae9f7d1fe2 - test[aada8e7e76ba119b]::run_test::{closure#0}
[INFO] [stdout]   16:     0x63ae9f7d1a8c - std[617be2ca0a6fd877]::sys::backtrace::__rust_begin_short_backtrace::<test[aada8e7e76ba119b]::run_test::{closure#1}, ()>
[INFO] [stdout]   17:     0x63ae9f7ee15c - <std[617be2ca0a6fd877]::thread::lifecycle::spawn_unchecked<test[aada8e7e76ba119b]::run_test::{closure#1}, ()>::{closure#1} as core[a373ad73a504971]::ops::function::FnOnce<()>>::call_once::{shim:vtable#0}
[INFO] [stdout]   18:     0x63ae9f7be678 - <std[617be2ca0a6fd877]::sys::thread::unix::Thread>::new::thread_start
[INFO] [stdout]   19:     0x7ddd84a34dfa - <unknown>
[INFO] [stdout]   20:     0x7ddd84ac83d4 - clone
[INFO] [stdout]   21:                0x0 - <unknown>
[INFO] [stdout] 
[INFO] [stdout] ---- blockfrost::fetcher::tests::test_fetch_tx_info stdout ----
[INFO] [stdout] 
[INFO] [stdout] thread 'blockfrost::fetcher::tests::test_fetch_tx_info' (3918) panicked at tests/blockfrost/fetcher.rs:154:50:
[INFO] [stdout] called `Result::unwrap()` on an `Err` value: NotPresent
[INFO] [stdout] stack backtrace:
[INFO] [stdout]    0:     0x63ae9f798005 - <<std[617be2ca0a6fd877]::sys::backtrace::BacktraceLock>::print::DisplayBacktrace as core[a373ad73a504971]::fmt::Display>::fmt
[INFO] [stdout]    1:     0x63ae9f6e8324 - core[a373ad73a504971]::fmt::write
[INFO] [stdout]    2:     0x63ae9f7976ab - <alloc[2e1b2a31b91974c5]::vec::Vec<u8> as core[a373ad73a504971]::io::write::Write>::write_fmt
[INFO] [stdout]    3:     0x63ae9f7972a9 - std[617be2ca0a6fd877]::panicking::default_hook::{closure#0}
[INFO] [stdout]    4:     0x63ae9f796f2a - std[617be2ca0a6fd877]::panicking::default_hook
[INFO] [stdout]    5:     0x63ae9f796a5b - std[617be2ca0a6fd877]::panicking::panic_with_hook
[INFO] [stdout]    6:     0x63ae9f7bc941 - std[617be2ca0a6fd877]::panicking::panic_handler::{closure#0}
[INFO] [stdout]    7:     0x63ae9f7bc8f9 - std[617be2ca0a6fd877]::sys::backtrace::__rust_end_short_backtrace::<std[617be2ca0a6fd877]::panicking::panic_handler::{closure#0}, !>
[INFO] [stdout]    8:     0x63ae9f7bcdec - __rustc[ea4f61d10b84890b]::rust_begin_unwind
[INFO] [stdout]    9:     0x63ae9f6e81bb - core[a373ad73a504971]::panicking::panic_fmt
[INFO] [stdout]   10:     0x63ae9f6ecc11 - core[a373ad73a504971]::result::unwrap_failed
[INFO] [stdout]   11:     0x63ae9f6ccf98 - mod[e8265e674b480f6e]::blockfrost::fetcher::tests::test_fetch_tx_info::{closure#0}
[INFO] [stdout]   12:     0x63ae9f6cabbc - <tokio[fbb19f5bb958bcfe]::runtime::runtime::Runtime>::block_on::<core[a373ad73a504971]::pin::Pin<&mut dyn core[a373ad73a504971]::future::future::Future<Output = ()>>>
[INFO] [stdout]   13:     0x63ae9f6d44ac - <mod[e8265e674b480f6e]::blockfrost::fetcher::tests::test_fetch_tx_info::{closure#0} as core[a373ad73a504971]::ops::function::FnOnce<()>>::call_once
[INFO] [stdout]   14:     0x63ae9f7d633b - test[aada8e7e76ba119b]::__rust_begin_short_backtrace::<core[a373ad73a504971]::result::Result<(), alloc[2e1b2a31b91974c5]::string::String>, fn() -> core[a373ad73a504971]::result::Result<(), alloc[2e1b2a31b91974c5]::string::String>>
[INFO] [stdout]   15:     0x63ae9f7d1fe2 - test[aada8e7e76ba119b]::run_test::{closure#0}
[INFO] [stdout]   16:     0x63ae9f7d1a8c - std[617be2ca0a6fd877]::sys::backtrace::__rust_begin_short_backtrace::<test[aada8e7e76ba119b]::run_test::{closure#1}, ()>
[INFO] [stdout]   17:     0x63ae9f7ee15c - <std[617be2ca0a6fd877]::thread::lifecycle::spawn_unchecked<test[aada8e7e76ba119b]::run_test::{closure#1}, ()>::{closure#1} as core[a373ad73a504971]::ops::function::FnOnce<()>>::call_once::{shim:vtable#0}
[INFO] [stdout]   18:     0x63ae9f7be678 - <std[617be2ca0a6fd877]::sys::thread::unix::Thread>::new::thread_start
[INFO] [stdout]   19:     0x7ddd84a34dfa - <unknown>
[INFO] [stdout]   20:     0x7ddd84ac83d4 - clone
[INFO] [stdout]   21:                0x0 - <unknown>
[INFO] [stdout] 
[INFO] [stdout] ---- blockfrost::fetcher::tests::test_fetch_protocol_parameters stdout ----
[INFO] [stdout] 
[INFO] [stdout] thread 'blockfrost::fetcher::tests::test_fetch_protocol_parameters' (3917) panicked at tests/blockfrost/fetcher.rs:136:50:
[INFO] [stdout] called `Result::unwrap()` on an `Err` value: NotPresent
[INFO] [stdout] stack backtrace:
[INFO] [stdout]    0:     0x63ae9f798005 - <<std[617be2ca0a6fd877]::sys::backtrace::BacktraceLock>::print::DisplayBacktrace as core[a373ad73a504971]::fmt::Display>::fmt
[INFO] [stdout]    1:     0x63ae9f6e8324 - core[a373ad73a504971]::fmt::write
[INFO] [stdout]    2:     0x63ae9f7976ab - <alloc[2e1b2a31b91974c5]::vec::Vec<u8> as core[a373ad73a504971]::io::write::Write>::write_fmt
[INFO] [stdout]    3:     0x63ae9f7972a9 - std[617be2ca0a6fd877]::panicking::default_hook::{closure#0}
[INFO] [stdout]    4:     0x63ae9f796f2a - std[617be2ca0a6fd877]::panicking::default_hook
[INFO] [stdout]    5:     0x63ae9f796a5b - std[617be2ca0a6fd877]::panicking::panic_with_hook
[INFO] [stdout]    6:     0x63ae9f7bc941 - std[617be2ca0a6fd877]::panicking::panic_handler::{closure#0}
[INFO] [stdout]    7:     0x63ae9f7bc8f9 - std[617be2ca0a6fd877]::sys::backtrace::__rust_end_short_backtrace::<std[617be2ca0a6fd877]::panicking::panic_handler::{closure#0}, !>
[INFO] [stdout]    8:     0x63ae9f7bcdec - __rustc[ea4f61d10b84890b]::rust_begin_unwind
[INFO] [stdout]    9:     0x63ae9f6e81bb - core[a373ad73a504971]::panicking::panic_fmt
[INFO] [stdout]   10:     0x63ae9f6ecc11 - core[a373ad73a504971]::result::unwrap_failed
[INFO] [stdout]   11:     0x63ae9f6cea01 - mod[e8265e674b480f6e]::blockfrost::fetcher::tests::test_fetch_protocol_parameters::{closure#0}
[INFO] [stdout]   12:     0x63ae9f6cabbc - <tokio[fbb19f5bb958bcfe]::runtime::runtime::Runtime>::block_on::<core[a373ad73a504971]::pin::Pin<&mut dyn core[a373ad73a504971]::future::future::Future<Output = ()>>>
[INFO] [stdout]   13:     0x63ae9f6d4d69 - <mod[e8265e674b480f6e]::blockfrost::fetcher::tests::test_fetch_protocol_parameters::{closure#0} as core[a373ad73a504971]::ops::function::FnOnce<()>>::call_once
[INFO] [stdout]   14:     0x63ae9f7d633b - test[aada8e7e76ba119b]::__rust_begin_short_backtrace::<core[a373ad73a504971]::result::Result<(), alloc[2e1b2a31b91974c5]::string::String>, fn() -> core[a373ad73a504971]::result::Result<(), alloc[2e1b2a31b91974c5]::string::String>>
[INFO] [stdout]   15:     0x63ae9f7d1fe2 - test[aada8e7e76ba119b]::run_test::{closure#0}
[INFO] [stdout]   16:     0x63ae9f7d1a8c - std[617be2ca0a6fd877]::sys::backtrace::__rust_begin_short_backtrace::<test[aada8e7e76ba119b]::run_test::{closure#1}, ()>
[INFO] [stdout]   17:     0x63ae9f7ee15c - <std[617be2ca0a6fd877]::thread::lifecycle::spawn_unchecked<test[aada8e7e76ba119b]::run_test::{closure#1}, ()>::{closure#1} as core[a373ad73a504971]::ops::function::FnOnce<()>>::call_once::{shim:vtable#0}
[INFO] [stdout]   18:     0x63ae9f7be678 - <std[617be2ca0a6fd877]::sys::thread::unix::Thread>::new::thread_start
[INFO] [stdout]   19:     0x7ddd84a34dfa - <unknown>
[INFO] [stdout]   20:     0x7ddd84ac83d4 - clone
[INFO] [stdout]   21:                0x0 - <unknown>
[INFO] [stdout] 
[INFO] [stdout] ---- maestro::fetcher::tests::test_fetch_asset_metadata stdout ----
[INFO] [stdout] 
[INFO] [stdout] thread 'maestro::fetcher::tests::test_fetch_asset_metadata' (3925) panicked at tests/maestro/fetcher.rs:61:68:
[INFO] [stdout] called `Result::unwrap()` on an `Err` value: NotPresent
[INFO] [stdout] stack backtrace:
[INFO] [stdout]    0:     0x63ae9f798005 - <<std[617be2ca0a6fd877]::sys::backtrace::BacktraceLock>::print::DisplayBacktrace as core[a373ad73a504971]::fmt::Display>::fmt
[INFO] [stdout]    1:     0x63ae9f6e8324 - core[a373ad73a504971]::fmt::write
[INFO] [stdout]    2:     0x63ae9f7976ab - <alloc[2e1b2a31b91974c5]::vec::Vec<u8> as core[a373ad73a504971]::io::write::Write>::write_fmt
[INFO] [stdout]    3:     0x63ae9f7972a9 - std[617be2ca0a6fd877]::panicking::default_hook::{closure#0}
[INFO] [stdout]    4:     0x63ae9f796f2a - std[617be2ca0a6fd877]::panicking::default_hook
[INFO] [stdout]    5:     0x63ae9f796a5b - std[617be2ca0a6fd877]::panicking::panic_with_hook
[INFO] [stdout]    6:     0x63ae9f7bc941 - std[617be2ca0a6fd877]::panicking::panic_handler::{closure#0}
[INFO] [stdout]    7:     0x63ae9f7bc8f9 - std[617be2ca0a6fd877]::sys::backtrace::__rust_end_short_backtrace::<std[617be2ca0a6fd877]::panicking::panic_handler::{closure#0}, !>
[INFO] [stdout]    8:     0x63ae9f7bcdec - __rustc[ea4f61d10b84890b]::rust_begin_unwind
[INFO] [stdout]    9:     0x63ae9f6e81bb - core[a373ad73a504971]::panicking::panic_fmt
[INFO] [stdout]   10:     0x63ae9f6ecc11 - core[a373ad73a504971]::result::unwrap_failed
[INFO] [stdout]   11:     0x63ae9f6d027f - mod[e8265e674b480f6e]::maestro::fetcher::tests::test_fetch_asset_metadata::{closure#0}
[INFO] [stdout]   12:     0x63ae9f6cabbc - <tokio[fbb19f5bb958bcfe]::runtime::runtime::Runtime>::block_on::<core[a373ad73a504971]::pin::Pin<&mut dyn core[a373ad73a504971]::future::future::Future<Output = ()>>>
[INFO] [stdout]   13:     0x63ae9f6d572f - <mod[e8265e674b480f6e]::maestro::fetcher::tests::test_fetch_asset_metadata::{closure#0} as core[a373ad73a504971]::ops::function::FnOnce<()>>::call_once
[INFO] [stdout]   14:     0x63ae9f7d633b - test[aada8e7e76ba119b]::__rust_begin_short_backtrace::<core[a373ad73a504971]::result::Result<(), alloc[2e1b2a31b91974c5]::string::String>, fn() -> core[a373ad73a504971]::result::Result<(), alloc[2e1b2a31b91974c5]::string::String>>
[INFO] [stdout]   15:     0x63ae9f7d1fe2 - test[aada8e7e76ba119b]::run_test::{closure#0}
[INFO] [stdout]   16:     0x63ae9f7d1a8c - std[617be2ca0a6fd877]::sys::backtrace::__rust_begin_short_backtrace::<test[aada8e7e76ba119b]::run_test::{closure#1}, ()>
[INFO] [stdout]   17:     0x63ae9f7ee15c - <std[617be2ca0a6fd877]::thread::lifecycle::spawn_unchecked<test[aada8e7e76ba119b]::run_test::{closure#1}, ()>::{closure#1} as core[a373ad73a504971]::ops::function::FnOnce<()>>::call_once::{shim:vtable#0}
[INFO] [stdout]   18:     0x63ae9f7be678 - <std[617be2ca0a6fd877]::sys::thread::unix::Thread>::new::thread_start
[INFO] [stdout]   19:     0x7ddd84a34dfa - <unknown>
[INFO] [stdout]   20:     0x7ddd84ac83d4 - clone
[INFO] [stdout]   21:                0x0 - <unknown>
[INFO] [stdout] 
[INFO] [stdout] ---- maestro::fetcher::tests::test_fetch_account_info stdout ----
[INFO] [stdout] 
[INFO] [stdout] thread 'maestro::fetcher::tests::test_fetch_account_info' (3922) panicked at tests/maestro/fetcher.rs:11:68:
[INFO] [stdout] called `Result::unwrap()` on an `Err` value: NotPresent
[INFO] [stdout] stack backtrace:
[INFO] [stdout]    0:     0x63ae9f798005 - <<std[617be2ca0a6fd877]::sys::backtrace::BacktraceLock>::print::DisplayBacktrace as core[a373ad73a504971]::fmt::Display>::fmt
[INFO] [stdout]    1:     0x63ae9f6e8324 - core[a373ad73a504971]::fmt::write
[INFO] [stdout]    2:     0x63ae9f7976ab - <alloc[2e1b2a31b91974c5]::vec::Vec<u8> as core[a373ad73a504971]::io::write::Write>::write_fmt
[INFO] [stdout]    3:     0x63ae9f7972a9 - std[617be2ca0a6fd877]::panicking::default_hook::{closure#0}
[INFO] [stdout]    4:     0x63ae9f796f2a - std[617be2ca0a6fd877]::panicking::default_hook
[INFO] [stdout]    5:     0x63ae9f796a5b - std[617be2ca0a6fd877]::panicking::panic_with_hook
[INFO] [stdout]    6:     0x63ae9f7bc941 - std[617be2ca0a6fd877]::panicking::panic_handler::{closure#0}
[INFO] [stdout]    7:     0x63ae9f7bc8f9 - std[617be2ca0a6fd877]::sys::backtrace::__rust_end_short_backtrace::<std[617be2ca0a6fd877]::panicking::panic_handler::{closure#0}, !>
[INFO] [stdout]    8:     0x63ae9f7bcdec - __rustc[ea4f61d10b84890b]::rust_begin_unwind
[INFO] [stdout]    9:     0x63ae9f6e81bb - core[a373ad73a504971]::panicking::panic_fmt
[INFO] [stdout]   10:     0x63ae9f6ecc11 - core[a373ad73a504971]::result::unwrap_failed
[INFO] [stdout]   11:     0x63ae9f6cfb05 - mod[e8265e674b480f6e]::maestro::fetcher::tests::test_fetch_account_info::{closure#0}
[INFO] [stdout]   12:     0x63ae9f6cabbc - <tokio[fbb19f5bb958bcfe]::runtime::runtime::Runtime>::block_on::<core[a373ad73a504971]::pin::Pin<&mut dyn core[a373ad73a504971]::future::future::Future<Output = ()>>>
[INFO] [stdout]   13:     0x63ae9f6d54b1 - <mod[e8265e674b480f6e]::maestro::fetcher::tests::test_fetch_account_info::{closure#0} as core[a373ad73a504971]::ops::function::FnOnce<()>>::call_once
[INFO] [stdout]   14:     0x63ae9f7d633b - test[aada8e7e76ba119b]::__rust_begin_short_backtrace::<core[a373ad73a504971]::result::Result<(), alloc[2e1b2a31b91974c5]::string::String>, fn() -> core[a373ad73a504971]::result::Result<(), alloc[2e1b2a31b91974c5]::string::String>>
[INFO] [stdout]   15:     0x63ae9f7d1fe2 - test[aada8e7e76ba119b]::run_test::{closure#0}
[INFO] [stdout]   16:     0x63ae9f7d1a8c - std[617be2ca0a6fd877]::sys::backtrace::__rust_begin_short_backtrace::<test[aada8e7e76ba119b]::run_test::{closure#1}, ()>
[INFO] [stdout]   17:     0x63ae9f7ee15c - <std[617be2ca0a6fd877]::thread::lifecycle::spawn_unchecked<test[aada8e7e76ba119b]::run_test::{closure#1}, ()>::{closure#1} as core[a373ad73a504971]::ops::function::FnOnce<()>>::call_once::{shim:vtable#0}
[INFO] [stdout]   18:     0x63ae9f7be678 - <std[617be2ca0a6fd877]::sys::thread::unix::Thread>::new::thread_start
[INFO] [stdout]   19:     0x7ddd84a34dfa - <unknown>
[INFO] [stdout]   20:     0x7ddd84ac83d4 - clone
[INFO] [stdout]   21:                0x0 - <unknown>
[INFO] [stdout] 
[INFO] [stdout] ---- maestro::fetcher::tests::test_fetch_asset_addresses stdout ----
[INFO] [stdout] 
[INFO] [stdout] thread 'maestro::fetcher::tests::test_fetch_asset_addresses' (3924) panicked at tests/maestro/fetcher.rs:41:68:
[INFO] [stdout] called `Result::unwrap()` on an `Err` value: NotPresent
[INFO] [stdout] stack backtrace:
[INFO] [stdout]    0:     0x63ae9f798005 - <<std[617be2ca0a6fd877]::sys::backtrace::BacktraceLock>::print::DisplayBacktrace as core[a373ad73a504971]::fmt::Display>::fmt
[INFO] [stdout]    1:     0x63ae9f6e8324 - core[a373ad73a504971]::fmt::write
[INFO] [stdout]    2:     0x63ae9f7976ab - <alloc[2e1b2a31b91974c5]::vec::Vec<u8> as core[a373ad73a504971]::io::write::Write>::write_fmt
[INFO] [stdout]    3:     0x63ae9f7972a9 - std[617be2ca0a6fd877]::panicking::default_hook::{closure#0}
[INFO] [stdout]    4:     0x63ae9f796f2a - std[617be2ca0a6fd877]::panicking::default_hook
[INFO] [stdout]    5:     0x63ae9f796a5b - std[617be2ca0a6fd877]::panicking::panic_with_hook
[INFO] [stdout]    6:     0x63ae9f7bc941 - std[617be2ca0a6fd877]::panicking::panic_handler::{closure#0}
[INFO] [stdout]    7:     0x63ae9f7bc8f9 - std[617be2ca0a6fd877]::sys::backtrace::__rust_end_short_backtrace::<std[617be2ca0a6fd877]::panicking::panic_handler::{closure#0}, !>
[INFO] [stdout]    8:     0x63ae9f7bcdec - __rustc[ea4f61d10b84890b]::rust_begin_unwind
[INFO] [stdout]    9:     0x63ae9f6e81bb - core[a373ad73a504971]::panicking::panic_fmt
[INFO] [stdout]   10:     0x63ae9f6ecc11 - core[a373ad73a504971]::result::unwrap_failed
[INFO] [stdout]   11:     0x63ae9f6d0688 - mod[e8265e674b480f6e]::maestro::fetcher::tests::test_fetch_asset_addresses::{closure#0}
[INFO] [stdout]   12:     0x63ae9f6cabbc - <tokio[fbb19f5bb958bcfe]::runtime::runtime::Runtime>::block_on::<core[a373ad73a504971]::pin::Pin<&mut dyn core[a373ad73a504971]::future::future::Future<Output = ()>>>
[INFO] [stdout]   13:     0x63ae9f6d5866 - <mod[e8265e674b480f6e]::maestro::fetcher::tests::test_fetch_asset_addresses::{closure#0} as core[a373ad73a504971]::ops::function::FnOnce<()>>::call_once
[INFO] [stdout]   14:     0x63ae9f7d633b - test[aada8e7e76ba119b]::__rust_begin_short_backtrace::<core[a373ad73a504971]::result::Result<(), alloc[2e1b2a31b91974c5]::string::String>, fn() -> core[a373ad73a504971]::result::Result<(), alloc[2e1b2a31b91974c5]::string::String>>
[INFO] [stdout]   15:     0x63ae9f7d1fe2 - test[aada8e7e76ba119b]::run_test::{closure#0}
[INFO] [stdout]   16:     0x63ae9f7d1a8c - std[617be2ca0a6fd877]::sys::backtrace::__rust_begin_short_backtrace::<test[aada8e7e76ba119b]::run_test::{closure#1}, ()>
[INFO] [stdout]   17:     0x63ae9f7ee15c - <std[617be2ca0a6fd877]::thread::lifecycle::spawn_unchecked<test[aada8e7e76ba119b]::run_test::{closure#1}, ()>::{closure#1} as core[a373ad73a504971]::ops::function::FnOnce<()>>::call_once::{shim:vtable#0}
[INFO] [stdout]   18:     0x63ae9f7be678 - <std[617be2ca0a6fd877]::sys::thread::unix::Thread>::new::thread_start
[INFO] [stdout]   19:     0x7ddd84a34dfa - <unknown>
[INFO] [stdout]   20:     0x7ddd84ac83d4 - clone
[INFO] [stdout]   21:                0x0 - <unknown>
[INFO] [stdout] 
[INFO] [stdout] ---- maestro::fetcher::tests::test_fetch_block_info stdout ----
[INFO] [stdout] 
[INFO] [stdout] thread 'maestro::fetcher::tests::test_fetch_block_info' (3926) panicked at tests/maestro/fetcher.rs:80:68:
[INFO] [stdout] called `Result::unwrap()` on an `Err` value: NotPresent
[INFO] [stdout] stack backtrace:
[INFO] [stdout]    0:     0x63ae9f798005 - <<std[617be2ca0a6fd877]::sys::backtrace::BacktraceLock>::print::DisplayBacktrace as core[a373ad73a504971]::fmt::Display>::fmt
[INFO] [stdout]    1:     0x63ae9f6e8324 - core[a373ad73a504971]::fmt::write
[INFO] [stdout]    2:     0x63ae9f7976ab - <alloc[2e1b2a31b91974c5]::vec::Vec<u8> as core[a373ad73a504971]::io::write::Write>::write_fmt
[INFO] [stdout]    3:     0x63ae9f7972a9 - std[617be2ca0a6fd877]::panicking::default_hook::{closure#0}
[INFO] [stdout]    4:     0x63ae9f796f2a - std[617be2ca0a6fd877]::panicking::default_hook
[INFO] [stdout]    5:     0x63ae9f796a5b - std[617be2ca0a6fd877]::panicking::panic_with_hook
[INFO] [stdout]    6:     0x63ae9f7bc941 - std[617be2ca0a6fd877]::panicking::panic_handler::{closure#0}
[INFO] [stdout]    7:     0x63ae9f7bc8f9 - std[617be2ca0a6fd877]::sys::backtrace::__rust_end_short_backtrace::<std[617be2ca0a6fd877]::panicking::panic_handler::{closure#0}, !>
[INFO] [stdout]    8:     0x63ae9f7bcdec - __rustc[ea4f61d10b84890b]::rust_begin_unwind
[INFO] [stdout]    9:     0x63ae9f6e81bb - core[a373ad73a504971]::panicking::panic_fmt
[INFO] [stdout]   10:     0x63ae9f6ecc11 - core[a373ad73a504971]::result::unwrap_failed
[INFO] [stdout]   11:     0x63ae9f6cf778 - mod[e8265e674b480f6e]::maestro::fetcher::tests::test_fetch_block_info::{closure#0}
[INFO] [stdout]   12:     0x63ae9f6cabbc - <tokio[fbb19f5bb958bcfe]::runtime::runtime::Runtime>::block_on::<core[a373ad73a504971]::pin::Pin<&mut dyn core[a373ad73a504971]::future::future::Future<Output = ()>>>
[INFO] [stdout]   13:     0x63ae9f6d536e - <mod[e8265e674b480f6e]::maestro::fetcher::tests::test_fetch_block_info::{closure#0} as core[a373ad73a504971]::ops::function::FnOnce<()>>::call_once
[INFO] [stdout]   14:     0x63ae9f7d633b - test[aada8e7e76ba119b]::__rust_begin_short_backtrace::<core[a373ad73a504971]::result::Result<(), alloc[2e1b2a31b91974c5]::string::String>, fn() -> core[a373ad73a504971]::result::Result<(), alloc[2e1b2a31b91974c5]::string::String>>
[INFO] [stdout]   15:     0x63ae9f7d1fe2 - test[aada8e7e76ba119b]::run_test::{closure#0}
[INFO] [stdout]   16:     0x63ae9f7d1a8c - std[617be2ca0a6fd877]::sys::backtrace::__rust_begin_short_backtrace::<test[aada8e7e76ba119b]::run_test::{closure#1}, ()>
[INFO] [stdout]   17:     0x63ae9f7ee15c - <std[617be2ca0a6fd877]::thread::lifecycle::spawn_unchecked<test[aada8e7e76ba119b]::run_test::{closure#1}, ()>::{closure#1} as core[a373ad73a504971]::ops::function::FnOnce<()>>::call_once::{shim:vtable#0}
[INFO] [stdout]   18:     0x63ae9f7be678 - <std[617be2ca0a6fd877]::sys::thread::unix::Thread>::new::thread_start
[INFO] [stdout]   19:     0x7ddd84a34dfa - <unknown>
[INFO] [stdout]   20:     0x7ddd84ac83d4 - clone
[INFO] [stdout]   21:                0x0 - <unknown>
[INFO] [stdout] 
[INFO] [stdout] ---- maestro::fetcher::tests::test_fetch_protocol_parameters stdout ----
[INFO] [stdout] 
[INFO] [stdout] thread 'maestro::fetcher::tests::test_fetch_protocol_parameters' (3928) panicked at tests/maestro/fetcher.rs:116:68:
[INFO] [stdout] called `Result::unwrap()` on an `Err` value: NotPresent
[INFO] [stdout] stack backtrace:
[INFO] [stdout]    0:     0x63ae9f798005 - <<std[617be2ca0a6fd877]::sys::backtrace::BacktraceLock>::print::DisplayBacktrace as core[a373ad73a504971]::fmt::Display>::fmt
[INFO] [stdout]    1:     0x63ae9f6e8324 - core[a373ad73a504971]::fmt::write
[INFO] [stdout]    2:     0x63ae9f7976ab - <alloc[2e1b2a31b91974c5]::vec::Vec<u8> as core[a373ad73a504971]::io::write::Write>::write_fmt
[INFO] [stdout]    3:     0x63ae9f7972a9 - std[617be2ca0a6fd877]::panicking::default_hook::{closure#0}
[INFO] [stdout]    4:     0x63ae9f796f2a - std[617be2ca0a6fd877]::panicking::default_hook
[INFO] [stdout]    5:     0x63ae9f796a5b - std[617be2ca0a6fd877]::panicking::panic_with_hook
[INFO] [stdout]    6:     0x63ae9f7bc941 - std[617be2ca0a6fd877]::panicking::panic_handler::{closure#0}
[INFO] [stdout]    7:     0x63ae9f7bc8f9 - std[617be2ca0a6fd877]::sys::backtrace::__rust_end_short_backtrace::<std[617be2ca0a6fd877]::panicking::panic_handler::{closure#0}, !>
[INFO] [stdout]    8:     0x63ae9f7bcdec - __rustc[ea4f61d10b84890b]::rust_begin_unwind
[INFO] [stdout]    9:     0x63ae9f6e81bb - core[a373ad73a504971]::panicking::panic_fmt
[INFO] [stdout]   10:     0x63ae9f6ecc11 - core[a373ad73a504971]::result::unwrap_failed
[INFO] [stdout]   11:     0x63ae9f6d0de6 - mod[e8265e674b480f6e]::maestro::fetcher::tests::test_fetch_protocol_parameters::{closure#0}
[INFO] [stdout]   12:     0x63ae9f6cabbc - <tokio[fbb19f5bb958bcfe]::runtime::runtime::Runtime>::block_on::<core[a373ad73a504971]::pin::Pin<&mut dyn core[a373ad73a504971]::future::future::Future<Output = ()>>>
[INFO] [stdout]   13:     0x63ae9f6d5ae8 - <mod[e8265e674b480f6e]::maestro::fetcher::tests::test_fetch_protocol_parameters::{closure#0} as core[a373ad73a504971]::ops::function::FnOnce<()>>::call_once
[INFO] [stdout]   14:     0x63ae9f7d633b - test[aada8e7e76ba119b]::__rust_begin_short_backtrace::<core[a373ad73a504971]::result::Result<(), alloc[2e1b2a31b91974c5]::string::String>, fn() -> core[a373ad73a504971]::result::Result<(), alloc[2e1b2a31b91974c5]::string::String>>
[INFO] [stdout]   15:     0x63ae9f7d1fe2 - test[aada8e7e76ba119b]::run_test::{closure#0}
[INFO] [stdout]   16:     0x63ae9f7d1a8c - std[617be2ca0a6fd877]::sys::backtrace::__rust_begin_short_backtrace::<test[aada8e7e76ba119b]::run_test::{closure#1}, ()>
[INFO] [stdout]   17:     0x63ae9f7ee15c - <std[617be2ca0a6fd877]::thread::lifecycle::spawn_unchecked<test[aada8e7e76ba119b]::run_test::{closure#1}, ()>::{closure#1} as core[a373ad73a504971]::ops::function::FnOnce<()>>::call_once::{shim:vtable#0}
[INFO] [stdout]   18:     0x63ae9f7be678 - <std[617be2ca0a6fd877]::sys::thread::unix::Thread>::new::thread_start
[INFO] [stdout]   19:     0x7ddd84a34dfa - <unknown>
[INFO] [stdout]   20:     0x7ddd84ac83d4 - clone
[INFO] [stdout]   21:                0x0 - <unknown>
[INFO] [stdout] 
[INFO] [stdout] ---- maestro::fetcher::tests::test_fetch_tx_info stdout ----
[INFO] [stdout] 
[INFO] [stdout] thread 'maestro::fetcher::tests::test_fetch_tx_info' (3929) panicked at tests/maestro/fetcher.rs:131:68:
[INFO] [stdout] called `Result::unwrap()` on an `Err` value: NotPresent
[INFO] [stdout] stack backtrace:
[INFO] [stdout]    0:     0x63ae9f798005 - <<std[617be2ca0a6fd877]::sys::backtrace::BacktraceLock>::print::DisplayBacktrace as core[a373ad73a504971]::fmt::Display>::fmt
[INFO] [stdout]    1:     0x63ae9f6e8324 - core[a373ad73a504971]::fmt::write
[INFO] [stdout]    2:     0x63ae9f7976ab - <alloc[2e1b2a31b91974c5]::vec::Vec<u8> as core[a373ad73a504971]::io::write::Write>::write_fmt
[INFO] [stdout]    3:     0x63ae9f7972a9 - std[617be2ca0a6fd877]::panicking::default_hook::{closure#0}
[INFO] [stdout]    4:     0x63ae9f796f2a - std[617be2ca0a6fd877]::panicking::default_hook
[INFO] [stdout]    5:     0x63ae9f796a5b - std[617be2ca0a6fd877]::panicking::panic_with_hook
[INFO] [stdout]    6:     0x63ae9f7bc941 - std[617be2ca0a6fd877]::panicking::panic_handler::{closure#0}
[INFO] [stdout]    7:     0x63ae9f7bc8f9 - std[617be2ca0a6fd877]::sys::backtrace::__rust_end_short_backtrace::<std[617be2ca0a6fd877]::panicking::panic_handler::{closure#0}, !>
[INFO] [stdout]    8:     0x63ae9f7bcdec - __rustc[ea4f61d10b84890b]::rust_begin_unwind
[INFO] [stdout]    9:     0x63ae9f6e81bb - core[a373ad73a504971]::panicking::panic_fmt
[INFO] [stdout]   10:     0x63ae9f6ecc11 - core[a373ad73a504971]::result::unwrap_failed
[INFO] [stdout]   11:     0x63ae9f6cf377 - mod[e8265e674b480f6e]::maestro::fetcher::tests::test_fetch_tx_info::{closure#0}
[INFO] [stdout]   12:     0x63ae9f6cabbc - <tokio[fbb19f5bb958bcfe]::runtime::runtime::Runtime>::block_on::<core[a373ad73a504971]::pin::Pin<&mut dyn core[a373ad73a504971]::future::future::Future<Output = ()>>>
[INFO] [stdout]   13:     0x63ae9f6d522b - <mod[e8265e674b480f6e]::maestro::fetcher::tests::test_fetch_tx_info::{closure#0} as core[a373ad73a504971]::ops::function::FnOnce<()>>::call_once
[INFO] [stdout]   14:     0x63ae9f7d633b - test[aada8e7e76ba119b]::__rust_begin_short_backtrace::<core[a373ad73a504971]::result::Result<(), alloc[2e1b2a31b91974c5]::string::String>, fn() -> core[a373ad73a504971]::result::Result<(), alloc[2e1b2a31b91974c5]::string::String>>
[INFO] [stdout]   15:     0x63ae9f7d1fe2 - test[aada8e7e76ba119b]::run_test::{closure#0}
[INFO] [stdout]   16:     0x63ae9f7d1a8c - std[617be2ca0a6fd877]::sys::backtrace::__rust_begin_short_backtrace::<test[aada8e7e76ba119b]::run_test::{closure#1}, ()>
[INFO] [stdout]   17:     0x63ae9f7ee15c - <std[617be2ca0a6fd877]::thread::lifecycle::spawn_unchecked<test[aada8e7e76ba119b]::run_test::{closure#1}, ()>::{closure#1} as core[a373ad73a504971]::ops::function::FnOnce<()>>::call_once::{shim:vtable#0}
[INFO] [stdout]   18:     0x63ae9f7be678 - <std[617be2ca0a6fd877]::sys::thread::unix::Thread>::new::thread_start
[INFO] [stdout]   19:     0x7ddd84a34dfa - <unknown>
[INFO] [stdout]   20:     0x7ddd84ac83d4 - clone
[INFO] [stdout]   21:                0x0 - <unknown>
[INFO] [stdout] 
[INFO] [stdout] ---- blockfrost::fetcher::tests::test_fetch_utxo stdout ----
[INFO] [stdout] 
[INFO] [stdout] thread 'blockfrost::fetcher::tests::test_fetch_utxo' (3919) panicked at tests/blockfrost/fetcher.rs:177:50:
[INFO] [stdout] called `Result::unwrap()` on an `Err` value: NotPresent
[INFO] [stdout] stack backtrace:
[INFO] [stdout]    0:     0x63ae9f798005 - <<std[617be2ca0a6fd877]::sys::backtrace::BacktraceLock>::print::DisplayBacktrace as core[a373ad73a504971]::fmt::Display>::fmt
[INFO] [stdout]    1:     0x63ae9f6e8324 - core[a373ad73a504971]::fmt::write
[INFO] [stdout]    2:     0x63ae9f7976ab - <alloc[2e1b2a31b91974c5]::vec::Vec<u8> as core[a373ad73a504971]::io::write::Write>::write_fmt
[INFO] [stdout]    3:     0x63ae9f7972a9 - std[617be2ca0a6fd877]::panicking::default_hook::{closure#0}
[INFO] [stdout]    4:     0x63ae9f796f2a - std[617be2ca0a6fd877]::panicking::default_hook
[INFO] [stdout]    5:     0x63ae9f796a5b - std[617be2ca0a6fd877]::panicking::panic_with_hook
[INFO] [stdout]    6:     0x63ae9f7bc941 - std[617be2ca0a6fd877]::panicking::panic_handler::{closure#0}
[INFO] [stdout]    7:     0x63ae9f7bc8f9 - std[617be2ca0a6fd877]::sys::backtrace::__rust_end_short_backtrace::<std[617be2ca0a6fd877]::panicking::panic_handler::{closure#0}, !>
[INFO] [stdout]    8:     0x63ae9f7bcdec - __rustc[ea4f61d10b84890b]::rust_begin_unwind
[INFO] [stdout]    9:     0x63ae9f6e81bb - core[a373ad73a504971]::panicking::panic_fmt
[INFO] [stdout]   10:     0x63ae9f6ecc11 - core[a373ad73a504971]::result::unwrap_failed
[INFO] [stdout]   11:     0x63ae9f6ccb5f - mod[e8265e674b480f6e]::blockfrost::fetcher::tests::test_fetch_utxo::{closure#0}
[INFO] [stdout]   12:     0x63ae9f6cabbc - <tokio[fbb19f5bb958bcfe]::runtime::runtime::Runtime>::block_on::<core[a373ad73a504971]::pin::Pin<&mut dyn core[a373ad73a504971]::future::future::Future<Output = ()>>>
[INFO] [stdout]   13:     0x63ae9f6d4369 - <mod[e8265e674b480f6e]::blockfrost::fetcher::tests::test_fetch_utxo::{closure#0} as core[a373ad73a504971]::ops::function::FnOnce<()>>::call_once
[INFO] [stdout]   14:     0x63ae9f7d633b - test[aada8e7e76ba119b]::__rust_begin_short_backtrace::<core[a373ad73a504971]::result::Result<(), alloc[2e1b2a31b91974c5]::string::String>, fn() -> core[a373ad73a504971]::result::Result<(), alloc[2e1b2a31b91974c5]::string::String>>
[INFO] [stdout]   15:     0x63ae9f7d1fe2 - test[aada8e7e76ba119b]::run_test::{closure#0}
[INFO] [stdout]   16:     0x63ae9f7d1a8c - std[617be2ca0a6fd877]::sys::backtrace::__rust_begin_short_backtrace::<test[aada8e7e76ba119b]::run_test::{closure#1}, ()>
[INFO] [stdout]   17:     0x63ae9f7ee15c - <std[617be2ca0a6fd877]::thread::lifecycle::spawn_unchecked<test[aada8e7e76ba119b]::run_test::{closure#1}, ()>::{closure#1} as core[a373ad73a504971]::ops::function::FnOnce<()>>::call_once::{shim:vtable#0}
[INFO] [stdout]   18:     0x63ae9f7be678 - <std[617be2ca0a6fd877]::sys::thread::unix::Thread>::new::thread_start
[INFO] [stdout]   19:     0x7ddd84a34dfa - <unknown>
[INFO] [stdout]   20:     0x7ddd84ac83d4 - clone
[INFO] [stdout]   21:                0x0 - <unknown>
[INFO] [stdout] 
[INFO] [stdout] ---- blockfrost::fetcher::tests::test_fetch_block_info stdout ----
[INFO] [stdout] 
[INFO] [stdout] thread 'blockfrost::fetcher::tests::test_fetch_block_info' (3915) panicked at tests/blockfrost/fetcher.rs:93:50:
[INFO] [stdout] called `Result::unwrap()` on an `Err` value: NotPresent
[INFO] [stdout] stack backtrace:
[INFO] [stdout]    0:     0x63ae9f798005 - <<std[617be2ca0a6fd877]::sys::backtrace::BacktraceLock>::print::DisplayBacktrace as core[a373ad73a504971]::fmt::Display>::fmt
[INFO] [stdout]    1:     0x63ae9f6e8324 - core[a373ad73a504971]::fmt::write
[INFO] [stdout]    2:     0x63ae9f7976ab - <alloc[2e1b2a31b91974c5]::vec::Vec<u8> as core[a373ad73a504971]::io::write::Write>::write_fmt
[INFO] [stdout]    3:     0x63ae9f7972a9 - std[617be2ca0a6fd877]::panicking::default_hook::{closure#0}
[INFO] [stdout]    4:     0x63ae9f796f2a - std[617be2ca0a6fd877]::panicking::default_hook
[INFO] [stdout]    5:     0x63ae9f796a5b - std[617be2ca0a6fd877]::panicking::panic_with_hook
[INFO] [stdout]    6:     0x63ae9f7bc941 - std[617be2ca0a6fd877]::panicking::panic_handler::{closure#0}
[INFO] [stdout]    7:     0x63ae9f7bc8f9 - std[617be2ca0a6fd877]::sys::backtrace::__rust_end_short_backtrace::<std[617be2ca0a6fd877]::panicking::panic_handler::{closure#0}, !>
[INFO] [stdout]    8:     0x63ae9f7bcdec - __rustc[ea4f61d10b84890b]::rust_begin_unwind
[INFO] [stdout]    9:     0x63ae9f6e81bb - core[a373ad73a504971]::panicking::panic_fmt
[INFO] [stdout]   10:     0x63ae9f6ecc11 - core[a373ad73a504971]::result::unwrap_failed
[INFO] [stdout]   11:     0x63ae9f6cd399 - mod[e8265e674b480f6e]::blockfrost::fetcher::tests::test_fetch_block_info::{closure#0}
[INFO] [stdout]   12:     0x63ae9f6cabbc - <tokio[fbb19f5bb958bcfe]::runtime::runtime::Runtime>::block_on::<core[a373ad73a504971]::pin::Pin<&mut dyn core[a373ad73a504971]::future::future::Future<Output = ()>>>
[INFO] [stdout]   13:     0x63ae9f6d45ef - <mod[e8265e674b480f6e]::blockfrost::fetcher::tests::test_fetch_block_info::{closure#0} as core[a373ad73a504971]::ops::function::FnOnce<()>>::call_once
[INFO] [stdout]   14:     0x63ae9f7d633b - test[aada8e7e76ba119b]::__rust_begin_short_backtrace::<core[a373ad73a504971]::result::Result<(), alloc[2e1b2a31b91974c5]::string::String>, fn() -> core[a373ad73a504971]::result::Result<(), alloc[2e1b2a31b91974c5]::string::String>>
[INFO] [stdout]   15:     0x63ae9f7d1fe2 - test[aada8e7e76ba119b]::run_test::{closure#0}
[INFO] [stdout]   16:     0x63ae9f7d1a8c - std[617be2ca0a6fd877]::sys::backtrace::__rust_begin_short_backtrace::<test[aada8e7e76ba119b]::run_test::{closure#1}, ()>
[INFO] [stdout]   17:     0x63ae9f7ee15c - <std[617be2ca0a6fd877]::thread::lifecycle::spawn_unchecked<test[aada8e7e76ba119b]::run_test::{closure#1}, ()>::{closure#1} as core[a373ad73a504971]::ops::function::FnOnce<()>>::call_once::{shim:vtable#0}
[INFO] [stdout]   18:     0x63ae9f7be678 - <std[617be2ca0a6fd877]::sys::thread::unix::Thread>::new::thread_start
[INFO] [stdout]   19:     0x7ddd84a34dfa - <unknown>
[INFO] [stdout]   20:     0x7ddd84ac83d4 - clone
[INFO] [stdout]   21:                0x0 - <unknown>
[INFO] [stdout] 
[INFO] [stdout] ---- blockfrost::fetcher::tests::test_fetch_asset_addresses stdout ----
[INFO] [stdout] 
[INFO] [stdout] thread 'blockfrost::fetcher::tests::test_fetch_asset_addresses' (3913) panicked at tests/blockfrost/fetcher.rs:48:50:
[INFO] [stdout] called `Result::unwrap()` on an `Err` value: NotPresent
[INFO] [stdout] stack backtrace:
[INFO] [stdout]    0:     0x63ae9f798005 - <<std[617be2ca0a6fd877]::sys::backtrace::BacktraceLock>::print::DisplayBacktrace as core[a373ad73a504971]::fmt::Display>::fmt
[INFO] [stdout]    1:     0x63ae9f6e8324 - core[a373ad73a504971]::fmt::write
[INFO] [stdout]    2:     0x63ae9f7976ab - <alloc[2e1b2a31b91974c5]::vec::Vec<u8> as core[a373ad73a504971]::io::write::Write>::write_fmt
[INFO] [stdout]    3:     0x63ae9f7972a9 - std[617be2ca0a6fd877]::panicking::default_hook::{closure#0}
[INFO] [stdout]    4:     0x63ae9f796f2a - std[617be2ca0a6fd877]::panicking::default_hook
[INFO] [stdout]    5:     0x63ae9f796a5b - std[617be2ca0a6fd877]::panicking::panic_with_hook
[INFO] [stdout]    6:     0x63ae9f7bc941 - std[617be2ca0a6fd877]::panicking::panic_handler::{closure#0}
[INFO] [stdout]    7:     0x63ae9f7bc8f9 - std[617be2ca0a6fd877]::sys::backtrace::__rust_end_short_backtrace::<std[617be2ca0a6fd877]::panicking::panic_handler::{closure#0}, !>
[INFO] [stdout]    8:     0x63ae9f7bcdec - __rustc[ea4f61d10b84890b]::rust_begin_unwind
[INFO] [stdout]    9:     0x63ae9f6e81bb - core[a373ad73a504971]::panicking::panic_fmt
[INFO] [stdout]   10:     0x63ae9f6ecc11 - core[a373ad73a504971]::result::unwrap_failed
[INFO] [stdout]   11:     0x63ae9f6ce2a3 - mod[e8265e674b480f6e]::blockfrost::fetcher::tests::test_fetch_asset_addresses::{closure#0}
[INFO] [stdout]   12:     0x63ae9f6cabbc - <tokio[fbb19f5bb958bcfe]::runtime::runtime::Runtime>::block_on::<core[a373ad73a504971]::pin::Pin<&mut dyn core[a373ad73a504971]::future::future::Future<Output = ()>>>
[INFO] [stdout]   13:     0x63ae9f6d4ae7 - <mod[e8265e674b480f6e]::blockfrost::fetcher::tests::test_fetch_asset_addresses::{closure#0} as core[a373ad73a504971]::ops::function::FnOnce<()>>::call_once
[INFO] [stdout]   14:     0x63ae9f7d633b - test[aada8e7e76ba119b]::__rust_begin_short_backtrace::<core[a373ad73a504971]::result::Result<(), alloc[2e1b2a31b91974c5]::string::String>, fn() -> core[a373ad73a504971]::result::Result<(), alloc[2e1b2a31b91974c5]::string::String>>
[INFO] [stdout]   15:     0x63ae9f7d1fe2 - test[aada8e7e76ba119b]::run_test::{closure#0}
[INFO] [stdout]   16:     0x63ae9f7d1a8c - std[617be2ca0a6fd877]::sys::backtrace::__rust_begin_short_backtrace::<test[aada8e7e76ba119b]::run_test::{closure#1}, ()>
[INFO] [stdout]   17:     0x63ae9f7ee15c - <std[617be2ca0a6fd877]::thread::lifecycle::spawn_unchecked<test[aada8e7e76ba119b]::run_test::{closure#1}, ()>::{closure#1} as core[a373ad73a504971]::ops::function::FnOnce<()>>::call_once::{shim:vtable#0}
[INFO] [stdout]   18:     0x63ae9f7be678 - <std[617be2ca0a6fd877]::sys::thread::unix::Thread>::new::thread_start
[INFO] [stdout]   19:     0x7ddd84a34dfa - <unknown>
[INFO] [stdout]   20:     0x7ddd84ac83d4 - clone
[INFO] [stdout]   21:                0x0 - <unknown>
[INFO] [stdout] 
[INFO] [stdout] ---- maestro::fetcher::tests::test_fetch_collection_assets stdout ----
[INFO] [stdout] 
[INFO] [stdout] thread 'maestro::fetcher::tests::test_fetch_collection_assets' (3927) panicked at tests/maestro/fetcher.rs:100:68:
[INFO] [stdout] called `Result::unwrap()` on an `Err` value: NotPresent
[INFO] [stdout] stack backtrace:
[INFO] [stdout]    0:     0x63ae9f798005 - <<std[617be2ca0a6fd877]::sys::backtrace::BacktraceLock>::print::DisplayBacktrace as core[a373ad73a504971]::fmt::Display>::fmt
[INFO] [stdout]    1:     0x63ae9f6e8324 - core[a373ad73a504971]::fmt::write
[INFO] [stdout]    2:     0x63ae9f7976ab - <alloc[2e1b2a31b91974c5]::vec::Vec<u8> as core[a373ad73a504971]::io::write::Write>::write_fmt
[INFO] [stdout]    3:     0x63ae9f7972a9 - std[617be2ca0a6fd877]::panicking::default_hook::{closure#0}
[INFO] [stdout]    4:     0x63ae9f796f2a - std[617be2ca0a6fd877]::panicking::default_hook
[INFO] [stdout]    5:     0x63ae9f796a5b - std[617be2ca0a6fd877]::panicking::panic_with_hook
[INFO] [stdout]    6:     0x63ae9f7bc941 - std[617be2ca0a6fd877]::panicking::panic_handler::{closure#0}
[INFO] [stdout]    7:     0x63ae9f7bc8f9 - std[617be2ca0a6fd877]::sys::backtrace::__rust_end_short_backtrace::<std[617be2ca0a6fd877]::panicking::panic_handler::{closure#0}, !>
[INFO] [stdout]    8:     0x63ae9f7bcdec - __rustc[ea4f61d10b84890b]::rust_begin_unwind
[INFO] [stdout]    9:     0x63ae9f6e81bb - core[a373ad73a504971]::panicking::panic_fmt
[INFO] [stdout]   10:     0x63ae9f6ecc11 - core[a373ad73a504971]::result::unwrap_failed
[INFO] [stdout]   11:     0x63ae9f6d0a37 - mod[e8265e674b480f6e]::maestro::fetcher::tests::test_fetch_collection_assets::{closure#0}
[INFO] [stdout]   12:     0x63ae9f6cabbc - <tokio[fbb19f5bb958bcfe]::runtime::runtime::Runtime>::block_on::<core[a373ad73a504971]::pin::Pin<&mut dyn core[a373ad73a504971]::future::future::Future<Output = ()>>>
[INFO] [stdout]   13:     0x63ae9f6d59a5 - <mod[e8265e674b480f6e]::maestro::fetcher::tests::test_fetch_collection_assets::{closure#0} as core[a373ad73a504971]::ops::function::FnOnce<()>>::call_once
[INFO] [stdout]   14:     0x63ae9f7d633b - test[aada8e7e76ba119b]::__rust_begin_short_backtrace::<core[a373ad73a504971]::result::Result<(), alloc[2e1b2a31b91974c5]::string::String>, fn() -> core[a373ad73a504971]::result::Result<(), alloc[2e1b2a31b91974c5]::string::String>>
[INFO] [stdout]   15:     0x63ae9f7d1fe2 - test[aada8e7e76ba119b]::run_test::{closure#0}
[INFO] [stdout]   16:     0x63ae9f7d1a8c - std[617be2ca0a6fd877]::sys::backtrace::__rust_begin_short_backtrace::<test[aada8e7e76ba119b]::run_test::{closure#1}, ()>
[INFO] [stdout]   17:     0x63ae9f7ee15c - <std[617be2ca0a6fd877]::thread::lifecycle::spawn_unchecked<test[aada8e7e76ba119b]::run_test::{closure#1}, ()>::{closure#1} as core[a373ad73a504971]::ops::function::FnOnce<()>>::call_once::{shim:vtable#0}
[INFO] [stdout]   18:     0x63ae9f7be678 - <std[617be2ca0a6fd877]::sys::thread::unix::Thread>::new::thread_start
[INFO] [stdout]   19:     0x7ddd84a34dfa - <unknown>
[INFO] [stdout]   20:     0x7ddd84ac83d4 - clone
[INFO] [stdout]   21:                0x0 - <unknown>
[INFO] [stdout] 
[INFO] [stdout] ---- maestro::fetcher::tests::test_fetch_utxo stdout ----
[INFO] [stdout] 
[INFO] [stdout] thread 'maestro::fetcher::tests::test_fetch_utxo' (3930) panicked at tests/maestro/fetcher.rs:151:68:
[INFO] [stdout] called `Result::unwrap()` on an `Err` value: NotPresent
[INFO] [stdout] stack backtrace:
[INFO] [stdout]    0:     0x63ae9f798005 - <<std[617be2ca0a6fd877]::sys::backtrace::BacktraceLock>::print::DisplayBacktrace as core[a373ad73a504971]::fmt::Display>::fmt
[INFO] [stdout]    1:     0x63ae9f6e8324 - core[a373ad73a504971]::fmt::write
[INFO] [stdout]    2:     0x63ae9f7976ab - <alloc[2e1b2a31b91974c5]::vec::Vec<u8> as core[a373ad73a504971]::io::write::Write>::write_fmt
[INFO] [stdout]    3:     0x63ae9f7972a9 - std[617be2ca0a6fd877]::panicking::default_hook::{closure#0}
[INFO] [stdout]    4:     0x63ae9f796f2a - std[617be2ca0a6fd877]::panicking::default_hook
[INFO] [stdout]    5:     0x63ae9f796a5b - std[617be2ca0a6fd877]::panicking::panic_with_hook
[INFO] [stdout]    6:     0x63ae9f7bc941 - std[617be2ca0a6fd877]::panicking::panic_handler::{closure#0}
[INFO] [stdout]    7:     0x63ae9f7bc8f9 - std[617be2ca0a6fd877]::sys::backtrace::__rust_end_short_backtrace::<std[617be2ca0a6fd877]::panicking::panic_handler::{closure#0}, !>
[INFO] [stdout]    8:     0x63ae9f7bcdec - __rustc[ea4f61d10b84890b]::rust_begin_unwind
[INFO] [stdout]    9:     0x63ae9f6e81bb - core[a373ad73a504971]::panicking::panic_fmt
[INFO] [stdout]   10:     0x63ae9f6ecc11 - core[a373ad73a504971]::result::unwrap_failed
[INFO] [stdout]   11:     0x63ae9f6cef3e - mod[e8265e674b480f6e]::maestro::fetcher::tests::test_fetch_utxo::{closure#0}
[INFO] [stdout]   12:     0x63ae9f6cabbc - <tokio[fbb19f5bb958bcfe]::runtime::runtime::Runtime>::block_on::<core[a373ad73a504971]::pin::Pin<&mut dyn core[a373ad73a504971]::future::future::Future<Output = ()>>>
[INFO] [stdout]   13:     0x63ae9f6d50e8 - <mod[e8265e674b480f6e]::maestro::fetcher::tests::test_fetch_utxo::{closure#0} as core[a373ad73a504971]::ops::function::FnOnce<()>>::call_once
[INFO] [stdout]   14:     0x63ae9f7d633b - test[aada8e7e76ba119b]::__rust_begin_short_backtrace::<core[a373ad73a504971]::result::Result<(), alloc[2e1b2a31b91974c5]::string::String>, fn() -> core[a373ad73a504971]::result::Result<(), alloc[2e1b2a31b91974c5]::string::String>>
[INFO] [stdout]   15:     0x63ae9f7d1fe2 - test[aada8e7e76ba119b]::run_test::{closure#0}
[INFO] [stdout]   16:     0x63ae9f7d1a8c - std[617be2ca0a6fd877]::sys::backtrace::__rust_begin_short_backtrace::<test[aada8e7e76ba119b]::run_test::{closure#1}, ()>
[INFO] [stdout]   17:     0x63ae9f7ee15c - <std[617be2ca0a6fd877]::thread::lifecycle::spawn_unchecked<test[aada8e7e76ba119b]::run_test::{closure#1}, ()>::{closure#1} as core[a373ad73a504971]::ops::function::FnOnce<()>>::call_once::{shim:vtable#0}
[INFO] [stdout]   18:     0x63ae9f7be678 - <std[617be2ca0a6fd877]::sys::thread::unix::Thread>::new::thread_start
[INFO] [stdout]   19:     0x7ddd84a34dfa - <unknown>
[INFO] [stdout]   20:     0x7ddd84ac83d4 - clone
[INFO] [stdout]   21:                0x0 - <unknown>
[INFO] [stdout] 
[INFO] [stdout] ---- blockfrost::fetcher::tests::test_fetch_asset_metadata stdout ----
[INFO] [stdout] 
[INFO] [stdout] thread 'blockfrost::fetcher::tests::test_fetch_asset_metadata' (3914) panicked at tests/blockfrost/fetcher.rs:71:50:
[INFO] [stdout] called `Result::unwrap()` on an `Err` value: NotPresent
[INFO] [stdout] stack backtrace:
[INFO] [stdout]    0:     0x63ae9f798005 - <<std[617be2ca0a6fd877]::sys::backtrace::BacktraceLock>::print::DisplayBacktrace as core[a373ad73a504971]::fmt::Display>::fmt
[INFO] [stdout]    1:     0x63ae9f6e8324 - core[a373ad73a504971]::fmt::write
[INFO] [stdout]    2:     0x63ae9f7976ab - <alloc[2e1b2a31b91974c5]::vec::Vec<u8> as core[a373ad73a504971]::io::write::Write>::write_fmt
[INFO] [stdout]    3:     0x63ae9f7972a9 - std[617be2ca0a6fd877]::panicking::default_hook::{closure#0}
[INFO] [stdout]    4:     0x63ae9f796f2a - std[617be2ca0a6fd877]::panicking::default_hook
[INFO] [stdout]    5:     0x63ae9f796a5b - std[617be2ca0a6fd877]::panicking::panic_with_hook
[INFO] [stdout]    6:     0x63ae9f7bc941 - std[617be2ca0a6fd877]::panicking::panic_handler::{closure#0}
[INFO] [stdout]    7:     0x63ae9f7bc8f9 - std[617be2ca0a6fd877]::sys::backtrace::__rust_end_short_backtrace::<std[617be2ca0a6fd877]::panicking::panic_handler::{closure#0}, !>
[INFO] [stdout]    8:     0x63ae9f7bcdec - __rustc[ea4f61d10b84890b]::rust_begin_unwind
[INFO] [stdout]    9:     0x63ae9f6e81bb - core[a373ad73a504971]::panicking::panic_fmt
[INFO] [stdout]   10:     0x63ae9f6ecc11 - core[a373ad73a504971]::result::unwrap_failed
[INFO] [stdout]   11:     0x63ae9f6cde9d - mod[e8265e674b480f6e]::blockfrost::fetcher::tests::test_fetch_asset_metadata::{closure#0}
[INFO] [stdout]   12:     0x63ae9f6cabbc - <tokio[fbb19f5bb958bcfe]::runtime::runtime::Runtime>::block_on::<core[a373ad73a504971]::pin::Pin<&mut dyn core[a373ad73a504971]::future::future::Future<Output = ()>>>
[INFO] [stdout]   13:     0x63ae9f6d49b0 - <mod[e8265e674b480f6e]::blockfrost::fetcher::tests::test_fetch_asset_metadata::{closure#0} as core[a373ad73a504971]::ops::function::FnOnce<()>>::call_once
[INFO] [stdout]   14:     0x63ae9f7d633b - test[aada8e7e76ba119b]::__rust_begin_short_backtrace::<core[a373ad73a504971]::result::Result<(), alloc[2e1b2a31b91974c5]::string::String>, fn() -> core[a373ad73a504971]::result::Result<(), alloc[2e1b2a31b91974c5]::string::String>>
[INFO] [stdout]   15:     0x63ae9f7d1fe2 - test[aada8e7e76ba119b]::run_test::{closure#0}
[INFO] [stdout]   16:     0x63ae9f7d1a8c - std[617be2ca0a6fd877]::sys::backtrace::__rust_begin_short_backtrace::<test[aada8e7e76ba119b]::run_test::{closure#1}, ()>
[INFO] [stdout]   17:     0x63ae9f7ee15c - <std[617be2ca0a6fd877]::thread::lifecycle::spawn_unchecked<test[aada8e7e76ba119b]::run_test::{closure#1}, ()>::{closure#1} as core[a373ad73a504971]::ops::function::FnOnce<()>>::call_once::{shim:vtable#0}
[INFO] [stdout]   18:     0x63ae9f7be678 - <std[617be2ca0a6fd877]::sys::thread::unix::Thread>::new::thread_start
[INFO] [stdout]   19:     0x7ddd84a34dfa - <unknown>
[INFO] [stdout]   20:     0x7ddd84ac83d4 - clone
[INFO] [stdout]   21:                0x0 - <unknown>
[INFO] [stdout] 
[INFO] [stdout] 
[INFO] [stdout] failures:
[INFO] [stdout]     blockfrost::fetcher::tests::test_fetch_account_info
[INFO] [stdout]     blockfrost::fetcher::tests::test_fetch_address_utxos
[INFO] [stdout]     blockfrost::fetcher::tests::test_fetch_asset_addresses
[INFO] [stdout]     blockfrost::fetcher::tests::test_fetch_asset_metadata
[INFO] [stdout]     blockfrost::fetcher::tests::test_fetch_block_info
[INFO] [stdout]     blockfrost::fetcher::tests::test_fetch_collection_assets
[INFO] [stdout]     blockfrost::fetcher::tests::test_fetch_protocol_parameters
[INFO] [stdout]     blockfrost::fetcher::tests::test_fetch_tx_info
[INFO] [stdout]     blockfrost::fetcher::tests::test_fetch_utxo
[INFO] [stdout]     maestro::fetcher::tests::test_fetch_account_info
[INFO] [stdout]     maestro::fetcher::tests::test_fetch_address_utxos
[INFO] [stdout]     maestro::fetcher::tests::test_fetch_asset_addresses
[INFO] [stdout]     maestro::fetcher::tests::test_fetch_asset_metadata
[INFO] [stdout]     maestro::fetcher::tests::test_fetch_block_info
[INFO] [stdout]     maestro::fetcher::tests::test_fetch_collection_assets
[INFO] [stdout]     maestro::fetcher::tests::test_fetch_protocol_parameters
[INFO] [stdout]     maestro::fetcher::tests::test_fetch_tx_info
[INFO] [stdout]     maestro::fetcher::tests::test_fetch_utxo
[INFO] [stdout] 
[INFO] [stdout] test result: FAILED. 4 passed; 18 failed; 0 ignored; 0 measured; 0 filtered out; finished in 0.01s
[INFO] [stdout] 
[INFO] running `Command { std: "docker" "inspect" "0d9411fbfb9b638062ed5aeb4b152da6f6aec363570da2d49a00d512bbabffee", kill_on_drop: false }`
[INFO] running `Command { std: "docker" "rm" "-f" "0d9411fbfb9b638062ed5aeb4b152da6f6aec363570da2d49a00d512bbabffee", kill_on_drop: false }`
[INFO] [stdout] 0d9411fbfb9b638062ed5aeb4b152da6f6aec363570da2d49a00d512bbabffee
