[INFO] fetching crate wfe-kubernetes 1.11.4...
[INFO] testing wfe-kubernetes-1.11.4 against 1.100.0-beta.1+cargoflags=--release for beta-release-1.100-2
[INFO] extracting crate wfe-kubernetes 1.11.4 into /workspace/builds/worker-7-tc2/source
[INFO] started tweaking crates.io crate wfe-kubernetes 1.11.4
[INFO] removed 0 missing tests
[INFO] finished tweaking crates.io crate wfe-kubernetes 1.11.4
[INFO] tweaked toml for crates.io crate wfe-kubernetes 1.11.4 written to /workspace/builds/worker-7-tc2/source/Cargo.toml
[INFO] validating manifest of crates.io crate wfe-kubernetes 1.11.4 on toolchain 1.100.0-beta.1
[INFO] running `Command { std: CARGO_HOME="/workspace/cargo-home" RUSTUP_HOME="/workspace/rustup-home" "/workspace/cargo-home/bin/cargo" "+1.100.0-beta.1" "metadata" "--manifest-path" "Cargo.toml" "--no-deps", kill_on_drop: false }`
[INFO] crate crates.io crate wfe-kubernetes 1.11.4 already has a lockfile, it will not be regenerated
[INFO] running `Command { std: CARGO_HOME="/workspace/cargo-home" RUSTUP_HOME="/workspace/rustup-home" "/workspace/cargo-home/bin/cargo" "+1.100.0-beta.1" "fetch" "--manifest-path" "Cargo.toml", kill_on_drop: false }`
[INFO] [stderr] warning: `package.homepage` is redundant with `package.repository`
[INFO] [stderr]   --> Cargo.toml:80:12
[INFO] [stderr]    |
[INFO] [stderr] 80 | homepage = "https://github.com/sunbeamdotpt/wfe"
[INFO] [stderr]    |            ^^^^^^^^^^^^^^^^^^^^^^^^^^^^^^^^^^^^^
[INFO] [stderr] ...
[INFO] [stderr] 84 | repository = "https://github.com/sunbeamdotpt/wfe"
[INFO] [stderr]    |              -------------------------------------
[INFO] [stderr]    |
[INFO] [stderr]    = note: `cargo::redundant_homepage` is set to `warn` by default
[INFO] [stderr] help: consider removing `package.homepage`
[INFO] [stderr] warning: `wfe-kubernetes` (manifest) generated 1 warning
[INFO] running `Command { std: "docker" "create" "-v" "/var/lib/crater-agent-workspace/builds/worker-7-tc2/source:/opt/rustwide/workdir:ro,Z" "-v" "/var/lib/crater-agent-workspace/builds/worker-7-tc2/target:/opt/rustwide/target:rw,Z" "-v" "/var/lib/crater-agent-workspace/cargo-home:/opt/rustwide/cargo-home:ro,Z" "-v" "/var/lib/crater-agent-workspace/rustup-home:/opt/rustwide/rustup-home:ro,Z" "-m" "1610612736" "--network" "none" "ghcr.io/rust-lang/crates-build-env/linux@sha256:77db811e55d90add9212f6832c23229e3de5f1c1f9905e8cb07319ea15df73ac" "sleep" "infinity", kill_on_drop: false }`
[INFO] [stdout] 8fae747e1d4d38d86f1052f56b8112feda6660a5de74156cd19dbd4e5764c420
[INFO] running `Command { std: "docker" "start" "8fae747e1d4d38d86f1052f56b8112feda6660a5de74156cd19dbd4e5764c420", kill_on_drop: false }`
[INFO] running `Command { std: "docker" "inspect" "8fae747e1d4d38d86f1052f56b8112feda6660a5de74156cd19dbd4e5764c420", kill_on_drop: false }`
[INFO] running `Command { std: "docker" "exec" "-e" "SOURCE_DIR=/opt/rustwide/workdir" "-e" "CARGO_HOME=/opt/rustwide/cargo-home" "-e" "RUSTUP_HOME=/opt/rustwide/rustup-home" "-e" "CARGO_TARGET_DIR=/opt/rustwide/target" "-w" "/opt/rustwide/workdir" "--user" "0:0" "8fae747e1d4d38d86f1052f56b8112feda6660a5de74156cd19dbd4e5764c420" "/opt/rustwide/cargo-home/bin/cargo" "+1.100.0-beta.1" "metadata" "--no-deps" "--format-version=1", kill_on_drop: false }`
[INFO] running `Command { std: "docker" "inspect" "8fae747e1d4d38d86f1052f56b8112feda6660a5de74156cd19dbd4e5764c420", kill_on_drop: false }`
[INFO] running `Command { std: "docker" "exec" "-e" "SOURCE_DIR=/opt/rustwide/workdir" "-e" "CARGO_HOME=/opt/rustwide/cargo-home" "-e" "RUSTUP_HOME=/opt/rustwide/rustup-home" "-e" "CARGO_TARGET_DIR=/opt/rustwide/target" "-e" "CARGO_INCREMENTAL=0" "-e" "RUST_BACKTRACE=full" "-e" "RUSTFLAGS=--cap-lints=warn" "-e" "RUSTDOCFLAGS=--cap-lints=warn" "-w" "/opt/rustwide/workdir" "--user" "0:0" "8fae747e1d4d38d86f1052f56b8112feda6660a5de74156cd19dbd4e5764c420" "/opt/rustwide/cargo-home/bin/cargo" "+1.100.0-beta.1" "build" "--frozen" "--message-format=json" "--release", kill_on_drop: false }`
[INFO] [stderr] warning: `package.homepage` is redundant with `package.repository`
[INFO] [stderr]   --> Cargo.toml:80:12
[INFO] [stderr]    |
[INFO] [stderr] 80 | homepage = "https://github.com/sunbeamdotpt/wfe"
[INFO] [stderr]    |            ^^^^^^^^^^^^^^^^^^^^^^^^^^^^^^^^^^^^^
[INFO] [stderr] ...
[INFO] [stderr] 84 | repository = "https://github.com/sunbeamdotpt/wfe"
[INFO] [stderr]    |              -------------------------------------
[INFO] [stderr]    |
[INFO] [stderr]    = note: `cargo::redundant_homepage` is set to `warn` by default
[INFO] [stderr] help: consider removing `package.homepage`
[INFO] [stderr] warning: `wfe-kubernetes` (manifest) generated 1 warning
[INFO] [stderr]    Compiling smallvec v1.15.2
[INFO] [stderr]    Compiling serde_core v1.0.229
[INFO] [stderr]    Compiling http v1.5.0
[INFO] [stderr]    Compiling syn v3.0.3
[INFO] [stderr]    Compiling errno v0.3.14
[INFO] [stderr]    Compiling mio v1.2.2
[INFO] [stderr]    Compiling socket2 v0.6.5
[INFO] [stderr]    Compiling find-msvc-tools v0.1.11
[INFO] [stderr]    Compiling signal-hook-registry v1.4.8
[INFO] [stderr]    Compiling parking_lot_core v0.9.12
[INFO] [stderr]    Compiling cc v1.4.3
[INFO] [stderr]    Compiling parking_lot v0.12.5
[INFO] [stderr]    Compiling futures-channel v0.3.34
[INFO] [stderr]    Compiling indexmap v2.14.0
[INFO] [stderr]    Compiling tracing-attributes v0.1.31
[INFO] [stderr]    Compiling pkg-config v0.3.34
[INFO] [stderr]    Compiling cmake v0.1.58
[INFO] [stderr]    Compiling http-body v1.1.0
[INFO] [stderr]    Compiling num-traits v0.2.19
[INFO] [stderr]    Compiling zeroize v1.9.0
[INFO] [stderr]    Compiling aws-lc-rs v1.18.0
[INFO] [stderr]    Compiling memchr v2.8.3
[INFO] [stderr]    Compiling serde_json v1.0.151
[INFO] [stderr]    Compiling rustls-pki-types v1.15.1
[INFO] [stderr]    Compiling aws-lc-sys v0.44.0
[INFO] [stderr]    Compiling tracing v0.1.44
[INFO] [stderr]    Compiling ring v0.17.14
[INFO] [stderr]    Compiling getrandom v0.2.17
[INFO] [stderr]    Compiling http-body-util v0.1.5
[INFO] [stderr]    Compiling rustls v0.23.43
[INFO] [stderr]    Compiling getrandom v0.3.4
[INFO] [stderr]    Compiling bitflags v2.13.1
[INFO] [stderr]    Compiling rand_core v0.9.5
[INFO] [stderr]    Compiling pin-project-internal v1.1.13
[INFO] [stderr]    Compiling either v1.17.0
[INFO] [stderr]    Compiling rand_chacha v0.9.0
[INFO] [stderr]    Compiling itertools v0.14.0
[INFO] [stderr]    Compiling crypto-common v0.1.7
[INFO] [stderr]    Compiling digest v0.10.7
[INFO] [stderr]    Compiling rand v0.9.5
[INFO] [stderr]    Compiling axum-core v0.5.6
[INFO] [stderr]    Compiling pin-project v1.1.13
[INFO] [stderr]    Compiling ucd-trie v0.1.7
[INFO] [stderr]    Compiling pest v2.9.0
[INFO] [stderr]    Compiling rustls-native-certs v0.8.4
[INFO] [stderr]    Compiling num-integer v0.1.47
[INFO] [stderr]    Compiling prost-derive v0.14.4
[INFO] [stderr]    Compiling base64 v0.23.1
[INFO] [stderr]    Compiling rustix v1.1.4
[INFO] [stderr]    Compiling ureq-proto v0.6.1
[INFO] [stderr]    Compiling pest_meta v2.9.0
[INFO] [stderr]    Compiling darling_core v0.23.0
[INFO] [stderr]    Compiling tokio-macros v2.7.2
[INFO] [stderr]    Compiling futures-macro v0.3.34
[INFO] [stderr]    Compiling tokio v1.53.1
[INFO] [stderr]    Compiling futures-util v0.3.34
[INFO] [stderr]    Compiling serde_derive v1.0.229
[INFO] [stderr]    Compiling zerovec-derive v0.11.5
[INFO] [stderr]    Compiling displaydoc v0.2.7
[INFO] [stderr]    Compiling zerovec v0.11.8
[INFO] [stderr]    Compiling thiserror-impl v2.0.20
[INFO] [stderr]    Compiling zerotrie v0.2.5
[INFO] [stderr]    Compiling prost v0.14.4
[INFO] [stderr]    Compiling tinystr v0.8.4
[INFO] [stderr]    Compiling potential_utf v0.1.6
[INFO] [stderr]    Compiling icu_collections v2.1.1
[INFO] [stderr]    Compiling thiserror v2.0.20
[INFO] [stderr]    Compiling icu_locale_core v2.3.0
[INFO] [stderr]    Compiling async-trait v0.1.92
[INFO] [stderr]    Compiling futures-executor v0.3.34
[INFO] [stderr]    Compiling serde v1.0.229
[INFO] [stderr]    Compiling aho-corasick v1.1.5
[INFO] [stderr]    Compiling async-stream-impl v0.3.6
[INFO] [stderr]    Compiling icu_provider v2.3.0
[INFO] [stderr]    Compiling portable-atomic v1.15.0
[INFO] [stderr]    Compiling icu_properties v2.1.2
[INFO] [stderr]    Compiling icu_normalizer v2.1.1
[INFO] [stderr]    Compiling utf8-zero v0.8.1
[INFO] [stderr]    Compiling bollard-buildkit-proto v0.7.0
[INFO] [stderr]    Compiling k8s-openapi v0.27.1
[INFO] [stderr]    Compiling regex-syntax v0.8.11
[INFO] [stderr]    Compiling tokio-util v0.7.19
[INFO] [stderr]    Compiling tokio-stream v0.1.19
[INFO] [stderr]    Compiling h2 v0.4.17
[INFO] [stderr]    Compiling tower v0.5.3
[INFO] [stderr]    Compiling jiff-core v0.1.0
[INFO] [stderr]    Compiling idna_adapter v1.2.1
[INFO] [stderr]    Compiling jsonptr v0.7.1
[INFO] [stderr]    Compiling axum v0.8.9
[INFO] [stderr]    Compiling jiff v0.2.35
[INFO] [stderr]    Compiling regex-automata v0.4.18
[INFO] [stderr]    Compiling async-stream v0.3.6
[INFO] [stderr]    Compiling futures v0.3.34
[INFO] [stderr]    Compiling prost-types v0.14.4
[INFO] [stderr]    Compiling darling_macro v0.23.0
[INFO] [stderr]    Compiling pest_generator v2.9.0
[INFO] [stderr]    Compiling hyper v1.11.0
[INFO] [stderr]    Compiling num-bigint v0.4.8
[INFO] [stderr]    Compiling sha1 v0.10.7
[INFO] [stderr]    Compiling deranged v0.5.8
[INFO] [stderr]    Compiling hyper-util v0.1.20
[INFO] [stderr]    Compiling ordered-float v2.10.1
[INFO] [stderr]    Compiling structmeta-derive v0.3.0
[INFO] [stderr]    Compiling derive_more-impl v2.1.1
[INFO] [stderr]    Compiling data-encoding v2.11.1
[INFO] [stderr]    Compiling fastrand v2.5.0
[INFO] [stderr]    Compiling hyper-timeout v0.5.2
[INFO] [stderr]    Compiling tonic v0.14.6
[INFO] [stderr]    Compiling time v0.3.55
[INFO] [stderr]    Compiling tungstenite v0.28.0
[INFO] [stderr]    Compiling event-listener v5.4.2
[INFO] [stderr]    Compiling derive_more v2.1.1
[INFO] [stderr]    Compiling chacha20 v0.10.1
[INFO] [stderr]    Compiling idna v1.1.0
[INFO] [stderr]    Compiling structmeta v0.3.0
[INFO] [stderr]    Compiling serde-value v0.7.0
[INFO] [stderr]    Compiling num-rational v0.4.2
[INFO] [stderr]    Compiling pest_derive v2.9.0
[INFO] [stderr]    Compiling darling v0.23.0
[INFO] [stderr]    Compiling tonic-prost v0.14.6
[INFO] [stderr]    Compiling regex v1.13.1
[INFO] [stderr]    Compiling json-patch v4.2.0
[INFO] [stderr]    Compiling xattr v1.6.1
[INFO] [stderr]    Compiling enum-ordinalize-derive v4.4.2
[INFO] [stderr]    Compiling serde_repr v0.1.21
[INFO] [stderr]    Compiling num-iter v0.1.46
[INFO] [stderr]    Compiling num-complex v0.4.6
[INFO] [stderr]    Compiling ahash v0.8.12
[INFO] [stderr]    Compiling hyperlocal v0.9.1
[INFO] [stderr]    Compiling serde_yaml v0.9.34+deprecated
[INFO] [stderr]    Compiling enum-ordinalize v4.4.2
[INFO] [stderr]    Compiling parse-display-derive v0.9.1
[INFO] [stderr]    Compiling serde_with_macros v3.22.0
[INFO] [stderr]    Compiling jsonpath-rust v1.0.8
[INFO] [stderr]    Compiling num v0.4.3
[INFO] [stderr]    Compiling url v2.5.8
[INFO] [stderr]    Compiling rand v0.10.2
[INFO] [stderr]    Compiling event-listener-strategy v0.5.4
[INFO] [stderr]    Compiling tokio-tungstenite v0.28.0
[INFO] [stderr]    Compiling tower-http v0.6.11
[INFO] [stderr]    Compiling serde_urlencoded v0.7.1
[INFO] [stderr]    Compiling pem v3.0.6
[INFO] [stderr]    Compiling secrecy v0.10.3
[INFO] [stderr]    Compiling simd-adler32 v0.3.10
[INFO] [stderr]    Compiling home v0.5.12
[INFO] [stderr]    Compiling miniz_oxide v0.8.9
[INFO] [stderr]    Compiling astral-tokio-tar v0.6.4
[INFO] [stderr]    Compiling hashbrown v0.16.1
[INFO] [stderr]    Compiling ferroid v2.0.0
[INFO] [stderr]    Compiling async-broadcast v0.7.2
[INFO] [stderr]    Compiling parse-display v0.9.1
[INFO] [stderr]    Compiling serde_with v3.22.0
[INFO] [stderr]    Compiling educe v0.6.0
[INFO] [stderr]    Compiling backon v1.6.0
[INFO] [stderr]    Compiling docker_credential v1.4.0
[INFO] [stderr]    Compiling filetime v0.2.29
[INFO] [stderr]    Compiling hostname v0.4.2
[INFO] [stderr]    Compiling etcetera v0.11.0
[INFO] [stderr]    Compiling chrono v0.4.45
[INFO] [stderr]    Compiling tar v0.4.46
[INFO] [stderr]    Compiling flate2 v1.1.9
[INFO] [stderr]    Compiling tempfile v3.27.0
[INFO] [stderr]    Compiling uuid v1.24.1
[INFO] [stderr]    Compiling sha2 v0.10.9
[INFO] [stderr]    Compiling kube-core v3.1.0
[INFO] [stderr]    Compiling rustls-webpki v0.103.14
[INFO] [stderr]    Compiling tokio-rustls v0.26.4
[INFO] [stderr]    Compiling ureq v3.4.0
[INFO] [stderr]    Compiling hyper-rustls v0.27.9
[INFO] [stderr]    Compiling kube-client v3.1.0
[INFO] [stderr]    Compiling kube-runtime v3.1.0
[INFO] [stderr]    Compiling bollard-stubs v1.52.1-rc.29.1.3
[INFO] [stderr]    Compiling kube v3.1.0
[INFO] [stderr]    Compiling bollard v0.20.2
[INFO] [stderr]    Compiling testcontainers v0.27.3
[INFO] [stderr]    Compiling wfe-core v1.11.4
[INFO] [stderr]    Compiling wfe-kubernetes v1.11.4 (/opt/rustwide/workdir)
[INFO] [stderr]     Finished `release` profile [optimized] target(s) in 10m 14s
[INFO] running `Command { std: "docker" "inspect" "8fae747e1d4d38d86f1052f56b8112feda6660a5de74156cd19dbd4e5764c420", kill_on_drop: false }`
[INFO] running `Command { std: "docker" "exec" "-e" "SOURCE_DIR=/opt/rustwide/workdir" "-e" "CARGO_HOME=/opt/rustwide/cargo-home" "-e" "RUSTUP_HOME=/opt/rustwide/rustup-home" "-e" "CARGO_TARGET_DIR=/opt/rustwide/target" "-e" "CARGO_INCREMENTAL=0" "-e" "RUST_BACKTRACE=full" "-e" "RUSTFLAGS=--cap-lints=warn" "-e" "RUSTDOCFLAGS=--cap-lints=warn" "-w" "/opt/rustwide/workdir" "--user" "0:0" "8fae747e1d4d38d86f1052f56b8112feda6660a5de74156cd19dbd4e5764c420" "/opt/rustwide/cargo-home/bin/cargo" "+1.100.0-beta.1" "test" "--frozen" "--no-run" "--message-format=json" "--release", kill_on_drop: false }`
[INFO] [stderr] warning: `package.homepage` is redundant with `package.repository`
[INFO] [stderr]   --> Cargo.toml:80:12
[INFO] [stderr]    |
[INFO] [stderr] 80 | homepage = "https://github.com/sunbeamdotpt/wfe"
[INFO] [stderr]    |            ^^^^^^^^^^^^^^^^^^^^^^^^^^^^^^^^^^^^^
[INFO] [stderr] ...
[INFO] [stderr] 84 | repository = "https://github.com/sunbeamdotpt/wfe"
[INFO] [stderr]    |              -------------------------------------
[INFO] [stderr]    |
[INFO] [stderr]    = note: `cargo::redundant_homepage` is set to `warn` by default
[INFO] [stderr] help: consider removing `package.homepage`
[INFO] [stderr] warning: `wfe-kubernetes` (manifest) generated 1 warning
[INFO] [stderr]    Compiling tokio v1.53.1
[INFO] [stderr]    Compiling tokio-util v0.7.19
[INFO] [stderr]    Compiling tokio-stream v0.1.19
[INFO] [stderr]    Compiling tokio-rustls v0.26.4
[INFO] [stderr]    Compiling tokio-tungstenite v0.28.0
[INFO] [stderr]    Compiling backon v1.6.0
[INFO] [stderr]    Compiling astral-tokio-tar v0.6.4
[INFO] [stderr]    Compiling h2 v0.4.17
[INFO] [stderr]    Compiling tower v0.5.3
[INFO] [stderr]    Compiling axum v0.8.9
[INFO] [stderr]    Compiling tower-http v0.6.11
[INFO] [stderr]    Compiling hyper v1.11.0
[INFO] [stderr]    Compiling hyper-util v0.1.20
[INFO] [stderr]    Compiling hyper-timeout v0.5.2
[INFO] [stderr]    Compiling hyper-rustls v0.27.9
[INFO] [stderr]    Compiling hyperlocal v0.9.1
[INFO] [stderr]    Compiling tonic v0.14.6
[INFO] [stderr]    Compiling kube-client v3.1.0
[INFO] [stderr]    Compiling tonic-prost v0.14.6
[INFO] [stderr]    Compiling bollard-buildkit-proto v0.7.0
[INFO] [stderr]    Compiling kube-runtime v3.1.0
[INFO] [stderr]    Compiling kube v3.1.0
[INFO] [stderr]    Compiling bollard-stubs v1.52.1-rc.29.1.3
[INFO] [stderr]    Compiling bollard v0.20.2
[INFO] [stderr]    Compiling testcontainers v0.27.3
[INFO] [stderr]    Compiling wfe-core v1.11.4
[INFO] [stderr]    Compiling wfe-kubernetes v1.11.4 (/opt/rustwide/workdir)
[INFO] [stdout] warning: unused import: `SharedVolume`
[INFO] [stdout]    --> tests/integration.rs:836:27
[INFO] [stdout]     |
[INFO] [stdout] 836 |         ExecutionPointer, SharedVolume, WorkflowDefinition, WorkflowInstance, WorkflowStep,
[INFO] [stdout]     |                           ^^^^^^^^^^^^
[INFO] [stdout]     |
[INFO] [stdout]     = note: `#[warn(unused_imports)]` (part of `#[warn(unused)]`) on by default
[INFO] [stdout] 
[INFO] [stdout] 
[INFO] [stdout] warning: variable does not need to be mutable
[INFO] [stdout]     --> tests/integration.rs:1145:9
[INFO] [stdout]      |
[INFO] [stdout] 1145 |     let mut step_cfg = step_config("alpine:3.18", "echo 'hello from fallback ns'");
[INFO] [stdout]      |         ----^^^^^^^^
[INFO] [stdout]      |         |
[INFO] [stdout]      |         help: remove this `mut`
[INFO] [stdout]      |
[INFO] [stdout]      = note: `#[warn(unused_mut)]` (part of `#[warn(unused)]`) on by default
[INFO] [stdout] 
[INFO] [stdout] 
[INFO] [stderr]     Finished `release` profile [optimized] target(s) in 4m 31s
[INFO] running `Command { std: "docker" "inspect" "8fae747e1d4d38d86f1052f56b8112feda6660a5de74156cd19dbd4e5764c420", kill_on_drop: false }`
[INFO] running `Command { std: "docker" "exec" "-e" "SOURCE_DIR=/opt/rustwide/workdir" "-e" "CARGO_HOME=/opt/rustwide/cargo-home" "-e" "RUSTUP_HOME=/opt/rustwide/rustup-home" "-e" "CARGO_TARGET_DIR=/opt/rustwide/target" "-e" "CARGO_INCREMENTAL=0" "-e" "RUST_BACKTRACE=full" "-e" "RUSTFLAGS=--cap-lints=warn" "-e" "RUSTDOCFLAGS=--cap-lints=warn" "-w" "/opt/rustwide/workdir" "--user" "0:0" "8fae747e1d4d38d86f1052f56b8112feda6660a5de74156cd19dbd4e5764c420" "/opt/rustwide/cargo-home/bin/cargo" "+1.100.0-beta.1" "test" "--frozen" "--release", kill_on_drop: false }`
[INFO] [stderr] warning: `package.homepage` is redundant with `package.repository`
[INFO] [stderr]   --> Cargo.toml:80:12
[INFO] [stderr]    |
[INFO] [stderr] 80 | homepage = "https://github.com/sunbeamdotpt/wfe"
[INFO] [stderr]    |            ^^^^^^^^^^^^^^^^^^^^^^^^^^^^^^^^^^^^^
[INFO] [stderr] ...
[INFO] [stderr] 84 | repository = "https://github.com/sunbeamdotpt/wfe"
[INFO] [stderr]    |              -------------------------------------
[INFO] [stderr]    |
[INFO] [stderr]    = note: `cargo::redundant_homepage` is set to `warn` by default
[INFO] [stderr] help: consider removing `package.homepage`
[INFO] [stderr] warning: `wfe-kubernetes` (manifest) generated 1 warning
[INFO] [stderr] warning: unused import: `SharedVolume`
[INFO] [stderr]    --> tests/integration.rs:836:27
[INFO] [stderr]     |
[INFO] [stderr] 836 |         ExecutionPointer, SharedVolume, WorkflowDefinition, WorkflowInstance, WorkflowStep,
[INFO] [stderr]     |                           ^^^^^^^^^^^^
[INFO] [stderr]     |
[INFO] [stderr]     = note: `#[warn(unused_imports)]` (part of `#[warn(unused)]`) on by default
[INFO] [stderr] 
[INFO] [stderr] warning: variable does not need to be mutable
[INFO] [stderr]     --> tests/integration.rs:1145:9
[INFO] [stderr]      |
[INFO] [stderr] 1145 |     let mut step_cfg = step_config("alpine:3.18", "echo 'hello from fallback ns'");
[INFO] [stderr]      |         ----^^^^^^^^
[INFO] [stderr]      |         |
[INFO] [stderr]      |         help: remove this `mut`
[INFO] [stderr]      |
[INFO] [stderr]      = note: `#[warn(unused_mut)]` (part of `#[warn(unused)]`) on by default
[INFO] [stderr] 
[INFO] [stderr] warning: `wfe-kubernetes` (test "integration") generated 2 warnings (run `cargo fix --test "integration" -p wfe-kubernetes` to apply 2 suggestions)
[INFO] [stderr]     Finished `release` profile [optimized] target(s) in 0.28s
[INFO] [stderr]      Running unittests src/lib.rs (/opt/rustwide/target/release/build/wfe-kubernetes/1d456652cb4251d1/out/wfe_kubernetes-1d456652cb4251d1)
[INFO] [stdout] 
[INFO] [stdout] running 58 tests
[INFO] [stdout] test config::tests::step_config_full_serde_round_trip ... ok
[INFO] [stdout] test client::tests::create_client_with_bad_kubeconfig_path ... ok
[INFO] [stdout] test config::tests::cluster_config_defaults ... ok
[INFO] [stdout] test manifests::tests::build_job_merges_env_vars ... ok
[INFO] [stdout] test config::tests::step_config_minimal ... ok
[INFO] [stdout] test manifests::tests::build_job_minimal ... ok
[INFO] [stdout] test config::tests::cluster_config_serde_round_trip ... ok
[INFO] [stdout] test manifests::tests::build_job_with_explicit_command ... ok
[INFO] [stdout] test manifests::tests::build_job_labels ... ok
[INFO] [stdout] test manifests::tests::build_job_with_resources ... ok
[INFO] [stdout] test manifests::tests::build_job_with_cluster_config ... ok
[INFO] [stdout] test manifests::tests::sanitize_name_uppercase ... ok
[INFO] [stdout] test manifests::tests::sanitize_name_basic ... ok
[INFO] [stdout] test manifests::tests::sanitize_name_special_chars ... ok
[INFO] [stdout] test manifests::tests::build_job_with_run_command ... ok
[INFO] [stdout] test manifests::tests::env_vars_sorted_by_name ... ok
[INFO] [stdout] test namespace::tests::namespace_name_empty_id ... ok
[INFO] [stdout] test namespace::tests::namespace_name_lowercases ... ok
[INFO] [stdout] test namespace::tests::namespace_name_trims_trailing_hyphens ... ok
[INFO] [stdout] test manifests::tests::sanitize_name_trims_trailing_hyphens ... ok
[INFO] [stdout] test manifests::tests::sanitize_name_truncates ... ok
[INFO] [stdout] test namespace::tests::namespace_name_truncates_to_63 ... ok
[INFO] [stdout] test output::tests::build_output_data_empty ... ok
[INFO] [stdout] test namespace::tests::namespace_name_sanitizes_special_chars ... ok
[INFO] [stdout] test namespace::tests::namespace_name_simple ... ok
[INFO] [stdout] test output::tests::parse_empty_stdout ... ok
[INFO] [stdout] test output::tests::build_output_data_with_parsed ... ok
[INFO] [stdout] test output::tests::parse_multiple_outputs ... ok
[INFO] [stdout] test output::tests::parse_single_output ... ok
[INFO] [stdout] test output::tests::parse_value_with_equals ... ok
[INFO] [stdout] test pvc::tests::shared_volume_pvc_name_is_stable ... ok
[INFO] [stdout] test service_manifests::tests::build_k8s_service_basic ... ok
[INFO] [stdout] test output::tests::parse_empty_value ... ok
[INFO] [stdout] test service_manifests::tests::build_pod_basic ... ok
[INFO] [stdout] test output::tests::parse_no_output_markers ... ok
[INFO] [stdout] test service_manifests::tests::build_k8s_service_multiple_ports ... ok
[INFO] [stdout] test output::tests::parse_whitespace_in_key ... ok
[INFO] [stdout] test service_manifests::tests::build_pod_labels ... ok
[INFO] [stdout] test output::tests::build_output_data_json_value ... ok
[INFO] [stdout] test output::tests::parse_duplicate_key_last_wins ... ok
[INFO] [stdout] test service_manifests::tests::build_pod_with_resources ... ok
[INFO] [stdout] test service_manifests::tests::build_pod_with_command ... ok
[INFO] [stdout] test step::tests::extract_workflow_env_from_non_object ... ok
[INFO] [stdout] test step::tests::extract_workflow_env_from_object ... ok
[INFO] [stdout] test step::tests::extract_workflow_env_null ... ok
[INFO] [stdout] test step::tests::copy_artifacts_into_pod_empty_inputs_dir_returns_ok ... ok
[INFO] [stdout] test step::tests::get_pod_exit_code_with_missing_pod_returns_minus_one ... FAILED
[INFO] [stdout] test step::tests::lazy_constructor_sets_client_to_none ... ok
[INFO] [stdout] test config::tests::step_config_with_command ... ok
[INFO] [stdout] test step::tests::extract_workflow_env_nested_object ... ok
[INFO] [stdout] test output::tests::parse_ignores_malformed ... ok
[INFO] [stdout] test step::tests::mount_artifacts_with_none_volume_returns_ok ... FAILED
[INFO] [stdout] test step::tests::mount_artifacts_extracts_volume_to_temp_dir ... FAILED
[INFO] [stdout] test step::tests::mount_artifacts_with_empty_volume_returns_ok ... FAILED
[INFO] [stdout] test step::tests::mount_artifacts_with_invalid_bytes_fails ... FAILED
[INFO] [stdout] test step::tests::unmount_artifacts_without_mount_dir_is_noop ... FAILED
[INFO] [stdout] test step::tests::copy_artifacts_into_pod_mkdir_fails_with_bad_kubeconfig ... ok
[INFO] [stdout] test step::tests::copy_artifacts_into_pod_cp_fails_when_kubectl_returns_error ... ok
[INFO] [stderr] error: test failed, to rerun pass `--lib`
[INFO] [stdout] 
[INFO] [stdout] failures:
[INFO] [stdout] 
[INFO] [stdout] ---- step::tests::get_pod_exit_code_with_missing_pod_returns_minus_one stdout ----
[INFO] [stdout] 
[INFO] [stdout] thread 'step::tests::get_pod_exit_code_with_missing_pod_returns_minus_one' (5186) panicked at src/step.rs:1056:50:
[INFO] [stdout] called `Result::unwrap()` on an `Err` value: InferConfig(InferConfigError { in_cluster: ReadEnvironmentVariable(NotPresent), kubeconfig: ReadConfig(Os { code: 2, kind: NotFound, message: "No such file or directory" }, "/root/.kube/config") })
[INFO] [stdout] stack backtrace:
[INFO] [stdout]    0:     0x5b84c72b6fd1 - <<std[617be2ca0a6fd877]::sys::backtrace::BacktraceLock>::print::DisplayBacktrace as core[a373ad73a504971]::fmt::Display>::fmt
[INFO] [stdout]    1:     0x5b84c72d1eda - core[a373ad73a504971]::fmt::write
[INFO] [stdout]    2:     0x5b84c72bd4ec - <alloc[2e1b2a31b91974c5]::vec::Vec<u8> as core[a373ad73a504971]::io::write::Write>::write_fmt
[INFO] [stdout]    3:     0x5b84c728eeb6 - std[617be2ca0a6fd877]::panicking::default_hook::{closure#0}
[INFO] [stdout]    4:     0x5b84c72ad609 - std[617be2ca0a6fd877]::panicking::default_hook
[INFO] [stdout]    5:     0x5b84c6ec2cb0 - test[aada8e7e76ba119b]::test_main_inner::{closure#0}
[INFO] [stdout]    6:     0x5b84c72ad932 - std[617be2ca0a6fd877]::panicking::panic_with_hook
[INFO] [stdout]    7:     0x5b84c728ef62 - std[617be2ca0a6fd877]::panicking::panic_handler::{closure#0}
[INFO] [stdout]    8:     0x5b84c72875e9 - std[617be2ca0a6fd877]::sys::backtrace::__rust_end_short_backtrace::<std[617be2ca0a6fd877]::panicking::panic_handler::{closure#0}, !>
[INFO] [stdout]    9:     0x5b84c729009d - __rustc[ea4f61d10b84890b]::rust_begin_unwind
[INFO] [stdout]   10:     0x5b84c72d26bc - core[a373ad73a504971]::panicking::panic_fmt
[INFO] [stdout]   11:     0x5b84c72d2492 - core[a373ad73a504971]::result::unwrap_failed
[INFO] [stdout]   12:     0x5b84c6e3b5af - wfe_kubernetes[ea8d5bccb9edaa4c]::step::tests::get_pod_exit_code_with_missing_pod_returns_minus_one::{closure#0}
[INFO] [stdout]   13:     0x5b84c6ea276a - <tokio[9551704a4544d64f]::runtime::context::scoped::Scoped<tokio[9551704a4544d64f]::runtime::scheduler::Context>>::set::<<tokio[9551704a4544d64f]::runtime::scheduler::current_thread::CoreGuard>::enter<<tokio[9551704a4544d64f]::runtime::scheduler::current_thread::CoreGuard>::block_on<core[a373ad73a504971]::pin::Pin<&mut core[a373ad73a504971]::pin::Pin<&mut dyn core[a373ad73a504971]::future::future::Future<Output = ()>>>>::{closure#0}, core[a373ad73a504971]::option::Option<()>>::{closure#0}, (alloc[2e1b2a31b91974c5]::boxed::Box<tokio[9551704a4544d64f]::runtime::scheduler::current_thread::Core>, core[a373ad73a504971]::option::Option<()>)>
[INFO] [stdout]   14:     0x5b84c6ea37ad - <tokio[9551704a4544d64f]::runtime::scheduler::current_thread::CoreGuard>::block_on::<core[a373ad73a504971]::pin::Pin<&mut core[a373ad73a504971]::pin::Pin<&mut dyn core[a373ad73a504971]::future::future::Future<Output = ()>>>>
[INFO] [stdout]   15:     0x5b84c6e44506 - tokio[9551704a4544d64f]::runtime::context::runtime::enter_runtime::<<tokio[9551704a4544d64f]::runtime::scheduler::current_thread::CurrentThread>::block_on<core[a373ad73a504971]::pin::Pin<&mut dyn core[a373ad73a504971]::future::future::Future<Output = ()>>>::{closure#0}, ()>
[INFO] [stdout]   16:     0x5b84c6e3f2b6 - <tokio[9551704a4544d64f]::runtime::runtime::Runtime>::block_on::<core[a373ad73a504971]::pin::Pin<&mut dyn core[a373ad73a504971]::future::future::Future<Output = ()>>>
[INFO] [stdout]   17:     0x5b84c6e3e18e - <wfe_kubernetes[ea8d5bccb9edaa4c]::step::tests::get_pod_exit_code_with_missing_pod_returns_minus_one::{closure#0} as core[a373ad73a504971]::ops::function::FnOnce<()>>::call_once
[INFO] [stdout]   18:     0x5b84c6eb60fb - test[aada8e7e76ba119b]::__rust_begin_short_backtrace::<core[a373ad73a504971]::result::Result<(), alloc[2e1b2a31b91974c5]::string::String>, fn() -> core[a373ad73a504971]::result::Result<(), alloc[2e1b2a31b91974c5]::string::String>>
[INFO] [stdout]   19:     0x5b84c6ec32d5 - test[aada8e7e76ba119b]::run_test::{closure#0}
[INFO] [stdout]   20:     0x5b84c6ebcbc4 - std[617be2ca0a6fd877]::sys::backtrace::__rust_begin_short_backtrace::<test[aada8e7e76ba119b]::run_test::{closure#1}, ()>
[INFO] [stdout]   21:     0x5b84c6ec6362 - <std[617be2ca0a6fd877]::thread::lifecycle::spawn_unchecked<test[aada8e7e76ba119b]::run_test::{closure#1}, ()>::{closure#1} as core[a373ad73a504971]::ops::function::FnOnce<()>>::call_once::{shim:vtable#0}
[INFO] [stdout]   22:     0x5b84c72b5baf - <std[617be2ca0a6fd877]::sys::thread::unix::Thread>::new::thread_start
[INFO] [stdout]   23:     0x7313976d0dfa - <unknown>
[INFO] [stdout]   24:     0x7313977643d4 - clone
[INFO] [stdout]   25:                0x0 - <unknown>
[INFO] [stdout] 
[INFO] [stdout] ---- step::tests::mount_artifacts_with_none_volume_returns_ok stdout ----
[INFO] [stdout] 
[INFO] [stdout] thread 'step::tests::mount_artifacts_with_none_volume_returns_ok' (5194) panicked at src/step.rs:755:41:
[INFO] [stdout] called `Result::unwrap()` on an `Err` value: InferConfig(InferConfigError { in_cluster: ReadEnvironmentVariable(NotPresent), kubeconfig: ReadConfig(Os { code: 2, kind: NotFound, message: "No such file or directory" }, "/root/.kube/config") })
[INFO] [stdout] stack backtrace:
[INFO] [stdout]    0:     0x5b84c72b6fd1 - <<std[617be2ca0a6fd877]::sys::backtrace::BacktraceLock>::print::DisplayBacktrace as core[a373ad73a504971]::fmt::Display>::fmt
[INFO] [stdout]    1:     0x5b84c72d1eda - core[a373ad73a504971]::fmt::write
[INFO] [stdout]    2:     0x5b84c72bd4ec - <alloc[2e1b2a31b91974c5]::vec::Vec<u8> as core[a373ad73a504971]::io::write::Write>::write_fmt
[INFO] [stdout]    3:     0x5b84c728eeb6 - std[617be2ca0a6fd877]::panicking::default_hook::{closure#0}
[INFO] [stdout]    4:     0x5b84c72ad609 - std[617be2ca0a6fd877]::panicking::default_hook
[INFO] [stdout]    5:     0x5b84c6ec2cb0 - test[aada8e7e76ba119b]::test_main_inner::{closure#0}
[INFO] [stdout]    6:     0x5b84c72ad932 - std[617be2ca0a6fd877]::panicking::panic_with_hook
[INFO] [stdout]    7:     0x5b84c728ef62 - std[617be2ca0a6fd877]::panicking::panic_handler::{closure#0}
[INFO] [stdout]    8:     0x5b84c72875e9 - std[617be2ca0a6fd877]::sys::backtrace::__rust_end_short_backtrace::<std[617be2ca0a6fd877]::panicking::panic_handler::{closure#0}, !>
[INFO] [stdout]    9:     0x5b84c729009d - __rustc[ea4f61d10b84890b]::rust_begin_unwind
[INFO] [stdout]   10:     0x5b84c72d26bc - core[a373ad73a504971]::panicking::panic_fmt
[INFO] [stdout]   11:     0x5b84c72d2492 - core[a373ad73a504971]::result::unwrap_failed
[INFO] [stdout]   12:     0x5b84c6e3991e - wfe_kubernetes[ea8d5bccb9edaa4c]::step::tests::mount_artifacts_with_none_volume_returns_ok::{closure#0}
[INFO] [stdout]   13:     0x5b84c6ea276a - <tokio[9551704a4544d64f]::runtime::context::scoped::Scoped<tokio[9551704a4544d64f]::runtime::scheduler::Context>>::set::<<tokio[9551704a4544d64f]::runtime::scheduler::current_thread::CoreGuard>::enter<<tokio[9551704a4544d64f]::runtime::scheduler::current_thread::CoreGuard>::block_on<core[a373ad73a504971]::pin::Pin<&mut core[a373ad73a504971]::pin::Pin<&mut dyn core[a373ad73a504971]::future::future::Future<Output = ()>>>>::{closure#0}, core[a373ad73a504971]::option::Option<()>>::{closure#0}, (alloc[2e1b2a31b91974c5]::boxed::Box<tokio[9551704a4544d64f]::runtime::scheduler::current_thread::Core>, core[a373ad73a504971]::option::Option<()>)>
[INFO] [stdout]   14:     0x5b84c6ea37ad - <tokio[9551704a4544d64f]::runtime::scheduler::current_thread::CoreGuard>::block_on::<core[a373ad73a504971]::pin::Pin<&mut core[a373ad73a504971]::pin::Pin<&mut dyn core[a373ad73a504971]::future::future::Future<Output = ()>>>>
[INFO] [stdout]   15:     0x5b84c6e44506 - tokio[9551704a4544d64f]::runtime::context::runtime::enter_runtime::<<tokio[9551704a4544d64f]::runtime::scheduler::current_thread::CurrentThread>::block_on<core[a373ad73a504971]::pin::Pin<&mut dyn core[a373ad73a504971]::future::future::Future<Output = ()>>>::{closure#0}, ()>
[INFO] [stdout]   16:     0x5b84c6e3f2b6 - <tokio[9551704a4544d64f]::runtime::runtime::Runtime>::block_on::<core[a373ad73a504971]::pin::Pin<&mut dyn core[a373ad73a504971]::future::future::Future<Output = ()>>>
[INFO] [stdout]   17:     0x5b84c6e3dc7e - <wfe_kubernetes[ea8d5bccb9edaa4c]::step::tests::mount_artifacts_with_none_volume_returns_ok::{closure#0} as core[a373ad73a504971]::ops::function::FnOnce<()>>::call_once
[INFO] [stdout]   18:     0x5b84c6eb60fb - test[aada8e7e76ba119b]::__rust_begin_short_backtrace::<core[a373ad73a504971]::result::Result<(), alloc[2e1b2a31b91974c5]::string::String>, fn() -> core[a373ad73a504971]::result::Result<(), alloc[2e1b2a31b91974c5]::string::String>>
[INFO] [stdout]   19:     0x5b84c6ec32d5 - test[aada8e7e76ba119b]::run_test::{closure#0}
[INFO] [stdout]   20:     0x5b84c6ebcbc4 - std[617be2ca0a6fd877]::sys::backtrace::__rust_begin_short_backtrace::<test[aada8e7e76ba119b]::run_test::{closure#1}, ()>
[INFO] [stdout]   21:     0x5b84c6ec6362 - <std[617be2ca0a6fd877]::thread::lifecycle::spawn_unchecked<test[aada8e7e76ba119b]::run_test::{closure#1}, ()>::{closure#1} as core[a373ad73a504971]::ops::function::FnOnce<()>>::call_once::{shim:vtable#0}
[INFO] [stdout]   22:     0x5b84c72b5baf - <std[617be2ca0a6fd877]::sys::thread::unix::Thread>::new::thread_start
[INFO] [stdout]   23:     0x7313976d0dfa - <unknown>
[INFO] [stdout]   24:     0x7313977643d4 - clone
[INFO] [stdout]   25:                0x0 - <unknown>
[INFO] [stdout] 
[INFO] [stdout] ---- step::tests::mount_artifacts_extracts_volume_to_temp_dir stdout ----
[INFO] [stdout] 
[INFO] [stdout] thread 'step::tests::mount_artifacts_extracts_volume_to_temp_dir' (5191) panicked at src/step.rs:828:41:
[INFO] [stdout] called `Result::unwrap()` on an `Err` value: InferConfig(InferConfigError { in_cluster: ReadEnvironmentVariable(NotPresent), kubeconfig: ReadConfig(Os { code: 2, kind: NotFound, message: "No such file or directory" }, "/root/.kube/config") })
[INFO] [stdout] stack backtrace:
[INFO] [stdout]    0:     0x5b84c72b6fd1 - <<std[617be2ca0a6fd877]::sys::backtrace::BacktraceLock>::print::DisplayBacktrace as core[a373ad73a504971]::fmt::Display>::fmt
[INFO] [stdout]    1:     0x5b84c72d1eda - core[a373ad73a504971]::fmt::write
[INFO] [stdout]    2:     0x5b84c72bd4ec - <alloc[2e1b2a31b91974c5]::vec::Vec<u8> as core[a373ad73a504971]::io::write::Write>::write_fmt
[INFO] [stdout]    3:     0x5b84c728eeb6 - std[617be2ca0a6fd877]::panicking::default_hook::{closure#0}
[INFO] [stdout]    4:     0x5b84c72ad609 - std[617be2ca0a6fd877]::panicking::default_hook
[INFO] [stdout]    5:     0x5b84c6ec2cb0 - test[aada8e7e76ba119b]::test_main_inner::{closure#0}
[INFO] [stdout]    6:     0x5b84c72ad932 - std[617be2ca0a6fd877]::panicking::panic_with_hook
[INFO] [stdout]    7:     0x5b84c728ef62 - std[617be2ca0a6fd877]::panicking::panic_handler::{closure#0}
[INFO] [stdout]    8:     0x5b84c72875e9 - std[617be2ca0a6fd877]::sys::backtrace::__rust_end_short_backtrace::<std[617be2ca0a6fd877]::panicking::panic_handler::{closure#0}, !>
[INFO] [stdout]    9:     0x5b84c729009d - __rustc[ea4f61d10b84890b]::rust_begin_unwind
[INFO] [stdout]   10:     0x5b84c72d26bc - core[a373ad73a504971]::panicking::panic_fmt
[INFO] [stdout]   11:     0x5b84c72d2492 - core[a373ad73a504971]::result::unwrap_failed
[INFO] [stdout]   12:     0x5b84c6e38934 - wfe_kubernetes[ea8d5bccb9edaa4c]::step::tests::mount_artifacts_extracts_volume_to_temp_dir::{closure#0}
[INFO] [stdout]   13:     0x5b84c6ea276a - <tokio[9551704a4544d64f]::runtime::context::scoped::Scoped<tokio[9551704a4544d64f]::runtime::scheduler::Context>>::set::<<tokio[9551704a4544d64f]::runtime::scheduler::current_thread::CoreGuard>::enter<<tokio[9551704a4544d64f]::runtime::scheduler::current_thread::CoreGuard>::block_on<core[a373ad73a504971]::pin::Pin<&mut core[a373ad73a504971]::pin::Pin<&mut dyn core[a373ad73a504971]::future::future::Future<Output = ()>>>>::{closure#0}, core[a373ad73a504971]::option::Option<()>>::{closure#0}, (alloc[2e1b2a31b91974c5]::boxed::Box<tokio[9551704a4544d64f]::runtime::scheduler::current_thread::Core>, core[a373ad73a504971]::option::Option<()>)>
[INFO] [stdout]   14:     0x5b84c6ea37ad - <tokio[9551704a4544d64f]::runtime::scheduler::current_thread::CoreGuard>::block_on::<core[a373ad73a504971]::pin::Pin<&mut core[a373ad73a504971]::pin::Pin<&mut dyn core[a373ad73a504971]::future::future::Future<Output = ()>>>>
[INFO] [stdout]   15:     0x5b84c6e44506 - tokio[9551704a4544d64f]::runtime::context::runtime::enter_runtime::<<tokio[9551704a4544d64f]::runtime::scheduler::current_thread::CurrentThread>::block_on<core[a373ad73a504971]::pin::Pin<&mut dyn core[a373ad73a504971]::future::future::Future<Output = ()>>>::{closure#0}, ()>
[INFO] [stdout]   16:     0x5b84c6e3f2b6 - <tokio[9551704a4544d64f]::runtime::runtime::Runtime>::block_on::<core[a373ad73a504971]::pin::Pin<&mut dyn core[a373ad73a504971]::future::future::Future<Output = ()>>>
[INFO] [stdout]   17:     0x5b84c6e3db1e - <wfe_kubernetes[ea8d5bccb9edaa4c]::step::tests::mount_artifacts_extracts_volume_to_temp_dir::{closure#0} as core[a373ad73a504971]::ops::function::FnOnce<()>>::call_once
[INFO] [stdout]   18:     0x5b84c6eb60fb - test[aada8e7e76ba119b]::__rust_begin_short_backtrace::<core[a373ad73a504971]::result::Result<(), alloc[2e1b2a31b91974c5]::string::String>, fn() -> core[a373ad73a504971]::result::Result<(), alloc[2e1b2a31b91974c5]::string::String>>
[INFO] [stdout]   19:     0x5b84c6ec32d5 - test[aada8e7e76ba119b]::run_test::{closure#0}
[INFO] [stdout]   20:     0x5b84c6ebcbc4 - std[617be2ca0a6fd877]::sys::backtrace::__rust_begin_short_backtrace::<test[aada8e7e76ba119b]::run_test::{closure#1}, ()>
[INFO] [stdout]   21:     0x5b84c6ec6362 - <std[617be2ca0a6fd877]::thread::lifecycle::spawn_unchecked<test[aada8e7e76ba119b]::run_test::{closure#1}, ()>::{closure#1} as core[a373ad73a504971]::ops::function::FnOnce<()>>::call_once::{shim:vtable#0}
[INFO] [stdout]   22:     0x5b84c72b5baf - <std[617be2ca0a6fd877]::sys::thread::unix::Thread>::new::thread_start
[INFO] [stdout]   23:     0x7313976d0dfa - <unknown>
[INFO] [stdout]   24:     0x7313977643d4 - clone
[INFO] [stdout]   25:                0x0 - <unknown>
[INFO] [stdout] 
[INFO] [stdout] ---- step::tests::mount_artifacts_with_empty_volume_returns_ok stdout ----
[INFO] [stdout] 
[INFO] [stdout] thread 'step::tests::mount_artifacts_with_empty_volume_returns_ok' (5192) panicked at src/step.rs:791:41:
[INFO] [stdout] called `Result::unwrap()` on an `Err` value: InferConfig(InferConfigError { in_cluster: ReadEnvironmentVariable(NotPresent), kubeconfig: ReadConfig(Os { code: 2, kind: NotFound, message: "No such file or directory" }, "/root/.kube/config") })
[INFO] [stdout] stack backtrace:
[INFO] [stdout]    0:     0x5b84c72b6fd1 - <<std[617be2ca0a6fd877]::sys::backtrace::BacktraceLock>::print::DisplayBacktrace as core[a373ad73a504971]::fmt::Display>::fmt
[INFO] [stdout]    1:     0x5b84c72d1eda - core[a373ad73a504971]::fmt::write
[INFO] [stdout]    2:     0x5b84c72bd4ec - <alloc[2e1b2a31b91974c5]::vec::Vec<u8> as core[a373ad73a504971]::io::write::Write>::write_fmt
[INFO] [stdout]    3:     0x5b84c728eeb6 - std[617be2ca0a6fd877]::panicking::default_hook::{closure#0}
[INFO] [stdout]    4:     0x5b84c72ad609 - std[617be2ca0a6fd877]::panicking::default_hook
[INFO] [stdout]    5:     0x5b84c6ec2cb0 - test[aada8e7e76ba119b]::test_main_inner::{closure#0}
[INFO] [stdout]    6:     0x5b84c72ad932 - std[617be2ca0a6fd877]::panicking::panic_with_hook
[INFO] [stdout]    7:     0x5b84c728ef62 - std[617be2ca0a6fd877]::panicking::panic_handler::{closure#0}
[INFO] [stdout]    8:     0x5b84c72875e9 - std[617be2ca0a6fd877]::sys::backtrace::__rust_end_short_backtrace::<std[617be2ca0a6fd877]::panicking::panic_handler::{closure#0}, !>
[INFO] [stdout]    9:     0x5b84c729009d - __rustc[ea4f61d10b84890b]::rust_begin_unwind
[INFO] [stdout]   10:     0x5b84c72d26bc - core[a373ad73a504971]::panicking::panic_fmt
[INFO] [stdout]   11:     0x5b84c72d2492 - core[a373ad73a504971]::result::unwrap_failed
[INFO] [stdout]   12:     0x5b84c6e3afec - wfe_kubernetes[ea8d5bccb9edaa4c]::step::tests::mount_artifacts_with_empty_volume_returns_ok::{closure#0}
[INFO] [stdout]   13:     0x5b84c6ea276a - <tokio[9551704a4544d64f]::runtime::context::scoped::Scoped<tokio[9551704a4544d64f]::runtime::scheduler::Context>>::set::<<tokio[9551704a4544d64f]::runtime::scheduler::current_thread::CoreGuard>::enter<<tokio[9551704a4544d64f]::runtime::scheduler::current_thread::CoreGuard>::block_on<core[a373ad73a504971]::pin::Pin<&mut core[a373ad73a504971]::pin::Pin<&mut dyn core[a373ad73a504971]::future::future::Future<Output = ()>>>>::{closure#0}, core[a373ad73a504971]::option::Option<()>>::{closure#0}, (alloc[2e1b2a31b91974c5]::boxed::Box<tokio[9551704a4544d64f]::runtime::scheduler::current_thread::Core>, core[a373ad73a504971]::option::Option<()>)>
[INFO] [stdout]   14:     0x5b84c6ea37ad - <tokio[9551704a4544d64f]::runtime::scheduler::current_thread::CoreGuard>::block_on::<core[a373ad73a504971]::pin::Pin<&mut core[a373ad73a504971]::pin::Pin<&mut dyn core[a373ad73a504971]::future::future::Future<Output = ()>>>>
[INFO] [stdout]   15:     0x5b84c6e44506 - tokio[9551704a4544d64f]::runtime::context::runtime::enter_runtime::<<tokio[9551704a4544d64f]::runtime::scheduler::current_thread::CurrentThread>::block_on<core[a373ad73a504971]::pin::Pin<&mut dyn core[a373ad73a504971]::future::future::Future<Output = ()>>>::{closure#0}, ()>
[INFO] [stdout]   16:     0x5b84c6e3f2b6 - <tokio[9551704a4544d64f]::runtime::runtime::Runtime>::block_on::<core[a373ad73a504971]::pin::Pin<&mut dyn core[a373ad73a504971]::future::future::Future<Output = ()>>>
[INFO] [stdout]   17:     0x5b84c6e3df3e - <wfe_kubernetes[ea8d5bccb9edaa4c]::step::tests::mount_artifacts_with_empty_volume_returns_ok::{closure#0} as core[a373ad73a504971]::ops::function::FnOnce<()>>::call_once
[INFO] [stdout]   18:     0x5b84c6eb60fb - test[aada8e7e76ba119b]::__rust_begin_short_backtrace::<core[a373ad73a504971]::result::Result<(), alloc[2e1b2a31b91974c5]::string::String>, fn() -> core[a373ad73a504971]::result::Result<(), alloc[2e1b2a31b91974c5]::string::String>>
[INFO] [stdout]   19:     0x5b84c6ec32d5 - test[aada8e7e76ba119b]::run_test::{closure#0}
[INFO] [stdout]   20:     0x5b84c6ebcbc4 - std[617be2ca0a6fd877]::sys::backtrace::__rust_begin_short_backtrace::<test[aada8e7e76ba119b]::run_test::{closure#1}, ()>
[INFO] [stdout]   21:     0x5b84c6ec6362 - <std[617be2ca0a6fd877]::thread::lifecycle::spawn_unchecked<test[aada8e7e76ba119b]::run_test::{closure#1}, ()>::{closure#1} as core[a373ad73a504971]::ops::function::FnOnce<()>>::call_once::{shim:vtable#0}
[INFO] [stdout]   22:     0x5b84c72b5baf - <std[617be2ca0a6fd877]::sys::thread::unix::Thread>::new::thread_start
[INFO] [stdout]   23:     0x7313976d0dfa - <unknown>
[INFO] [stdout]   24:     0x7313977643d4 - clone
[INFO] [stdout]   25:                0x0 - <unknown>
[INFO] [stdout] 
[INFO] [stdout] ---- step::tests::mount_artifacts_with_invalid_bytes_fails stdout ----
[INFO] [stdout] 
[INFO] [stdout] thread 'step::tests::mount_artifacts_with_invalid_bytes_fails' (5193) panicked at src/step.rs:1021:41:
[INFO] [stdout] called `Result::unwrap()` on an `Err` value: InferConfig(InferConfigError { in_cluster: ReadEnvironmentVariable(NotPresent), kubeconfig: ReadConfig(Os { code: 2, kind: NotFound, message: "No such file or directory" }, "/root/.kube/config") })
[INFO] [stdout] stack backtrace:
[INFO] [stdout]    0:     0x5b84c72b6fd1 - <<std[617be2ca0a6fd877]::sys::backtrace::BacktraceLock>::print::DisplayBacktrace as core[a373ad73a504971]::fmt::Display>::fmt
[INFO] [stdout]    1:     0x5b84c72d1eda - core[a373ad73a504971]::fmt::write
[INFO] [stdout]    2:     0x5b84c72bd4ec - <alloc[2e1b2a31b91974c5]::vec::Vec<u8> as core[a373ad73a504971]::io::write::Write>::write_fmt
[INFO] [stdout]    3:     0x5b84c728eeb6 - std[617be2ca0a6fd877]::panicking::default_hook::{closure#0}
[INFO] [stdout]    4:     0x5b84c72ad609 - std[617be2ca0a6fd877]::panicking::default_hook
[INFO] [stdout]    5:     0x5b84c6ec2cb0 - test[aada8e7e76ba119b]::test_main_inner::{closure#0}
[INFO] [stdout]    6:     0x5b84c72ad932 - std[617be2ca0a6fd877]::panicking::panic_with_hook
[INFO] [stdout]    7:     0x5b84c728ef62 - std[617be2ca0a6fd877]::panicking::panic_handler::{closure#0}
[INFO] [stdout]    8:     0x5b84c72875e9 - std[617be2ca0a6fd877]::sys::backtrace::__rust_end_short_backtrace::<std[617be2ca0a6fd877]::panicking::panic_handler::{closure#0}, !>
[INFO] [stdout]    9:     0x5b84c729009d - __rustc[ea4f61d10b84890b]::rust_begin_unwind
[INFO] [stdout]   10:     0x5b84c72d26bc - core[a373ad73a504971]::panicking::panic_fmt
[INFO] [stdout]   11:     0x5b84c72d2492 - core[a373ad73a504971]::result::unwrap_failed
[INFO] [stdout]   12:     0x5b84c6e3763d - wfe_kubernetes[ea8d5bccb9edaa4c]::step::tests::mount_artifacts_with_invalid_bytes_fails::{closure#0}
[INFO] [stdout]   13:     0x5b84c6ea276a - <tokio[9551704a4544d64f]::runtime::context::scoped::Scoped<tokio[9551704a4544d64f]::runtime::scheduler::Context>>::set::<<tokio[9551704a4544d64f]::runtime::scheduler::current_thread::CoreGuard>::enter<<tokio[9551704a4544d64f]::runtime::scheduler::current_thread::CoreGuard>::block_on<core[a373ad73a504971]::pin::Pin<&mut core[a373ad73a504971]::pin::Pin<&mut dyn core[a373ad73a504971]::future::future::Future<Output = ()>>>>::{closure#0}, core[a373ad73a504971]::option::Option<()>>::{closure#0}, (alloc[2e1b2a31b91974c5]::boxed::Box<tokio[9551704a4544d64f]::runtime::scheduler::current_thread::Core>, core[a373ad73a504971]::option::Option<()>)>
[INFO] [stdout]   14:     0x5b84c6ea37ad - <tokio[9551704a4544d64f]::runtime::scheduler::current_thread::CoreGuard>::block_on::<core[a373ad73a504971]::pin::Pin<&mut core[a373ad73a504971]::pin::Pin<&mut dyn core[a373ad73a504971]::future::future::Future<Output = ()>>>>
[INFO] [stdout]   15:     0x5b84c6e44506 - tokio[9551704a4544d64f]::runtime::context::runtime::enter_runtime::<<tokio[9551704a4544d64f]::runtime::scheduler::current_thread::CurrentThread>::block_on<core[a373ad73a504971]::pin::Pin<&mut dyn core[a373ad73a504971]::future::future::Future<Output = ()>>>::{closure#0}, ()>
[INFO] [stdout]   16:     0x5b84c6e3f2b6 - <tokio[9551704a4544d64f]::runtime::runtime::Runtime>::block_on::<core[a373ad73a504971]::pin::Pin<&mut dyn core[a373ad73a504971]::future::future::Future<Output = ()>>>
[INFO] [stdout]   17:     0x5b84c6e3d9be - <wfe_kubernetes[ea8d5bccb9edaa4c]::step::tests::mount_artifacts_with_invalid_bytes_fails::{closure#0} as core[a373ad73a504971]::ops::function::FnOnce<()>>::call_once
[INFO] [stdout]   18:     0x5b84c6eb60fb - test[aada8e7e76ba119b]::__rust_begin_short_backtrace::<core[a373ad73a504971]::result::Result<(), alloc[2e1b2a31b91974c5]::string::String>, fn() -> core[a373ad73a504971]::result::Result<(), alloc[2e1b2a31b91974c5]::string::String>>
[INFO] [stdout]   19:     0x5b84c6ec32d5 - test[aada8e7e76ba119b]::run_test::{closure#0}
[INFO] [stdout]   20:     0x5b84c6ebcbc4 - std[617be2ca0a6fd877]::sys::backtrace::__rust_begin_short_backtrace::<test[aada8e7e76ba119b]::run_test::{closure#1}, ()>
[INFO] [stdout]   21:     0x5b84c6ec6362 - <std[617be2ca0a6fd877]::thread::lifecycle::spawn_unchecked<test[aada8e7e76ba119b]::run_test::{closure#1}, ()>::{closure#1} as core[a373ad73a504971]::ops::function::FnOnce<()>>::call_once::{shim:vtable#0}
[INFO] [stdout]   22:     0x5b84c72b5baf - <std[617be2ca0a6fd877]::sys::thread::unix::Thread>::new::thread_start
[INFO] [stdout]   23:     0x7313976d0dfa - <unknown>
[INFO] [stdout]   24:     0x7313977643d4 - clone
[INFO] [stdout]   25:                0x0 - <unknown>
[INFO] [stdout] 
[INFO] [stdout] ---- step::tests::unmount_artifacts_without_mount_dir_is_noop stdout ----
[INFO] [stdout] 
[INFO] [stdout] thread 'step::tests::unmount_artifacts_without_mount_dir_is_noop' (5195) panicked at src/step.rs:897:41:
[INFO] [stdout] called `Result::unwrap()` on an `Err` value: InferConfig(InferConfigError { in_cluster: ReadEnvironmentVariable(NotPresent), kubeconfig: ReadConfig(Os { code: 2, kind: NotFound, message: "No such file or directory" }, "/root/.kube/config") })
[INFO] [stdout] stack backtrace:
[INFO] [stdout]    0:     0x5b84c72b6fd1 - <<std[617be2ca0a6fd877]::sys::backtrace::BacktraceLock>::print::DisplayBacktrace as core[a373ad73a504971]::fmt::Display>::fmt
[INFO] [stdout]    1:     0x5b84c72d1eda - core[a373ad73a504971]::fmt::write
[INFO] [stdout]    2:     0x5b84c72bd4ec - <alloc[2e1b2a31b91974c5]::vec::Vec<u8> as core[a373ad73a504971]::io::write::Write>::write_fmt
[INFO] [stdout]    3:     0x5b84c728eeb6 - std[617be2ca0a6fd877]::panicking::default_hook::{closure#0}
[INFO] [stdout]    4:     0x5b84c72ad609 - std[617be2ca0a6fd877]::panicking::default_hook
[INFO] [stdout]    5:     0x5b84c6ec2cb0 - test[aada8e7e76ba119b]::test_main_inner::{closure#0}
[INFO] [stdout]    6:     0x5b84c72ad932 - std[617be2ca0a6fd877]::panicking::panic_with_hook
[INFO] [stdout]    7:     0x5b84c728ef62 - std[617be2ca0a6fd877]::panicking::panic_handler::{closure#0}
[INFO] [stdout]    8:     0x5b84c72875e9 - std[617be2ca0a6fd877]::sys::backtrace::__rust_end_short_backtrace::<std[617be2ca0a6fd877]::panicking::panic_handler::{closure#0}, !>
[INFO] [stdout]    9:     0x5b84c729009d - __rustc[ea4f61d10b84890b]::rust_begin_unwind
[INFO] [stdout]   10:     0x5b84c72d26bc - core[a373ad73a504971]::panicking::panic_fmt
[INFO] [stdout]   11:     0x5b84c72d2492 - core[a373ad73a504971]::result::unwrap_failed
[INFO] [stdout]   12:     0x5b84c6e3a463 - wfe_kubernetes[ea8d5bccb9edaa4c]::step::tests::unmount_artifacts_without_mount_dir_is_noop::{closure#0}
[INFO] [stdout]   13:     0x5b84c6ea276a - <tokio[9551704a4544d64f]::runtime::context::scoped::Scoped<tokio[9551704a4544d64f]::runtime::scheduler::Context>>::set::<<tokio[9551704a4544d64f]::runtime::scheduler::current_thread::CoreGuard>::enter<<tokio[9551704a4544d64f]::runtime::scheduler::current_thread::CoreGuard>::block_on<core[a373ad73a504971]::pin::Pin<&mut core[a373ad73a504971]::pin::Pin<&mut dyn core[a373ad73a504971]::future::future::Future<Output = ()>>>>::{closure#0}, core[a373ad73a504971]::option::Option<()>>::{closure#0}, (alloc[2e1b2a31b91974c5]::boxed::Box<tokio[9551704a4544d64f]::runtime::scheduler::current_thread::Core>, core[a373ad73a504971]::option::Option<()>)>
[INFO] [stdout]   14:     0x5b84c6ea37ad - <tokio[9551704a4544d64f]::runtime::scheduler::current_thread::CoreGuard>::block_on::<core[a373ad73a504971]::pin::Pin<&mut core[a373ad73a504971]::pin::Pin<&mut dyn core[a373ad73a504971]::future::future::Future<Output = ()>>>>
[INFO] [stdout]   15:     0x5b84c6e44506 - tokio[9551704a4544d64f]::runtime::context::runtime::enter_runtime::<<tokio[9551704a4544d64f]::runtime::scheduler::current_thread::CurrentThread>::block_on<core[a373ad73a504971]::pin::Pin<&mut dyn core[a373ad73a504971]::future::future::Future<Output = ()>>>::{closure#0}, ()>
[INFO] [stdout]   16:     0x5b84c6e3f2b6 - <tokio[9551704a4544d64f]::runtime::runtime::Runtime>::block_on::<core[a373ad73a504971]::pin::Pin<&mut dyn core[a373ad73a504971]::future::future::Future<Output = ()>>>
[INFO] [stdout]   17:     0x5b84c6e3ddde - <wfe_kubernetes[ea8d5bccb9edaa4c]::step::tests::unmount_artifacts_without_mount_dir_is_noop::{closure#0} as core[a373ad73a504971]::ops::function::FnOnce<()>>::call_once
[INFO] [stdout]   18:     0x5b84c6eb60fb - test[aada8e7e76ba119b]::__rust_begin_short_backtrace::<core[a373ad73a504971]::result::Result<(), alloc[2e1b2a31b91974c5]::string::String>, fn() -> core[a373ad73a504971]::result::Result<(), alloc[2e1b2a31b91974c5]::string::String>>
[INFO] [stdout]   19:     0x5b84c6ec32d5 - test[aada8e7e76ba119b]::run_test::{closure#0}
[INFO] [stdout]   20:     0x5b84c6ebcbc4 - std[617be2ca0a6fd877]::sys::backtrace::__rust_begin_short_backtrace::<test[aada8e7e76ba119b]::run_test::{closure#1}, ()>
[INFO] [stdout]   21:     0x5b84c6ec6362 - <std[617be2ca0a6fd877]::thread::lifecycle::spawn_unchecked<test[aada8e7e76ba119b]::run_test::{closure#1}, ()>::{closure#1} as core[a373ad73a504971]::ops::function::FnOnce<()>>::call_once::{shim:vtable#0}
[INFO] [stdout]   22:     0x5b84c72b5baf - <std[617be2ca0a6fd877]::sys::thread::unix::Thread>::new::thread_start
[INFO] [stdout]   23:     0x7313976d0dfa - <unknown>
[INFO] [stdout]   24:     0x7313977643d4 - clone
[INFO] [stdout]   25:                0x0 - <unknown>
[INFO] [stdout] 
[INFO] [stdout] 
[INFO] [stdout] failures:
[INFO] [stdout]     step::tests::get_pod_exit_code_with_missing_pod_returns_minus_one
[INFO] [stdout]     step::tests::mount_artifacts_extracts_volume_to_temp_dir
[INFO] [stdout]     step::tests::mount_artifacts_with_empty_volume_returns_ok
[INFO] [stdout]     step::tests::mount_artifacts_with_invalid_bytes_fails
[INFO] [stdout]     step::tests::mount_artifacts_with_none_volume_returns_ok
[INFO] [stdout]     step::tests::unmount_artifacts_without_mount_dir_is_noop
[INFO] [stdout] 
[INFO] [stdout] test result: FAILED. 52 passed; 6 failed; 0 ignored; 0 measured; 0 filtered out; finished in 2.05s
[INFO] [stdout] 
[INFO] running `Command { std: "docker" "inspect" "8fae747e1d4d38d86f1052f56b8112feda6660a5de74156cd19dbd4e5764c420", kill_on_drop: false }`
[INFO] running `Command { std: "docker" "rm" "-f" "8fae747e1d4d38d86f1052f56b8112feda6660a5de74156cd19dbd4e5764c420", kill_on_drop: false }`
[INFO] [stdout] 8fae747e1d4d38d86f1052f56b8112feda6660a5de74156cd19dbd4e5764c420
