[INFO] fetching crate wavio 0.3.0...
[INFO] testing wavio-0.3.0 against 1.100.0-beta.1+cargoflags=--release for beta-release-1.100-2
[INFO] extracting crate wavio 0.3.0 into /workspace/builds/worker-1-tc2/source
[INFO] removed /workspace/builds/worker-1-tc2/source/.cargo/config.toml
[INFO] started tweaking crates.io crate wavio 0.3.0
[INFO] removed 0 missing examples
[INFO] removed 0 missing tests
[INFO] finished tweaking crates.io crate wavio 0.3.0
[INFO] tweaked toml for crates.io crate wavio 0.3.0 written to /workspace/builds/worker-1-tc2/source/Cargo.toml
[INFO] validating manifest of crates.io crate wavio 0.3.0 on toolchain 1.100.0-beta.1
[INFO] running `Command { std: CARGO_HOME="/workspace/cargo-home" RUSTUP_HOME="/workspace/rustup-home" "/workspace/cargo-home/bin/cargo" "+1.100.0-beta.1" "metadata" "--manifest-path" "Cargo.toml" "--no-deps", kill_on_drop: false }`
[INFO] crate crates.io crate wavio 0.3.0 already has a lockfile, it will not be regenerated
[INFO] running `Command { std: CARGO_HOME="/workspace/cargo-home" RUSTUP_HOME="/workspace/rustup-home" "/workspace/cargo-home/bin/cargo" "+1.100.0-beta.1" "fetch" "--manifest-path" "Cargo.toml", kill_on_drop: false }`
[INFO] [stderr] warning: `package.homepage` is redundant with `package.repository`
[INFO] [stderr]    --> Cargo.toml:127:12
[INFO] [stderr]     |
[INFO] [stderr] 127 | homepage = "https://github.com/MinLee0210/wavio"
[INFO] [stderr]     |            ^^^^^^^^^^^^^^^^^^^^^^^^^^^^^^^^^^^^^
[INFO] [stderr] ...
[INFO] [stderr] 132 | repository = "https://github.com/MinLee0210/wavio"
[INFO] [stderr]     |              -------------------------------------
[INFO] [stderr]     |
[INFO] [stderr]     = note: `cargo::redundant_homepage` is set to `warn` by default
[INFO] [stderr] help: consider removing `package.homepage`
[INFO] [stderr] warning: `wavio` (manifest) generated 1 warning
[INFO] running `Command { std: "docker" "create" "-v" "/var/lib/crater-agent-workspace/builds/worker-1-tc2/source:/opt/rustwide/workdir:ro,Z" "-v" "/var/lib/crater-agent-workspace/builds/worker-1-tc2/target:/opt/rustwide/target:rw,Z" "-v" "/var/lib/crater-agent-workspace/cargo-home:/opt/rustwide/cargo-home:ro,Z" "-v" "/var/lib/crater-agent-workspace/rustup-home:/opt/rustwide/rustup-home:ro,Z" "-m" "1610612736" "--network" "none" "ghcr.io/rust-lang/crates-build-env/linux@sha256:77db811e55d90add9212f6832c23229e3de5f1c1f9905e8cb07319ea15df73ac" "sleep" "infinity", kill_on_drop: false }`
[INFO] [stdout] dd0044fa16681c5f18b39d6f5a2602e4a2db677641c75e96ee1f6fd94fb62fd1
[INFO] running `Command { std: "docker" "start" "dd0044fa16681c5f18b39d6f5a2602e4a2db677641c75e96ee1f6fd94fb62fd1", kill_on_drop: false }`
[INFO] running `Command { std: "docker" "inspect" "dd0044fa16681c5f18b39d6f5a2602e4a2db677641c75e96ee1f6fd94fb62fd1", kill_on_drop: false }`
[INFO] running `Command { std: "docker" "exec" "-e" "SOURCE_DIR=/opt/rustwide/workdir" "-e" "CARGO_HOME=/opt/rustwide/cargo-home" "-e" "RUSTUP_HOME=/opt/rustwide/rustup-home" "-e" "CARGO_TARGET_DIR=/opt/rustwide/target" "-w" "/opt/rustwide/workdir" "--user" "0:0" "dd0044fa16681c5f18b39d6f5a2602e4a2db677641c75e96ee1f6fd94fb62fd1" "/opt/rustwide/cargo-home/bin/cargo" "+1.100.0-beta.1" "metadata" "--no-deps" "--format-version=1", kill_on_drop: false }`
[INFO] running `Command { std: "docker" "inspect" "dd0044fa16681c5f18b39d6f5a2602e4a2db677641c75e96ee1f6fd94fb62fd1", kill_on_drop: false }`
[INFO] running `Command { std: "docker" "exec" "-e" "SOURCE_DIR=/opt/rustwide/workdir" "-e" "CARGO_HOME=/opt/rustwide/cargo-home" "-e" "RUSTUP_HOME=/opt/rustwide/rustup-home" "-e" "CARGO_TARGET_DIR=/opt/rustwide/target" "-e" "CARGO_INCREMENTAL=0" "-e" "RUST_BACKTRACE=full" "-e" "RUSTFLAGS=--cap-lints=warn" "-e" "RUSTDOCFLAGS=--cap-lints=warn" "-w" "/opt/rustwide/workdir" "--user" "0:0" "dd0044fa16681c5f18b39d6f5a2602e4a2db677641c75e96ee1f6fd94fb62fd1" "/opt/rustwide/cargo-home/bin/cargo" "+1.100.0-beta.1" "build" "--frozen" "--message-format=json" "--release", kill_on_drop: false }`
[INFO] [stderr] warning: `package.homepage` is redundant with `package.repository`
[INFO] [stderr]    --> Cargo.toml:127:12
[INFO] [stderr]     |
[INFO] [stderr] 127 | homepage = "https://github.com/MinLee0210/wavio"
[INFO] [stderr]     |            ^^^^^^^^^^^^^^^^^^^^^^^^^^^^^^^^^^^^^
[INFO] [stderr] ...
[INFO] [stderr] 132 | repository = "https://github.com/MinLee0210/wavio"
[INFO] [stderr]     |              -------------------------------------
[INFO] [stderr]     |
[INFO] [stderr]     = note: `cargo::redundant_homepage` is set to `warn` by default
[INFO] [stderr] help: consider removing `package.homepage`
[INFO] [stderr] warning: `wavio` (manifest) generated 1 warning
[INFO] [stderr]    Compiling autocfg v1.5.0
[INFO] [stderr]    Compiling libc v0.2.183
[INFO] [stderr]    Compiling utf8parse v0.2.2
[INFO] [stderr]    Compiling portable-atomic v1.13.1
[INFO] [stderr]    Compiling anstyle v1.0.14
[INFO] [stderr]    Compiling anstyle-query v1.1.5
[INFO] [stderr]    Compiling colorchoice v1.0.5
[INFO] [stderr]    Compiling is_terminal_polyfill v1.70.2
[INFO] [stderr]    Compiling clap_lex v1.1.0
[INFO] [stderr]    Compiling once_cell v1.21.4
[INFO] [stderr]    Compiling strsim v0.11.1
[INFO] [stderr]    Compiling unicode-width v0.2.2
[INFO] [stderr]    Compiling heck v0.5.0
[INFO] [stderr]    Compiling rawpointer v0.2.1
[INFO] [stderr]    Compiling strength_reduce v0.2.4
[INFO] [stderr]    Compiling syn v2.0.117
[INFO] [stderr]    Compiling anyhow v1.0.102
[INFO] [stderr]    Compiling anstyle-parse v1.0.0
[INFO] [stderr]    Compiling thiserror v2.0.18
[INFO] [stderr]    Compiling number_prefix v0.4.0
[INFO] [stderr]    Compiling hound v3.5.1
[INFO] [stderr]    Compiling anstream v1.0.0
[INFO] [stderr]    Compiling num-traits v0.2.19
[INFO] [stderr]    Compiling matrixmultiply v0.3.10
[INFO] [stderr]    Compiling clap_builder v4.6.0
[INFO] [stderr]    Compiling console v0.15.11
[INFO] [stderr]    Compiling num-integer v0.1.46
[INFO] [stderr]    Compiling num-complex v0.4.6
[INFO] [stderr]    Compiling indicatif v0.17.11
[INFO] [stderr]    Compiling transpose v0.2.3
[INFO] [stderr]    Compiling primal-check v0.3.4
[INFO] [stderr]    Compiling ndarray v0.17.2
[INFO] [stderr]    Compiling rustfft v6.4.1
[INFO] [stderr]    Compiling thiserror-impl v2.0.18
[INFO] [stderr]    Compiling clap_derive v4.6.0
[INFO] [stderr]    Compiling clap v4.6.0
[INFO] [stderr]    Compiling wavio v0.3.0 (/opt/rustwide/workdir)
[INFO] [stderr] warning: unused dependency `anyhow`
[INFO] [stderr]   --> Cargo.toml:11:15
[INFO] [stderr]    |
[INFO] [stderr] 11 | [dependencies.anyhow]
[INFO] [stderr]    |               ^^^^^^^
[INFO] [stderr]    |
[INFO] [stderr]    = note: `cargo::unused_dependencies` is set to `warn` by default
[INFO] [stderr] help: consider removing the dependency on `anyhow`
[INFO] [stderr] warning: unused dependency `clap`
[INFO] [stderr]   --> Cargo.toml:18:15
[INFO] [stderr]    |
[INFO] [stderr] 18 | [dependencies.clap]
[INFO] [stderr]    |               ^^^^^
[INFO] [stderr]    |
[INFO] [stderr] help: consider removing the dependency on `clap`
[INFO] [stderr] warning: unused dependency `indicatif`
[INFO] [stderr]   --> Cargo.toml:25:15
[INFO] [stderr]    |
[INFO] [stderr] 25 | [dependencies.indicatif]
[INFO] [stderr]    |               ^^^^^^^^^^
[INFO] [stderr]    |
[INFO] [stderr] help: consider removing the dependency on `indicatif`
[INFO] [stderr] warning: `wavio` (manifest) generated 3 warnings
[INFO] [stderr]     Finished `release` profile [optimized] target(s) in 51.43s
[INFO] running `Command { std: "docker" "inspect" "dd0044fa16681c5f18b39d6f5a2602e4a2db677641c75e96ee1f6fd94fb62fd1", kill_on_drop: false }`
[INFO] running `Command { std: "docker" "exec" "-e" "SOURCE_DIR=/opt/rustwide/workdir" "-e" "CARGO_HOME=/opt/rustwide/cargo-home" "-e" "RUSTUP_HOME=/opt/rustwide/rustup-home" "-e" "CARGO_TARGET_DIR=/opt/rustwide/target" "-e" "CARGO_INCREMENTAL=0" "-e" "RUST_BACKTRACE=full" "-e" "RUSTFLAGS=--cap-lints=warn" "-e" "RUSTDOCFLAGS=--cap-lints=warn" "-w" "/opt/rustwide/workdir" "--user" "0:0" "dd0044fa16681c5f18b39d6f5a2602e4a2db677641c75e96ee1f6fd94fb62fd1" "/opt/rustwide/cargo-home/bin/cargo" "+1.100.0-beta.1" "test" "--frozen" "--no-run" "--message-format=json" "--release", kill_on_drop: false }`
[INFO] [stderr] warning: `package.homepage` is redundant with `package.repository`
[INFO] [stderr]    --> Cargo.toml:127:12
[INFO] [stderr]     |
[INFO] [stderr] 127 | homepage = "https://github.com/MinLee0210/wavio"
[INFO] [stderr]     |            ^^^^^^^^^^^^^^^^^^^^^^^^^^^^^^^^^^^^^
[INFO] [stderr] ...
[INFO] [stderr] 132 | repository = "https://github.com/MinLee0210/wavio"
[INFO] [stderr]     |              -------------------------------------
[INFO] [stderr]     |
[INFO] [stderr]     = note: `cargo::redundant_homepage` is set to `warn` by default
[INFO] [stderr] help: consider removing `package.homepage`
[INFO] [stderr] warning: `wavio` (manifest) generated 1 warning
[INFO] [stderr]    Compiling cfg-if v1.0.4
[INFO] [stderr]    Compiling memchr v2.8.0
[INFO] [stderr]    Compiling zerocopy v0.8.42
[INFO] [stderr]    Compiling getrandom v0.3.4
[INFO] [stderr]    Compiling serde_core v1.0.228
[INFO] [stderr]    Compiling crossbeam-utils v0.8.21
[INFO] [stderr]    Compiling regex-syntax v0.8.10
[INFO] [stderr]    Compiling getrandom v0.4.2
[INFO] [stderr]    Compiling rustix v1.1.4
[INFO] [stderr]    Compiling serde v1.0.228
[INFO] [stderr]    Compiling either v1.15.0
[INFO] [stderr]    Compiling zerocopy-derive v0.8.42
[INFO] [stderr]    Compiling serde_derive v1.0.228
[INFO] [stderr]    Compiling bitflags v2.11.0
[INFO] [stderr]    Compiling linux-raw-sys v0.12.1
[INFO] [stderr]    Compiling rayon-core v1.13.0
[INFO] [stderr]    Compiling zmij v1.0.21
[INFO] [stderr]    Compiling wait-timeout v0.2.1
[INFO] [stderr]    Compiling fastrand v2.3.0
[INFO] [stderr]    Compiling ciborium-io v0.2.2
[INFO] [stderr]    Compiling itoa v1.0.17
[INFO] [stderr]    Compiling predicates-core v1.0.10
[INFO] [stderr]    Compiling plotters-backend v0.3.7
[INFO] [stderr]    Compiling itertools v0.10.5
[INFO] [stderr]    Compiling float-cmp v0.10.0
[INFO] [stderr]    Compiling quick-error v1.2.3
[INFO] [stderr]    Compiling termtree v0.5.1
[INFO] [stderr]    Compiling cast v0.3.0
[INFO] [stderr]    Compiling difflib v0.4.0
[INFO] [stderr]    Compiling fnv v1.0.7
[INFO] [stderr]    Compiling assert_cmd v2.2.0
[INFO] [stderr]    Compiling same-file v1.0.6
[INFO] [stderr]    Compiling rand_core v0.9.5
[INFO] [stderr]    Compiling bit-vec v0.8.0
[INFO] [stderr]    Compiling normalize-line-endings v0.3.0
[INFO] [stderr]    Compiling walkdir v2.5.0
[INFO] [stderr]    Compiling is-terminal v0.4.17
[INFO] [stderr]    Compiling crossbeam-epoch v0.9.18
[INFO] [stderr]    Compiling plotters-svg v0.3.7
[INFO] [stderr]    Compiling predicates-tree v1.0.13
[INFO] [stderr]    Compiling oorandom v11.1.5
[INFO] [stderr]    Compiling aho-corasick v1.1.4
[INFO] [stderr]    Compiling plotters v0.3.7
[INFO] [stderr]    Compiling crossbeam-deque v0.8.6
[INFO] [stderr]    Compiling rand v0.9.2
[INFO] [stderr]    Compiling rand_xorshift v0.4.0
[INFO] [stderr]    Compiling anes v0.1.6
[INFO] [stderr]    Compiling unarray v0.1.4
[INFO] [stderr]    Compiling bit-set v0.8.0
[INFO] [stderr]    Compiling rayon v1.11.0
[INFO] [stderr]    Compiling criterion-plot v0.5.0
[INFO] [stderr]    Compiling serde_json v1.0.149
[INFO] [stderr]    Compiling tempfile v3.27.0
[INFO] [stderr]    Compiling regex-automata v0.4.14
[INFO] [stderr]    Compiling rusty-fork v0.3.1
[INFO] [stderr]    Compiling tinytemplate v1.2.1
[INFO] [stderr]    Compiling half v2.7.1
[INFO] [stderr]    Compiling ppv-lite86 v0.2.21
[INFO] [stderr]    Compiling rand_chacha v0.9.0
[INFO] [stderr]    Compiling ciborium-ll v0.2.2
[INFO] [stderr]    Compiling proptest v1.10.0
[INFO] [stderr]    Compiling ciborium v0.2.2
[INFO] [stderr]    Compiling regex v1.12.3
[INFO] [stderr]    Compiling bstr v1.12.1
[INFO] [stderr]    Compiling predicates v3.1.4
[INFO] [stderr]    Compiling criterion v0.5.1
[INFO] [stderr]    Compiling wavio v0.3.0 (/opt/rustwide/workdir)
[INFO] [stderr] warning: unused dependency `anyhow`
[INFO] [stderr]   --> Cargo.toml:11:15
[INFO] [stderr]    |
[INFO] [stderr] 11 | [dependencies.anyhow]
[INFO] [stderr]    |               ^^^^^^^
[INFO] [stderr]    |
[INFO] [stderr]    = note: `cargo::unused_dependencies` is set to `warn` by default
[INFO] [stderr] help: consider removing the dependency on `anyhow`
[INFO] [stderr] warning: unused dependency `clap`
[INFO] [stderr]   --> Cargo.toml:18:15
[INFO] [stderr]    |
[INFO] [stderr] 18 | [dependencies.clap]
[INFO] [stderr]    |               ^^^^^
[INFO] [stderr]    |
[INFO] [stderr] help: consider removing the dependency on `clap`
[INFO] [stderr] warning: unused dependency `indicatif`
[INFO] [stderr]   --> Cargo.toml:25:15
[INFO] [stderr]    |
[INFO] [stderr] 25 | [dependencies.indicatif]
[INFO] [stderr]    |               ^^^^^^^^^^
[INFO] [stderr]    |
[INFO] [stderr] help: consider removing the dependency on `indicatif`
[INFO] [stderr] warning: `wavio` (manifest) generated 3 warnings
[INFO] [stderr]     Finished `release` profile [optimized] target(s) in 2m 11s
[INFO] running `Command { std: "docker" "inspect" "dd0044fa16681c5f18b39d6f5a2602e4a2db677641c75e96ee1f6fd94fb62fd1", kill_on_drop: false }`
[INFO] running `Command { std: "docker" "exec" "-e" "SOURCE_DIR=/opt/rustwide/workdir" "-e" "CARGO_HOME=/opt/rustwide/cargo-home" "-e" "RUSTUP_HOME=/opt/rustwide/rustup-home" "-e" "CARGO_TARGET_DIR=/opt/rustwide/target" "-e" "CARGO_INCREMENTAL=0" "-e" "RUST_BACKTRACE=full" "-e" "RUSTFLAGS=--cap-lints=warn" "-e" "RUSTDOCFLAGS=--cap-lints=warn" "-w" "/opt/rustwide/workdir" "--user" "0:0" "dd0044fa16681c5f18b39d6f5a2602e4a2db677641c75e96ee1f6fd94fb62fd1" "/opt/rustwide/cargo-home/bin/cargo" "+1.100.0-beta.1" "test" "--frozen" "--release", kill_on_drop: false }`
[INFO] [stderr] warning: `package.homepage` is redundant with `package.repository`
[INFO] [stderr]    --> Cargo.toml:127:12
[INFO] [stderr]     |
[INFO] [stderr] 127 | homepage = "https://github.com/MinLee0210/wavio"
[INFO] [stderr]     |            ^^^^^^^^^^^^^^^^^^^^^^^^^^^^^^^^^^^^^
[INFO] [stderr] ...
[INFO] [stderr] 132 | repository = "https://github.com/MinLee0210/wavio"
[INFO] [stderr]     |              -------------------------------------
[INFO] [stderr]     |
[INFO] [stderr]     = note: `cargo::redundant_homepage` is set to `warn` by default
[INFO] [stderr] help: consider removing `package.homepage`
[INFO] [stderr] warning: `wavio` (manifest) generated 1 warning
[INFO] [stderr] warning: unused dependency `anyhow`
[INFO] [stderr]   --> Cargo.toml:11:15
[INFO] [stderr]    |
[INFO] [stderr] 11 | [dependencies.anyhow]
[INFO] [stderr]    |               ^^^^^^^
[INFO] [stderr]    |
[INFO] [stderr]    = note: `cargo::unused_dependencies` is set to `warn` by default
[INFO] [stderr] help: consider removing the dependency on `anyhow`
[INFO] [stderr] warning: unused dependency `clap`
[INFO] [stderr]   --> Cargo.toml:18:15
[INFO] [stderr]    |
[INFO] [stderr] 18 | [dependencies.clap]
[INFO] [stderr]    |               ^^^^^
[INFO] [stderr]    |
[INFO] [stderr] help: consider removing the dependency on `clap`
[INFO] [stderr] warning: unused dependency `indicatif`
[INFO] [stderr]   --> Cargo.toml:25:15
[INFO] [stderr]    |
[INFO] [stderr] 25 | [dependencies.indicatif]
[INFO] [stderr]    |               ^^^^^^^^^^
[INFO] [stderr]    |
[INFO] [stderr] help: consider removing the dependency on `indicatif`
[INFO] [stderr] warning: `wavio` (manifest) generated 3 warnings
[INFO] [stderr]     Finished `release` profile [optimized] target(s) in 0.26s
[INFO] [stderr]      Running unittests src/lib.rs (/opt/rustwide/target/release/build/wavio/dadc61b6e4a617ac/out/wavio-dadc61b6e4a617ac)
[INFO] [stdout] 
[INFO] [stdout] running 58 tests
[INFO] [stdout] test dsp::audio::tests::test_resample_empty ... ok
[INFO] [stdout] test dsp::audio::tests::test_resample_noop ... ok
[INFO] [stdout] test dsp::audio::tests::test_downmix_stereo ... ok
[INFO] [stdout] test dsp::audio::tests::test_downmix_mono_passthrough ... ok
[INFO] [stdout] test dsp::audio::tests::test_audio_data_zero_sample_rate ... ok
[INFO] [stdout] test dsp::audio::tests::test_audio_data_duration ... ok
[INFO] [stdout] test dsp::peaks::tests::test_single_peak_recovery ... ok
[INFO] [stdout] test dsp::peaks::tests::test_adjacent_peak_suppression ... ok
[INFO] [stdout] test dsp::peaks::tests::test_peaks_sorted_by_time ... ok
[INFO] [stdout] test dsp::peaks::tests::test_threshold_filters_low_peaks ... ok
[INFO] [stdout] test dsp::audio::tests::test_resample_upsample ... ok
[INFO] [stdout] test dsp::peaks::tests::test_empty_spectrogram ... ok
[INFO] [stdout] test dsp::audio::tests::test_resample_downsample ... ok
[INFO] [stdout] test dsp::audio::tests::test_load_wav_file_not_found ... ok
[INFO] [stdout] test dsp::peaks::tests::test_multiple_separated_peaks ... ok
[INFO] [stdout] test dsp::spectrogram::tests::test_hann_window_endpoints ... ok
[INFO] [stdout] test dsp::peaks::tests::test_tied_peaks_are_both_suppressed ... ok
[INFO] [stdout] test dsp::streaming::tests::test_new_rejects_block_smaller_than_overlap ... ok
[INFO] [stdout] test hash::tests::test_anchor_times_are_correct ... ok
[INFO] [stdout] test dsp::spectrogram::tests::test_spectrogram_too_short ... ok
[INFO] [stdout] test dsp::streaming::tests::test_new_rejects_overlap_smaller_than_max_pair_dt ... ok
[INFO] [stdout] test hash::tests::test_different_peak_sets_produce_different_hashes ... ok
[INFO] [stdout] test hash::tests::test_generate_hashes_determinism ... ok
[INFO] [stdout] test dsp::spectrogram::tests::test_sine_wave_peak_at_correct_bin ... ok
[INFO] [stdout] test dsp::spectrogram::tests::test_hann_window_length ... ok
[INFO] [stdout] test dsp::spectrogram::tests::test_spectrogram_shape ... ok
[INFO] [stdout] test dsp::spectrogram::tests::test_hann_window_peak ... ok
[INFO] [stdout] test dsp::spectrogram::tests::test_silence_produces_low_power ... ok
[INFO] [stdout] test dsp::spectrogram::tests::test_spectrogram_zero_config ... ok
[INFO] [stdout] test dsp::streaming::tests::test_push_then_finish_empty_input ... ok
[INFO] [stdout] test hash::tests::test_generate_hashes_empty ... ok
[INFO] [stdout] test hash::tests::test_generate_hashes_fan_value_limit ... ok
[INFO] [stdout] test hash::tests::test_generate_hashes_respects_max_dt ... ok
[INFO] [stdout] test hash::tests::test_generate_hashes_single_peak ... ok
[INFO] [stdout] test hash::tests::test_unsorted_input_still_deterministic ... ok
[INFO] [stdout] test index::tests::test_duplicate_insert_appends ... ok
[INFO] [stdout] test hash::tests::test_pack_hash_determinism ... ok
[INFO] [stdout] test hash::tests::test_pack_hash_different_inputs ... ok
[INFO] [stdout] test index::tests::test_insert_and_exact_query ... ok
[INFO] [stdout] test index::tests::test_multi_track_query ... ok
[INFO] [stdout] test index::tests::test_query_no_match ... ok
[INFO] [stdout] test index::tests::test_track_and_hash_counts ... ok
[INFO] [stdout] test triplet::tests::test_pack_triplet_hash_bit_layout ... ok
[INFO] [stdout] test triplet::tests::test_generate_triplet_hashes_empty ... ok
[INFO] [stdout] test index::tests::test_offset_bin_10ms ... ok
[INFO] [stdout] test index::tests::test_query_empty ... ok
[INFO] [stdout] test triplet::tests::test_generate_triplet_hashes_too_few_peaks ... ok
[INFO] [stdout] test index::tests::test_partial_overlap_query ... ok
[INFO] [stdout] test triplet::tests::test_fan_value_bounds_triplet_count ... ok
[INFO] [stdout] test triplet::tests::test_quantize_ratio_monotonic ... ok
[INFO] [stdout] test triplet::tests::test_quantize_ratio_identity_centers_at_bias ... ok
[INFO] [stdout] test triplet::tests::test_pitch_shift_invariance ... ok
[INFO] [stdout] test triplet::tests::test_time_stretch_invariance ... ok
[INFO] [stdout] test dsp::fingerprint::tests::test_fingerprint_synthetic ... ok
[INFO] [stdout] test hash::tests::test_pack_hash_bit_layout ... ok
[INFO] [stdout] test index::tests::test_offset_detection ... ok
[INFO] [stdout] test triplet::tests::test_generate_triplet_hashes_determinism ... ok
[INFO] [stdout] test dsp::streaming::tests::test_streaming_matches_batch_fingerprinting ... ok
[INFO] [stdout] 
[INFO] [stdout] test result: ok. 58 passed; 0 failed; 0 ignored; 0 measured; 0 filtered out; finished in 0.31s
[INFO] [stdout] 
[INFO] [stderr]      Running tests/cli_tests.rs (/opt/rustwide/target/release/build/wavio/f5f0b398cf28ffb0/out/cli_tests-f5f0b398cf28ffb0)
[INFO] [stdout] 
[INFO] [stdout] running 3 tests
[INFO] [stdout] test test_cli_index_creates_db ... FAILED
[INFO] [stdout] test test_cli_query_no_db ... FAILED
[INFO] [stdout] test test_cli_info_no_db ... FAILED
[INFO] [stdout] 
[INFO] [stdout] failures:
[INFO] [stdout] 
[INFO] [stdout] ---- test_cli_index_creates_db stdout ----
[INFO] [stdout] 
[INFO] [stdout] thread 'test_cli_index_creates_db' (1743) panicked at tests/cli_tests.rs:32:51:
[INFO] [stdout] called `Result::unwrap()` on an `Err` value: CargoError { cause: Some(NotFoundError { path: "/opt/rustwide/target/release/wavio-cli" }) }
[INFO] [stdout] stack backtrace:
[INFO] [stdout]    0:     0x56a407c50965 - <unknown>
[INFO] [stdout]    1:     0x56a407c35d8a - <unknown>
[INFO] [stdout]    2:     0x56a407c4fffb - <unknown>
[INFO] [stdout]    3:     0x56a407c4fadf - <unknown>
[INFO] [stdout]    4:     0x56a407c4f70a - <unknown>
[INFO] [stdout]    5:     0x56a407c4f245 - <unknown>
[INFO] [stdout]    6:     0x56a407c76081 - <unknown>
[INFO] [stdout]    7:     0x56a407c76039 - <unknown>
[INFO] [stdout]    8:     0x56a407c7653c - <unknown>
[INFO] [stdout]    9:     0x56a407c35c1b - <unknown>
[INFO] [stdout]   10:     0x56a407c38f31 - <unknown>
[INFO] [stdout]   11:     0x56a407c2b857 - <unknown>
[INFO] [stdout]   12:     0x56a407c92e3b - <unknown>
[INFO] [stdout]   13:     0x56a407c8e8f0 - <unknown>
[INFO] [stdout]   14:     0x56a407c8e01c - <unknown>
[INFO] [stdout]   15:     0x56a407cadd2c - <unknown>
[INFO] [stdout]   16:     0x56a407c781b4 - <unknown>
[INFO] [stdout]   17:     0x786e916b8dfa - <unknown>
[INFO] [stdout]   18:     0x786e9174c3d4 - clone
[INFO] [stdout]   19:                0x0 - <unknown>
[INFO] [stdout] 
[INFO] [stdout] ---- test_cli_query_no_db stdout ----
[INFO] [stdout] 
[INFO] [stdout] thread 'test_cli_query_no_db' (1745) panicked at tests/cli_tests.rs:17:51:
[INFO] [stdout] called `Result::unwrap()` on an `Err` value: CargoError { cause: Some(NotFoundError { path: "/opt/rustwide/target/release/wavio-cli" }) }
[INFO] [stdout] stack backtrace:
[INFO] [stdout]    0:     0x56a407c50965 - <unknown>
[INFO] [stdout]    1:     0x56a407c35d8a - <unknown>
[INFO] [stdout]    2:     0x56a407c4fffb - <unknown>
[INFO] [stdout]    3:     0x56a407c4fadf - <unknown>
[INFO] [stdout]    4:     0x56a407c4f70a - <unknown>
[INFO] [stdout]    5:     0x56a407c4f245 - <unknown>
[INFO] [stdout]    6:     0x56a407c76081 - <unknown>
[INFO] [stdout]    7:     0x56a407c76039 - <unknown>
[INFO] [stdout]    8:     0x56a407c7653c - <unknown>
[INFO] [stdout]    9:     0x56a407c35c1b - <unknown>
[INFO] [stdout]   10:     0x56a407c38f31 - <unknown>
[INFO] [stdout]   11:     0x56a407c2a904 - <unknown>
[INFO] [stdout]   12:     0x56a407c92e3b - <unknown>
[INFO] [stdout]   13:     0x56a407c8e8f0 - <unknown>
[INFO] [stdout]   14:     0x56a407c8e01c - <unknown>
[INFO] [stdout]   15:     0x56a407cadd2c - <unknown>
[INFO] [stdout]   16:     0x56a407c781b4 - <unknown>
[INFO] [stdout]   17:     0x786e916b8dfa - <unknown>
[INFO] [stdout]   18:     0x786e9174c3d4 - clone
[INFO] [stdout]   19:                0x0 - <unknown>
[INFO] [stdout] 
[INFO] [stdout] ---- test_cli_info_no_db stdout ----
[INFO] [stdout] 
[INFO] [stdout] thread 'test_cli_info_no_db' (1744) panicked at tests/cli_tests.rs:6:51:
[INFO] [stdout] called `Result::unwrap()` on an `Err` value: CargoError { cause: Some(NotFoundError { path: "/opt/rustwide/target/release/wavio-cli" }) }
[INFO] [stdout] stack backtrace:
[INFO] [stdout]    0:     0x56a407c50965 - <unknown>
[INFO] [stdout]    1:     0x56a407c35d8a - <unknown>
[INFO] [stdout]    2:     0x56a407c4fffb - <unknown>
[INFO] [stdout]    3:     0x56a407c4fadf - <unknown>
[INFO] [stdout]    4:     0x56a407c4f70a - <unknown>
[INFO] [stdout]    5:     0x56a407c4f245 - <unknown>
[INFO] [stdout]    6:     0x56a407c76081 - <unknown>
[INFO] [stdout]    7:     0x56a407c76039 - <unknown>
[INFO] [stdout]    8:     0x56a407c7653c - <unknown>
[INFO] [stdout]    9:     0x56a407c35c1b - <unknown>
[INFO] [stdout]   10:     0x56a407c38f31 - <unknown>
[INFO] [stdout]   11:     0x56a407c2a57b - <unknown>
[INFO] [stdout]   12:     0x56a407c92e3b - <unknown>
[INFO] [stdout]   13:     0x56a407c8e8f0 - <unknown>
[INFO] [stdout]   14:     0x56a407c8e01c - <unknown>
[INFO] [stdout]   15:     0x56a407cadd2c - <unknown>
[INFO] [stdout]   16:     0x56a407c781b4 - <unknown>
[INFO] [stdout]   17:     0x786e916b8dfa - <unknown>
[INFO] [stdout]   18:     0x786e9174c3d4 - clone
[INFO] [stdout]   19:                0x0 - <unknown>
[INFO] [stdout] 
[INFO] [stdout] 
[INFO] [stdout] failures:
[INFO] [stdout]     test_cli_index_creates_db
[INFO] [stdout]     test_cli_info_no_db
[INFO] [stdout]     test_cli_query_no_db
[INFO] [stdout] 
[INFO] [stdout] test result: FAILED. 0 passed; 3 failed; 0 ignored; 0 measured; 0 filtered out; finished in 0.01s
[INFO] [stdout] 
[INFO] [stderr] error: test failed, to rerun pass `--test cli_tests`
[INFO] running `Command { std: "docker" "inspect" "dd0044fa16681c5f18b39d6f5a2602e4a2db677641c75e96ee1f6fd94fb62fd1", kill_on_drop: false }`
[INFO] running `Command { std: "docker" "rm" "-f" "dd0044fa16681c5f18b39d6f5a2602e4a2db677641c75e96ee1f6fd94fb62fd1", kill_on_drop: false }`
[INFO] [stdout] dd0044fa16681c5f18b39d6f5a2602e4a2db677641c75e96ee1f6fd94fb62fd1
