[INFO] fetching crate verity-ic 0.2.0...
[INFO] testing verity-ic-0.2.0 against 1.100.0-beta.1+cargoflags=--release for beta-release-1.100-2
[INFO] extracting crate verity-ic 0.2.0 into /workspace/builds/worker-3-tc2/source
[INFO] started tweaking crates.io crate verity-ic 0.2.0
[INFO] finished tweaking crates.io crate verity-ic 0.2.0
[INFO] tweaked toml for crates.io crate verity-ic 0.2.0 written to /workspace/builds/worker-3-tc2/source/Cargo.toml
[INFO] validating manifest of crates.io crate verity-ic 0.2.0 on toolchain 1.100.0-beta.1
[INFO] running `Command { std: CARGO_HOME="/workspace/cargo-home" RUSTUP_HOME="/workspace/rustup-home" "/workspace/cargo-home/bin/cargo" "+1.100.0-beta.1" "metadata" "--manifest-path" "Cargo.toml" "--no-deps", kill_on_drop: false }`
[INFO] running `Command { std: CARGO_HOME="/workspace/cargo-home" RUSTUP_HOME="/workspace/rustup-home" "/workspace/cargo-home/bin/cargo" "+1.100.0-beta.1" "generate-lockfile" "--manifest-path" "Cargo.toml", kill_on_drop: false }`
[INFO] [stderr]     Updating crates.io index
[INFO] [stderr]      Locking 152 packages to highest compatible versions
[INFO] [stderr]       Adding crypto-common v0.1.6 (available: v0.1.7)
[INFO] [stderr]       Adding getrandom v0.2.17 (available: v0.4.3)
[INFO] [stderr]       Adding ic-cdk v0.17.2 (available: v0.20.3)
[INFO] [stderr]       Adding ic-cdk-timers v0.11.1 (available: v1.0.0)
[INFO] [stderr]       Adding rand v0.8.8 (available: v0.10.3)
[INFO] running `Command { std: CARGO_HOME="/workspace/cargo-home" RUSTUP_HOME="/workspace/rustup-home" "/workspace/cargo-home/bin/cargo" "+1.100.0-beta.1" "fetch" "--manifest-path" "Cargo.toml", kill_on_drop: false }`
[INFO] [stderr] warning: `package.homepage` is redundant with `package.documentation`
[INFO] [stderr]   --> Cargo.toml:55:12
[INFO] [stderr]    |
[INFO] [stderr] 53 | documentation = "https://www.usher.so/"
[INFO] [stderr]    |                 -----------------------
[INFO] [stderr] 54 | edition = "2021"
[INFO] [stderr] 55 | homepage = "https://www.usher.so/"
[INFO] [stderr]    |            ^^^^^^^^^^^^^^^^^^^^^^^
[INFO] [stderr]    |
[INFO] [stderr]    = note: `cargo::redundant_homepage` is set to `warn` by default
[INFO] [stderr] help: consider removing `package.homepage`
[INFO] [stderr] warning: `verity-ic` (manifest) generated 1 warning
[INFO] running `Command { std: "docker" "create" "-v" "/var/lib/crater-agent-workspace/builds/worker-3-tc2/source:/opt/rustwide/workdir:ro,Z" "-v" "/var/lib/crater-agent-workspace/builds/worker-3-tc2/target:/opt/rustwide/target:rw,Z" "-v" "/var/lib/crater-agent-workspace/cargo-home:/opt/rustwide/cargo-home:ro,Z" "-v" "/var/lib/crater-agent-workspace/rustup-home:/opt/rustwide/rustup-home:ro,Z" "-m" "1610612736" "--network" "none" "ghcr.io/rust-lang/crates-build-env/linux@sha256:77db811e55d90add9212f6832c23229e3de5f1c1f9905e8cb07319ea15df73ac" "sleep" "infinity", kill_on_drop: false }`
[INFO] [stdout] da50e15567b5371bc487e4cbe1bd435f99e8e1293bb41d9b45dd385eb2b33032
[INFO] running `Command { std: "docker" "start" "da50e15567b5371bc487e4cbe1bd435f99e8e1293bb41d9b45dd385eb2b33032", kill_on_drop: false }`
[INFO] running `Command { std: "docker" "inspect" "da50e15567b5371bc487e4cbe1bd435f99e8e1293bb41d9b45dd385eb2b33032", kill_on_drop: false }`
[INFO] running `Command { std: "docker" "exec" "-e" "SOURCE_DIR=/opt/rustwide/workdir" "-e" "CARGO_HOME=/opt/rustwide/cargo-home" "-e" "RUSTUP_HOME=/opt/rustwide/rustup-home" "-e" "CARGO_TARGET_DIR=/opt/rustwide/target" "-w" "/opt/rustwide/workdir" "--user" "0:0" "da50e15567b5371bc487e4cbe1bd435f99e8e1293bb41d9b45dd385eb2b33032" "/opt/rustwide/cargo-home/bin/cargo" "+1.100.0-beta.1" "metadata" "--no-deps" "--format-version=1", kill_on_drop: false }`
[INFO] running `Command { std: "docker" "inspect" "da50e15567b5371bc487e4cbe1bd435f99e8e1293bb41d9b45dd385eb2b33032", kill_on_drop: false }`
[INFO] running `Command { std: "docker" "exec" "-e" "SOURCE_DIR=/opt/rustwide/workdir" "-e" "CARGO_HOME=/opt/rustwide/cargo-home" "-e" "RUSTUP_HOME=/opt/rustwide/rustup-home" "-e" "CARGO_TARGET_DIR=/opt/rustwide/target" "-e" "CARGO_INCREMENTAL=0" "-e" "RUST_BACKTRACE=full" "-e" "RUSTFLAGS=--cap-lints=warn" "-e" "RUSTDOCFLAGS=--cap-lints=warn" "-w" "/opt/rustwide/workdir" "--user" "0:0" "da50e15567b5371bc487e4cbe1bd435f99e8e1293bb41d9b45dd385eb2b33032" "/opt/rustwide/cargo-home/bin/cargo" "+1.100.0-beta.1" "build" "--frozen" "--message-format=json" "--release", kill_on_drop: false }`
[INFO] [stderr] warning: `package.homepage` is redundant with `package.documentation`
[INFO] [stderr]   --> Cargo.toml:55:12
[INFO] [stderr]    |
[INFO] [stderr] 53 | documentation = "https://www.usher.so/"
[INFO] [stderr]    |                 -----------------------
[INFO] [stderr] 54 | edition = "2021"
[INFO] [stderr] 55 | homepage = "https://www.usher.so/"
[INFO] [stderr]    |            ^^^^^^^^^^^^^^^^^^^^^^^
[INFO] [stderr]    |
[INFO] [stderr]    = note: `cargo::redundant_homepage` is set to `warn` by default
[INFO] [stderr] help: consider removing `package.homepage`
[INFO] [stderr] warning: `verity-ic` (manifest) generated 1 warning
[INFO] [stderr]    Compiling proc-macro2 v1.0.107
[INFO] [stderr]    Compiling unicode-ident v1.0.27
[INFO] [stderr]    Compiling cfg-if v1.0.5
[INFO] [stderr]    Compiling typenum v1.20.1
[INFO] [stderr]    Compiling find-msvc-tools v0.1.14
[INFO] [stderr]    Compiling object v0.39.1
[INFO] [stderr]    Compiling generic-array v0.14.9
[INFO] [stderr]    Compiling zerocopy v0.8.63
[INFO] [stderr]    Compiling crc32fast v1.5.2
[INFO] [stderr]    Compiling crunchy v0.2.4
[INFO] [stderr]    Compiling equivalent v1.0.3
[INFO] [stderr]    Compiling winnow v0.5.40
[INFO] [stderr]    Compiling serde_core v1.0.229
[INFO] [stderr]    Compiling binrw v0.15.2
[INFO] [stderr]    Compiling syn v1.0.109
[INFO] [stderr]    Compiling radium v0.6.2
[INFO] [stderr]    Compiling getrandom v0.2.17
[INFO] [stderr]    Compiling indexmap v2.14.2
[INFO] [stderr]    Compiling binrw_derive v0.15.2
[INFO] [stderr]    Compiling cc v1.8.0
[INFO] [stderr]    Compiling toml_datetime v0.6.11
[INFO] [stderr]    Compiling serde v1.0.229
[INFO] [stderr]    Compiling rustc-hex v2.1.0
[INFO] [stderr]    Compiling either v1.19.0
[INFO] [stderr]    Compiling num-traits v0.2.19
[INFO] [stderr]    Compiling generic-array v0.12.4
[INFO] [stderr]    Compiling paste v1.0.15
[INFO] [stderr]    Compiling tap v1.0.1
[INFO] [stderr]    Compiling rand_core v0.6.4
[INFO] [stderr]    Compiling bytes v1.12.1
[INFO] [stderr]    Compiling wyz v0.2.0
[INFO] [stderr]    Compiling byte-tools v0.3.1
[INFO] [stderr]    Compiling funty v1.1.0
[INFO] [stderr]    Compiling block-padding v0.1.5
[INFO] [stderr]    Compiling thiserror v1.0.69
[INFO] [stderr]    Compiling anyhow v1.0.104
[INFO] [stderr]    Compiling libc v0.2.191
[INFO] [stderr]    Compiling cpufeatures v0.2.17
[INFO] [stderr]    Compiling subtle v2.6.1
[INFO] [stderr]    Compiling block-padding v0.2.1
[INFO] [stderr]    Compiling arrayvec v0.7.8
[INFO] [stderr]    Compiling byte-slice-cast v1.2.3
[INFO] [stderr]    Compiling lazy_static v1.5.1
[INFO] [stderr]    Compiling tiny-keccak v2.0.2
[INFO] [stderr]    Compiling block-buffer v0.7.3
[INFO] [stderr]    Compiling digest v0.8.1
[INFO] [stderr]    Compiling quote v1.0.47
[INFO] [stderr]    Compiling bitvec v0.20.4
[INFO] [stderr]    Compiling rlp v0.5.2
[INFO] [stderr]    Compiling crypto-common v0.1.6
[INFO] [stderr]    Compiling block-buffer v0.10.4
[INFO] [stderr]    Compiling syn v3.0.9
[INFO] [stderr]    Compiling syn v2.0.119
[INFO] [stderr]    Compiling digest v0.10.7
[INFO] [stderr]    Compiling digest v0.9.0
[INFO] [stderr]    Compiling sha2 v0.10.9
[INFO] [stderr]    Compiling block-buffer v0.9.0
[INFO] [stderr]    Compiling libsecp256k1-core v0.3.0
[INFO] [stderr]    Compiling num-integer v0.1.47
[INFO] [stderr]    Compiling impl-rlp v0.3.0
[INFO] [stderr]    Compiling opaque-debug v0.2.3
[INFO] [stderr]    Compiling keccak v0.1.6
[INFO] [stderr]    Compiling data-encoding v2.11.1
[INFO] [stderr]    Compiling array-init v2.1.0
[INFO] [stderr]    Compiling stacker v0.1.25
[INFO] [stderr]    Compiling unicode-width v0.2.2
[INFO] [stderr]    Compiling toml_edit v0.19.15
[INFO] [stderr]    Compiling futures-core v0.3.34
[INFO] [stderr]    Compiling futures-sink v0.3.34
[INFO] [stderr]    Compiling typed-arena v2.0.2
[INFO] [stderr]    Compiling bytemuck v1.25.2
[INFO] [stderr]    Compiling arrayvec v0.5.2
[INFO] [stderr]    Compiling serde_bytes v0.11.19
[INFO] [stderr]    Compiling futures-channel v0.3.34
[INFO] [stderr]    Compiling uint v0.9.5
[INFO] [stderr]    Compiling pretty v0.12.5
[INFO] [stderr]    Compiling ic-cdk-executor v0.1.0
[INFO] [stderr]    Compiling hex v0.4.3
[INFO] [stderr]    Compiling build_const v0.2.2
[INFO] [stderr]    Compiling futures-task v0.3.34
[INFO] [stderr]    Compiling leb128 v0.2.7
[INFO] [stderr]    Compiling serde_json v1.0.154
[INFO] [stderr]    Compiling futures-io v0.3.34
[INFO] [stderr]    Compiling crc v1.8.1
[INFO] [stderr]    Compiling libsecp256k1-gen-ecmult v0.3.0
[INFO] [stderr]    Compiling libsecp256k1-gen-genmult v0.3.0
[INFO] [stderr]    Compiling slotmap v1.1.1
[INFO] [stderr]    Compiling crc16 v0.4.0
[INFO] [stderr]    Compiling fake-simd v0.1.2
[INFO] [stderr]    Compiling libsecp256k1 v0.7.2
[INFO] [stderr]    Compiling sha3 v0.9.1
[INFO] [stderr]    Compiling ic-cdk-timers v0.11.1
[INFO] [stderr]    Compiling ic0 v0.23.0
[INFO] [stderr]    Compiling sha1 v0.6.1
[INFO] [stderr]    Compiling sha2 v0.8.2
[INFO] [stderr]    Compiling md4 v0.8.0
[INFO] [stderr]    Compiling sha2 v0.9.9
[INFO] [stderr]    Compiling sha3 v0.8.2
[INFO] [stderr]    Compiling md2 v0.8.0
[INFO] [stderr]    Compiling base64 v0.22.1
[INFO] [stderr]    Compiling crc8 v0.1.1
[INFO] [stderr]    Compiling md5 v0.7.0
[INFO] [stderr]    Compiling easy-hasher v2.2.1
[INFO] [stderr]    Compiling proc-macro-crate v1.3.1
[INFO] [stderr]    Compiling ar_archive_writer v0.5.3
[INFO] [stderr]    Compiling parity-scale-codec-derive v2.3.1
[INFO] [stderr]    Compiling serde_derive v1.0.229
[INFO] [stderr]    Compiling futures-macro v0.3.34
[INFO] [stderr]    Compiling thiserror-impl v1.0.69
[INFO] [stderr]    Compiling impl-trait-for-tuples v0.2.3
[INFO] [stderr]    Compiling candid_derive v0.10.38
[INFO] [stderr]    Compiling psm v0.1.32
[INFO] [stderr]    Compiling futures-util v0.3.34
[INFO] [stderr]    Compiling ppv-lite86 v0.2.21
[INFO] [stderr]    Compiling rand_chacha v0.3.1
[INFO] [stderr]    Compiling rand v0.8.8
[INFO] [stderr]    Compiling fixed-hash v0.7.0
[INFO] [stderr]    Compiling impl-serde v0.3.2
[INFO] [stderr]    Compiling parity-scale-codec v2.3.1
[INFO] [stderr]    Compiling num-bigint v0.4.8
[INFO] [stderr]    Compiling ic_principal v0.1.5
[INFO] [stderr]    Compiling serde_tokenstream v0.2.3
[INFO] [stderr]    Compiling ethbloom v0.11.1
[INFO] [stderr]    Compiling impl-codec v0.5.1
[INFO] [stderr]    Compiling primitive-types v0.9.1
[INFO] [stderr]    Compiling futures-executor v0.3.34
[INFO] [stderr]    Compiling futures v0.3.34
[INFO] [stderr]    Compiling candid v0.10.38
[INFO] [stderr]    Compiling ethereum-types v0.11.0
[INFO] [stderr]    Compiling ethabi v14.1.0
[INFO] [stderr]    Compiling eth-encode-packed v0.1.0
[INFO] [stderr]    Compiling ic-cdk-macros v0.17.2
[INFO] [stderr]    Compiling ic-cdk v0.17.2
[INFO] [stderr]    Compiling verity-ic v0.2.0 (/opt/rustwide/workdir)
[INFO] [stderr]     Finished `release` profile [optimized] target(s) in 1m 09s
[INFO] [stderr] warning: the following packages contain code that will be rejected by a future version of Rust: ethereum-types v0.11.0, primitive-types v0.9.1
[INFO] [stderr] note: to see what the problems were, use the option `--future-incompat-report`, or run `cargo report future-incompatibilities --id 1`
[INFO] running `Command { std: "docker" "inspect" "da50e15567b5371bc487e4cbe1bd435f99e8e1293bb41d9b45dd385eb2b33032", kill_on_drop: false }`
[INFO] running `Command { std: "docker" "exec" "-e" "SOURCE_DIR=/opt/rustwide/workdir" "-e" "CARGO_HOME=/opt/rustwide/cargo-home" "-e" "RUSTUP_HOME=/opt/rustwide/rustup-home" "-e" "CARGO_TARGET_DIR=/opt/rustwide/target" "-e" "CARGO_INCREMENTAL=0" "-e" "RUST_BACKTRACE=full" "-e" "RUSTFLAGS=--cap-lints=warn" "-e" "RUSTDOCFLAGS=--cap-lints=warn" "-w" "/opt/rustwide/workdir" "--user" "0:0" "da50e15567b5371bc487e4cbe1bd435f99e8e1293bb41d9b45dd385eb2b33032" "/opt/rustwide/cargo-home/bin/cargo" "+1.100.0-beta.1" "test" "--frozen" "--no-run" "--message-format=json" "--release", kill_on_drop: false }`
[INFO] [stderr] warning: `package.homepage` is redundant with `package.documentation`
[INFO] [stderr]   --> Cargo.toml:55:12
[INFO] [stderr]    |
[INFO] [stderr] 53 | documentation = "https://www.usher.so/"
[INFO] [stderr]    |                 -----------------------
[INFO] [stderr] 54 | edition = "2021"
[INFO] [stderr] 55 | homepage = "https://www.usher.so/"
[INFO] [stderr]    |            ^^^^^^^^^^^^^^^^^^^^^^^
[INFO] [stderr]    |
[INFO] [stderr]    = note: `cargo::redundant_homepage` is set to `warn` by default
[INFO] [stderr] help: consider removing `package.homepage`
[INFO] [stderr] warning: `verity-ic` (manifest) generated 1 warning
[INFO] [stderr]    Compiling verity-ic v0.2.0 (/opt/rustwide/workdir)
[INFO] [stderr]     Finished `release` profile [optimized] target(s) in 3.07s
[INFO] [stderr] warning: the following packages contain code that will be rejected by a future version of Rust: ethereum-types v0.11.0, primitive-types v0.9.1
[INFO] [stderr] note: to see what the problems were, use the option `--future-incompat-report`, or run `cargo report future-incompatibilities --id 1`
[INFO] running `Command { std: "docker" "inspect" "da50e15567b5371bc487e4cbe1bd435f99e8e1293bb41d9b45dd385eb2b33032", kill_on_drop: false }`
[INFO] running `Command { std: "docker" "exec" "-e" "SOURCE_DIR=/opt/rustwide/workdir" "-e" "CARGO_HOME=/opt/rustwide/cargo-home" "-e" "RUSTUP_HOME=/opt/rustwide/rustup-home" "-e" "CARGO_TARGET_DIR=/opt/rustwide/target" "-e" "CARGO_INCREMENTAL=0" "-e" "RUST_BACKTRACE=full" "-e" "RUSTFLAGS=--cap-lints=warn" "-e" "RUSTDOCFLAGS=--cap-lints=warn" "-w" "/opt/rustwide/workdir" "--user" "0:0" "da50e15567b5371bc487e4cbe1bd435f99e8e1293bb41d9b45dd385eb2b33032" "/opt/rustwide/cargo-home/bin/cargo" "+1.100.0-beta.1" "test" "--frozen" "--release", kill_on_drop: false }`
[INFO] [stderr] warning: `package.homepage` is redundant with `package.documentation`
[INFO] [stderr]   --> Cargo.toml:55:12
[INFO] [stderr]    |
[INFO] [stderr] 53 | documentation = "https://www.usher.so/"
[INFO] [stderr]    |                 -----------------------
[INFO] [stderr] 54 | edition = "2021"
[INFO] [stderr] 55 | homepage = "https://www.usher.so/"
[INFO] [stderr]    |            ^^^^^^^^^^^^^^^^^^^^^^^
[INFO] [stderr]    |
[INFO] [stderr]    = note: `cargo::redundant_homepage` is set to `warn` by default
[INFO] [stderr] help: consider removing `package.homepage`
[INFO] [stderr] warning: `verity-ic` (manifest) generated 1 warning
[INFO] [stderr]     Finished `release` profile [optimized] target(s) in 0.14s
[INFO] [stderr] warning: the following packages contain code that will be rejected by a future version of Rust: ethereum-types v0.11.0, primitive-types v0.9.1
[INFO] [stderr] note: to see what the problems were, use the option `--future-incompat-report`, or run `cargo report future-incompatibilities --id 1`
[INFO] [stderr]      Running unittests src/lib.rs (/opt/rustwide/target/release/build/verity-ic/ce515a9fc2ee1458/out/verity_ic-ce515a9fc2ee1458)
[INFO] [stdout] 
[INFO] [stdout] running 4 tests
[INFO] [stdout] test crypto::tests::test_vec_u8_to_string ... ok
[INFO] [stdout] test crypto::tests::test_string_to_vec_u8 ... ok
[INFO] [stdout] test remittance::utils::tests::test_recover_address_from_eth_signature ... ok
[INFO] [stdout] test crypto::ethereum::tests::test_recover_address_from_eth_signature ... FAILED
[INFO] [stderr] error: test failed, to rerun pass `--lib`
[INFO] [stdout] 
[INFO] [stdout] failures:
[INFO] [stdout] 
[INFO] [stdout] ---- crypto::ethereum::tests::test_recover_address_from_eth_signature stdout ----
[INFO] [stdout] 
[INFO] [stdout] thread 'crypto::ethereum::tests::test_recover_address_from_eth_signature' (2740) panicked at src/crypto/ethereum.rs:167:9:
[INFO] [stdout] assertion `left == right` failed
[INFO] [stdout]   left: "5c8e3a7c16fa5cdde9f74751d6b2395176f05c55"
[INFO] [stdout]  right: "0x5c8e3a7c16fa5cdde9f74751d6b2395176f05c55"
[INFO] [stdout] stack backtrace:
[INFO] [stdout]    0:     0x5b278be2c381 - <<std[617be2ca0a6fd877]::sys::backtrace::BacktraceLock>::print::DisplayBacktrace as core[a373ad73a504971]::fmt::Display>::fmt
[INFO] [stdout]    1:     0x5b278be4036a - core[a373ad73a504971]::fmt::write
[INFO] [stdout]    2:     0x5b278be3059c - <alloc[2e1b2a31b91974c5]::vec::Vec<u8> as core[a373ad73a504971]::io::write::Write>::write_fmt
[INFO] [stdout]    3:     0x5b278be087e6 - std[617be2ca0a6fd877]::panicking::default_hook::{closure#0}
[INFO] [stdout]    4:     0x5b278be24a19 - std[617be2ca0a6fd877]::panicking::default_hook
[INFO] [stdout]    5:     0x5b278bdbf270 - test[aada8e7e76ba119b]::test_main_inner::{closure#0}
[INFO] [stdout]    6:     0x5b278be24bd2 - std[617be2ca0a6fd877]::panicking::panic_with_hook
[INFO] [stdout]    7:     0x5b278be08892 - std[617be2ca0a6fd877]::panicking::panic_handler::{closure#0}
[INFO] [stdout]    8:     0x5b278be015a9 - std[617be2ca0a6fd877]::sys::backtrace::__rust_end_short_backtrace::<std[617be2ca0a6fd877]::panicking::panic_handler::{closure#0}, !>
[INFO] [stdout]    9:     0x5b278be0949d - __rustc[ea4f61d10b84890b]::rust_begin_unwind
[INFO] [stdout]   10:     0x5b278be40a9c - core[a373ad73a504971]::panicking::panic_fmt
[INFO] [stdout]   11:     0x5b278be409b3 - core[a373ad73a504971]::panicking::assert_failed_inner
[INFO] [stdout]   12:     0x5b278bda3d4e - core[a373ad73a504971]::panicking::assert_failed::<alloc[2e1b2a31b91974c5]::string::String, &str>
[INFO] [stdout]   13:     0x5b278bda3c34 - <verity_ic[3ec4b4981783b628]::crypto::ethereum::tests::test_recover_address_from_eth_signature::{closure#0} as core[a373ad73a504971]::ops::function::FnOnce<()>>::call_once
[INFO] [stdout]   14:     0x5b278bdb26bb - test[aada8e7e76ba119b]::__rust_begin_short_backtrace::<core[a373ad73a504971]::result::Result<(), alloc[2e1b2a31b91974c5]::string::String>, fn() -> core[a373ad73a504971]::result::Result<(), alloc[2e1b2a31b91974c5]::string::String>>
[INFO] [stdout]   15:     0x5b278bdbf895 - test[aada8e7e76ba119b]::run_test::{closure#0}
[INFO] [stdout]   16:     0x5b278bdb9184 - std[617be2ca0a6fd877]::sys::backtrace::__rust_begin_short_backtrace::<test[aada8e7e76ba119b]::run_test::{closure#1}, ()>
[INFO] [stdout]   17:     0x5b278bdc2922 - <std[617be2ca0a6fd877]::thread::lifecycle::spawn_unchecked<test[aada8e7e76ba119b]::run_test::{closure#1}, ()>::{closure#1} as core[a373ad73a504971]::ops::function::FnOnce<()>>::call_once::{shim:vtable#0}
[INFO] [stdout]   18:     0x5b278be2bbdf - <std[617be2ca0a6fd877]::sys::thread::unix::Thread>::new::thread_start
[INFO] [stdout]   19:     0x7db851145dfa - <unknown>
[INFO] [stdout]   20:     0x7db8511d93d4 - clone
[INFO] [stdout]   21:                0x0 - <unknown>
[INFO] [stdout] 
[INFO] [stdout] 
[INFO] [stdout] failures:
[INFO] [stdout]     crypto::ethereum::tests::test_recover_address_from_eth_signature
[INFO] [stdout] 
[INFO] [stdout] test result: FAILED. 3 passed; 1 failed; 0 ignored; 0 measured; 0 filtered out; finished in 0.04s
[INFO] [stdout] 
[INFO] running `Command { std: "docker" "inspect" "da50e15567b5371bc487e4cbe1bd435f99e8e1293bb41d9b45dd385eb2b33032", kill_on_drop: false }`
[INFO] running `Command { std: "docker" "rm" "-f" "da50e15567b5371bc487e4cbe1bd435f99e8e1293bb41d9b45dd385eb2b33032", kill_on_drop: false }`
[INFO] [stdout] da50e15567b5371bc487e4cbe1bd435f99e8e1293bb41d9b45dd385eb2b33032
