[INFO] fetching crate uvm_install 0.23.0...
[INFO] testing uvm_install-0.23.0 against 1.100.0-beta.1+cargoflags=--release for beta-release-1.100-2
[INFO] extracting crate uvm_install 0.23.0 into /workspace/builds/worker-2-tc2/source
[INFO] started tweaking crates.io crate uvm_install 0.23.0
[INFO] finished tweaking crates.io crate uvm_install 0.23.0
[INFO] tweaked toml for crates.io crate uvm_install 0.23.0 written to /workspace/builds/worker-2-tc2/source/Cargo.toml
[INFO] validating manifest of crates.io crate uvm_install 0.23.0 on toolchain 1.100.0-beta.1
[INFO] running `Command { std: CARGO_HOME="/workspace/cargo-home" RUSTUP_HOME="/workspace/rustup-home" "/workspace/cargo-home/bin/cargo" "+1.100.0-beta.1" "metadata" "--manifest-path" "Cargo.toml" "--no-deps", kill_on_drop: false }`
[INFO] crate crates.io crate uvm_install 0.23.0 already has a lockfile, it will not be regenerated
[INFO] running `Command { std: CARGO_HOME="/workspace/cargo-home" RUSTUP_HOME="/workspace/rustup-home" "/workspace/cargo-home/bin/cargo" "+1.100.0-beta.1" "fetch" "--manifest-path" "Cargo.toml", kill_on_drop: false }`
[INFO] running `Command { std: "docker" "create" "-v" "/var/lib/crater-agent-workspace/builds/worker-2-tc2/source:/opt/rustwide/workdir:ro,Z" "-v" "/var/lib/crater-agent-workspace/builds/worker-2-tc2/target:/opt/rustwide/target:rw,Z" "-v" "/var/lib/crater-agent-workspace/cargo-home:/opt/rustwide/cargo-home:ro,Z" "-v" "/var/lib/crater-agent-workspace/rustup-home:/opt/rustwide/rustup-home:ro,Z" "-m" "1610612736" "--network" "none" "ghcr.io/rust-lang/crates-build-env/linux@sha256:77db811e55d90add9212f6832c23229e3de5f1c1f9905e8cb07319ea15df73ac" "sleep" "infinity", kill_on_drop: false }`
[INFO] [stdout] d965f233fefdaaef76570350c4e0155db33b78699591f5308db0825b28f8ed8a
[INFO] running `Command { std: "docker" "start" "d965f233fefdaaef76570350c4e0155db33b78699591f5308db0825b28f8ed8a", kill_on_drop: false }`
[INFO] running `Command { std: "docker" "inspect" "d965f233fefdaaef76570350c4e0155db33b78699591f5308db0825b28f8ed8a", kill_on_drop: false }`
[INFO] running `Command { std: "docker" "exec" "-e" "SOURCE_DIR=/opt/rustwide/workdir" "-e" "CARGO_HOME=/opt/rustwide/cargo-home" "-e" "RUSTUP_HOME=/opt/rustwide/rustup-home" "-e" "CARGO_TARGET_DIR=/opt/rustwide/target" "-w" "/opt/rustwide/workdir" "--user" "0:0" "d965f233fefdaaef76570350c4e0155db33b78699591f5308db0825b28f8ed8a" "/opt/rustwide/cargo-home/bin/cargo" "+1.100.0-beta.1" "metadata" "--no-deps" "--format-version=1", kill_on_drop: false }`
[INFO] running `Command { std: "docker" "inspect" "d965f233fefdaaef76570350c4e0155db33b78699591f5308db0825b28f8ed8a", kill_on_drop: false }`
[INFO] running `Command { std: "docker" "exec" "-e" "SOURCE_DIR=/opt/rustwide/workdir" "-e" "CARGO_HOME=/opt/rustwide/cargo-home" "-e" "RUSTUP_HOME=/opt/rustwide/rustup-home" "-e" "CARGO_TARGET_DIR=/opt/rustwide/target" "-e" "CARGO_INCREMENTAL=0" "-e" "RUST_BACKTRACE=full" "-e" "RUSTFLAGS=--cap-lints=warn" "-e" "RUSTDOCFLAGS=--cap-lints=warn" "-w" "/opt/rustwide/workdir" "--user" "0:0" "d965f233fefdaaef76570350c4e0155db33b78699591f5308db0825b28f8ed8a" "/opt/rustwide/cargo-home/bin/cargo" "+1.100.0-beta.1" "build" "--frozen" "--message-format=json" "--release", kill_on_drop: false }`
[INFO] [stderr]    Compiling unicode-ident v1.0.19
[INFO] [stderr]    Compiling find-msvc-tools v0.1.1
[INFO] [stderr]    Compiling typenum v1.18.0
[INFO] [stderr]    Compiling serde_core v1.0.223
[INFO] [stderr]    Compiling serde v1.0.223
[INFO] [stderr]    Compiling hashbrown v0.15.5
[INFO] [stderr]    Compiling bitflags v2.9.4
[INFO] [stderr]    Compiling getrandom v0.2.16
[INFO] [stderr]    Compiling tokio v1.47.1
[INFO] [stderr]    Compiling tracing v0.1.41
[INFO] [stderr]    Compiling log v0.4.28
[INFO] [stderr]    Compiling rustls v0.23.31
[INFO] [stderr]    Compiling num-traits v0.2.19
[INFO] [stderr]    Compiling proc-macro2 v1.0.101
[INFO] [stderr]    Compiling rustix v1.1.2
[INFO] [stderr]    Compiling zerocopy v0.8.27
[INFO] [stderr]    Compiling linux-raw-sys v0.11.0
[INFO] [stderr]    Compiling serde_json v1.0.143
[INFO] [stderr]    Compiling openssl-probe v0.1.6
[INFO] [stderr]    Compiling anyhow v1.0.99
[INFO] [stderr]    Compiling cc v1.2.36
[INFO] [stderr]    Compiling iri-string v0.7.8
[INFO] [stderr]    Compiling time-core v0.1.6
[INFO] [stderr]    Compiling regex v1.11.2
[INFO] [stderr]    Compiling time-macros v0.2.24
[INFO] [stderr]    Compiling nom v8.0.0
[INFO] [stderr]    Compiling zstd-safe v7.2.4
[INFO] [stderr]    Compiling xxhash-rust v0.8.15
[INFO] [stderr]    Compiling base64 v0.21.7
[INFO] [stderr]    Compiling quote v1.0.40
[INFO] [stderr]    Compiling wait-timeout v0.2.1
[INFO] [stderr]    Compiling indoc v2.0.6
[INFO] [stderr]    Compiling generic-array v0.14.7
[INFO] [stderr]    Compiling crc-catalog v2.4.0
[INFO] [stderr]    Compiling syn v2.0.106
[INFO] [stderr]    Compiling zlib-rs v0.5.2
[INFO] [stderr]    Compiling indexmap v2.11.1
[INFO] [stderr]    Compiling either v1.15.0
[INFO] [stderr]    Compiling fixedbitset v0.5.7
[INFO] [stderr]    Compiling itertools v0.14.0
[INFO] [stderr]    Compiling time v0.3.43
[INFO] [stderr]    Compiling ordered-float v5.0.0
[INFO] [stderr]    Compiling crypto-common v0.1.6
[INFO] [stderr]    Compiling block-buffer v0.10.4
[INFO] [stderr]    Compiling inout v0.1.4
[INFO] [stderr]    Compiling digest v0.10.7
[INFO] [stderr]    Compiling petgraph v0.8.2
[INFO] [stderr]    Compiling crc v3.3.0
[INFO] [stderr]    Compiling rand_xorshift v0.4.0
[INFO] [stderr]    Compiling rand v0.9.2
[INFO] [stderr]    Compiling sha2 v0.10.9
[INFO] [stderr]    Compiling ring v0.17.14
[INFO] [stderr]    Compiling zstd-sys v2.0.16+zstd.1.5.7
[INFO] [stderr]    Compiling sha-1 v0.10.1
[INFO] [stderr]    Compiling hmac v0.12.1
[INFO] [stderr]    Compiling cipher v0.4.4
[INFO] [stderr]    Compiling ppv-lite86 v0.2.21
[INFO] [stderr]    Compiling quick-xml v0.38.3
[INFO] [stderr]    Compiling tempfile v3.22.0
[INFO] [stderr]    Compiling rand_chacha v0.9.0
[INFO] [stderr]    Compiling semver v1.0.27
[INFO] [stderr]    Compiling rusty-fork v0.3.0
[INFO] [stderr]    Compiling simd-adler32 v0.3.7
[INFO] [stderr]    Compiling libbz2-rs-sys v0.2.2
[INFO] [stderr]    Compiling bumpalo v3.19.0
[INFO] [stderr]    Compiling proptest v1.7.0
[INFO] [stderr]    Compiling libz-rs-sys v0.5.2
[INFO] [stderr]    Compiling flate2 v1.1.2
[INFO] [stderr]    Compiling daggy v0.9.0
[INFO] [stderr]    Compiling zopfli v0.8.2
[INFO] [stderr]    Compiling aes v0.8.4
[INFO] [stderr]    Compiling bzip2 v0.6.0
[INFO] [stderr]    Compiling pbkdf2 v0.12.2
[INFO] [stderr]    Compiling lzma-rust2 v0.13.0
[INFO] [stderr]    Compiling sha1 v0.10.6
[INFO] [stderr]    Compiling dirs-2 v3.0.1
[INFO] [stderr]    Compiling constant_time_eq v0.3.1
[INFO] [stderr]    Compiling unicode-width v0.2.1
[INFO] [stderr]    Compiling deflate64 v0.1.9
[INFO] [stderr]    Compiling ppmd-rust v1.2.1
[INFO] [stderr]    Compiling uvm_move_dir v0.2.2
[INFO] [stderr]    Compiling console v0.16.1
[INFO] [stderr]    Compiling cluFlock v1.2.7
[INFO] [stderr]    Compiling thiserror-context v0.1.2
[INFO] [stderr]    Compiling tokio-util v0.7.16
[INFO] [stderr]    Compiling synstructure v0.13.2
[INFO] [stderr]    Compiling h2 v0.4.12
[INFO] [stderr]    Compiling zerofrom-derive v0.1.6
[INFO] [stderr]    Compiling yoke-derive v0.8.0
[INFO] [stderr]    Compiling zerovec-derive v0.11.1
[INFO] [stderr]    Compiling displaydoc v0.2.5
[INFO] [stderr]    Compiling zeroize_derive v1.4.2
[INFO] [stderr]    Compiling serde_derive v1.0.223
[INFO] [stderr]    Compiling futures-macro v0.3.31
[INFO] [stderr]    Compiling zeroize v1.8.1
[INFO] [stderr]    Compiling rustls-pki-types v1.12.0
[INFO] [stderr]    Compiling thiserror-impl v1.0.69
[INFO] [stderr]    Compiling futures-util v0.3.31
[INFO] [stderr]    Compiling miette-derive v5.10.0
[INFO] [stderr]    Compiling zerofrom v0.1.6
[INFO] [stderr]    Compiling rustls-native-certs v0.8.1
[INFO] [stderr]    Compiling yoke v0.8.0
[INFO] [stderr]    Compiling zerovec v0.11.4
[INFO] [stderr]    Compiling zerotrie v0.2.2
[INFO] [stderr]    Compiling thiserror-impl v2.0.16
[INFO] [stderr]    Compiling thiserror v1.0.69
[INFO] [stderr]    Compiling derive_more-impl v2.0.1
[INFO] [stderr]    Compiling hyper v1.7.0
[INFO] [stderr]    Compiling miette v5.10.0
[INFO] [stderr]    Compiling thiserror v2.0.16
[INFO] [stderr]    Compiling typed-builder-macro v0.22.0
[INFO] [stderr]    Compiling tower v0.5.2
[INFO] [stderr]    Compiling tinystr v0.8.1
[INFO] [stderr]    Compiling icu_locale_core v2.0.0
[INFO] [stderr]    Compiling potential_utf v0.1.3
[INFO] [stderr]    Compiling icu_collections v2.0.0
[INFO] [stderr]    Compiling tower-http v0.6.6
[INFO] [stderr]    Compiling typed-builder v0.22.0
[INFO] [stderr]    Compiling derive_more v2.0.1
[INFO] [stderr]    Compiling derive-getters v0.5.0
[INFO] [stderr]    Compiling icu_provider v2.0.0
[INFO] [stderr]    Compiling serde_urlencoded v0.7.1
[INFO] [stderr]    Compiling icu_normalizer v2.0.0
[INFO] [stderr]    Compiling icu_properties v2.0.1
[INFO] [stderr]    Compiling unity-version v0.3.1
[INFO] [stderr]    Compiling hyper-util v0.1.16
[INFO] [stderr]    Compiling ssri v9.2.0
[INFO] [stderr]    Compiling unity-types v0.1.2
[INFO] [stderr]    Compiling plist v1.7.4
[INFO] [stderr]    Compiling idna_adapter v1.2.1
[INFO] [stderr]    Compiling idna v1.1.0
[INFO] [stderr]    Compiling url v2.5.7
[INFO] [stderr]    Compiling rustls-webpki v0.103.5
[INFO] [stderr]    Compiling tokio-rustls v0.26.2
[INFO] [stderr]    Compiling hyper-rustls v0.27.7
[INFO] [stderr]    Compiling reqwest v0.12.23
[INFO] [stderr]    Compiling zstd v0.13.3
[INFO] [stderr]    Compiling zip v5.1.1
[INFO] [stderr]    Compiling uvm_live_platform v0.8.1
[INFO] [stderr]    Compiling uvm_install_graph v0.14.1
[INFO] [stderr]    Compiling unity-hub v0.6.1
[INFO] [stderr]    Compiling uvm_install v0.23.0 (/opt/rustwide/workdir)
[INFO] [stderr]     Finished `release` profile [optimized] target(s) in 2m 09s
[INFO] running `Command { std: "docker" "inspect" "d965f233fefdaaef76570350c4e0155db33b78699591f5308db0825b28f8ed8a", kill_on_drop: false }`
[INFO] running `Command { std: "docker" "exec" "-e" "SOURCE_DIR=/opt/rustwide/workdir" "-e" "CARGO_HOME=/opt/rustwide/cargo-home" "-e" "RUSTUP_HOME=/opt/rustwide/rustup-home" "-e" "CARGO_TARGET_DIR=/opt/rustwide/target" "-e" "CARGO_INCREMENTAL=0" "-e" "RUST_BACKTRACE=full" "-e" "RUSTFLAGS=--cap-lints=warn" "-e" "RUSTDOCFLAGS=--cap-lints=warn" "-w" "/opt/rustwide/workdir" "--user" "0:0" "d965f233fefdaaef76570350c4e0155db33b78699591f5308db0825b28f8ed8a" "/opt/rustwide/cargo-home/bin/cargo" "+1.100.0-beta.1" "test" "--frozen" "--no-run" "--message-format=json" "--release", kill_on_drop: false }`
[INFO] [stderr]    Compiling serde_core v1.0.223
[INFO] [stderr]    Compiling foldhash v0.1.5
[INFO] [stderr]    Compiling memchr v2.7.5
[INFO] [stderr]    Compiling camino v1.1.12
[INFO] [stderr]    Compiling toml_datetime v0.6.11
[INFO] [stderr]    Compiling regex-syntax v0.8.6
[INFO] [stderr]    Compiling winnow v0.7.13
[INFO] [stderr]    Compiling futures-executor v0.3.31
[INFO] [stderr]    Compiling cargo-platform v0.1.9
[INFO] [stderr]    Compiling sdd v3.0.10
[INFO] [stderr]    Compiling glob v0.3.3
[INFO] [stderr]    Compiling relative-path v1.9.3
[INFO] [stderr]    Compiling parking_lot v0.12.4
[INFO] [stderr]    Compiling serial_test_derive v3.2.0
[INFO] [stderr]    Compiling futures-timer v3.0.3
[INFO] [stderr]    Compiling hashbrown v0.15.5
[INFO] [stderr]    Compiling futures v0.3.31
[INFO] [stderr]    Compiling scc v2.4.0
[INFO] [stderr]    Compiling cargo_metadata v0.15.4
[INFO] [stderr]    Compiling indexmap v2.11.1
[INFO] [stderr]    Compiling aho-corasick v1.1.3
[INFO] [stderr]    Compiling test-binary v3.0.2
[INFO] [stderr]    Compiling toml_edit v0.22.27
[INFO] [stderr]    Compiling regex-automata v0.4.10
[INFO] [stderr]    Compiling semver v1.0.27
[INFO] [stderr]    Compiling serial_test v3.2.0
[INFO] [stderr]    Compiling rustc_version v0.4.1
[INFO] [stderr]    Compiling rstest_macros v0.26.1
[INFO] [stderr]    Compiling proc-macro-crate v3.3.0
[INFO] [stderr]    Compiling regex v1.11.2
[INFO] [stderr]    Compiling rstest v0.26.1
[INFO] [stderr]    Compiling uvm_install v0.23.0 (/opt/rustwide/workdir)
[INFO] [stderr]     Finished `release` profile [optimized] target(s) in 24.58s
[INFO] running `Command { std: "docker" "inspect" "d965f233fefdaaef76570350c4e0155db33b78699591f5308db0825b28f8ed8a", kill_on_drop: false }`
[INFO] running `Command { std: "docker" "exec" "-e" "SOURCE_DIR=/opt/rustwide/workdir" "-e" "CARGO_HOME=/opt/rustwide/cargo-home" "-e" "RUSTUP_HOME=/opt/rustwide/rustup-home" "-e" "CARGO_TARGET_DIR=/opt/rustwide/target" "-e" "CARGO_INCREMENTAL=0" "-e" "RUST_BACKTRACE=full" "-e" "RUSTFLAGS=--cap-lints=warn" "-e" "RUSTDOCFLAGS=--cap-lints=warn" "-w" "/opt/rustwide/workdir" "--user" "0:0" "d965f233fefdaaef76570350c4e0155db33b78699591f5308db0825b28f8ed8a" "/opt/rustwide/cargo-home/bin/cargo" "+1.100.0-beta.1" "test" "--frozen" "--release", kill_on_drop: false }`
[INFO] [stderr]     Finished `release` profile [optimized] target(s) in 0.32s
[INFO] [stderr]      Running unittests src/lib.rs (/opt/rustwide/target/release/build/uvm_install/cd1da0e52aef76dd/out/uvm_install-cd1da0e52aef76dd)
[INFO] [stdout] 
[INFO] [stdout] running 24 tests
[INFO] [stdout] test install::utils::tests::parse_file_name_from_url_with_file_name_part ... ok
[INFO] [stdout] test tests::incremental_sync_tests::test_write_modules_json_creates_file ... ok
[INFO] [stdout] test tests::install_integration_tests::test_install_graph_from_release ... ok
[INFO] [stdout] test tests::install_integration_tests::test_editor_failure_triggers_cleanup ... ok
[INFO] [stdout] test tests::incremental_sync_tests::test_write_modules_json_updates_installed_state ... ok
[INFO] [stdout] test tests::test_architecture_check::case_1_test_arch_check_enabled_with_arm_binary ... ok
[INFO] [stdout] test tests::test_architecture_check::case_2_test_arch_check_disabled_with_arm_binary ... ok
[INFO] [stdout] test tests::test_architecture_check::case_3_test_arch_check_disabled_with_x86_binary_and_arm_compatible_version_available ... ok
[INFO] [stdout] test tests::test_architecture_check::case_4_test_arch_check_enabled_with_x86_binary_and_arm_compatible_version_not_available ... ok
[INFO] [stdout] test tests::test_architecture_check::case_5_test_arch_check_disabled_with_x86_binary_and_arm_compatible_version_not_available ... ok
[INFO] [stdout] test tests::test_architecture_check::case_6_test_arch_check_enabled_with_x86_binary_and_arm_compatible_version_available ... ok
[INFO] [stdout] test tests::install_integration_tests::test_successful_installation_returns_ok ... ok
[INFO] [stdout] test tests::install_integration_tests::test_mock_installer_failure ... ok
[INFO] [stdout] test tests::install_integration_tests::test_mock_installer_success ... ok
[INFO] [stdout] test tests::install_integration_tests::test_install_continues_after_failure ... ok
[INFO] [stdout] test tests::install_integration_tests::test_install_modules_all_succeed ... ok
[INFO] [stdout] test tests::install_integration_tests::test_install_modules_multiple_failures ... ok
[INFO] [stdout] test tests::install_integration_tests::test_install_modules_single_failure ... ok
[INFO] [stdout] test tests::install_integration_tests::test_modules_json_reflects_correct_state ... ok
[INFO] [stdout] test tests::install_integration_tests::test_module_failure_with_existing_editor ... ok
[INFO] [stdout] test tests::install_integration_tests::test_release_fixture_deserializes ... ok
[INFO] [stdout] test install::utils::tests::parse_file_name_from_url_without_file_name_part_and_content_disposition ... FAILED
[INFO] [stdout] test install::utils::tests::parse_file_name_from_url_without_file_name_part_and_content_disposition3 ... FAILED
[INFO] [stderr] error: test failed, to rerun pass `--lib`
[INFO] [stdout] test install::utils::tests::parse_file_name_from_url_without_file_name_part_and_content_disposition2 ... FAILED
[INFO] [stdout] 
[INFO] [stdout] failures:
[INFO] [stdout] 
[INFO] [stdout] ---- install::utils::tests::parse_file_name_from_url_without_file_name_part_and_content_disposition stdout ----
[INFO] [stdout] 
[INFO] [stdout] thread 'install::utils::tests::parse_file_name_from_url_without_file_name_part_and_content_disposition' (3400) panicked at src/install/utils.rs:167:56:
[INFO] [stdout] called `Result::unwrap()` on an `Err` value: Custom { kind: Other, error: reqwest::Error { kind: Request, url: "https://go.microsoft.com/fwlink/?linkid=2086937", source: hyper_util::client::legacy::Error(Connect, ConnectError("dns error", Custom { kind: Uncategorized, error: "failed to lookup address information: Temporary failure in name resolution" })) } }
[INFO] [stdout] stack backtrace:
[INFO] [stdout]    0:     0x59469a43a3a1 - <<std[617be2ca0a6fd877]::sys::backtrace::BacktraceLock>::print::DisplayBacktrace as core[a373ad73a504971]::fmt::Display>::fmt
[INFO] [stdout]    1:     0x59469a451baa - core[a373ad73a504971]::fmt::write
[INFO] [stdout]    2:     0x59469a43f4fc - <alloc[2e1b2a31b91974c5]::vec::Vec<u8> as core[a373ad73a504971]::io::write::Write>::write_fmt
[INFO] [stdout]    3:     0x59469a413506 - std[617be2ca0a6fd877]::panicking::default_hook::{closure#0}
[INFO] [stdout]    4:     0x59469a4311c9 - std[617be2ca0a6fd877]::panicking::default_hook
[INFO] [stdout]    5:     0x59469a177720 - test[aada8e7e76ba119b]::test_main_inner::{closure#0}
[INFO] [stdout]    6:     0x59469a4314f2 - std[617be2ca0a6fd877]::panicking::panic_with_hook
[INFO] [stdout]    7:     0x59469a4135b2 - std[617be2ca0a6fd877]::panicking::panic_handler::{closure#0}
[INFO] [stdout]    8:     0x59469a40b8c9 - std[617be2ca0a6fd877]::sys::backtrace::__rust_end_short_backtrace::<std[617be2ca0a6fd877]::panicking::panic_handler::{closure#0}, !>
[INFO] [stdout]    9:     0x59469a41454d - __rustc[ea4f61d10b84890b]::rust_begin_unwind
[INFO] [stdout]   10:     0x59469a45230c - core[a373ad73a504971]::panicking::panic_fmt
[INFO] [stdout]   11:     0x59469a4520e2 - core[a373ad73a504971]::result::unwrap_failed
[INFO] [stdout]   12:     0x59469a14c7cf - <uvm_install[89ad4231e95ad13d]::install::utils::tests::parse_file_name_from_url_without_file_name_part_and_content_disposition::{closure#0} as core[a373ad73a504971]::ops::function::FnOnce<()>>::call_once
[INFO] [stdout]   13:     0x59469a16ab6b - test[aada8e7e76ba119b]::__rust_begin_short_backtrace::<core[a373ad73a504971]::result::Result<(), alloc[2e1b2a31b91974c5]::string::String>, fn() -> core[a373ad73a504971]::result::Result<(), alloc[2e1b2a31b91974c5]::string::String>>
[INFO] [stdout]   14:     0x59469a177d45 - test[aada8e7e76ba119b]::run_test::{closure#0}
[INFO] [stdout]   15:     0x59469a171634 - std[617be2ca0a6fd877]::sys::backtrace::__rust_begin_short_backtrace::<test[aada8e7e76ba119b]::run_test::{closure#1}, ()>
[INFO] [stdout]   16:     0x59469a17add2 - <std[617be2ca0a6fd877]::thread::lifecycle::spawn_unchecked<test[aada8e7e76ba119b]::run_test::{closure#1}, ()>::{closure#1} as core[a373ad73a504971]::ops::function::FnOnce<()>>::call_once::{shim:vtable#0}
[INFO] [stdout]   17:     0x59469a43930f - <std[617be2ca0a6fd877]::sys::thread::unix::Thread>::new::thread_start
[INFO] [stdout]   18:     0x706946050dfa - <unknown>
[INFO] [stdout]   19:     0x7069460e43d4 - clone
[INFO] [stdout]   20:                0x0 - <unknown>
[INFO] [stdout] 
[INFO] [stdout] ---- install::utils::tests::parse_file_name_from_url_without_file_name_part_and_content_disposition3 stdout ----
[INFO] [stdout] 
[INFO] [stdout] thread 'install::utils::tests::parse_file_name_from_url_without_file_name_part_and_content_disposition3' (3402) panicked at src/install/utils.rs:179:59:
[INFO] [stdout] called `Result::unwrap()` on an `Err` value: Custom { kind: Other, error: reqwest::Error { kind: Request, url: "https://new-translate.unity3d.jp/v1/live/54/2019.3/zh-hant", source: hyper_util::client::legacy::Error(Connect, ConnectError("dns error", Custom { kind: Uncategorized, error: "failed to lookup address information: Temporary failure in name resolution" })) } }
[INFO] [stdout] stack backtrace:
[INFO] [stdout]    0:     0x59469a43a3a1 - <<std[617be2ca0a6fd877]::sys::backtrace::BacktraceLock>::print::DisplayBacktrace as core[a373ad73a504971]::fmt::Display>::fmt
[INFO] [stdout]    1:     0x59469a451baa - core[a373ad73a504971]::fmt::write
[INFO] [stdout]    2:     0x59469a43f4fc - <alloc[2e1b2a31b91974c5]::vec::Vec<u8> as core[a373ad73a504971]::io::write::Write>::write_fmt
[INFO] [stdout]    3:     0x59469a413506 - std[617be2ca0a6fd877]::panicking::default_hook::{closure#0}
[INFO] [stdout]    4:     0x59469a4311c9 - std[617be2ca0a6fd877]::panicking::default_hook
[INFO] [stdout]    5:     0x59469a177720 - test[aada8e7e76ba119b]::test_main_inner::{closure#0}
[INFO] [stdout]    6:     0x59469a4314f2 - std[617be2ca0a6fd877]::panicking::panic_with_hook
[INFO] [stdout]    7:     0x59469a4135b2 - std[617be2ca0a6fd877]::panicking::panic_handler::{closure#0}
[INFO] [stdout]    8:     0x59469a40b8c9 - std[617be2ca0a6fd877]::sys::backtrace::__rust_end_short_backtrace::<std[617be2ca0a6fd877]::panicking::panic_handler::{closure#0}, !>
[INFO] [stdout]    9:     0x59469a41454d - __rustc[ea4f61d10b84890b]::rust_begin_unwind
[INFO] [stdout]   10:     0x59469a45230c - core[a373ad73a504971]::panicking::panic_fmt
[INFO] [stdout]   11:     0x59469a4520e2 - core[a373ad73a504971]::result::unwrap_failed
[INFO] [stdout]   12:     0x59469a14cc52 - <uvm_install[89ad4231e95ad13d]::install::utils::tests::parse_file_name_from_url_without_file_name_part_and_content_disposition3::{closure#0} as core[a373ad73a504971]::ops::function::FnOnce<()>>::call_once
[INFO] [stdout]   13:     0x59469a16ab6b - test[aada8e7e76ba119b]::__rust_begin_short_backtrace::<core[a373ad73a504971]::result::Result<(), alloc[2e1b2a31b91974c5]::string::String>, fn() -> core[a373ad73a504971]::result::Result<(), alloc[2e1b2a31b91974c5]::string::String>>
[INFO] [stdout]   14:     0x59469a177d45 - test[aada8e7e76ba119b]::run_test::{closure#0}
[INFO] [stdout]   15:     0x59469a171634 - std[617be2ca0a6fd877]::sys::backtrace::__rust_begin_short_backtrace::<test[aada8e7e76ba119b]::run_test::{closure#1}, ()>
[INFO] [stdout]   16:     0x59469a17add2 - <std[617be2ca0a6fd877]::thread::lifecycle::spawn_unchecked<test[aada8e7e76ba119b]::run_test::{closure#1}, ()>::{closure#1} as core[a373ad73a504971]::ops::function::FnOnce<()>>::call_once::{shim:vtable#0}
[INFO] [stdout]   17:     0x59469a43930f - <std[617be2ca0a6fd877]::sys::thread::unix::Thread>::new::thread_start
[INFO] [stdout]   18:     0x706946050dfa - <unknown>
[INFO] [stdout]   19:     0x7069460e43d4 - clone
[INFO] [stdout]   20:                0x0 - <unknown>
[INFO] [stdout] 
[INFO] [stdout] ---- install::utils::tests::parse_file_name_from_url_without_file_name_part_and_content_disposition2 stdout ----
[INFO] [stdout] 
[INFO] [stdout] thread 'install::utils::tests::parse_file_name_from_url_without_file_name_part_and_content_disposition2' (3401) panicked at src/install/utils.rs:173:56:
[INFO] [stdout] called `Result::unwrap()` on an `Err` value: Custom { kind: Other, error: reqwest::Error { kind: Request, url: "https://go.microsoft.com/fwlink/?linkid=2087047", source: hyper_util::client::legacy::Error(Connect, ConnectError("dns error", Custom { kind: Uncategorized, error: "failed to lookup address information: Temporary failure in name resolution" })) } }
[INFO] [stdout] stack backtrace:
[INFO] [stdout]    0:     0x59469a43a3a1 - <<std[617be2ca0a6fd877]::sys::backtrace::BacktraceLock>::print::DisplayBacktrace as core[a373ad73a504971]::fmt::Display>::fmt
[INFO] [stdout]    1:     0x59469a451baa - core[a373ad73a504971]::fmt::write
[INFO] [stdout]    2:     0x59469a43f4fc - <alloc[2e1b2a31b91974c5]::vec::Vec<u8> as core[a373ad73a504971]::io::write::Write>::write_fmt
[INFO] [stdout]    3:     0x59469a413506 - std[617be2ca0a6fd877]::panicking::default_hook::{closure#0}
[INFO] [stdout]    4:     0x59469a4311c9 - std[617be2ca0a6fd877]::panicking::default_hook
[INFO] [stdout]    5:     0x59469a177720 - test[aada8e7e76ba119b]::test_main_inner::{closure#0}
[INFO] [stdout]    6:     0x59469a4314f2 - std[617be2ca0a6fd877]::panicking::panic_with_hook
[INFO] [stdout]    7:     0x59469a4135b2 - std[617be2ca0a6fd877]::panicking::panic_handler::{closure#0}
[INFO] [stdout]    8:     0x59469a40b8c9 - std[617be2ca0a6fd877]::sys::backtrace::__rust_end_short_backtrace::<std[617be2ca0a6fd877]::panicking::panic_handler::{closure#0}, !>
[INFO] [stdout]    9:     0x59469a41454d - __rustc[ea4f61d10b84890b]::rust_begin_unwind
[INFO] [stdout]   10:     0x59469a45230c - core[a373ad73a504971]::panicking::panic_fmt
[INFO] [stdout]   11:     0x59469a4520e2 - core[a373ad73a504971]::result::unwrap_failed
[INFO] [stdout]   12:     0x59469a14c9d2 - <uvm_install[89ad4231e95ad13d]::install::utils::tests::parse_file_name_from_url_without_file_name_part_and_content_disposition2::{closure#0} as core[a373ad73a504971]::ops::function::FnOnce<()>>::call_once
[INFO] [stdout]   13:     0x59469a16ab6b - test[aada8e7e76ba119b]::__rust_begin_short_backtrace::<core[a373ad73a504971]::result::Result<(), alloc[2e1b2a31b91974c5]::string::String>, fn() -> core[a373ad73a504971]::result::Result<(), alloc[2e1b2a31b91974c5]::string::String>>
[INFO] [stdout]   14:     0x59469a177d45 - test[aada8e7e76ba119b]::run_test::{closure#0}
[INFO] [stdout]   15:     0x59469a171634 - std[617be2ca0a6fd877]::sys::backtrace::__rust_begin_short_backtrace::<test[aada8e7e76ba119b]::run_test::{closure#1}, ()>
[INFO] [stdout]   16:     0x59469a17add2 - <std[617be2ca0a6fd877]::thread::lifecycle::spawn_unchecked<test[aada8e7e76ba119b]::run_test::{closure#1}, ()>::{closure#1} as core[a373ad73a504971]::ops::function::FnOnce<()>>::call_once::{shim:vtable#0}
[INFO] [stdout]   17:     0x59469a43930f - <std[617be2ca0a6fd877]::sys::thread::unix::Thread>::new::thread_start
[INFO] [stdout]   18:     0x706946050dfa - <unknown>
[INFO] [stdout]   19:     0x7069460e43d4 - clone
[INFO] [stdout]   20:                0x0 - <unknown>
[INFO] [stdout] 
[INFO] [stdout] 
[INFO] [stdout] failures:
[INFO] [stdout]     install::utils::tests::parse_file_name_from_url_without_file_name_part_and_content_disposition
[INFO] [stdout]     install::utils::tests::parse_file_name_from_url_without_file_name_part_and_content_disposition2
[INFO] [stdout]     install::utils::tests::parse_file_name_from_url_without_file_name_part_and_content_disposition3
[INFO] [stdout] 
[INFO] [stdout] test result: FAILED. 21 passed; 3 failed; 0 ignored; 0 measured; 0 filtered out; finished in 0.13s
[INFO] [stdout] 
[INFO] running `Command { std: "docker" "inspect" "d965f233fefdaaef76570350c4e0155db33b78699591f5308db0825b28f8ed8a", kill_on_drop: false }`
[INFO] running `Command { std: "docker" "rm" "-f" "d965f233fefdaaef76570350c4e0155db33b78699591f5308db0825b28f8ed8a", kill_on_drop: false }`
[INFO] [stdout] d965f233fefdaaef76570350c4e0155db33b78699591f5308db0825b28f8ed8a
