[INFO] fetching crate unic-cli 0.9.0...
[INFO] testing unic-cli-0.9.0 against 1.100.0-beta.1+cargoflags=--release for beta-release-1.100-2
[INFO] extracting crate unic-cli 0.9.0 into /workspace/builds/worker-1-tc2/source
[INFO] started tweaking crates.io crate unic-cli 0.9.0
[INFO] finished tweaking crates.io crate unic-cli 0.9.0
[INFO] tweaked toml for crates.io crate unic-cli 0.9.0 written to /workspace/builds/worker-1-tc2/source/Cargo.toml
[INFO] validating manifest of crates.io crate unic-cli 0.9.0 on toolchain 1.100.0-beta.1
[INFO] running `Command { std: CARGO_HOME="/workspace/cargo-home" RUSTUP_HOME="/workspace/rustup-home" "/workspace/cargo-home/bin/cargo" "+1.100.0-beta.1" "metadata" "--manifest-path" "Cargo.toml" "--no-deps", kill_on_drop: false }`
[INFO] running `Command { std: CARGO_HOME="/workspace/cargo-home" RUSTUP_HOME="/workspace/rustup-home" "/workspace/cargo-home/bin/cargo" "+1.100.0-beta.1" "generate-lockfile" "--manifest-path" "Cargo.toml", kill_on_drop: false }`
[INFO] [stderr]     Updating crates.io index
[INFO] [stderr]      Locking 126 packages to highest compatible versions
[INFO] [stderr]       Adding assert_cli v0.5.4 (available: v0.6.3)
[INFO] [stderr]       Adding clap v2.34.0 (available: v4.6.7)
[INFO] [stderr]       Adding prettytable-rs v0.6.7 (available: v0.10.0)
[INFO] [stderr]       Adding quickcheck v0.6.2 (available: v1.1.0)
[INFO] [stderr]       Adding regex v0.2.11 (available: v1.13.1)
[INFO] running `Command { std: CARGO_HOME="/workspace/cargo-home" RUSTUP_HOME="/workspace/rustup-home" "/workspace/cargo-home/bin/cargo" "+1.100.0-beta.1" "fetch" "--manifest-path" "Cargo.toml", kill_on_drop: false }`
[INFO] running `Command { std: "docker" "create" "-v" "/var/lib/crater-agent-workspace/builds/worker-1-tc2/source:/opt/rustwide/workdir:ro,Z" "-v" "/var/lib/crater-agent-workspace/builds/worker-1-tc2/target:/opt/rustwide/target:rw,Z" "-v" "/var/lib/crater-agent-workspace/cargo-home:/opt/rustwide/cargo-home:ro,Z" "-v" "/var/lib/crater-agent-workspace/rustup-home:/opt/rustwide/rustup-home:ro,Z" "-m" "1610612736" "--network" "none" "ghcr.io/rust-lang/crates-build-env/linux@sha256:77db811e55d90add9212f6832c23229e3de5f1c1f9905e8cb07319ea15df73ac" "sleep" "infinity", kill_on_drop: false }`
[INFO] [stdout] 5117969d00a5c9c888dc284244fe1116b772a23a7701125d79c6b8f7252f3646
[INFO] running `Command { std: "docker" "start" "5117969d00a5c9c888dc284244fe1116b772a23a7701125d79c6b8f7252f3646", kill_on_drop: false }`
[INFO] running `Command { std: "docker" "inspect" "5117969d00a5c9c888dc284244fe1116b772a23a7701125d79c6b8f7252f3646", kill_on_drop: false }`
[INFO] running `Command { std: "docker" "exec" "-e" "SOURCE_DIR=/opt/rustwide/workdir" "-e" "CARGO_HOME=/opt/rustwide/cargo-home" "-e" "RUSTUP_HOME=/opt/rustwide/rustup-home" "-e" "CARGO_TARGET_DIR=/opt/rustwide/target" "-w" "/opt/rustwide/workdir" "--user" "0:0" "5117969d00a5c9c888dc284244fe1116b772a23a7701125d79c6b8f7252f3646" "/opt/rustwide/cargo-home/bin/cargo" "+1.100.0-beta.1" "metadata" "--no-deps" "--format-version=1", kill_on_drop: false }`
[INFO] running `Command { std: "docker" "inspect" "5117969d00a5c9c888dc284244fe1116b772a23a7701125d79c6b8f7252f3646", kill_on_drop: false }`
[INFO] running `Command { std: "docker" "exec" "-e" "SOURCE_DIR=/opt/rustwide/workdir" "-e" "CARGO_HOME=/opt/rustwide/cargo-home" "-e" "RUSTUP_HOME=/opt/rustwide/rustup-home" "-e" "CARGO_TARGET_DIR=/opt/rustwide/target" "-e" "CARGO_INCREMENTAL=0" "-e" "RUST_BACKTRACE=full" "-e" "RUSTFLAGS=--cap-lints=warn" "-e" "RUSTDOCFLAGS=--cap-lints=warn" "-w" "/opt/rustwide/workdir" "--user" "0:0" "5117969d00a5c9c888dc284244fe1116b772a23a7701125d79c6b8f7252f3646" "/opt/rustwide/cargo-home/bin/cargo" "+1.100.0-beta.1" "build" "--frozen" "--message-format=json" "--release", kill_on_drop: false }`
[INFO] [stderr]    Compiling unic-char-range v0.9.0
[INFO] [stderr]    Compiling unic-common v0.9.0
[INFO] [stderr]    Compiling libc v0.2.191
[INFO] [stderr]    Compiling unicode-width v0.1.14
[INFO] [stderr]    Compiling unic-idna-punycode v0.9.0
[INFO] [stderr]    Compiling regex v0.2.11
[INFO] [stderr]    Compiling ucd-util v0.1.10
[INFO] [stderr]    Compiling rustc-serialize v0.3.25
[INFO] [stderr]    Compiling unic-char-basics v0.9.0
[INFO] [stderr]    Compiling lazy_static v0.2.11
[INFO] [stderr]    Compiling strsim v0.8.0
[INFO] [stderr]    Compiling ansi_term v0.12.1
[INFO] [stderr]    Compiling aho-corasick v0.6.10
[INFO] [stderr]    Compiling thread_local v0.3.6
[INFO] [stderr]    Compiling encode_unicode v0.3.6
[INFO] [stderr]    Compiling term v0.4.6
[INFO] [stderr]    Compiling unic-ucd-version v0.9.0
[INFO] [stderr]    Compiling vec_map v0.8.2
[INFO] [stderr]    Compiling unic-char-property v0.9.0
[INFO] [stderr]    Compiling unic-ucd-hangul v0.9.0
[INFO] [stderr]    Compiling regex-syntax v0.5.6
[INFO] [stderr]    Compiling utf8-ranges v1.0.5
[INFO] [stderr]    Compiling unic-ucd-category v0.9.0
[INFO] [stderr]    Compiling unic-ucd-bidi v0.9.0
[INFO] [stderr]    Compiling unic-ucd-segment v0.9.0
[INFO] [stderr]    Compiling unic-ucd-age v0.9.0
[INFO] [stderr]    Compiling unic-ucd-common v0.9.0
[INFO] [stderr]    Compiling unic-ucd-block v0.9.0
[INFO] [stderr]    Compiling unic-ucd-ident v0.9.0
[INFO] [stderr]    Compiling unic-idna-mapping v0.9.0
[INFO] [stderr]    Compiling unic-ucd-name_aliases v0.9.0
[INFO] [stderr]    Compiling unic-emoji-char v0.9.0
[INFO] [stderr]    Compiling unic-ucd-name v0.9.0
[INFO] [stderr]    Compiling unic-ucd-normal v0.9.0
[INFO] [stderr]    Compiling unic-ucd-case v0.9.0
[INFO] [stderr]    Compiling unic-emoji v0.9.0
[INFO] [stderr]    Compiling unic-bidi v0.9.0
[INFO] [stderr]    Compiling textwrap v0.11.0
[INFO] [stderr]    Compiling unic-segment v0.9.0
[INFO] [stderr]    Compiling unic-char v0.9.0
[INFO] [stderr]    Compiling unic-normal v0.9.0
[INFO] [stderr]    Compiling unic-idna v0.9.0
[INFO] [stderr]    Compiling memchr v1.0.2
[INFO] [stderr]    Compiling atty v0.2.14
[INFO] [stderr]    Compiling clap v2.34.0
[INFO] [stderr]    Compiling csv v0.15.0
[INFO] [stderr]    Compiling prettytable-rs v0.6.7
[INFO] [stderr]    Compiling unic-ucd v0.9.0
[INFO] [stderr]    Compiling unic v0.9.0
[INFO] [stderr]    Compiling unic-cli v0.9.0 (/opt/rustwide/workdir)
[INFO] [stderr]     Finished `release` profile [optimized] target(s) in 38.61s
[INFO] running `Command { std: "docker" "inspect" "5117969d00a5c9c888dc284244fe1116b772a23a7701125d79c6b8f7252f3646", kill_on_drop: false }`
[INFO] running `Command { std: "docker" "exec" "-e" "SOURCE_DIR=/opt/rustwide/workdir" "-e" "CARGO_HOME=/opt/rustwide/cargo-home" "-e" "RUSTUP_HOME=/opt/rustwide/rustup-home" "-e" "CARGO_TARGET_DIR=/opt/rustwide/target" "-e" "CARGO_INCREMENTAL=0" "-e" "RUST_BACKTRACE=full" "-e" "RUSTFLAGS=--cap-lints=warn" "-e" "RUSTDOCFLAGS=--cap-lints=warn" "-w" "/opt/rustwide/workdir" "--user" "0:0" "5117969d00a5c9c888dc284244fe1116b772a23a7701125d79c6b8f7252f3646" "/opt/rustwide/cargo-home/bin/cargo" "+1.100.0-beta.1" "test" "--frozen" "--no-run" "--message-format=json" "--release", kill_on_drop: false }`
[INFO] [stderr]    Compiling serde_core v1.0.229
[INFO] [stderr]    Compiling serde_json v1.0.154
[INFO] [stderr]    Compiling libc v0.2.191
[INFO] [stderr]    Compiling rustix v1.1.5
[INFO] [stderr]    Compiling proc-macro2 v1.0.107
[INFO] [stderr]    Compiling serde v1.0.229
[INFO] [stderr]    Compiling camino v1.2.6
[INFO] [stderr]    Compiling getrandom v0.4.3
[INFO] [stderr]    Compiling error-chain v0.12.4
[INFO] [stderr]    Compiling pulldown-cmark v0.9.6
[INFO] [stderr]    Compiling walkdir v2.5.0
[INFO] [stderr]    Compiling bytecount v0.6.9
[INFO] [stderr]    Compiling object v0.37.3
[INFO] [stderr]    Compiling quick-error v1.2.3
[INFO] [stderr]    Compiling regex v1.13.1
[INFO] [stderr]    Compiling is-terminal v0.4.17
[INFO] [stderr]    Compiling rand v0.4.6
[INFO] [stderr]    Compiling environment v0.1.1
[INFO] [stderr]    Compiling difference v1.0.0
[INFO] [stderr]    Compiling humantime v1.3.0
[INFO] [stderr]    Compiling colored v1.9.4
[INFO] [stderr]    Compiling env_logger v0.5.13
[INFO] [stderr]    Compiling quote v1.0.47
[INFO] [stderr]    Compiling syn v3.0.9
[INFO] [stderr]    Compiling quickcheck v0.6.2
[INFO] [stderr]    Compiling tempfile v3.27.0
[INFO] [stderr]    Compiling serde_derive v1.0.229
[INFO] [stderr]    Compiling semver v1.0.28
[INFO] [stderr]    Compiling cargo-platform v0.1.9
[INFO] [stderr]    Compiling cargo_metadata v0.14.2
[INFO] [stderr]    Compiling backtrace v0.3.76
[INFO] [stderr]    Compiling skeptic v0.13.7
[INFO] [stderr]    Compiling assert_cli v0.5.4
[INFO] [stderr]    Compiling error-chain v0.11.0
[INFO] [stderr]    Compiling unic-cli v0.9.0 (/opt/rustwide/workdir)
[INFO] [stderr]     Finished `release` profile [optimized] target(s) in 23.84s
[INFO] running `Command { std: "docker" "inspect" "5117969d00a5c9c888dc284244fe1116b772a23a7701125d79c6b8f7252f3646", kill_on_drop: false }`
[INFO] running `Command { std: "docker" "exec" "-e" "SOURCE_DIR=/opt/rustwide/workdir" "-e" "CARGO_HOME=/opt/rustwide/cargo-home" "-e" "RUSTUP_HOME=/opt/rustwide/rustup-home" "-e" "CARGO_TARGET_DIR=/opt/rustwide/target" "-e" "CARGO_INCREMENTAL=0" "-e" "RUST_BACKTRACE=full" "-e" "RUSTFLAGS=--cap-lints=warn" "-e" "RUSTDOCFLAGS=--cap-lints=warn" "-w" "/opt/rustwide/workdir" "--user" "0:0" "5117969d00a5c9c888dc284244fe1116b772a23a7701125d79c6b8f7252f3646" "/opt/rustwide/cargo-home/bin/cargo" "+1.100.0-beta.1" "test" "--frozen" "--release", kill_on_drop: false }`
[INFO] [stderr]     Finished `release` profile [optimized] target(s) in 0.15s
[INFO] [stderr]      Running unittests src/lib.rs (/opt/rustwide/target/release/build/unic-cli/d67234ea7127522d/out/unic_cli-d67234ea7127522d)
[INFO] [stdout] 
[INFO] [stdout] running 0 tests
[INFO] [stdout] 
[INFO] [stdout] test result: ok. 0 passed; 0 failed; 0 ignored; 0 measured; 0 filtered out; finished in 0.00s
[INFO] [stdout] 
[INFO] [stderr]      Running unittests src/bin/unic-echo.rs (/opt/rustwide/target/release/build/unic-cli/6a05b48924cca68c/out/unic_echo-6a05b48924cca68c)
[INFO] [stderr]      Running unittests src/bin/unic-inspector.rs (/opt/rustwide/target/release/build/unic-cli/9920af74bfa2d3cb/out/unic_inspector-9920af74bfa2d3cb)
[INFO] [stdout] 
[INFO] [stdout] running 0 tests
[INFO] [stdout] 
[INFO] [stdout] test result: ok. 0 passed; 0 failed; 0 ignored; 0 measured; 0 filtered out; finished in 0.00s
[INFO] [stdout] 
[INFO] [stdout] 
[INFO] [stdout] running 0 tests
[INFO] [stdout] 
[INFO] [stdout] test result: ok. 0 passed; 0 failed; 0 ignored; 0 measured; 0 filtered out; finished in 0.00s
[INFO] [stdout] 
[INFO] [stderr]      Running unittests src/bin/unic-versions.rs (/opt/rustwide/target/release/build/unic-cli/f8f5c82c46371cc8/out/unic_versions-f8f5c82c46371cc8)
[INFO] [stdout] 
[INFO] [stderr]      Running tests/quickcheck.rs (/opt/rustwide/target/release/build/unic-cli/95141ec81b47f27d/out/quickcheck-95141ec81b47f27d)
[INFO] [stdout] running 0 tests
[INFO] [stdout] 
[INFO] [stdout] test result: ok. 0 passed; 0 failed; 0 ignored; 0 measured; 0 filtered out; finished in 0.00s
[INFO] [stdout] 
[INFO] [stdout] 
[INFO] [stdout] running 3 tests
[INFO] [stdout] test quickcheck_codepoints ... ok
[INFO] [stdout] test quickcheck_utf8_hex ... ok
[INFO] [stdout] test quickcheck_utf16_hex ... ok
[INFO] [stderr]      Running tests/test_unic-echo.rs (/opt/rustwide/target/release/build/unic-cli/816a410ea8c2a7c0/out/test_unic_echo-816a410ea8c2a7c0)
[INFO] [stdout] 
[INFO] [stdout] test result: ok. 3 passed; 0 failed; 0 ignored; 0 measured; 0 filtered out; finished in 0.01s
[INFO] [stdout] 
[INFO] [stdout] 
[INFO] [stdout] running 9 tests
[INFO] [stdout] test test_utf8_hex_output ... FAILED
[INFO] [stdout] test test_utf16_hex_output ... FAILED
[INFO] [stdout] test test_utf16_hex_input ... ok
[INFO] [stdout] test test_no_newline_output ... ok
[INFO] [stdout] test test_codepoints_input ... ok
[INFO] [stdout] test test_rust_escape_output ... ok
[INFO] [stdout] test test_plain_text_input ... ok
[INFO] [stdout] test test_utf8_hex_input ... ok
[INFO] [stdout] test test_codepoints_output ... ok
[INFO] [stderr] error: test failed, to rerun pass `--test test_unic-echo`
[INFO] [stdout] 
[INFO] [stdout] failures:
[INFO] [stdout] 
[INFO] [stdout] ---- test_utf8_hex_output stdout ----
[INFO] [stdout] 
[INFO] [stdout] thread 'test_utf8_hex_output' (1699) panicked at /opt/rustwide/cargo-home/registry/src/index.crates.io-1949cf8c6b5b557f/assert_cli-0.5.4/src/assert.rs:368:13:
[INFO] [stdout] CLI assertion failed: (command `cargo run --bin unic-echo -- --output utf8-hex` expected to succeed)
[INFO] [stdout] status=failed
[INFO] [stdout] stdout=``````
[INFO] [stdout] stderr=```   Compiling unic-char-range v0.9.0
[INFO] [stdout]    Compiling unic-common v0.9.0
[INFO] [stdout]    Compiling matches v0.1.10
[INFO] [stdout]    Compiling libc v0.2.191
[INFO] [stdout]    Compiling unicode-width v0.1.14
[INFO] [stdout]    Compiling memchr v2.8.3
[INFO] [stdout]    Compiling lazy_static v1.5.1
[INFO] [stdout]    Compiling regex v0.2.11
[INFO] [stdout]    Compiling unic-char-basics v0.9.0
[INFO] [stdout]    Compiling ucd-util v0.1.10
[INFO] [stdout]    Compiling byteorder v1.5.0
[INFO] [stdout]    Compiling rustc-serialize v0.3.25
[INFO] [stdout]    Compiling unic-idna-punycode v0.9.0
[INFO] [stdout]    Compiling encode_unicode v0.3.6
[INFO] [stdout]    Compiling strsim v0.8.0
[INFO] [stdout]    Compiling term v0.4.6
[INFO] [stdout]    Compiling thread_local v0.3.6
[INFO] [stdout]    Compiling vec_map v0.8.2
[INFO] [stdout]    Compiling utf8-ranges v1.0.5
[INFO] [stdout]    Compiling unic-char-property v0.9.0
[INFO] [stdout]    Compiling unic-ucd-version v0.9.0
[INFO] [stdout]    Compiling unic-ucd-hangul v0.9.0
[INFO] [stdout]    Compiling regex-syntax v0.5.6
[INFO] [stdout]    Compiling ansi_term v0.12.1
[INFO] [stdout]    Compiling unic-ucd-category v0.9.0
[INFO] [stdout]    Compiling unic-ucd-bidi v0.9.0
[INFO] [stdout]    Compiling unic-ucd-segment v0.9.0
[INFO] [stdout]    Compiling unic-ucd-name v0.9.0
[INFO] [stdout]    Compiling unic-ucd-age v0.9.0
[INFO] [stdout]    Compiling unic-ucd-ident v0.9.0
[INFO] [stdout]    Compiling unic-ucd-block v0.9.0
[INFO] [stdout]    Compiling unic-emoji-char v0.9.0
[INFO] [stdout]    Compiling unic-ucd-name_aliases v0.9.0
[INFO] [stdout]    Compiling unic-idna-mapping v0.9.0
[INFO] [stdout]    Compiling unic-ucd-case v0.9.0
[INFO] [stdout]    Compiling unic-ucd-common v0.9.0
[INFO] [stdout]    Compiling unic-ucd-normal v0.9.0
[INFO] [stdout]    Compiling unic-emoji v0.9.0
[INFO] [stdout]    Compiling textwrap v0.11.0
[INFO] [stdout]    Compiling unic-bidi v0.9.0
[INFO] [stdout]    Compiling unic-char v0.9.0
[INFO] [stdout]    Compiling bitflags v1.3.2
[INFO] [stdout]    Compiling lazy_static v0.2.11
[INFO] [stdout]    Compiling unic-segment v0.9.0
[INFO] [stdout]    Compiling aho-corasick v0.6.10
[INFO] [stdout]    Compiling unic-normal v0.9.0
[INFO] [stdout]    Compiling unic-idna v0.9.0
[INFO] [stdout]    Compiling atty v0.2.14
[INFO] [stdout]    Compiling memchr v1.0.2
[INFO] [stdout]    Compiling clap v2.34.0
[INFO] [stdout]    Compiling csv v0.15.0
[INFO] [stdout]    Compiling prettytable-rs v0.6.7
[INFO] [stdout] error: could not compile `unic-ucd-name` (lib)
[INFO] [stdout] 
[INFO] [stdout] Caused by:
[INFO] [stdout]   process didn't exit successfully: `/opt/rustwide/rustup-home/toolchains/1.100.0-beta.1-x86_64-unknown-linux-gnu/bin/rustc --crate-name unic_ucd_name --edition=2018 /opt/rustwide/cargo-home/registry/src/index.crates.io-1949cf8c6b5b557f/unic-ucd-name-0.9.0/src/lib.rs --error-format=json --json=diagnostic-rendered-ansi,artifacts,future-incompat,unused-externs-silent --crate-type lib --emit=dep-info,metadata,link -C embed-bitcode=no -C debuginfo=2 --check-cfg 'cfg(docsrs,test)' --check-cfg 'cfg(feature, values())' -C metadata=608c5dedbae43b3e -C extra-filename=-b1fe376157d7d24f --out-dir /opt/rustwide/target/debug/build/unic-ucd-name/b1fe376157d7d24f/out -L dependency=/opt/rustwide/target/debug/build/unic-char-range/b5dafc4c6f135f61/out -L dependency=/opt/rustwide/target/debug/build/unic-common/a65df4a110d91abe/out -L dependency=/opt/rustwide/target/debug/build/unic-ucd-version/0b9ee98f0d6b7b81/out --extern unic_char_property=/opt/rustwide/target/debug/build/unic-char-property/e3c217220aa972ce/out/libunic_char_property-e3c217220aa972ce.rmeta --extern unic_ucd_hangul=/opt/rustwide/target/debug/build/unic-ucd-hangul/4d8823daedea9672/out/libunic_ucd_hangul-4d8823daedea9672.rmeta --extern unic_ucd_version=/opt/rustwide/target/debug/build/unic-ucd-version/0b9ee98f0d6b7b81/out/libunic_ucd_version-0b9ee98f0d6b7b81.rmeta --cap-lints allow --cap-lints=warn --force-warn=unused_crate_dependencies` (signal: 9, SIGKILL: kill)
[INFO] [stdout] ```
[INFO] [stdout] stack backtrace:
[INFO] [stdout]    0:     0x58633b2f4e81 - <<std[617be2ca0a6fd877]::sys::backtrace::BacktraceLock>::print::DisplayBacktrace as core[a373ad73a504971]::fmt::Display>::fmt
[INFO] [stdout]    1:     0x58633b30957a - core[a373ad73a504971]::fmt::write
[INFO] [stdout]    2:     0x58633b2f919c - <alloc[2e1b2a31b91974c5]::vec::Vec<u8> as core[a373ad73a504971]::io::write::Write>::write_fmt
[INFO] [stdout]    3:     0x58633b2d0746 - std[617be2ca0a6fd877]::panicking::default_hook::{closure#0}
[INFO] [stdout]    4:     0x58633b2ed479 - std[617be2ca0a6fd877]::panicking::default_hook
[INFO] [stdout]    5:     0x58633b24bde0 - test[aada8e7e76ba119b]::test_main_inner::{closure#0}
[INFO] [stdout]    6:     0x58633b2ed632 - std[617be2ca0a6fd877]::panicking::panic_with_hook
[INFO] [stdout]    7:     0x58633b2d07f2 - std[617be2ca0a6fd877]::panicking::panic_handler::{closure#0}
[INFO] [stdout]    8:     0x58633b2c9509 - std[617be2ca0a6fd877]::sys::backtrace::__rust_end_short_backtrace::<std[617be2ca0a6fd877]::panicking::panic_handler::{closure#0}, !>
[INFO] [stdout]    9:     0x58633b2d13fd - __rustc[ea4f61d10b84890b]::rust_begin_unwind
[INFO] [stdout]   10:     0x58633b309cac - core[a373ad73a504971]::panicking::panic_fmt
[INFO] [stdout]   11:     0x58633b2807a9 - <assert_cli[735a1bcb71acdc0a]::assert::Assert>::unwrap
[INFO] [stdout]   12:     0x58633b23e085 - <test_unic_echo[caa95f24d8a142c8]::test_utf8_hex_output::{closure#0} as core[a373ad73a504971]::ops::function::FnOnce<()>>::call_once
[INFO] [stdout]   13:     0x58633b23f22b - test[aada8e7e76ba119b]::__rust_begin_short_backtrace::<core[a373ad73a504971]::result::Result<(), alloc[2e1b2a31b91974c5]::string::String>, fn() -> core[a373ad73a504971]::result::Result<(), alloc[2e1b2a31b91974c5]::string::String>>
[INFO] [stdout]   14:     0x58633b24c405 - test[aada8e7e76ba119b]::run_test::{closure#0}
[INFO] [stdout]   15:     0x58633b245cf4 - std[617be2ca0a6fd877]::sys::backtrace::__rust_begin_short_backtrace::<test[aada8e7e76ba119b]::run_test::{closure#1}, ()>
[INFO] [stdout]   16:     0x58633b24f492 - <std[617be2ca0a6fd877]::thread::lifecycle::spawn_unchecked<test[aada8e7e76ba119b]::run_test::{closure#1}, ()>::{closure#1} as core[a373ad73a504971]::ops::function::FnOnce<()>>::call_once::{shim:vtable#0}
[INFO] [stdout]   17:     0x58633b2f46df - <std[617be2ca0a6fd877]::sys::thread::unix::Thread>::new::thread_start
[INFO] [stdout]   18:     0x783dd6380dfa - <unknown>
[INFO] [stdout]   19:     0x783dd64143d4 - clone
[INFO] [stdout]   20:                0x0 - <unknown>
[INFO] [stdout] 
[INFO] [stdout] ---- test_utf16_hex_output stdout ----
[INFO] [stdout] 
[INFO] [stdout] thread 'test_utf16_hex_output' (1690) panicked at /opt/rustwide/cargo-home/registry/src/index.crates.io-1949cf8c6b5b557f/assert_cli-0.5.4/src/assert.rs:368:13:
[INFO] [stdout] CLI assertion failed: (command `cargo run --bin unic-echo -- --output utf16-hex` expected to succeed)
[INFO] [stdout] status=failed
[INFO] [stdout] stdout=``````
[INFO] [stdout] stderr=```    Blocking waiting for file lock on build directory
[INFO] [stdout]    Compiling unic-ucd-name v0.9.0
[INFO] [stdout] error: could not compile `unic-ucd-name` (lib)
[INFO] [stdout] 
[INFO] [stdout] Caused by:
[INFO] [stdout]   process didn't exit successfully: `/opt/rustwide/rustup-home/toolchains/1.100.0-beta.1-x86_64-unknown-linux-gnu/bin/rustc --crate-name unic_ucd_name --edition=2018 /opt/rustwide/cargo-home/registry/src/index.crates.io-1949cf8c6b5b557f/unic-ucd-name-0.9.0/src/lib.rs --error-format=json --json=diagnostic-rendered-ansi,artifacts,future-incompat,unused-externs-silent --crate-type lib --emit=dep-info,metadata,link -C embed-bitcode=no -C debuginfo=2 --check-cfg 'cfg(docsrs,test)' --check-cfg 'cfg(feature, values())' -C metadata=608c5dedbae43b3e -C extra-filename=-b1fe376157d7d24f --out-dir /opt/rustwide/target/debug/build/unic-ucd-name/b1fe376157d7d24f/out -L dependency=/opt/rustwide/target/debug/build/unic-char-range/b5dafc4c6f135f61/out -L dependency=/opt/rustwide/target/debug/build/unic-common/a65df4a110d91abe/out -L dependency=/opt/rustwide/target/debug/build/unic-ucd-version/0b9ee98f0d6b7b81/out --extern unic_char_property=/opt/rustwide/target/debug/build/unic-char-property/e3c217220aa972ce/out/libunic_char_property-e3c217220aa972ce.rmeta --extern unic_ucd_hangul=/opt/rustwide/target/debug/build/unic-ucd-hangul/4d8823daedea9672/out/libunic_ucd_hangul-4d8823daedea9672.rmeta --extern unic_ucd_version=/opt/rustwide/target/debug/build/unic-ucd-version/0b9ee98f0d6b7b81/out/libunic_ucd_version-0b9ee98f0d6b7b81.rmeta --cap-lints allow --cap-lints=warn --force-warn=unused_crate_dependencies` (signal: 9, SIGKILL: kill)
[INFO] [stdout] ```
[INFO] [stdout] stack backtrace:
[INFO] [stdout]    0:     0x58633b2f4e81 - <<std[617be2ca0a6fd877]::sys::backtrace::BacktraceLock>::print::DisplayBacktrace as core[a373ad73a504971]::fmt::Display>::fmt
[INFO] [stdout]    1:     0x58633b30957a - core[a373ad73a504971]::fmt::write
[INFO] [stdout]    2:     0x58633b2f919c - <alloc[2e1b2a31b91974c5]::vec::Vec<u8> as core[a373ad73a504971]::io::write::Write>::write_fmt
[INFO] [stdout]    3:     0x58633b2d0746 - std[617be2ca0a6fd877]::panicking::default_hook::{closure#0}
[INFO] [stdout]    4:     0x58633b2ed479 - std[617be2ca0a6fd877]::panicking::default_hook
[INFO] [stdout]    5:     0x58633b24bde0 - test[aada8e7e76ba119b]::test_main_inner::{closure#0}
[INFO] [stdout]    6:     0x58633b2ed632 - std[617be2ca0a6fd877]::panicking::panic_with_hook
[INFO] [stdout]    7:     0x58633b2d07f2 - std[617be2ca0a6fd877]::panicking::panic_handler::{closure#0}
[INFO] [stdout]    8:     0x58633b2c9509 - std[617be2ca0a6fd877]::sys::backtrace::__rust_end_short_backtrace::<std[617be2ca0a6fd877]::panicking::panic_handler::{closure#0}, !>
[INFO] [stdout]    9:     0x58633b2d13fd - __rustc[ea4f61d10b84890b]::rust_begin_unwind
[INFO] [stdout]   10:     0x58633b309cac - core[a373ad73a504971]::panicking::panic_fmt
[INFO] [stdout]   11:     0x58633b2807a9 - <assert_cli[735a1bcb71acdc0a]::assert::Assert>::unwrap
[INFO] [stdout]   12:     0x58633b23e8b5 - <test_unic_echo[caa95f24d8a142c8]::test_utf16_hex_output::{closure#0} as core[a373ad73a504971]::ops::function::FnOnce<()>>::call_once
[INFO] [stdout]   13:     0x58633b23f22b - test[aada8e7e76ba119b]::__rust_begin_short_backtrace::<core[a373ad73a504971]::result::Result<(), alloc[2e1b2a31b91974c5]::string::String>, fn() -> core[a373ad73a504971]::result::Result<(), alloc[2e1b2a31b91974c5]::string::String>>
[INFO] [stdout]   14:     0x58633b24c405 - test[aada8e7e76ba119b]::run_test::{closure#0}
[INFO] [stdout]   15:     0x58633b245cf4 - std[617be2ca0a6fd877]::sys::backtrace::__rust_begin_short_backtrace::<test[aada8e7e76ba119b]::run_test::{closure#1}, ()>
[INFO] [stdout]   16:     0x58633b24f492 - <std[617be2ca0a6fd877]::thread::lifecycle::spawn_unchecked<test[aada8e7e76ba119b]::run_test::{closure#1}, ()>::{closure#1} as core[a373ad73a504971]::ops::function::FnOnce<()>>::call_once::{shim:vtable#0}
[INFO] [stdout]   17:     0x58633b2f46df - <std[617be2ca0a6fd877]::sys::thread::unix::Thread>::new::thread_start
[INFO] [stdout]   18:     0x783dd6380dfa - <unknown>
[INFO] [stdout]   19:     0x783dd64143d4 - clone
[INFO] [stdout]   20:                0x0 - <unknown>
[INFO] [stdout] 
[INFO] [stdout] 
[INFO] [stdout] failures:
[INFO] [stdout]     test_utf16_hex_output
[INFO] [stdout]     test_utf8_hex_output
[INFO] [stdout] 
[INFO] [stdout] test result: FAILED. 7 passed; 2 failed; 0 ignored; 0 measured; 0 filtered out; finished in 38.55s
[INFO] [stdout] 
[INFO] running `Command { std: "docker" "inspect" "5117969d00a5c9c888dc284244fe1116b772a23a7701125d79c6b8f7252f3646", kill_on_drop: false }`
[INFO] running `Command { std: "docker" "rm" "-f" "5117969d00a5c9c888dc284244fe1116b772a23a7701125d79c6b8f7252f3646", kill_on_drop: false }`
[INFO] [stdout] 5117969d00a5c9c888dc284244fe1116b772a23a7701125d79c6b8f7252f3646
