[INFO] fetching crate totebag-cli 0.10.0...
[INFO] testing totebag-cli-0.10.0 against 1.100.0-beta.1+cargoflags=--release for beta-release-1.100-2
[INFO] extracting crate totebag-cli 0.10.0 into /workspace/builds/worker-7-tc2/source
[INFO] started tweaking crates.io crate totebag-cli 0.10.0
[INFO] finished tweaking crates.io crate totebag-cli 0.10.0
[INFO] tweaked toml for crates.io crate totebag-cli 0.10.0 written to /workspace/builds/worker-7-tc2/source/Cargo.toml
[INFO] validating manifest of crates.io crate totebag-cli 0.10.0 on toolchain 1.100.0-beta.1
[INFO] running `Command { std: CARGO_HOME="/workspace/cargo-home" RUSTUP_HOME="/workspace/rustup-home" "/workspace/cargo-home/bin/cargo" "+1.100.0-beta.1" "metadata" "--manifest-path" "Cargo.toml" "--no-deps", kill_on_drop: false }`
[INFO] crate crates.io crate totebag-cli 0.10.0 already has a lockfile, it will not be regenerated
[INFO] running `Command { std: CARGO_HOME="/workspace/cargo-home" RUSTUP_HOME="/workspace/rustup-home" "/workspace/cargo-home/bin/cargo" "+1.100.0-beta.1" "fetch" "--manifest-path" "Cargo.toml", kill_on_drop: false }`
[INFO] running `Command { std: "docker" "create" "-v" "/var/lib/crater-agent-workspace/builds/worker-7-tc2/source:/opt/rustwide/workdir:ro,Z" "-v" "/var/lib/crater-agent-workspace/builds/worker-7-tc2/target:/opt/rustwide/target:rw,Z" "-v" "/var/lib/crater-agent-workspace/cargo-home:/opt/rustwide/cargo-home:ro,Z" "-v" "/var/lib/crater-agent-workspace/rustup-home:/opt/rustwide/rustup-home:ro,Z" "-m" "1610612736" "--network" "none" "ghcr.io/rust-lang/crates-build-env/linux@sha256:77db811e55d90add9212f6832c23229e3de5f1c1f9905e8cb07319ea15df73ac" "sleep" "infinity", kill_on_drop: false }`
[INFO] [stdout] 3b80b9449b0e9c9ce4e84415b5ec2ee76410e9a382468477a215b4e670f565c0
[INFO] running `Command { std: "docker" "start" "3b80b9449b0e9c9ce4e84415b5ec2ee76410e9a382468477a215b4e670f565c0", kill_on_drop: false }`
[INFO] running `Command { std: "docker" "inspect" "3b80b9449b0e9c9ce4e84415b5ec2ee76410e9a382468477a215b4e670f565c0", kill_on_drop: false }`
[INFO] running `Command { std: "docker" "exec" "-e" "SOURCE_DIR=/opt/rustwide/workdir" "-e" "CARGO_HOME=/opt/rustwide/cargo-home" "-e" "RUSTUP_HOME=/opt/rustwide/rustup-home" "-e" "CARGO_TARGET_DIR=/opt/rustwide/target" "-w" "/opt/rustwide/workdir" "--user" "0:0" "3b80b9449b0e9c9ce4e84415b5ec2ee76410e9a382468477a215b4e670f565c0" "/opt/rustwide/cargo-home/bin/cargo" "+1.100.0-beta.1" "metadata" "--no-deps" "--format-version=1", kill_on_drop: false }`
[INFO] running `Command { std: "docker" "inspect" "3b80b9449b0e9c9ce4e84415b5ec2ee76410e9a382468477a215b4e670f565c0", kill_on_drop: false }`
[INFO] running `Command { std: "docker" "exec" "-e" "SOURCE_DIR=/opt/rustwide/workdir" "-e" "CARGO_HOME=/opt/rustwide/cargo-home" "-e" "RUSTUP_HOME=/opt/rustwide/rustup-home" "-e" "CARGO_TARGET_DIR=/opt/rustwide/target" "-e" "CARGO_INCREMENTAL=0" "-e" "RUST_BACKTRACE=full" "-e" "RUSTFLAGS=--cap-lints=warn" "-e" "RUSTDOCFLAGS=--cap-lints=warn" "-w" "/opt/rustwide/workdir" "--user" "0:0" "3b80b9449b0e9c9ce4e84415b5ec2ee76410e9a382468477a215b4e670f565c0" "/opt/rustwide/cargo-home/bin/cargo" "+1.100.0-beta.1" "build" "--frozen" "--message-format=json" "--release", kill_on_drop: false }`
[INFO] [stderr]    Compiling regex-syntax v0.8.11
[INFO] [stderr]    Compiling getrandom v0.4.3
[INFO] [stderr]    Compiling cpubits v0.1.1
[INFO] [stderr]    Compiling syn v2.0.119
[INFO] [stderr]    Compiling syn v3.0.8
[INFO] [stderr]    Compiling block-padding v0.4.2
[INFO] [stderr]    Compiling rustix v1.1.5
[INFO] [stderr]    Compiling libbz2-rs-sys v0.2.5
[INFO] [stderr]    Compiling zlib-rs v0.6.8
[INFO] [stderr]    Compiling bstr v1.13.1
[INFO] [stderr]    Compiling time v0.3.55
[INFO] [stderr]    Compiling ppmd-rust v1.5.0
[INFO] [stderr]    Compiling uuid v1.28.0
[INFO] [stderr]    Compiling web-time v1.1.0
[INFO] [stderr]    Compiling clap_lex v1.1.1
[INFO] [stderr]    Compiling crossbeam-deque v0.8.8
[INFO] [stderr]    Compiling filetime v0.2.29
[INFO] [stderr]    Compiling lzma-rust2 v0.19.0
[INFO] [stderr]    Compiling inout v0.2.2
[INFO] [stderr]    Compiling twox-hash v2.1.5
[INFO] [stderr]    Compiling typed-path v0.12.3
[INFO] [stderr]    Compiling cipher v0.5.2
[INFO] [stderr]    Compiling clap_builder v4.6.7
[INFO] [stderr]    Compiling deflate64 v0.1.12
[INFO] [stderr]    Compiling jiff-core v0.1.1
[INFO] [stderr]    Compiling cbc v0.2.1
[INFO] [stderr]    Compiling cfb v0.14.0
[INFO] [stderr]    Compiling constant_time_eq v0.4.2
[INFO] [stderr]    Compiling normalize-path v0.2.2
[INFO] [stderr]    Compiling xml v1.4.0
[INFO] [stderr]    Compiling bzip2 v0.6.1
[INFO] [stderr]    Compiling lzxd v0.2.7
[INFO] [stderr]    Compiling kpea v0.4.0
[INFO] [stderr]    Compiling structured-zstd v0.0.59
[INFO] [stderr]    Compiling humansize v2.1.3
[INFO] [stderr]    Compiling ar v0.9.0
[INFO] [stderr]    Compiling clap-num v1.2.0
[INFO] [stderr]    Compiling jiff v0.2.38
[INFO] [stderr]    Compiling regex-automata v0.4.18
[INFO] [stderr]    Compiling infer v0.22.0
[INFO] [stderr]    Compiling xattr v1.6.1
[INFO] [stderr]    Compiling flate2 v1.1.10
[INFO] [stderr]    Compiling tar v0.4.46
[INFO] [stderr]    Compiling cab v0.6.0
[INFO] [stderr]    Compiling serde_derive v1.0.229
[INFO] [stderr]    Compiling thiserror-impl v2.0.21
[INFO] [stderr]    Compiling bytemuck_derive v1.12.1
[INFO] [stderr]    Compiling clap_derive v4.6.7
[INFO] [stderr]    Compiling zeroize_derive v1.5.0
[INFO] [stderr]    Compiling typed-builder-macro v0.23.2
[INFO] [stderr]    Compiling bytemuck v1.25.2
[INFO] [stderr]    Compiling thiserror v2.0.21
[INFO] [stderr]    Compiling zeroize v1.9.1
[INFO] [stderr]    Compiling block-buffer v0.12.1
[INFO] [stderr]    Compiling aes v0.9.3
[INFO] [stderr]    Compiling digest v0.11.3
[INFO] [stderr]    Compiling globset v0.4.20
[INFO] [stderr]    Compiling sha2 v0.11.0
[INFO] [stderr]    Compiling hmac v0.13.0
[INFO] [stderr]    Compiling sha1 v0.11.0
[INFO] [stderr]    Compiling pbkdf2 v0.13.0
[INFO] [stderr]    Compiling regex v1.13.1
[INFO] [stderr]    Compiling clap v4.6.7
[INFO] [stderr]    Compiling ignore v0.4.33
[INFO] [stderr]    Compiling lzma-rust2 v0.16.5
[INFO] [stderr]    Compiling lzma-rust2 v0.18.1
[INFO] [stderr]    Compiling typed-builder v0.23.2
[INFO] [stderr]    Compiling rars v0.10.0
[INFO] [stderr]    Compiling env_filter v2.0.0
[INFO] [stderr]    Compiling env_logger v0.11.11
[INFO] [stderr]    Compiling serde v1.0.229
[INFO] [stderr]    Compiling sevenz-rust2 v0.21.6
[INFO] [stderr]    Compiling zip v8.6.0
[INFO] [stderr]    Compiling chrono v0.4.45
[INFO] [stderr]    Compiling serde-xml-rs v0.8.2
[INFO] [stderr]    Compiling delharc v0.8.0
[INFO] [stderr]    Compiling totebag v0.10.0
[INFO] [stderr]    Compiling totebag-cli v0.10.0 (/opt/rustwide/workdir)
[INFO] [stderr]     Finished `release` profile [optimized] target(s) in 2m 51s
[INFO] running `Command { std: "docker" "inspect" "3b80b9449b0e9c9ce4e84415b5ec2ee76410e9a382468477a215b4e670f565c0", kill_on_drop: false }`
[INFO] running `Command { std: "docker" "exec" "-e" "SOURCE_DIR=/opt/rustwide/workdir" "-e" "CARGO_HOME=/opt/rustwide/cargo-home" "-e" "RUSTUP_HOME=/opt/rustwide/rustup-home" "-e" "CARGO_TARGET_DIR=/opt/rustwide/target" "-e" "CARGO_INCREMENTAL=0" "-e" "RUST_BACKTRACE=full" "-e" "RUSTFLAGS=--cap-lints=warn" "-e" "RUSTDOCFLAGS=--cap-lints=warn" "-w" "/opt/rustwide/workdir" "--user" "0:0" "3b80b9449b0e9c9ce4e84415b5ec2ee76410e9a382468477a215b4e670f565c0" "/opt/rustwide/cargo-home/bin/cargo" "+1.100.0-beta.1" "test" "--frozen" "--no-run" "--message-format=json" "--release", kill_on_drop: false }`
[INFO] [stderr]    Compiling totebag-cli v0.10.0 (/opt/rustwide/workdir)
[INFO] [stderr]     Finished `release` profile [optimized] target(s) in 3.45s
[INFO] running `Command { std: "docker" "inspect" "3b80b9449b0e9c9ce4e84415b5ec2ee76410e9a382468477a215b4e670f565c0", kill_on_drop: false }`
[INFO] running `Command { std: "docker" "exec" "-e" "SOURCE_DIR=/opt/rustwide/workdir" "-e" "CARGO_HOME=/opt/rustwide/cargo-home" "-e" "RUSTUP_HOME=/opt/rustwide/rustup-home" "-e" "CARGO_TARGET_DIR=/opt/rustwide/target" "-e" "CARGO_INCREMENTAL=0" "-e" "RUST_BACKTRACE=full" "-e" "RUSTFLAGS=--cap-lints=warn" "-e" "RUSTDOCFLAGS=--cap-lints=warn" "-w" "/opt/rustwide/workdir" "--user" "0:0" "3b80b9449b0e9c9ce4e84415b5ec2ee76410e9a382468477a215b4e670f565c0" "/opt/rustwide/cargo-home/bin/cargo" "+1.100.0-beta.1" "test" "--frozen" "--release", kill_on_drop: false }`
[INFO] [stderr]     Finished `release` profile [optimized] target(s) in 0.15s
[INFO] [stderr]      Running unittests src/main.rs (/opt/rustwide/target/release/build/totebag-cli/ec8902575f6b9fd5/out/totebag-ec8902575f6b9fd5)
[INFO] [stdout] 
[INFO] [stdout] running 17 tests
[INFO] [stdout] test cli::tests::test_base_dir_strips_and_combines_with_rebase_dir ... ok
[INFO] [stdout] test cli::tests::test_cli_parse_error ... ok
[INFO] [stdout] test cli::tests::test_find_mode_1 ... ok
[INFO] [stdout] test cli::tests::test_first_argument_is_used_as_destination ... ok
[INFO] [stdout] test cli::tests::test_find_mode_2 ... ok
[INFO] [stdout] test tests::test_run ... ok
[INFO] [stdout] test cli::tests::test_output_option_wins_over_first_argument ... ok
[INFO] [stdout] test cli::tests::test_every_from_value_builds_a_detector ... ok
[INFO] [stdout] test cli::tests::test_find_mode_4 ... ok
[INFO] [stdout] test cli::tests::test_rebase_dir_prefixes_entries ... ok
[INFO] [stdout] test cli::tests::test_read_from_file3 ... FAILED
[INFO] [stdout] test cli::tests::test_rebase_dir_is_absent_by_default ... ok
[INFO] [stdout] test cli::tests::test_read_from_file1 ... FAILED
[INFO] [stdout] test tests::test_update_loglevel_error ... ignored
[INFO] [stderr] error: test failed, to rerun pass `--bin totebag`
[INFO] [stdout] test tests::test_list ... FAILED
[INFO] [stdout] test cli::tests::test_find_mode_3 ... ok
[INFO] [stdout] test cli::tests::test_read_from_file2 ... FAILED
[INFO] [stdout] 
[INFO] [stdout] failures:
[INFO] [stdout] 
[INFO] [stdout] ---- cli::tests::test_read_from_file3 stdout ----
[INFO] [stdout] 
[INFO] [stdout] thread 'cli::tests::test_read_from_file3' (1684) panicked at src/cli.rs:532:44:
[INFO] [stdout] called `Result::unwrap()` on an `Err` value: Array([FileNotFound("../testdata/files/extract_mode.txt")])
[INFO] [stdout] stack backtrace:
[INFO] [stdout]    0:     0x55d6f6be5b61 - <<std[617be2ca0a6fd877]::sys::backtrace::BacktraceLock>::print::DisplayBacktrace as core[a373ad73a504971]::fmt::Display>::fmt
[INFO] [stdout]    1:     0x55d6f6bfe6ca - core[a373ad73a504971]::fmt::write
[INFO] [stdout]    2:     0x55d6f6bebeec - <alloc[2e1b2a31b91974c5]::vec::Vec<u8> as core[a373ad73a504971]::io::write::Write>::write_fmt
[INFO] [stdout]    3:     0x55d6f6bbec96 - std[617be2ca0a6fd877]::panicking::default_hook::{closure#0}
[INFO] [stdout]    4:     0x55d6f6bdc989 - std[617be2ca0a6fd877]::panicking::default_hook
[INFO] [stdout]    5:     0x55d6f65139c0 - test[aada8e7e76ba119b]::test_main_inner::{closure#0}
[INFO] [stdout]    6:     0x55d6f6bdcb42 - std[617be2ca0a6fd877]::panicking::panic_with_hook
[INFO] [stdout]    7:     0x55d6f6bbed42 - std[617be2ca0a6fd877]::panicking::panic_handler::{closure#0}
[INFO] [stdout]    8:     0x55d6f6bb72b9 - std[617be2ca0a6fd877]::sys::backtrace::__rust_end_short_backtrace::<std[617be2ca0a6fd877]::panicking::panic_handler::{closure#0}, !>
[INFO] [stdout]    9:     0x55d6f6bbfd0d - __rustc[ea4f61d10b84890b]::rust_begin_unwind
[INFO] [stdout]   10:     0x55d6f6bfeeec - core[a373ad73a504971]::panicking::panic_fmt
[INFO] [stdout]   11:     0x55d6f6bfecc2 - core[a373ad73a504971]::result::unwrap_failed
[INFO] [stdout]   12:     0x55d6f64e05d4 - <totebag[354f3b590f30aefb]::cli::tests::test_read_from_file3::{closure#0} as core[a373ad73a504971]::ops::function::FnOnce<()>>::call_once
[INFO] [stdout]   13:     0x55d6f6506e0b - test[aada8e7e76ba119b]::__rust_begin_short_backtrace::<core[a373ad73a504971]::result::Result<(), alloc[2e1b2a31b91974c5]::string::String>, fn() -> core[a373ad73a504971]::result::Result<(), alloc[2e1b2a31b91974c5]::string::String>>
[INFO] [stdout]   14:     0x55d6f6513fe5 - test[aada8e7e76ba119b]::run_test::{closure#0}
[INFO] [stdout]   15:     0x55d6f650d8d4 - std[617be2ca0a6fd877]::sys::backtrace::__rust_begin_short_backtrace::<test[aada8e7e76ba119b]::run_test::{closure#1}, ()>
[INFO] [stdout]   16:     0x55d6f6517072 - <std[617be2ca0a6fd877]::thread::lifecycle::spawn_unchecked<test[aada8e7e76ba119b]::run_test::{closure#1}, ()>::{closure#1} as core[a373ad73a504971]::ops::function::FnOnce<()>>::call_once::{shim:vtable#0}
[INFO] [stdout]   17:     0x55d6f6be4fef - <std[617be2ca0a6fd877]::sys::thread::unix::Thread>::new::thread_start
[INFO] [stdout]   18:     0x71954fef0dfa - <unknown>
[INFO] [stdout]   19:     0x71954ff843d4 - clone
[INFO] [stdout]   20:                0x0 - <unknown>
[INFO] [stdout] 
[INFO] [stdout] ---- cli::tests::test_read_from_file1 stdout ----
[INFO] [stdout] 
[INFO] [stdout] thread 'cli::tests::test_read_from_file1' (1682) panicked at src/cli.rs:378:44:
[INFO] [stdout] called `Result::unwrap()` on an `Err` value: Array([FileNotFound("../testdata/files/archive_mode1.txt")])
[INFO] [stdout] stack backtrace:
[INFO] [stdout]    0:     0x55d6f6be5b61 - <<std[617be2ca0a6fd877]::sys::backtrace::BacktraceLock>::print::DisplayBacktrace as core[a373ad73a504971]::fmt::Display>::fmt
[INFO] [stdout]    1:     0x55d6f6bfe6ca - core[a373ad73a504971]::fmt::write
[INFO] [stdout]    2:     0x55d6f6bebeec - <alloc[2e1b2a31b91974c5]::vec::Vec<u8> as core[a373ad73a504971]::io::write::Write>::write_fmt
[INFO] [stdout]    3:     0x55d6f6bbec96 - std[617be2ca0a6fd877]::panicking::default_hook::{closure#0}
[INFO] [stdout]    4:     0x55d6f6bdc989 - std[617be2ca0a6fd877]::panicking::default_hook
[INFO] [stdout]    5:     0x55d6f65139c0 - test[aada8e7e76ba119b]::test_main_inner::{closure#0}
[INFO] [stdout]    6:     0x55d6f6bdcb42 - std[617be2ca0a6fd877]::panicking::panic_with_hook
[INFO] [stdout]    7:     0x55d6f6bbed42 - std[617be2ca0a6fd877]::panicking::panic_handler::{closure#0}
[INFO] [stdout]    8:     0x55d6f6bb72b9 - std[617be2ca0a6fd877]::sys::backtrace::__rust_end_short_backtrace::<std[617be2ca0a6fd877]::panicking::panic_handler::{closure#0}, !>
[INFO] [stdout]    9:     0x55d6f6bbfd0d - __rustc[ea4f61d10b84890b]::rust_begin_unwind
[INFO] [stdout]   10:     0x55d6f6bfeeec - core[a373ad73a504971]::panicking::panic_fmt
[INFO] [stdout]   11:     0x55d6f6bfecc2 - core[a373ad73a504971]::result::unwrap_failed
[INFO] [stdout]   12:     0x55d6f64df8a2 - <totebag[354f3b590f30aefb]::cli::tests::test_read_from_file1::{closure#0} as core[a373ad73a504971]::ops::function::FnOnce<()>>::call_once
[INFO] [stdout]   13:     0x55d6f6506e0b - test[aada8e7e76ba119b]::__rust_begin_short_backtrace::<core[a373ad73a504971]::result::Result<(), alloc[2e1b2a31b91974c5]::string::String>, fn() -> core[a373ad73a504971]::result::Result<(), alloc[2e1b2a31b91974c5]::string::String>>
[INFO] [stdout]   14:     0x55d6f6513fe5 - test[aada8e7e76ba119b]::run_test::{closure#0}
[INFO] [stdout]   15:     0x55d6f650d8d4 - std[617be2ca0a6fd877]::sys::backtrace::__rust_begin_short_backtrace::<test[aada8e7e76ba119b]::run_test::{closure#1}, ()>
[INFO] [stdout]   16:     0x55d6f6517072 - <std[617be2ca0a6fd877]::thread::lifecycle::spawn_unchecked<test[aada8e7e76ba119b]::run_test::{closure#1}, ()>::{closure#1} as core[a373ad73a504971]::ops::function::FnOnce<()>>::call_once::{shim:vtable#0}
[INFO] [stdout]   17:     0x55d6f6be4fef - <std[617be2ca0a6fd877]::sys::thread::unix::Thread>::new::thread_start
[INFO] [stdout]   18:     0x71954fef0dfa - <unknown>
[INFO] [stdout]   19:     0x71954ff843d4 - clone
[INFO] [stdout]   20:                0x0 - <unknown>
[INFO] [stdout] 
[INFO] [stdout] ---- tests::test_list stdout ----
[INFO] [stdout] 
[INFO] [stdout] thread 'tests::test_list' (1687) panicked at src/main.rs:216:23:
[INFO] [stdout] unexpected error: FileNotFound("../testdata/test.zip")
[INFO] [stdout] stack backtrace:
[INFO] [stdout]    0:     0x55d6f6be5b61 - <<std[617be2ca0a6fd877]::sys::backtrace::BacktraceLock>::print::DisplayBacktrace as core[a373ad73a504971]::fmt::Display>::fmt
[INFO] [stdout]    1:     0x55d6f6bfe6ca - core[a373ad73a504971]::fmt::write
[INFO] [stdout]    2:     0x55d6f6bebeec - <alloc[2e1b2a31b91974c5]::vec::Vec<u8> as core[a373ad73a504971]::io::write::Write>::write_fmt
[INFO] [stdout]    3:     0x55d6f6bbec96 - std[617be2ca0a6fd877]::panicking::default_hook::{closure#0}
[INFO] [stdout]    4:     0x55d6f6bdc989 - std[617be2ca0a6fd877]::panicking::default_hook
[INFO] [stdout]    5:     0x55d6f65139c0 - test[aada8e7e76ba119b]::test_main_inner::{closure#0}
[INFO] [stdout]    6:     0x55d6f6bdcb42 - std[617be2ca0a6fd877]::panicking::panic_with_hook
[INFO] [stdout]    7:     0x55d6f6bbed42 - std[617be2ca0a6fd877]::panicking::panic_handler::{closure#0}
[INFO] [stdout]    8:     0x55d6f6bb72b9 - std[617be2ca0a6fd877]::sys::backtrace::__rust_end_short_backtrace::<std[617be2ca0a6fd877]::panicking::panic_handler::{closure#0}, !>
[INFO] [stdout]    9:     0x55d6f6bbfd0d - __rustc[ea4f61d10b84890b]::rust_begin_unwind
[INFO] [stdout]   10:     0x55d6f6bfeeec - core[a373ad73a504971]::panicking::panic_fmt
[INFO] [stdout]   11:     0x55d6f64f667a - <totebag[354f3b590f30aefb]::tests::test_list::{closure#0} as core[a373ad73a504971]::ops::function::FnOnce<()>>::call_once
[INFO] [stdout]   12:     0x55d6f6506e0b - test[aada8e7e76ba119b]::__rust_begin_short_backtrace::<core[a373ad73a504971]::result::Result<(), alloc[2e1b2a31b91974c5]::string::String>, fn() -> core[a373ad73a504971]::result::Result<(), alloc[2e1b2a31b91974c5]::string::String>>
[INFO] [stdout]   13:     0x55d6f6513fe5 - test[aada8e7e76ba119b]::run_test::{closure#0}
[INFO] [stdout]   14:     0x55d6f650d8d4 - std[617be2ca0a6fd877]::sys::backtrace::__rust_begin_short_backtrace::<test[aada8e7e76ba119b]::run_test::{closure#1}, ()>
[INFO] [stdout]   15:     0x55d6f6517072 - <std[617be2ca0a6fd877]::thread::lifecycle::spawn_unchecked<test[aada8e7e76ba119b]::run_test::{closure#1}, ()>::{closure#1} as core[a373ad73a504971]::ops::function::FnOnce<()>>::call_once::{shim:vtable#0}
[INFO] [stdout]   16:     0x55d6f6be4fef - <std[617be2ca0a6fd877]::sys::thread::unix::Thread>::new::thread_start
[INFO] [stdout]   17:     0x71954fef0dfa - <unknown>
[INFO] [stdout]   18:     0x71954ff843d4 - clone
[INFO] [stdout]   19:                0x0 - <unknown>
[INFO] [stdout] 
[INFO] [stdout] ---- cli::tests::test_read_from_file2 stdout ----
[INFO] [stdout] 
[INFO] [stdout] thread 'cli::tests::test_read_from_file2' (1683) panicked at src/cli.rs:395:44:
[INFO] [stdout] called `Result::unwrap()` on an `Err` value: Array([FileNotFound("../testdata/files/archive_mode2.txt")])
[INFO] [stdout] stack backtrace:
[INFO] [stdout]    0:     0x55d6f6be5b61 - <<std[617be2ca0a6fd877]::sys::backtrace::BacktraceLock>::print::DisplayBacktrace as core[a373ad73a504971]::fmt::Display>::fmt
[INFO] [stdout]    1:     0x55d6f6bfe6ca - core[a373ad73a504971]::fmt::write
[INFO] [stdout]    2:     0x55d6f6bebeec - <alloc[2e1b2a31b91974c5]::vec::Vec<u8> as core[a373ad73a504971]::io::write::Write>::write_fmt
[INFO] [stdout]    3:     0x55d6f6bbec96 - std[617be2ca0a6fd877]::panicking::default_hook::{closure#0}
[INFO] [stdout]    4:     0x55d6f6bdc989 - std[617be2ca0a6fd877]::panicking::default_hook
[INFO] [stdout]    5:     0x55d6f65139c0 - test[aada8e7e76ba119b]::test_main_inner::{closure#0}
[INFO] [stdout]    6:     0x55d6f6bdcb42 - std[617be2ca0a6fd877]::panicking::panic_with_hook
[INFO] [stdout]    7:     0x55d6f6bbed42 - std[617be2ca0a6fd877]::panicking::panic_handler::{closure#0}
[INFO] [stdout]    8:     0x55d6f6bb72b9 - std[617be2ca0a6fd877]::sys::backtrace::__rust_end_short_backtrace::<std[617be2ca0a6fd877]::panicking::panic_handler::{closure#0}, !>
[INFO] [stdout]    9:     0x55d6f6bbfd0d - __rustc[ea4f61d10b84890b]::rust_begin_unwind
[INFO] [stdout]   10:     0x55d6f6bfeeec - core[a373ad73a504971]::panicking::panic_fmt
[INFO] [stdout]   11:     0x55d6f6bfecc2 - core[a373ad73a504971]::result::unwrap_failed
[INFO] [stdout]   12:     0x55d6f64e000f - <totebag[354f3b590f30aefb]::cli::tests::test_read_from_file2::{closure#0} as core[a373ad73a504971]::ops::function::FnOnce<()>>::call_once
[INFO] [stdout]   13:     0x55d6f6506e0b - test[aada8e7e76ba119b]::__rust_begin_short_backtrace::<core[a373ad73a504971]::result::Result<(), alloc[2e1b2a31b91974c5]::string::String>, fn() -> core[a373ad73a504971]::result::Result<(), alloc[2e1b2a31b91974c5]::string::String>>
[INFO] [stdout]   14:     0x55d6f6513fe5 - test[aada8e7e76ba119b]::run_test::{closure#0}
[INFO] [stdout]   15:     0x55d6f650d8d4 - std[617be2ca0a6fd877]::sys::backtrace::__rust_begin_short_backtrace::<test[aada8e7e76ba119b]::run_test::{closure#1}, ()>
[INFO] [stdout]   16:     0x55d6f6517072 - <std[617be2ca0a6fd877]::thread::lifecycle::spawn_unchecked<test[aada8e7e76ba119b]::run_test::{closure#1}, ()>::{closure#1} as core[a373ad73a504971]::ops::function::FnOnce<()>>::call_once::{shim:vtable#0}
[INFO] [stdout]   17:     0x55d6f6be4fef - <std[617be2ca0a6fd877]::sys::thread::unix::Thread>::new::thread_start
[INFO] [stdout]   18:     0x71954fef0dfa - <unknown>
[INFO] [stdout]   19:     0x71954ff843d4 - clone
[INFO] [stdout]   20:                0x0 - <unknown>
[INFO] [stdout] 
[INFO] [stdout] 
[INFO] [stdout] failures:
[INFO] [stdout]     cli::tests::test_read_from_file1
[INFO] [stdout]     cli::tests::test_read_from_file2
[INFO] [stdout]     cli::tests::test_read_from_file3
[INFO] [stdout]     tests::test_list
[INFO] [stdout] 
[INFO] [stdout] test result: FAILED. 12 passed; 4 failed; 1 ignored; 0 measured; 0 filtered out; finished in 0.01s
[INFO] [stdout] 
[INFO] running `Command { std: "docker" "inspect" "3b80b9449b0e9c9ce4e84415b5ec2ee76410e9a382468477a215b4e670f565c0", kill_on_drop: false }`
[INFO] running `Command { std: "docker" "rm" "-f" "3b80b9449b0e9c9ce4e84415b5ec2ee76410e9a382468477a215b4e670f565c0", kill_on_drop: false }`
[INFO] [stdout] 3b80b9449b0e9c9ce4e84415b5ec2ee76410e9a382468477a215b4e670f565c0
