[INFO] fetching crate tisket 0.2.4...
[INFO] testing tisket-0.2.4 against 1.100.0-beta.1+cargoflags=--release for beta-release-1.100-2
[INFO] extracting crate tisket 0.2.4 into /workspace/builds/worker-2-tc2/source
[INFO] started tweaking crates.io crate tisket 0.2.4
[INFO] removed 0 missing tests
[INFO] finished tweaking crates.io crate tisket 0.2.4
[INFO] tweaked toml for crates.io crate tisket 0.2.4 written to /workspace/builds/worker-2-tc2/source/Cargo.toml
[INFO] validating manifest of crates.io crate tisket 0.2.4 on toolchain 1.100.0-beta.1
[INFO] running `Command { std: CARGO_HOME="/workspace/cargo-home" RUSTUP_HOME="/workspace/rustup-home" "/workspace/cargo-home/bin/cargo" "+1.100.0-beta.1" "metadata" "--manifest-path" "Cargo.toml" "--no-deps", kill_on_drop: false }`
[INFO] crate crates.io crate tisket 0.2.4 already has a lockfile, it will not be regenerated
[INFO] running `Command { std: CARGO_HOME="/workspace/cargo-home" RUSTUP_HOME="/workspace/rustup-home" "/workspace/cargo-home/bin/cargo" "+1.100.0-beta.1" "fetch" "--manifest-path" "Cargo.toml", kill_on_drop: false }`
[INFO] [stderr] warning: `package.homepage` is redundant with `package.repository`
[INFO] [stderr]    --> Cargo.toml:99:12
[INFO] [stderr]     |
[INFO] [stderr]  99 | homepage = "https://github.com/cjohnhanson/tisket"
[INFO] [stderr]     |            ^^^^^^^^^^^^^^^^^^^^^^^^^^^^^^^^^^^^^^^
[INFO] [stderr] ...
[INFO] [stderr] 104 | repository = "https://github.com/cjohnhanson/tisket"
[INFO] [stderr]     |              ---------------------------------------
[INFO] [stderr]     |
[INFO] [stderr]     = note: `cargo::redundant_homepage` is set to `warn` by default
[INFO] [stderr] help: consider removing `package.homepage`
[INFO] [stderr] warning: `tisket` (manifest) generated 1 warning
[INFO] running `Command { std: "docker" "create" "-v" "/var/lib/crater-agent-workspace/builds/worker-2-tc2/source:/opt/rustwide/workdir:ro,Z" "-v" "/var/lib/crater-agent-workspace/builds/worker-2-tc2/target:/opt/rustwide/target:rw,Z" "-v" "/var/lib/crater-agent-workspace/cargo-home:/opt/rustwide/cargo-home:ro,Z" "-v" "/var/lib/crater-agent-workspace/rustup-home:/opt/rustwide/rustup-home:ro,Z" "-m" "1610612736" "--network" "none" "ghcr.io/rust-lang/crates-build-env/linux@sha256:77db811e55d90add9212f6832c23229e3de5f1c1f9905e8cb07319ea15df73ac" "sleep" "infinity", kill_on_drop: false }`
[INFO] [stdout] 506bc5c8bca3bad2051da966d2f547849ac886afcdaa7a72fa1f00058b52293c
[INFO] running `Command { std: "docker" "start" "506bc5c8bca3bad2051da966d2f547849ac886afcdaa7a72fa1f00058b52293c", kill_on_drop: false }`
[INFO] running `Command { std: "docker" "inspect" "506bc5c8bca3bad2051da966d2f547849ac886afcdaa7a72fa1f00058b52293c", kill_on_drop: false }`
[INFO] running `Command { std: "docker" "exec" "-e" "SOURCE_DIR=/opt/rustwide/workdir" "-e" "CARGO_HOME=/opt/rustwide/cargo-home" "-e" "RUSTUP_HOME=/opt/rustwide/rustup-home" "-e" "CARGO_TARGET_DIR=/opt/rustwide/target" "-w" "/opt/rustwide/workdir" "--user" "0:0" "506bc5c8bca3bad2051da966d2f547849ac886afcdaa7a72fa1f00058b52293c" "/opt/rustwide/cargo-home/bin/cargo" "+1.100.0-beta.1" "metadata" "--no-deps" "--format-version=1", kill_on_drop: false }`
[INFO] running `Command { std: "docker" "inspect" "506bc5c8bca3bad2051da966d2f547849ac886afcdaa7a72fa1f00058b52293c", kill_on_drop: false }`
[INFO] running `Command { std: "docker" "exec" "-e" "SOURCE_DIR=/opt/rustwide/workdir" "-e" "CARGO_HOME=/opt/rustwide/cargo-home" "-e" "RUSTUP_HOME=/opt/rustwide/rustup-home" "-e" "CARGO_TARGET_DIR=/opt/rustwide/target" "-e" "CARGO_INCREMENTAL=0" "-e" "RUST_BACKTRACE=full" "-e" "RUSTFLAGS=--cap-lints=warn" "-e" "RUSTDOCFLAGS=--cap-lints=warn" "-w" "/opt/rustwide/workdir" "--user" "0:0" "506bc5c8bca3bad2051da966d2f547849ac886afcdaa7a72fa1f00058b52293c" "/opt/rustwide/cargo-home/bin/cargo" "+1.100.0-beta.1" "build" "--frozen" "--message-format=json" "--release", kill_on_drop: false }`
[INFO] [stderr] warning: `package.homepage` is redundant with `package.repository`
[INFO] [stderr]    --> Cargo.toml:99:12
[INFO] [stderr]     |
[INFO] [stderr]  99 | homepage = "https://github.com/cjohnhanson/tisket"
[INFO] [stderr]     |            ^^^^^^^^^^^^^^^^^^^^^^^^^^^^^^^^^^^^^^^
[INFO] [stderr] ...
[INFO] [stderr] 104 | repository = "https://github.com/cjohnhanson/tisket"
[INFO] [stderr]     |              ---------------------------------------
[INFO] [stderr]     |
[INFO] [stderr]     = note: `cargo::redundant_homepage` is set to `warn` by default
[INFO] [stderr] help: consider removing `package.homepage`
[INFO] [stderr] warning: `tisket` (manifest) generated 1 warning
[INFO] [stderr]    Compiling libc v0.2.189
[INFO] [stderr]    Compiling smallvec v1.16.0
[INFO] [stderr]    Compiling rand_core v0.10.1
[INFO] [stderr]    Compiling regex-automata v0.4.18
[INFO] [stderr]    Compiling getrandom v0.4.3
[INFO] [stderr]    Compiling syn v3.0.5
[INFO] [stderr]    Compiling syn v2.0.119
[INFO] [stderr]    Compiling tinyvec v1.13.2
[INFO] [stderr]    Compiling gix-trace v0.1.21
[INFO] [stderr]    Compiling fastrand v2.5.0
[INFO] [stderr]    Compiling rustix v1.1.4
[INFO] [stderr]    Compiling linux-raw-sys v0.12.1
[INFO] [stderr]    Compiling typenum v1.20.1
[INFO] [stderr]    Compiling hashbrown v0.17.1
[INFO] [stderr]    Compiling unicode-normalization v0.1.25
[INFO] [stderr]    Compiling heapless v0.8.0
[INFO] [stderr]    Compiling byteorder v1.5.0
[INFO] [stderr]    Compiling crossbeam-utils v0.8.23
[INFO] [stderr]    Compiling generic-array v0.14.7
[INFO] [stderr]    Compiling hash32 v0.3.1
[INFO] [stderr]    Compiling jiff-core v0.1.0
[INFO] [stderr]    Compiling block-buffer v0.10.4
[INFO] [stderr]    Compiling crypto-common v0.1.7
[INFO] [stderr]    Compiling parking_lot_core v0.9.12
[INFO] [stderr]    Compiling digest v0.10.7
[INFO] [stderr]    Compiling faster-hex v0.10.0
[INFO] [stderr]    Compiling sha1 v0.10.7
[INFO] [stderr]    Compiling parking_lot v0.12.5
[INFO] [stderr]    Compiling prodash v31.0.0
[INFO] [stderr]    Compiling sha1-checked v0.10.0
[INFO] [stderr]    Compiling jiff v0.2.35
[INFO] [stderr]    Compiling hashbrown v0.14.5
[INFO] [stderr]    Compiling bstr v1.13.1
[INFO] [stderr]    Compiling synstructure v0.13.2
[INFO] [stderr]    Compiling serde_core v1.0.229
[INFO] [stderr]    Compiling gix-validate v0.11.4
[INFO] [stderr]    Compiling gix-utils v0.3.6
[INFO] [stderr]    Compiling gix-error v0.3.2
[INFO] [stderr]    Compiling thiserror-impl v2.0.20
[INFO] [stderr]    Compiling gix-quote v0.8.0
[INFO] [stderr]    Compiling dashmap v6.2.1
[INFO] [stderr]    Compiling tempfile v3.27.0
[INFO] [stderr]    Compiling zerofrom-derive v0.1.7
[INFO] [stderr]    Compiling thiserror v2.0.20
[INFO] [stderr]    Compiling gix-path v0.12.6
[INFO] [stderr]    Compiling yoke-derive v0.8.2
[INFO] [stderr]    Compiling gix-features v0.49.1
[INFO] [stderr]    Compiling gix-hash v0.26.2
[INFO] [stderr]    Compiling gix-date v0.16.0
[INFO] [stderr]    Compiling gix-fs v0.22.1
[INFO] [stderr]    Compiling gix-command v0.10.1
[INFO] [stderr]    Compiling gix-tempfile v24.0.0
[INFO] [stderr]    Compiling zerofrom v0.1.8
[INFO] [stderr]    Compiling yoke v0.8.3
[INFO] [stderr]    Compiling gix-actor v0.42.0
[INFO] [stderr]    Compiling gix-hashtable v0.16.0
[INFO] [stderr]    Compiling jobserver v0.1.35
[INFO] [stderr]    Compiling errno v0.3.14
[INFO] [stderr]    Compiling find-msvc-tools v0.1.12
[INFO] [stderr]    Compiling signal-hook-registry v1.4.8
[INFO] [stderr]    Compiling cc v1.4.5
[INFO] [stderr]    Compiling gix-object v0.64.1
[INFO] [stderr]    Compiling zerovec-derive v0.11.6
[INFO] [stderr]    Compiling tokio-macros v2.7.2
[INFO] [stderr]    Compiling memmap2 v0.9.11
[INFO] [stderr]    Compiling mio v1.2.3
[INFO] [stderr]    Compiling socket2 v0.6.5
[INFO] [stderr]    Compiling futures-channel v0.3.34
[INFO] [stderr]    Compiling cmake v0.1.58
[INFO] [stderr]    Compiling zerovec v0.11.8
[INFO] [stderr]    Compiling tokio v1.53.1
[INFO] [stderr]    Compiling displaydoc v0.2.7
[INFO] [stderr]    Compiling target-features v0.1.6
[INFO] [stderr]    Compiling aws-lc-sys v0.45.0
[INFO] [stderr]    Compiling tracing-attributes v0.1.31
[INFO] [stderr]    Compiling futures-macro v0.3.34
[INFO] [stderr]    Compiling rustversion v1.0.23
[INFO] [stderr]    Compiling nonempty v0.12.0
[INFO] [stderr]    Compiling futures-util v0.3.34
[INFO] [stderr]    Compiling tinystr v0.8.4
[INFO] [stderr]    Compiling tracing v0.1.44
[INFO] [stderr]    Compiling gix-lock v24.0.0
[INFO] [stderr]    Compiling gix-chunk v0.8.0
[INFO] [stderr]    Compiling aws-lc-rs v1.18.1
[INFO] [stderr]    Compiling icu_locale_core v2.3.0
[INFO] [stderr]    Compiling gix-commitgraph v0.39.0
[INFO] [stderr]    Compiling zerotrie v0.2.5
[INFO] [stderr]    Compiling potential_utf v0.1.6
[INFO] [stderr]    Compiling indexmap v2.14.2
[INFO] [stderr]    Compiling gix-glob v0.27.1
[INFO] [stderr]    Compiling unicode-bom v2.0.3
[INFO] [stderr]    Compiling icu_collections v2.3.0
[INFO] [stderr]    Compiling icu_provider v2.3.1
[INFO] [stderr]    Compiling multiversion-macros v0.8.0
[INFO] [stderr]    Compiling gix-revwalk v0.35.0
[INFO] [stderr]    Compiling encoding_rs v0.8.40
[INFO] [stderr]    Compiling core_detect v1.0.0
[INFO] [stderr]    Compiling ipnet v2.12.2
[INFO] [stderr]    Compiling simdutf8 v0.1.5
[INFO] [stderr]    Compiling multiversion_no_op v1.0.0
[INFO] [stderr]    Compiling tokio-util v0.7.19
[INFO] [stderr]    Compiling rustls v0.23.44
[INFO] [stderr]    Compiling icu_properties v2.3.0
[INFO] [stderr]    Compiling icu_normalizer v2.3.0
[INFO] [stderr]    Compiling multiversion v0.8.0
[INFO] [stderr]    Compiling h2 v0.4.19
[INFO] [stderr]    Compiling gix-attributes v0.35.0
[INFO] [stderr]    Compiling gix-config-value v0.19.1
[INFO] [stderr]    Compiling serde v1.0.229
[INFO] [stderr]    Compiling idna_adapter v1.2.2
[INFO] [stderr]    Compiling gix-packetline v0.22.2
[INFO] [stderr]    Compiling serde_derive v1.0.229
[INFO] [stderr]    Compiling gix-sec v0.14.2
[INFO] [stderr]    Compiling idna v1.1.0
[INFO] [stderr]    Compiling tower v0.5.3
[INFO] [stderr]    Compiling gix-traverse v0.61.0
[INFO] [stderr]    Compiling gix-bitmap v0.4.0
[INFO] [stderr]    Compiling filetime v0.2.29
[INFO] [stderr]    Compiling rustls-native-certs v0.8.4
[INFO] [stderr]    Compiling gix-index v0.55.0
[INFO] [stderr]    Compiling url v2.5.8
[INFO] [stderr]    Compiling gix-ignore v0.22.1
[INFO] [stderr]    Compiling gix-ref v0.67.1
[INFO] [stderr]    Compiling gix-url v0.38.0
[INFO] [stderr]    Compiling serde_json v1.0.151
[INFO] [stderr]    Compiling io-lifetimes v2.0.4
[INFO] [stderr]    Compiling hyper v1.11.1
[INFO] [stderr]    Compiling io-lifetimes v3.0.1
[INFO] [stderr]    Compiling gix-worktree v0.56.0
[INFO] [stderr]    Compiling tower-http v0.6.11
[INFO] [stderr]    Compiling gix-filter v0.34.0
[INFO] [stderr]    Compiling hyper-util v0.1.20
[INFO] [stderr]    Compiling gix-prompt v0.17.0
[INFO] [stderr]    Compiling gix-imara-diff v0.2.5
[INFO] [stderr]    Compiling terminal_size v0.4.4
[INFO] [stderr]    Compiling hybrid-array v0.4.14
[INFO] [stderr]    Compiling cpufeatures v0.3.1
[INFO] [stderr]    Compiling zlib-rs v0.6.7
[INFO] [stderr]    Compiling io-extras v0.19.0
[INFO] [stderr]    Compiling object v0.37.3
[INFO] [stderr]    Compiling clru v0.6.3
[INFO] [stderr]    Compiling gix-diff v0.67.1
[INFO] [stderr]    Compiling gix-credentials v0.40.0
[INFO] [stderr]    Compiling gix-refspec v0.45.1
[INFO] [stderr]    Compiling gimli v0.32.3
[INFO] [stderr]    Compiling cap-primitives v4.0.3
[INFO] [stderr]    Compiling cfg_aliases v0.2.2
[INFO] [stderr]    Compiling nix v0.31.3
[INFO] [stderr]    Compiling darling_core v0.24.1
[INFO] [stderr]    Compiling clap_derive v4.6.4
[INFO] [stderr]    Compiling clap_builder v4.6.6
[INFO] [stderr]    Compiling gix-zlib v0.1.0
[INFO] [stderr]    Compiling gix-pack v0.74.2
[INFO] [stderr]    Compiling miniz_oxide v0.8.9
[INFO] [stderr]    Compiling fs-set-times v0.20.3
[INFO] [stderr]    Compiling crypto-common v0.2.2
[INFO] [stderr]    Compiling addr2line v0.25.1
[INFO] [stderr]    Compiling block-buffer v0.12.1
[INFO] [stderr]    Compiling chacha20 v0.10.2
[INFO] [stderr]    Compiling gix-config v0.60.0
[INFO] [stderr]    Compiling gix-pathspec v0.20.0
[INFO] [stderr]    Compiling gix-negotiate v0.35.1
[INFO] [stderr]    Compiling zmij v1.0.23
[INFO] [stderr]    Compiling gix-shallow v0.13.0
[INFO] [stderr]    Compiling arc-swap v1.9.2
[INFO] [stderr]    Compiling gix-macros v0.1.6
[INFO] [stderr]    Compiling rustix-linux-procfs v0.1.1
[INFO] [stderr]    Compiling const-oid v0.10.2
[INFO] [stderr]    Compiling ambient-authority v0.0.2
[INFO] [stderr]    Compiling rustc-demangle v0.1.28
[INFO] [stderr]    Compiling ref-cast v1.0.27
[INFO] [stderr]    Compiling cap-std v4.0.3
[INFO] [stderr]    Compiling diataxis v0.1.1
[INFO] [stderr]    Compiling maybe-owned v0.3.4
[INFO] [stderr]    Compiling gix-submodule v0.34.0
[INFO] [stderr]    Compiling digest v0.11.3
[INFO] [stderr]    Compiling gix-odb v0.84.0
[INFO] [stderr]    Compiling backtrace v0.3.76
[INFO] [stderr]    Compiling clap v4.6.6
[INFO] [stderr]    Compiling rand v0.10.2
[INFO] [stderr]    Compiling darling_macro v0.24.1
[INFO] [stderr]    Compiling gix-discover v0.55.0
[INFO] [stderr]    Compiling gix-revision v0.49.1
[INFO] [stderr]    Compiling ref-cast-impl v1.0.27
[INFO] [stderr]    Compiling serde_derive_internals v0.30.0
[INFO] [stderr]    Compiling unicode-linebreak v0.1.5
[INFO] [stderr]    Compiling pulldown-cmark v0.13.4
[INFO] [stderr]    Compiling is_ci v1.2.0
[INFO] [stderr]    Compiling memchr v2.8.3
[INFO] [stderr]    Compiling camino v1.2.5
[INFO] [stderr]    Compiling libyaml-rs v0.3.0
[INFO] [stderr]    Compiling chrono v0.4.45
[INFO] [stderr]    Compiling schemars_derive v1.2.2
[INFO] [stderr]    Compiling yaml_serde v0.10.7
[INFO] [stderr]    Compiling supports-color v3.0.2
[INFO] [stderr]    Compiling textwrap v0.16.2
[INFO] [stderr]    Compiling darling v0.24.1
[INFO] [stderr]    Compiling backtrace-ext v0.2.1
[INFO] [stderr]    Compiling sha2 v0.11.0
[INFO] [stderr]    Compiling futures-executor v0.3.34
[INFO] [stderr]    Compiling miette-derive v7.6.0
[INFO] [stderr]    Compiling roff v1.1.1
[INFO] [stderr]    Compiling owo-colors v4.4.0
[INFO] [stderr]    Compiling supports-hyperlinks v3.2.0
[INFO] [stderr]    Compiling rmcp v3.2.0
[INFO] [stderr]    Compiling supports-unicode v3.0.0
[INFO] [stderr]    Compiling schemars v1.2.2
[INFO] [stderr]    Compiling clap_mangen v0.2.33
[INFO] [stderr]    Compiling futures v0.3.34
[INFO] [stderr]    Compiling tisket v0.2.4 (/opt/rustwide/workdir)
[INFO] [stderr]    Compiling rmcp-macros v3.2.0
[INFO] [stderr]    Compiling miette v7.6.0
[INFO] [stderr]    Compiling clap_complete v4.6.9
[INFO] [stderr]    Compiling serde_urlencoded v0.7.1
[INFO] [stderr]    Compiling axum-core v0.5.6
[INFO] [stderr]    Compiling sse-stream v0.2.6
[INFO] [stderr]    Compiling tokio-stream v0.1.19
[INFO] [stderr]    Compiling serde_path_to_error v0.1.20
[INFO] [stderr]    Compiling async-trait v0.1.92
[INFO] [stderr]    Compiling regex v1.13.1
[INFO] [stderr]    Compiling uuid v1.26.0
[INFO] [stderr]    Compiling sigpipe v0.1.3
[INFO] [stderr]    Compiling grep-matcher v0.1.9
[INFO] [stderr]    Compiling matchit v0.8.4
[INFO] [stderr]    Compiling base64 v0.23.1
[INFO] [stderr]    Compiling pastey v0.2.3
[INFO] [stderr]    Compiling axum v0.8.9
[INFO] [stderr]    Compiling grep-regex v0.1.14
[INFO] [stderr]    Compiling rustls-webpki v0.103.15
[INFO] [stderr]    Compiling tokio-rustls v0.26.5
[INFO] [stderr]    Compiling rustls-platform-verifier v0.7.0
[INFO] [stderr]    Compiling hyper-rustls v0.27.9
[INFO] [stderr]    Compiling reqwest v0.13.4
[INFO] [stderr]    Compiling gix-transport v0.59.2
[INFO] [stderr]    Compiling gix-protocol v0.65.1
[INFO] [stderr]    Compiling gix v0.87.1
[INFO] [stderr]    Compiling mdstore-core v0.5.0
[INFO] [stderr]     Finished `release` profile [optimized] target(s) in 11m 36s
[INFO] running `Command { std: "docker" "inspect" "506bc5c8bca3bad2051da966d2f547849ac886afcdaa7a72fa1f00058b52293c", kill_on_drop: false }`
[INFO] running `Command { std: "docker" "exec" "-e" "SOURCE_DIR=/opt/rustwide/workdir" "-e" "CARGO_HOME=/opt/rustwide/cargo-home" "-e" "RUSTUP_HOME=/opt/rustwide/rustup-home" "-e" "CARGO_TARGET_DIR=/opt/rustwide/target" "-e" "CARGO_INCREMENTAL=0" "-e" "RUST_BACKTRACE=full" "-e" "RUSTFLAGS=--cap-lints=warn" "-e" "RUSTDOCFLAGS=--cap-lints=warn" "-w" "/opt/rustwide/workdir" "--user" "0:0" "506bc5c8bca3bad2051da966d2f547849ac886afcdaa7a72fa1f00058b52293c" "/opt/rustwide/cargo-home/bin/cargo" "+1.100.0-beta.1" "test" "--frozen" "--no-run" "--message-format=json" "--release", kill_on_drop: false }`
[INFO] [stderr] warning: `package.homepage` is redundant with `package.repository`
[INFO] [stderr]    --> Cargo.toml:99:12
[INFO] [stderr]     |
[INFO] [stderr]  99 | homepage = "https://github.com/cjohnhanson/tisket"
[INFO] [stderr]     |            ^^^^^^^^^^^^^^^^^^^^^^^^^^^^^^^^^^^^^^^
[INFO] [stderr] ...
[INFO] [stderr] 104 | repository = "https://github.com/cjohnhanson/tisket"
[INFO] [stderr]     |              ---------------------------------------
[INFO] [stderr]     |
[INFO] [stderr]     = note: `cargo::redundant_homepage` is set to `warn` by default
[INFO] [stderr] help: consider removing `package.homepage`
[INFO] [stderr] warning: `tisket` (manifest) generated 1 warning
[INFO] [stderr]    Compiling tisket v0.2.4 (/opt/rustwide/workdir)
[INFO] [stderr]     Finished `release` profile [optimized] target(s) in 15.53s
[INFO] running `Command { std: "docker" "inspect" "506bc5c8bca3bad2051da966d2f547849ac886afcdaa7a72fa1f00058b52293c", kill_on_drop: false }`
[INFO] running `Command { std: "docker" "exec" "-e" "SOURCE_DIR=/opt/rustwide/workdir" "-e" "CARGO_HOME=/opt/rustwide/cargo-home" "-e" "RUSTUP_HOME=/opt/rustwide/rustup-home" "-e" "CARGO_TARGET_DIR=/opt/rustwide/target" "-e" "CARGO_INCREMENTAL=0" "-e" "RUST_BACKTRACE=full" "-e" "RUSTFLAGS=--cap-lints=warn" "-e" "RUSTDOCFLAGS=--cap-lints=warn" "-w" "/opt/rustwide/workdir" "--user" "0:0" "506bc5c8bca3bad2051da966d2f547849ac886afcdaa7a72fa1f00058b52293c" "/opt/rustwide/cargo-home/bin/cargo" "+1.100.0-beta.1" "test" "--frozen" "--release", kill_on_drop: false }`
[INFO] [stderr] warning: `package.homepage` is redundant with `package.repository`
[INFO] [stderr]    --> Cargo.toml:99:12
[INFO] [stderr]     |
[INFO] [stderr]  99 | homepage = "https://github.com/cjohnhanson/tisket"
[INFO] [stderr]     |            ^^^^^^^^^^^^^^^^^^^^^^^^^^^^^^^^^^^^^^^
[INFO] [stderr] ...
[INFO] [stderr] 104 | repository = "https://github.com/cjohnhanson/tisket"
[INFO] [stderr]     |              ---------------------------------------
[INFO] [stderr]     |
[INFO] [stderr]     = note: `cargo::redundant_homepage` is set to `warn` by default
[INFO] [stderr] help: consider removing `package.homepage`
[INFO] [stderr] warning: `tisket` (manifest) generated 1 warning
[INFO] [stderr]     Finished `release` profile [optimized] target(s) in 0.35s
[INFO] [stdout] 
[INFO] [stdout] running 22 tests
[INFO] [stderr]      Running unittests src/lib.rs (/opt/rustwide/target/release/build/tisket/fb0d8dd9e638f2a9/out/tisket-fb0d8dd9e638f2a9)
[INFO] [stdout] test cli::prime_tests::every_prime_command_exists ... ok
[INFO] [stdout] test cli::prime_tests::prime_has_the_contract_shape ... ok
[INFO] [stdout] test cli::tag_tests::a_tag_splits_on_the_first_equals ... ok
[INFO] [stdout] test issue::serialize_tests::unknown_frontmatter_keys_survive_an_edit ... ok
[INFO] [stdout] test issue::tests::is_active_returns_false_for_terminal_statuses ... ok
[INFO] [stdout] test issue::tests::is_active_returns_true_for_non_terminal_statuses ... ok
[INFO] [stdout] test issue::serialize_tests::metacharacters_in_fields_round_trip ... ok
[INFO] [stdout] test cli::tag_tests::a_tag_without_a_value_is_refused ... ok
[INFO] [stdout] test issue::tests::is_terminal_returns_false_for_non_terminal_statuses ... ok
[INFO] [stdout] test issue::tests::is_terminal_returns_true_for_done_and_cancelled ... ok
[INFO] [stdout] test issue::tests::is_pickable_returns_false_for_non_pickable_statuses ... ok
[INFO] [stdout] test issue::tests::is_pickable_returns_true_for_todo_blocked_paused ... ok
[INFO] [stdout] test repo::search_tests::one_refused_directory_does_not_abort_the_tracker ... ok
[INFO] [stdout] test repo::search_tests::a_linked_project_is_missing_to_both_layers ... ok
[INFO] [stdout] test repo::search_tests::an_ordinary_id_is_accepted ... ok
[INFO] [stdout] test tool_name_tests::the_tool_name_is_the_package_name ... ok
[INFO] [stdout] test repo::search_tests::an_id_that_is_a_path_is_refused ... ok
[INFO] [stdout] test repo::search_tests::an_unreadable_closed_directory_is_an_error_not_an_empty_project ... FAILED
[INFO] [stdout] test workspace::projects_of_tests::projects_of_lists_the_real_project_directories ... ok
[INFO] [stdout] test repo::search_tests::an_unreadable_project_is_not_reported_as_missing ... FAILED
[INFO] [stdout] test repo::search_tests::search_matches_block_style_labels ... ok
[INFO] [stdout] test repo::search_tests::an_issue_path_cannot_leave_the_tracker ... ok
[INFO] [stderr] error: test failed, to rerun pass `--lib`
[INFO] [stdout] 
[INFO] [stdout] failures:
[INFO] [stdout] 
[INFO] [stdout] ---- repo::search_tests::an_unreadable_closed_directory_is_an_error_not_an_empty_project stdout ----
[INFO] [stdout] 
[INFO] [stdout] thread 'repo::search_tests::an_unreadable_closed_directory_is_an_error_not_an_empty_project' (5976) panicked at src/repo.rs:1299:9:
[INFO] [stdout] a locked .closed listed as an empty project: Ok([Issue { id: "cccc-done", project: "default", frontmatter: IssueFrontmatter { title: "Done", status: Done, priority: None, assignee: None, due_date: None, labels: [], depends_on: [], children: [], created: None, updated: None, tags: {}, extra: Mapping {} }, body: "body", scratch: "", closed: true, diverges: false, branch_statuses: [] }])
[INFO] [stdout] stack backtrace:
[INFO] [stdout]    0:     0x57787dfd63d1 - <<std[617be2ca0a6fd877]::sys::backtrace::BacktraceLock>::print::DisplayBacktrace as core[a373ad73a504971]::fmt::Display>::fmt
[INFO] [stdout]    1:     0x57787dfed8ca - core[a373ad73a504971]::fmt::write
[INFO] [stdout]    2:     0x57787dfda98c - <alloc[2e1b2a31b91974c5]::vec::Vec<u8> as core[a373ad73a504971]::io::write::Write>::write_fmt
[INFO] [stdout]    3:     0x57787dfae996 - std[617be2ca0a6fd877]::panicking::default_hook::{closure#0}
[INFO] [stdout]    4:     0x57787dfcd339 - std[617be2ca0a6fd877]::panicking::default_hook
[INFO] [stdout]    5:     0x57787dc94a10 - test[aada8e7e76ba119b]::test_main_inner::{closure#0}
[INFO] [stdout]    6:     0x57787dfcd4f2 - std[617be2ca0a6fd877]::panicking::panic_with_hook
[INFO] [stdout]    7:     0x57787dfaea42 - std[617be2ca0a6fd877]::panicking::panic_handler::{closure#0}
[INFO] [stdout]    8:     0x57787dfa73a9 - std[617be2ca0a6fd877]::sys::backtrace::__rust_end_short_backtrace::<std[617be2ca0a6fd877]::panicking::panic_handler::{closure#0}, !>
[INFO] [stdout]    9:     0x57787dfaf7fd - __rustc[ea4f61d10b84890b]::rust_begin_unwind
[INFO] [stdout]   10:     0x57787dfee0ac - core[a373ad73a504971]::panicking::panic_fmt
[INFO] [stdout]   11:     0x57787dc83cb8 - <tisket[c101406d05923531]::repo::search_tests::an_unreadable_closed_directory_is_an_error_not_an_empty_project::{closure#0} as core[a373ad73a504971]::ops::function::FnOnce<()>>::call_once
[INFO] [stdout]   12:     0x57787dc87e5b - test[aada8e7e76ba119b]::__rust_begin_short_backtrace::<core[a373ad73a504971]::result::Result<(), alloc[2e1b2a31b91974c5]::string::String>, fn() -> core[a373ad73a504971]::result::Result<(), alloc[2e1b2a31b91974c5]::string::String>>
[INFO] [stdout]   13:     0x57787dc95035 - test[aada8e7e76ba119b]::run_test::{closure#0}
[INFO] [stdout]   14:     0x57787dc8e924 - std[617be2ca0a6fd877]::sys::backtrace::__rust_begin_short_backtrace::<test[aada8e7e76ba119b]::run_test::{closure#1}, ()>
[INFO] [stdout]   15:     0x57787dc980c2 - <std[617be2ca0a6fd877]::thread::lifecycle::spawn_unchecked<test[aada8e7e76ba119b]::run_test::{closure#1}, ()>::{closure#1} as core[a373ad73a504971]::ops::function::FnOnce<()>>::call_once::{shim:vtable#0}
[INFO] [stdout]   16:     0x57787dfd536f - <std[617be2ca0a6fd877]::sys::thread::unix::Thread>::new::thread_start
[INFO] [stdout]   17:     0x7f26089b3dfa - <unknown>
[INFO] [stdout]   18:     0x7f2608a473d4 - clone
[INFO] [stdout]   19:                0x0 - <unknown>
[INFO] [stdout] 
[INFO] [stdout] ---- repo::search_tests::an_unreadable_project_is_not_reported_as_missing stdout ----
[INFO] [stdout] 
[INFO] [stdout] thread 'repo::search_tests::an_unreadable_project_is_not_reported_as_missing' (5977) panicked at src/repo.rs:1334:22:
[INFO] [stdout] a mode-000 project.yml was read
[INFO] [stdout] stack backtrace:
[INFO] [stdout]    0:     0x57787dfd63d1 - <<std[617be2ca0a6fd877]::sys::backtrace::BacktraceLock>::print::DisplayBacktrace as core[a373ad73a504971]::fmt::Display>::fmt
[INFO] [stdout]    1:     0x57787dfed8ca - core[a373ad73a504971]::fmt::write
[INFO] [stdout]    2:     0x57787dfda98c - <alloc[2e1b2a31b91974c5]::vec::Vec<u8> as core[a373ad73a504971]::io::write::Write>::write_fmt
[INFO] [stdout]    3:     0x57787dfae996 - std[617be2ca0a6fd877]::panicking::default_hook::{closure#0}
[INFO] [stdout]    4:     0x57787dfcd339 - std[617be2ca0a6fd877]::panicking::default_hook
[INFO] [stdout]    5:     0x57787dc94a10 - test[aada8e7e76ba119b]::test_main_inner::{closure#0}
[INFO] [stdout]    6:     0x57787dfcd4f2 - std[617be2ca0a6fd877]::panicking::panic_with_hook
[INFO] [stdout]    7:     0x57787dfaea74 - std[617be2ca0a6fd877]::panicking::panic_handler::{closure#0}
[INFO] [stdout]    8:     0x57787dfa73a9 - std[617be2ca0a6fd877]::sys::backtrace::__rust_end_short_backtrace::<std[617be2ca0a6fd877]::panicking::panic_handler::{closure#0}, !>
[INFO] [stdout]    9:     0x57787dfaf7fd - __rustc[ea4f61d10b84890b]::rust_begin_unwind
[INFO] [stdout]   10:     0x57787dfee0ac - core[a373ad73a504971]::panicking::panic_fmt
[INFO] [stdout]   11:     0x57787dc829b8 - <tisket[c101406d05923531]::repo::search_tests::an_unreadable_project_is_not_reported_as_missing::{closure#0} as core[a373ad73a504971]::ops::function::FnOnce<()>>::call_once
[INFO] [stdout]   12:     0x57787dc87e5b - test[aada8e7e76ba119b]::__rust_begin_short_backtrace::<core[a373ad73a504971]::result::Result<(), alloc[2e1b2a31b91974c5]::string::String>, fn() -> core[a373ad73a504971]::result::Result<(), alloc[2e1b2a31b91974c5]::string::String>>
[INFO] [stdout]   13:     0x57787dc95035 - test[aada8e7e76ba119b]::run_test::{closure#0}
[INFO] [stdout]   14:     0x57787dc8e924 - std[617be2ca0a6fd877]::sys::backtrace::__rust_begin_short_backtrace::<test[aada8e7e76ba119b]::run_test::{closure#1}, ()>
[INFO] [stdout]   15:     0x57787dc980c2 - <std[617be2ca0a6fd877]::thread::lifecycle::spawn_unchecked<test[aada8e7e76ba119b]::run_test::{closure#1}, ()>::{closure#1} as core[a373ad73a504971]::ops::function::FnOnce<()>>::call_once::{shim:vtable#0}
[INFO] [stdout]   16:     0x57787dfd536f - <std[617be2ca0a6fd877]::sys::thread::unix::Thread>::new::thread_start
[INFO] [stdout]   17:     0x7f26089b3dfa - <unknown>
[INFO] [stdout]   18:     0x7f2608a473d4 - clone
[INFO] [stdout]   19:                0x0 - <unknown>
[INFO] [stdout] 
[INFO] [stdout] 
[INFO] [stdout] failures:
[INFO] [stdout]     repo::search_tests::an_unreadable_closed_directory_is_an_error_not_an_empty_project
[INFO] [stdout]     repo::search_tests::an_unreadable_project_is_not_reported_as_missing
[INFO] [stdout] 
[INFO] [stdout] test result: FAILED. 20 passed; 2 failed; 0 ignored; 0 measured; 0 filtered out; finished in 0.02s
[INFO] [stdout] 
[INFO] running `Command { std: "docker" "inspect" "506bc5c8bca3bad2051da966d2f547849ac886afcdaa7a72fa1f00058b52293c", kill_on_drop: false }`
[INFO] running `Command { std: "docker" "rm" "-f" "506bc5c8bca3bad2051da966d2f547849ac886afcdaa7a72fa1f00058b52293c", kill_on_drop: false }`
[INFO] [stdout] 506bc5c8bca3bad2051da966d2f547849ac886afcdaa7a72fa1f00058b52293c
