[INFO] fetching crate tinty 0.34.1...
[INFO] testing tinty-0.34.1 against 1.100.0-beta.1+cargoflags=--release for beta-release-1.100-2
[INFO] extracting crate tinty 0.34.1 into /workspace/builds/worker-2-tc2/source
[INFO] started tweaking crates.io crate tinty 0.34.1
[INFO] removed 0 missing tests
[INFO] finished tweaking crates.io crate tinty 0.34.1
[INFO] tweaked toml for crates.io crate tinty 0.34.1 written to /workspace/builds/worker-2-tc2/source/Cargo.toml
[INFO] validating manifest of crates.io crate tinty 0.34.1 on toolchain 1.100.0-beta.1
[INFO] running `Command { std: CARGO_HOME="/workspace/cargo-home" RUSTUP_HOME="/workspace/rustup-home" "/workspace/cargo-home/bin/cargo" "+1.100.0-beta.1" "metadata" "--manifest-path" "Cargo.toml" "--no-deps", kill_on_drop: false }`
[INFO] crate crates.io crate tinty 0.34.1 already has a lockfile, it will not be regenerated
[INFO] running `Command { std: CARGO_HOME="/workspace/cargo-home" RUSTUP_HOME="/workspace/rustup-home" "/workspace/cargo-home/bin/cargo" "+1.100.0-beta.1" "fetch" "--manifest-path" "Cargo.toml", kill_on_drop: false }`
[INFO] [stderr] warning: `package.homepage` is redundant with `package.repository`
[INFO] [stderr]    --> Cargo.toml:111:12
[INFO] [stderr]     |
[INFO] [stderr] 111 | homepage = "https://github.com/tinted-theming/tinty"
[INFO] [stderr]     |            ^^^^^^^^^^^^^^^^^^^^^^^^^^^^^^^^^^^^^^^^^
[INFO] [stderr] ...
[INFO] [stderr] 116 | repository = "https://github.com/tinted-theming/tinty"
[INFO] [stderr]     |              -----------------------------------------
[INFO] [stderr]     |
[INFO] [stderr]     = note: `cargo::redundant_homepage` is set to `warn` by default
[INFO] [stderr] help: consider removing `package.homepage`
[INFO] [stderr] warning: `tinty` (manifest) generated 1 warning
[INFO] running `Command { std: "docker" "create" "-v" "/var/lib/crater-agent-workspace/builds/worker-2-tc2/source:/opt/rustwide/workdir:ro,Z" "-v" "/var/lib/crater-agent-workspace/builds/worker-2-tc2/target:/opt/rustwide/target:rw,Z" "-v" "/var/lib/crater-agent-workspace/cargo-home:/opt/rustwide/cargo-home:ro,Z" "-v" "/var/lib/crater-agent-workspace/rustup-home:/opt/rustwide/rustup-home:ro,Z" "-m" "1610612736" "--network" "none" "ghcr.io/rust-lang/crates-build-env/linux@sha256:77db811e55d90add9212f6832c23229e3de5f1c1f9905e8cb07319ea15df73ac" "sleep" "infinity", kill_on_drop: false }`
[INFO] [stdout] 3dbc93eb7e6ea4c3aed4fcf1082567e5e6a4a237344630deae97c2e9efe8d7ef
[INFO] running `Command { std: "docker" "start" "3dbc93eb7e6ea4c3aed4fcf1082567e5e6a4a237344630deae97c2e9efe8d7ef", kill_on_drop: false }`
[INFO] running `Command { std: "docker" "inspect" "3dbc93eb7e6ea4c3aed4fcf1082567e5e6a4a237344630deae97c2e9efe8d7ef", kill_on_drop: false }`
[INFO] running `Command { std: "docker" "exec" "-e" "SOURCE_DIR=/opt/rustwide/workdir" "-e" "CARGO_HOME=/opt/rustwide/cargo-home" "-e" "RUSTUP_HOME=/opt/rustwide/rustup-home" "-e" "CARGO_TARGET_DIR=/opt/rustwide/target" "-w" "/opt/rustwide/workdir" "--user" "0:0" "3dbc93eb7e6ea4c3aed4fcf1082567e5e6a4a237344630deae97c2e9efe8d7ef" "/opt/rustwide/cargo-home/bin/cargo" "+1.100.0-beta.1" "metadata" "--no-deps" "--format-version=1", kill_on_drop: false }`
[INFO] running `Command { std: "docker" "inspect" "3dbc93eb7e6ea4c3aed4fcf1082567e5e6a4a237344630deae97c2e9efe8d7ef", kill_on_drop: false }`
[INFO] running `Command { std: "docker" "exec" "-e" "SOURCE_DIR=/opt/rustwide/workdir" "-e" "CARGO_HOME=/opt/rustwide/cargo-home" "-e" "RUSTUP_HOME=/opt/rustwide/rustup-home" "-e" "CARGO_TARGET_DIR=/opt/rustwide/target" "-e" "CARGO_INCREMENTAL=0" "-e" "RUST_BACKTRACE=full" "-e" "RUSTFLAGS=--cap-lints=warn" "-e" "RUSTDOCFLAGS=--cap-lints=warn" "-w" "/opt/rustwide/workdir" "--user" "0:0" "3dbc93eb7e6ea4c3aed4fcf1082567e5e6a4a237344630deae97c2e9efe8d7ef" "/opt/rustwide/cargo-home/bin/cargo" "+1.100.0-beta.1" "build" "--frozen" "--message-format=json" "--release", kill_on_drop: false }`
[INFO] [stderr] warning: `package.homepage` is redundant with `package.repository`
[INFO] [stderr]    --> Cargo.toml:111:12
[INFO] [stderr]     |
[INFO] [stderr] 111 | homepage = "https://github.com/tinted-theming/tinty"
[INFO] [stderr]     |            ^^^^^^^^^^^^^^^^^^^^^^^^^^^^^^^^^^^^^^^^^
[INFO] [stderr] ...
[INFO] [stderr] 116 | repository = "https://github.com/tinted-theming/tinty"
[INFO] [stderr]     |              -----------------------------------------
[INFO] [stderr]     |
[INFO] [stderr]     = note: `cargo::redundant_homepage` is set to `warn` by default
[INFO] [stderr] help: consider removing `package.homepage`
[INFO] [stderr] warning: `tinty` (manifest) generated 1 warning
[INFO] [stderr]    Compiling libc v0.2.184
[INFO] [stderr]    Compiling zerocopy v0.8.47
[INFO] [stderr]    Compiling num-traits v0.2.19
[INFO] [stderr]    Compiling serde_core v1.0.228
[INFO] [stderr]    Compiling serde v1.0.228
[INFO] [stderr]    Compiling syn v2.0.117
[INFO] [stderr]    Compiling phf_shared v0.11.3
[INFO] [stderr]    Compiling regex-automata v0.4.13
[INFO] [stderr]    Compiling as-slice v0.2.1
[INFO] [stderr]    Compiling rayon v1.11.0
[INFO] [stderr]    Compiling built v0.8.0
[INFO] [stderr]    Compiling av-scenechange v0.14.1
[INFO] [stderr]    Compiling no_std_io2 v0.9.3
[INFO] [stderr]    Compiling nom v8.0.0
[INFO] [stderr]    Compiling y4m v0.8.0
[INFO] [stderr]    Compiling aligned v0.4.3
[INFO] [stderr]    Compiling pastey v0.1.1
[INFO] [stderr]    Compiling utf8-width v0.1.8
[INFO] [stderr]    Compiling palette v0.7.6
[INFO] [stderr]    Compiling by_address v1.2.1
[INFO] [stderr]    Compiling phf_generator v0.11.3
[INFO] [stderr]    Compiling html-escape v0.2.13
[INFO] [stderr]    Compiling bitstream-io v4.10.0
[INFO] [stderr]    Compiling rgb v0.8.53
[INFO] [stderr]    Compiling simd_helpers v0.1.0
[INFO] [stderr]    Compiling fast-srgb8 v1.0.0
[INFO] [stderr]    Compiling noop_proc_macro v0.3.0
[INFO] [stderr]    Compiling imgref v1.12.0
[INFO] [stderr]    Compiling io-lifetimes v1.0.11
[INFO] [stderr]    Compiling rav1e v0.8.1
[INFO] [stderr]    Compiling nom v7.1.3
[INFO] [stderr]    Compiling const_format_proc_macros v0.2.34
[INFO] [stderr]    Compiling loop9 v0.1.5
[INFO] [stderr]    Compiling clap_builder v4.5.55
[INFO] [stderr]    Compiling avif-serialize v0.8.8
[INFO] [stderr]    Compiling zune-inflate v0.2.54
[INFO] [stderr]    Compiling rustix v0.37.28
[INFO] [stderr]    Compiling gif v0.14.2
[INFO] [stderr]    Compiling image-webp v0.2.4
[INFO] [stderr]    Compiling png v0.18.1
[INFO] [stderr]    Compiling qoi v0.4.1
[INFO] [stderr]    Compiling tempfile v3.6.0
[INFO] [stderr]    Compiling winnow v0.7.14
[INFO] [stderr]    Compiling linux-raw-sys v0.3.8
[INFO] [stderr]    Compiling const_format v0.2.36
[INFO] [stderr]    Compiling serde_json v1.0.149
[INFO] [stderr]    Compiling num-integer v0.1.46
[INFO] [stderr]    Compiling approx v0.5.1
[INFO] [stderr]    Compiling moxcms v0.8.1
[INFO] [stderr]    Compiling num-bigint v0.4.6
[INFO] [stderr]    Compiling maybe-rayon v0.1.1
[INFO] [stderr]    Compiling color-thief v0.2.2
[INFO] [stderr]    Compiling vte v0.14.1
[INFO] [stderr]    Compiling dirs-sys v0.5.0
[INFO] [stderr]    Compiling getrandom v0.2.17
[INFO] [stderr]    Compiling rand_core v0.6.4
[INFO] [stderr]    Compiling dirs v6.0.0
[INFO] [stderr]    Compiling which v8.0.2
[INFO] [stderr]    Compiling fastrand v1.9.0
[INFO] [stderr]    Compiling strip-ansi-escapes v0.2.1
[INFO] [stderr]    Compiling fs2 v0.4.3
[INFO] [stderr]    Compiling hex_color v3.0.0
[INFO] [stderr]    Compiling home v0.5.12
[INFO] [stderr]    Compiling num-rational v0.4.2
[INFO] [stderr]    Compiling pori v0.0.0
[INFO] [stderr]    Compiling synstructure v0.13.2
[INFO] [stderr]    Compiling regex v1.12.2
[INFO] [stderr]    Compiling serde_derive v1.0.228
[INFO] [stderr]    Compiling zerofrom-derive v0.1.6
[INFO] [stderr]    Compiling yoke-derive v0.8.1
[INFO] [stderr]    Compiling zerovec-derive v0.11.2
[INFO] [stderr]    Compiling thiserror-impl v2.0.18
[INFO] [stderr]    Compiling displaydoc v0.2.5
[INFO] [stderr]    Compiling equator-macro v0.4.2
[INFO] [stderr]    Compiling zerocopy-derive v0.8.47
[INFO] [stderr]    Compiling arg_enum_proc_macro v0.3.4
[INFO] [stderr]    Compiling profiling-procmacros v1.0.17
[INFO] [stderr]    Compiling phf_macros v0.11.3
[INFO] [stderr]    Compiling num-derive v0.4.2
[INFO] [stderr]    Compiling palette_derive v0.7.6
[INFO] [stderr]    Compiling equator v0.4.2
[INFO] [stderr]    Compiling profiling v1.0.17
[INFO] [stderr]    Compiling thiserror v2.0.18
[INFO] [stderr]    Compiling fax_derive v0.2.0
[INFO] [stderr]    Compiling clap_derive v4.5.55
[INFO] [stderr]    Compiling aligned-vec v0.6.4
[INFO] [stderr]    Compiling v_frame v0.3.9
[INFO] [stderr]    Compiling phf v0.11.3
[INFO] [stderr]    Compiling thiserror-impl v1.0.69
[INFO] [stderr]    Compiling fax v0.2.6
[INFO] [stderr]    Compiling wax v0.7.0
[INFO] [stderr]    Compiling av1-grain v0.2.5
[INFO] [stderr]    Compiling zerofrom v0.1.6
[INFO] [stderr]    Compiling yoke v0.8.1
[INFO] [stderr]    Compiling zerovec v0.11.5
[INFO] [stderr]    Compiling zerotrie v0.2.3
[INFO] [stderr]    Compiling thiserror v1.0.69
[INFO] [stderr]    Compiling clap v4.5.55
[INFO] [stderr]    Compiling clap_complete v4.5.65
[INFO] [stderr]    Compiling tinystr v0.8.2
[INFO] [stderr]    Compiling potential_utf v0.1.4
[INFO] [stderr]    Compiling icu_collections v2.1.1
[INFO] [stderr]    Compiling icu_locale_core v2.1.1
[INFO] [stderr]    Compiling serde_yaml v0.9.34+deprecated
[INFO] [stderr]    Compiling icu_provider v2.1.1
[INFO] [stderr]    Compiling icu_properties v2.1.2
[INFO] [stderr]    Compiling icu_normalizer v2.1.1
[INFO] [stderr]    Compiling quick-xml v0.38.4
[INFO] [stderr]    Compiling serde_spanned v0.6.9
[INFO] [stderr]    Compiling toml_datetime v0.6.11
[INFO] [stderr]    Compiling toml_edit v0.22.27
[INFO] [stderr]    Compiling ribboncurls v0.5.0
[INFO] [stderr]    Compiling tinted-builder v0.16.0
[INFO] [stderr]    Compiling idna_adapter v1.2.1
[INFO] [stderr]    Compiling idna v1.1.0
[INFO] [stderr]    Compiling half v2.7.1
[INFO] [stderr]    Compiling ppv-lite86 v0.2.21
[INFO] [stderr]    Compiling url v2.5.8
[INFO] [stderr]    Compiling rand_chacha v0.3.1
[INFO] [stderr]    Compiling tiff v0.11.3
[INFO] [stderr]    Compiling exr v1.74.0
[INFO] [stderr]    Compiling toml v0.8.23
[INFO] [stderr]    Compiling rand v0.8.6
[INFO] [stderr]    Compiling ravif v0.13.0
[INFO] [stderr]    Compiling image v0.25.10
[INFO] [stderr]    Compiling tinted-builder-rust v0.21.0
[INFO] [stderr]    Compiling tinted-scheme-extractor v0.13.0
[INFO] [stderr]    Compiling tinty v0.34.1 (/opt/rustwide/workdir)
[INFO] [stderr] warning: unused dependency `strip-ansi-escapes`
[INFO] [stderr]   --> Cargo.toml:50:15
[INFO] [stderr]    |
[INFO] [stderr] 50 | [dependencies.strip-ansi-escapes]
[INFO] [stderr]    |               ^^^^^^^^^^^^^^^^^^^
[INFO] [stderr]    |
[INFO] [stderr]    = note: `cargo::unused_dependencies` is set to `warn` by default
[INFO] [stderr] help: consider removing the dependency on `strip-ansi-escapes`
[INFO] [stderr] warning: `tinty` (manifest) generated 1 warning
[INFO] [stderr]     Finished `release` profile [optimized] target(s) in 2m 24s
[INFO] running `Command { std: "docker" "inspect" "3dbc93eb7e6ea4c3aed4fcf1082567e5e6a4a237344630deae97c2e9efe8d7ef", kill_on_drop: false }`
[INFO] running `Command { std: "docker" "exec" "-e" "SOURCE_DIR=/opt/rustwide/workdir" "-e" "CARGO_HOME=/opt/rustwide/cargo-home" "-e" "RUSTUP_HOME=/opt/rustwide/rustup-home" "-e" "CARGO_TARGET_DIR=/opt/rustwide/target" "-e" "CARGO_INCREMENTAL=0" "-e" "RUST_BACKTRACE=full" "-e" "RUSTFLAGS=--cap-lints=warn" "-e" "RUSTDOCFLAGS=--cap-lints=warn" "-w" "/opt/rustwide/workdir" "--user" "0:0" "3dbc93eb7e6ea4c3aed4fcf1082567e5e6a4a237344630deae97c2e9efe8d7ef" "/opt/rustwide/cargo-home/bin/cargo" "+1.100.0-beta.1" "test" "--frozen" "--no-run" "--message-format=json" "--release", kill_on_drop: false }`
[INFO] [stderr] warning: `package.homepage` is redundant with `package.repository`
[INFO] [stderr]    --> Cargo.toml:111:12
[INFO] [stderr]     |
[INFO] [stderr] 111 | homepage = "https://github.com/tinted-theming/tinty"
[INFO] [stderr]     |            ^^^^^^^^^^^^^^^^^^^^^^^^^^^^^^^^^^^^^^^^^
[INFO] [stderr] ...
[INFO] [stderr] 116 | repository = "https://github.com/tinted-theming/tinty"
[INFO] [stderr]     |              -----------------------------------------
[INFO] [stderr]     |
[INFO] [stderr]     = note: `cargo::redundant_homepage` is set to `warn` by default
[INFO] [stderr] help: consider removing `package.homepage`
[INFO] [stderr] warning: `tinty` (manifest) generated 1 warning
[INFO] [stderr]    Compiling tinty v0.34.1 (/opt/rustwide/workdir)
[INFO] [stderr]     Finished `release` profile [optimized] target(s) in 12.93s
[INFO] running `Command { std: "docker" "inspect" "3dbc93eb7e6ea4c3aed4fcf1082567e5e6a4a237344630deae97c2e9efe8d7ef", kill_on_drop: false }`
[INFO] running `Command { std: "docker" "exec" "-e" "SOURCE_DIR=/opt/rustwide/workdir" "-e" "CARGO_HOME=/opt/rustwide/cargo-home" "-e" "RUSTUP_HOME=/opt/rustwide/rustup-home" "-e" "CARGO_TARGET_DIR=/opt/rustwide/target" "-e" "CARGO_INCREMENTAL=0" "-e" "RUST_BACKTRACE=full" "-e" "RUSTFLAGS=--cap-lints=warn" "-e" "RUSTDOCFLAGS=--cap-lints=warn" "-w" "/opt/rustwide/workdir" "--user" "0:0" "3dbc93eb7e6ea4c3aed4fcf1082567e5e6a4a237344630deae97c2e9efe8d7ef" "/opt/rustwide/cargo-home/bin/cargo" "+1.100.0-beta.1" "test" "--frozen" "--release", kill_on_drop: false }`
[INFO] [stderr] warning: `package.homepage` is redundant with `package.repository`
[INFO] [stderr]    --> Cargo.toml:111:12
[INFO] [stderr]     |
[INFO] [stderr] 111 | homepage = "https://github.com/tinted-theming/tinty"
[INFO] [stderr]     |            ^^^^^^^^^^^^^^^^^^^^^^^^^^^^^^^^^^^^^^^^^
[INFO] [stderr] ...
[INFO] [stderr] 116 | repository = "https://github.com/tinted-theming/tinty"
[INFO] [stderr]     |              -----------------------------------------
[INFO] [stderr]     |
[INFO] [stderr]     = note: `cargo::redundant_homepage` is set to `warn` by default
[INFO] [stderr] help: consider removing `package.homepage`
[INFO] [stderr] warning: `tinty` (manifest) generated 1 warning
[INFO] [stderr]     Finished `release` profile [optimized] target(s) in 0.22s
[INFO] [stderr]      Running unittests src/main.rs (/opt/rustwide/target/release/build/tinty/263cecbc1db32c9d/out/tinty-263cecbc1db32c9d)
[INFO] [stdout] 
[INFO] [stdout] running 14 tests
[INFO] [stdout] test operations::apply::tests::generate_file_contents_no_markers_returns_error ... ok
[INFO] [stdout] test operations::apply::tests::generate_file_contents_end_marker_only_returns_error ... ok
[INFO] [stdout] test operations::apply::tests::generate_file_contents_insertion_contains_markers ... ok
[INFO] [stdout] test operations::apply::tests::generate_file_contents_with_multiline_replacement ... ok
[INFO] [stdout] test operations::apply::tests::generate_file_contents_empty_insertion ... ok
[INFO] [stdout] test operations::apply::tests::generate_file_contents_whitespace_around_markers ... ok
[INFO] [stdout] test operations::apply::tests::generate_file_contents_reapply_with_markers_in_content ... ok
[INFO] [stdout] test operations::apply::tests::generate_file_contents_with_start_and_end_markers ... ok
[INFO] [stdout] test operations::apply::tests::generate_file_contents_newlines_adjacent_to_markers ... ok
[INFO] [stdout] test operations::apply::tests::generate_file_contents_with_special_regex_chars_in_markers ... ok
[INFO] [stdout] test operations::apply::tests::generate_file_contents_with_start_marker_only ... ok
[INFO] [stdout] test operations::apply::tests::generate_file_contents_markers_not_found_leaves_unchanged ... ok
[INFO] [stdout] test operations::apply::tests::generate_file_contents_with_multiple_marker_pairs ... ok
[INFO] [stdout] test operations::apply::tests::generate_file_contents_preserves_newlines_in_insertion ... ok
[INFO] [stdout] 
[INFO] [stdout] test result: ok. 14 passed; 0 failed; 0 ignored; 0 measured; 0 filtered out; finished in 0.01s
[INFO] [stdout] 
[INFO] [stderr]      Running tests/cli_apply_subcommand_tests.rs (/opt/rustwide/target/release/build/tinty/6199c7c378ddf73a/out/cli_apply_subcommand_tests-6199c7c378ddf73a)
[INFO] [stdout] 
[INFO] [stdout] running 18 tests
[INFO] [stderr] Cloning into '/tmp/tinty-test-repos/schemes'...
[INFO] [stderr] fatal: unable to access 'https://github.com/tinted-theming/schemes.git/': Could not resolve host: github.com
[INFO] [stderr] Cloning into '/tmp/tinty-test-repos/schemes'...
[INFO] [stderr] fatal: unable to access 'https://github.com/tinted-theming/schemes.git/': Could not resolve host: github.com
[INFO] [stderr] Cloning into '/tmp/tinty-test-repos/schemes'...
[INFO] [stderr] fatal: unable to access 'https://github.com/tinted-theming/schemes.git/': Could not resolve host: github.com
[INFO] [stdout] test test_cli_apply_subcommand_removes_broken_symlinks ... FAILED
[INFO] [stderr] Cloning into '/tmp/tinty-test-repos/schemes'...
[INFO] [stderr] fatal: unable to access 'https://github.com/tinted-theming/schemes.git/': Could not resolve host: github.com
[INFO] [stderr] Cloning into '/tmp/tinty-test-repos/schemes'...
[INFO] [stderr] fatal: unable to access 'https://github.com/tinted-theming/schemes.git/': Could not resolve host: github.com
[INFO] [stderr] Cloning into '/tmp/tinty-test-repos/schemes'...
[INFO] [stderr] fatal: unable to access 'https://github.com/tinted-theming/schemes.git/': Could not resolve host: github.com
[INFO] [stdout] test test_cli_apply_subcommand_with_custom_schemes ... FAILED
[INFO] [stderr] Cloning into '/tmp/tinty-test-repos/schemes'...
[INFO] [stderr] fatal: unable to access 'https://github.com/tinted-theming/schemes.git/': Could not resolve host: github.com
[INFO] [stdout] test test_cli_apply_subcommand_without_setup ... ok
[INFO] [stderr] Cloning into '/tmp/tinty-test-repos/schemes'...
[INFO] [stderr] fatal: unable to access 'https://github.com/tinted-theming/schemes.git/': Could not resolve host: github.com
[INFO] [stderr] Cloning into '/tmp/tinty-test-repos/schemes'...
[INFO] [stderr] fatal: unable to access 'https://github.com/tinted-theming/schemes.git/': Could not resolve host: github.com
[INFO] [stdout] test test_cli_apply_subcommand_no_scheme_system ... FAILED
[INFO] [stderr] Cloning into '/tmp/tinty-test-repos/schemes'...
[INFO] [stderr] fatal: unable to access 'https://github.com/tinted-theming/schemes.git/': Could not resolve host: github.com
[INFO] [stderr] Cloning into '/tmp/tinty-test-repos/schemes'...
[INFO] [stderr] fatal: unable to access 'https://github.com/tinted-theming/schemes.git/': Could not resolve host: github.com
[INFO] [stderr] Cloning into '/tmp/tinty-test-repos/schemes'...
[INFO] [stderr] fatal: unable to access 'https://github.com/tinted-theming/schemes.git/': Could not resolve host: github.com
[INFO] [stdout] test test_cli_apply_subcommand_root_hooks_with_setup ... FAILED
[INFO] [stderr] Cloning into '/tmp/tinty-test-repos/schemes'...
[INFO] [stderr] fatal: unable to access 'https://github.com/tinted-theming/schemes.git/': Could not resolve host: github.com
[INFO] [stderr] Cloning into '/tmp/tinty-test-repos/schemes'...
[INFO] [stderr] fatal: unable to access 'https://github.com/tinted-theming/schemes.git/': Could not resolve host: github.com
[INFO] [stderr] Cloning into '/tmp/tinty-test-repos/schemes'...
[INFO] [stderr] fatal: unable to access 'https://github.com/tinted-theming/schemes.git/': Could not resolve host: github.com
[INFO] [stdout] test test_cli_apply_subcommand_with_config_theme_file_extension ... FAILED
[INFO] [stderr] Cloning into '/tmp/tinty-test-repos/schemes'...
[INFO] [stderr] fatal: unable to access 'https://github.com/tinted-theming/schemes.git/': Could not resolve host: github.com
[INFO] [stderr] Cloning into '/tmp/tinty-test-repos/schemes'...
[INFO] [stderr] fatal: unable to access 'https://github.com/tinted-theming/schemes.git/': Could not resolve host: github.com
[INFO] [stderr] Cloning into '/tmp/tinty-test-repos/schemes'...
[INFO] [stderr] fatal: unable to access 'https://github.com/tinted-theming/schemes.git/': Could not resolve host: github.com
[INFO] [stderr] Cloning into '/tmp/tinty-test-repos/schemes'...
[INFO] [stdout] test test_cli_apply_subcommand_with_custom_schemes_quiet_flag ... FAILED
[INFO] [stderr] fatal: unable to access 'https://github.com/tinted-theming/schemes.git/': Could not resolve host: github.com
[INFO] [stderr] Cloning into '/tmp/tinty-test-repos/schemes'...
[INFO] [stderr] fatal: unable to access 'https://github.com/tinted-theming/schemes.git/': Could not resolve host: github.com
[INFO] [stderr] Cloning into '/tmp/tinty-test-repos/schemes'...
[INFO] [stderr] fatal: unable to access 'https://github.com/tinted-theming/schemes.git/': Could not resolve host: github.com
[INFO] [stdout] test test_cli_apply_subcommand_with_unicode_scheme_name ... FAILED
[INFO] [stderr] Cloning into '/tmp/tinty-test-repos/schemes'...
[INFO] [stderr] fatal: unable to access 'https://github.com/tinted-theming/schemes.git/': Could not resolve host: github.com
[INFO] [stderr] Cloning into '/tmp/tinty-test-repos/schemes'...
[INFO] [stderr] fatal: unable to access 'https://github.com/tinted-theming/schemes.git/': Could not resolve host: github.com
[INFO] [stderr] Cloning into '/tmp/tinty-test-repos/schemes'...
[INFO] [stderr] fatal: unable to access 'https://github.com/tinted-theming/schemes.git/': Could not resolve host: github.com
[INFO] [stdout] test test_cli_apply_subcommand_filters_items_by_supported_systems ... FAILED
[INFO] [stderr] Cloning into '/tmp/tinty-test-repos/schemes'...
[INFO] [stderr] fatal: unable to access 'https://github.com/tinted-theming/schemes.git/': Could not resolve host: github.com
[INFO] [stderr] Cloning into '/tmp/tinty-test-repos/schemes'...
[INFO] [stderr] fatal: unable to access 'https://github.com/tinted-theming/schemes.git/': Could not resolve host: github.com
[INFO] [stderr] Cloning into '/tmp/tinty-test-repos/schemes'...
[INFO] [stderr] fatal: unable to access 'https://github.com/tinted-theming/schemes.git/': Could not resolve host: github.com
[INFO] [stdout] test test_cli_apply_subcommand_hook_with_setup ... FAILED
[INFO] [stderr] Cloning into '/tmp/tinty-test-repos/schemes'...
[INFO] [stderr] fatal: unable to access 'https://github.com/tinted-theming/schemes.git/': Could not resolve host: github.com
[INFO] [stderr] Cloning into '/tmp/tinty-test-repos/schemes'...
[INFO] [stderr] fatal: unable to access 'https://github.com/tinted-theming/schemes.git/': Could not resolve host: github.com
[INFO] [stdout] test test_cli_apply_subcommand_hook_with_envs_with_setup has been running for over 60 seconds
[INFO] [stdout] test test_cli_apply_subcommand_invalid_scheme_name has been running for over 60 seconds
[INFO] [stdout] test test_cli_apply_subcommand_invalid_scheme_system has been running for over 60 seconds
[INFO] [stdout] test test_cli_apply_subcommand_removes_vestigial_files has been running for over 60 seconds
[INFO] [stdout] test test_cli_apply_subcommand_root_hooks_has_envs_with_setup has been running for over 60 seconds
[INFO] [stdout] test test_cli_apply_subcommand_with_failing_hook has been running for over 60 seconds
[INFO] [stdout] test test_cli_apply_subcommand_with_setup has been running for over 60 seconds
[INFO] [stderr] Cloning into '/tmp/tinty-test-repos/schemes'...
[INFO] [stderr] fatal: unable to access 'https://github.com/tinted-theming/schemes.git/': Could not resolve host: github.com
[INFO] [stdout] test test_cli_apply_subcommand_invalid_scheme_system ... FAILED
[INFO] [stderr] Cloning into '/tmp/tinty-test-repos/schemes'...
[INFO] [stderr] fatal: unable to access 'https://github.com/tinted-theming/schemes.git/': Could not resolve host: github.com
[INFO] [stderr] Cloning into '/tmp/tinty-test-repos/schemes'...
[INFO] [stderr] fatal: unable to access 'https://github.com/tinted-theming/schemes.git/': Could not resolve host: github.com
[INFO] [stdout] test test_cli_apply_subcommand_without_config_shell_required_string has been running for over 60 seconds
[INFO] [stderr] Cloning into '/tmp/tinty-test-repos/schemes'...
[INFO] [stderr] fatal: unable to access 'https://github.com/tinted-theming/schemes.git/': Could not resolve host: github.com
[INFO] [stdout] test test_cli_apply_subcommand_with_failing_hook ... FAILED
[INFO] [stderr] Cloning into '/tmp/tinty-test-repos/schemes'...
[INFO] [stderr] fatal: unable to access 'https://github.com/tinted-theming/schemes.git/': Could not resolve host: github.com
[INFO] [stderr] Cloning into '/tmp/tinty-test-repos/schemes'...
[INFO] [stderr] fatal: unable to access 'https://github.com/tinted-theming/schemes.git/': Could not resolve host: github.com
[INFO] [stderr] Cloning into '/tmp/tinty-test-repos/schemes'...
[INFO] [stderr] fatal: unable to access 'https://github.com/tinted-theming/schemes.git/': Could not resolve host: github.com
[INFO] [stdout] test test_cli_apply_subcommand_with_setup ... FAILED
[INFO] [stderr] Cloning into '/tmp/tinty-test-repos/schemes'...
[INFO] [stderr] fatal: unable to access 'https://github.com/tinted-theming/schemes.git/': Could not resolve host: github.com
[INFO] [stderr] Cloning into '/tmp/tinty-test-repos/schemes'...
[INFO] [stderr] fatal: unable to access 'https://github.com/tinted-theming/schemes.git/': Could not resolve host: github.com
[INFO] [stderr] Cloning into '/tmp/tinty-test-repos/schemes'...
[INFO] [stderr] fatal: unable to access 'https://github.com/tinted-theming/schemes.git/': Could not resolve host: github.com
[INFO] [stdout] test test_cli_apply_subcommand_invalid_scheme_name ... FAILED
[INFO] [stderr] Cloning into '/tmp/tinty-test-repos/schemes'...
[INFO] [stderr] fatal: unable to access 'https://github.com/tinted-theming/schemes.git/': Could not resolve host: github.com
[INFO] [stderr] Cloning into '/tmp/tinty-test-repos/schemes'...
[INFO] [stderr] fatal: unable to access 'https://github.com/tinted-theming/schemes.git/': Could not resolve host: github.com
[INFO] [stderr] Cloning into '/tmp/tinty-test-repos/schemes'...
[INFO] [stderr] fatal: unable to access 'https://github.com/tinted-theming/schemes.git/': Could not resolve host: github.com
[INFO] [stdout] test test_cli_apply_subcommand_removes_vestigial_files ... FAILED
[INFO] [stderr] Cloning into '/tmp/tinty-test-repos/schemes'...
[INFO] [stderr] fatal: unable to access 'https://github.com/tinted-theming/schemes.git/': Could not resolve host: github.com
[INFO] [stderr] Cloning into '/tmp/tinty-test-repos/schemes'...
[INFO] [stderr] fatal: unable to access 'https://github.com/tinted-theming/schemes.git/': Could not resolve host: github.com
[INFO] [stderr] Cloning into '/tmp/tinty-test-repos/schemes'...
[INFO] [stderr] fatal: unable to access 'https://github.com/tinted-theming/schemes.git/': Could not resolve host: github.com
[INFO] [stdout] test test_cli_apply_subcommand_hook_with_envs_with_setup ... FAILED
[INFO] [stderr] Cloning into '/tmp/tinty-test-repos/schemes'...
[INFO] [stderr] fatal: unable to access 'https://github.com/tinted-theming/schemes.git/': Could not resolve host: github.com
[INFO] [stderr] Cloning into '/tmp/tinty-test-repos/schemes'...
[INFO] [stderr] fatal: unable to access 'https://github.com/tinted-theming/schemes.git/': Could not resolve host: github.com
[INFO] [stderr] Cloning into '/tmp/tinty-test-repos/schemes'...
[INFO] [stderr] fatal: unable to access 'https://github.com/tinted-theming/schemes.git/': Could not resolve host: github.com
[INFO] [stdout] test test_cli_apply_subcommand_root_hooks_has_envs_with_setup ... FAILED
[INFO] [stderr] Cloning into '/tmp/tinty-test-repos/schemes'...
[INFO] [stderr] fatal: unable to access 'https://github.com/tinted-theming/schemes.git/': Could not resolve host: github.com
[INFO] [stderr] Cloning into '/tmp/tinty-test-repos/schemes'...
[INFO] [stderr] fatal: unable to access 'https://github.com/tinted-theming/schemes.git/': Could not resolve host: github.com
[INFO] [stderr] Cloning into '/tmp/tinty-test-repos/schemes'...
[INFO] [stderr] fatal: unable to access 'https://github.com/tinted-theming/schemes.git/': Could not resolve host: github.com
[INFO] [stdout] test test_cli_apply_subcommand_without_config_shell_required_string ... FAILED
[INFO] [stdout] 
[INFO] [stdout] failures:
[INFO] [stdout] 
[INFO] [stdout] ---- test_cli_apply_subcommand_removes_broken_symlinks stdout ----
[INFO] [stdout] Retrying clone of https://github.com/tinted-theming/schemes.git (attempt 2/3)
[INFO] [stdout] Retrying clone of https://github.com/tinted-theming/schemes.git (attempt 3/3)
[INFO] [stdout] Error: Unable to clone https://github.com/tinted-theming/schemes.git
[INFO] [stdout] 
[INFO] [stdout] Caused by:
[INFO] [stdout]     0: Failed to remove directory /tmp/tinty-test-repos/schemes
[INFO] [stdout]     1: No such file or directory (os error 2)
[INFO] [stdout] 
[INFO] [stdout] Stack backtrace:
[INFO] [stdout]    0: <core::io::error::Error as anyhow::context::ext::StdError>::ext_context::<alloc::string::String>
[INFO] [stdout]    1: cli_apply_subcommand_tests::utils::ensure_repos_cache
[INFO] [stdout]    2: cli_apply_subcommand_tests::utils::setup
[INFO] [stdout]    3: <cli_apply_subcommand_tests::test_cli_apply_subcommand_removes_broken_symlinks::{closure#0} as core::ops::function::FnOnce<()>>::call_once
[INFO] [stdout]    4: test::__rust_begin_short_backtrace::<core::result::Result<(), alloc::string::String>, fn() -> core::result::Result<(), alloc::string::String>>
[INFO] [stdout]    5: test::run_test::{closure#0}
[INFO] [stdout]    6: std::sys::backtrace::__rust_begin_short_backtrace::<test::run_test::{closure#1}, ()>
[INFO] [stdout]    7: <std::thread::lifecycle::spawn_unchecked<test::run_test::{closure#1}, ()>::{closure#1} as core::ops::function::FnOnce<()>>::call_once::{shim:vtable#0}
[INFO] [stdout]    8: <std::sys::thread::unix::Thread>::new::thread_start
[INFO] [stdout]    9: <unknown>
[INFO] [stdout]   10: clone
[INFO] [stdout] 
[INFO] [stdout] ---- test_cli_apply_subcommand_with_custom_schemes stdout ----
[INFO] [stdout] Retrying clone of https://github.com/tinted-theming/schemes.git (attempt 2/3)
[INFO] [stdout] Retrying clone of https://github.com/tinted-theming/schemes.git (attempt 3/3)
[INFO] [stdout] Error: Unable to clone https://github.com/tinted-theming/schemes.git
[INFO] [stdout] 
[INFO] [stdout] Caused by:
[INFO] [stdout]     0: Failed to remove directory /tmp/tinty-test-repos/schemes
[INFO] [stdout]     1: No such file or directory (os error 2)
[INFO] [stdout] 
[INFO] [stdout] Stack backtrace:
[INFO] [stdout]    0: <core::io::error::Error as anyhow::context::ext::StdError>::ext_context::<alloc::string::String>
[INFO] [stdout]    1: cli_apply_subcommand_tests::utils::ensure_repos_cache
[INFO] [stdout]    2: cli_apply_subcommand_tests::utils::setup
[INFO] [stdout]    3: <cli_apply_subcommand_tests::test_cli_apply_subcommand_with_custom_schemes::{closure#0} as core::ops::function::FnOnce<()>>::call_once
[INFO] [stdout]    4: test::__rust_begin_short_backtrace::<core::result::Result<(), alloc::string::String>, fn() -> core::result::Result<(), alloc::string::String>>
[INFO] [stdout]    5: test::run_test::{closure#0}
[INFO] [stdout]    6: std::sys::backtrace::__rust_begin_short_backtrace::<test::run_test::{closure#1}, ()>
[INFO] [stdout]    7: <std::thread::lifecycle::spawn_unchecked<test::run_test::{closure#1}, ()>::{closure#1} as core::ops::function::FnOnce<()>>::call_once::{shim:vtable#0}
[INFO] [stdout]    8: <std::sys::thread::unix::Thread>::new::thread_start
[INFO] [stdout]    9: <unknown>
[INFO] [stdout]   10: clone
[INFO] [stdout] 
[INFO] [stdout] ---- test_cli_apply_subcommand_no_scheme_system stdout ----
[INFO] [stdout] Retrying clone of https://github.com/tinted-theming/schemes.git (attempt 2/3)
[INFO] [stdout] Retrying clone of https://github.com/tinted-theming/schemes.git (attempt 3/3)
[INFO] [stdout] Error: Unable to clone https://github.com/tinted-theming/schemes.git
[INFO] [stdout] 
[INFO] [stdout] Caused by:
[INFO] [stdout]     0: Failed to remove directory /tmp/tinty-test-repos/schemes
[INFO] [stdout]     1: No such file or directory (os error 2)
[INFO] [stdout] 
[INFO] [stdout] Stack backtrace:
[INFO] [stdout]    0: <core::io::error::Error as anyhow::context::ext::StdError>::ext_context::<alloc::string::String>
[INFO] [stdout]    1: cli_apply_subcommand_tests::utils::ensure_repos_cache
[INFO] [stdout]    2: cli_apply_subcommand_tests::utils::setup
[INFO] [stdout]    3: <cli_apply_subcommand_tests::test_cli_apply_subcommand_no_scheme_system::{closure#0} as core::ops::function::FnOnce<()>>::call_once
[INFO] [stdout]    4: test::__rust_begin_short_backtrace::<core::result::Result<(), alloc::string::String>, fn() -> core::result::Result<(), alloc::string::String>>
[INFO] [stdout]    5: test::run_test::{closure#0}
[INFO] [stdout]    6: std::sys::backtrace::__rust_begin_short_backtrace::<test::run_test::{closure#1}, ()>
[INFO] [stdout]    7: <std::thread::lifecycle::spawn_unchecked<test::run_test::{closure#1}, ()>::{closure#1} as core::ops::function::FnOnce<()>>::call_once::{shim:vtable#0}
[INFO] [stdout]    8: <std::sys::thread::unix::Thread>::new::thread_start
[INFO] [stdout]    9: <unknown>
[INFO] [stdout]   10: clone
[INFO] [stdout] 
[INFO] [stdout] ---- test_cli_apply_subcommand_root_hooks_with_setup stdout ----
[INFO] [stdout] Retrying clone of https://github.com/tinted-theming/schemes.git (attempt 2/3)
[INFO] [stdout] Retrying clone of https://github.com/tinted-theming/schemes.git (attempt 3/3)
[INFO] [stdout] Error: Unable to clone https://github.com/tinted-theming/schemes.git
[INFO] [stdout] 
[INFO] [stdout] Caused by:
[INFO] [stdout]     0: Failed to remove directory /tmp/tinty-test-repos/schemes
[INFO] [stdout]     1: No such file or directory (os error 2)
[INFO] [stdout] 
[INFO] [stdout] Stack backtrace:
[INFO] [stdout]    0: <core::io::error::Error as anyhow::context::ext::StdError>::ext_context::<alloc::string::String>
[INFO] [stdout]    1: cli_apply_subcommand_tests::utils::ensure_repos_cache
[INFO] [stdout]    2: cli_apply_subcommand_tests::utils::setup
[INFO] [stdout]    3: <cli_apply_subcommand_tests::test_cli_apply_subcommand_root_hooks_with_setup::{closure#0} as core::ops::function::FnOnce<()>>::call_once
[INFO] [stdout]    4: test::__rust_begin_short_backtrace::<core::result::Result<(), alloc::string::String>, fn() -> core::result::Result<(), alloc::string::String>>
[INFO] [stdout]    5: test::run_test::{closure#0}
[INFO] [stdout]    6: std::sys::backtrace::__rust_begin_short_backtrace::<test::run_test::{closure#1}, ()>
[INFO] [stdout]    7: <std::thread::lifecycle::spawn_unchecked<test::run_test::{closure#1}, ()>::{closure#1} as core::ops::function::FnOnce<()>>::call_once::{shim:vtable#0}
[INFO] [stdout]    8: <std::sys::thread::unix::Thread>::new::thread_start
[INFO] [stdout]    9: <unknown>
[INFO] [stdout]   10: clone
[INFO] [stdout] 
[INFO] [stdout] ---- test_cli_apply_subcommand_with_config_theme_file_extension stdout ----
[INFO] [stdout] Retrying clone of https://github.com/tinted-theming/schemes.git (attempt 2/3)
[INFO] [stdout] Retrying clone of https://github.com/tinted-theming/schemes.git (attempt 3/3)
[INFO] [stdout] Error: Unable to clone https://github.com/tinted-theming/schemes.git
[INFO] [stdout] 
[INFO] [stdout] Caused by:
[INFO] [stdout]     0: Failed to remove directory /tmp/tinty-test-repos/schemes
[INFO] [stdout]     1: No such file or directory (os error 2)
[INFO] [stdout] 
[INFO] [stdout] Stack backtrace:
[INFO] [stdout]    0: <core::io::error::Error as anyhow::context::ext::StdError>::ext_context::<alloc::string::String>
[INFO] [stdout]    1: cli_apply_subcommand_tests::utils::ensure_repos_cache
[INFO] [stdout]    2: cli_apply_subcommand_tests::utils::setup
[INFO] [stdout]    3: <cli_apply_subcommand_tests::test_cli_apply_subcommand_with_config_theme_file_extension::{closure#0} as core::ops::function::FnOnce<()>>::call_once
[INFO] [stdout]    4: test::__rust_begin_short_backtrace::<core::result::Result<(), alloc::string::String>, fn() -> core::result::Result<(), alloc::string::String>>
[INFO] [stdout]    5: test::run_test::{closure#0}
[INFO] [stdout]    6: std::sys::backtrace::__rust_begin_short_backtrace::<test::run_test::{closure#1}, ()>
[INFO] [stdout]    7: <std::thread::lifecycle::spawn_unchecked<test::run_test::{closure#1}, ()>::{closure#1} as core::ops::function::FnOnce<()>>::call_once::{shim:vtable#0}
[INFO] [stdout]    8: <std::sys::thread::unix::Thread>::new::thread_start
[INFO] [stdout]    9: <unknown>
[INFO] [stdout]   10: clone
[INFO] [stdout] 
[INFO] [stdout] ---- test_cli_apply_subcommand_with_custom_schemes_quiet_flag stdout ----
[INFO] [stdout] Retrying clone of https://github.com/tinted-theming/schemes.git (attempt 2/3)
[INFO] [stdout] Retrying clone of https://github.com/tinted-theming/schemes.git (attempt 3/3)
[INFO] [stdout] Error: Unable to clone https://github.com/tinted-theming/schemes.git
[INFO] [stdout] 
[INFO] [stdout] Caused by:
[INFO] [stdout]     0: Failed to remove directory /tmp/tinty-test-repos/schemes
[INFO] [stdout]     1: No such file or directory (os error 2)
[INFO] [stdout] 
[INFO] [stdout] Stack backtrace:
[INFO] [stdout]    0: <core::io::error::Error as anyhow::context::ext::StdError>::ext_context::<alloc::string::String>
[INFO] [stdout]    1: cli_apply_subcommand_tests::utils::ensure_repos_cache
[INFO] [stdout]    2: cli_apply_subcommand_tests::utils::setup
[INFO] [stdout]    3: <cli_apply_subcommand_tests::test_cli_apply_subcommand_with_custom_schemes_quiet_flag::{closure#0} as core::ops::function::FnOnce<()>>::call_once
[INFO] [stdout]    4: test::__rust_begin_short_backtrace::<core::result::Result<(), alloc::string::String>, fn() -> core::result::Result<(), alloc::string::String>>
[INFO] [stdout]    5: test::run_test::{closure#0}
[INFO] [stdout]    6: std::sys::backtrace::__rust_begin_short_backtrace::<test::run_test::{closure#1}, ()>
[INFO] [stdout]    7: <std::thread::lifecycle::spawn_unchecked<test::run_test::{closure#1}, ()>::{closure#1} as core::ops::function::FnOnce<()>>::call_once::{shim:vtable#0}
[INFO] [stdout]    8: <std::sys::thread::unix::Thread>::new::thread_start
[INFO] [stdout]    9: <unknown>
[INFO] [stdout]   10: clone
[INFO] [stdout] 
[INFO] [stdout] ---- test_cli_apply_subcommand_with_unicode_scheme_name stdout ----
[INFO] [stdout] Retrying clone of https://github.com/tinted-theming/schemes.git (attempt 2/3)
[INFO] [stdout] Retrying clone of https://github.com/tinted-theming/schemes.git (attempt 3/3)
[INFO] [stdout] Error: Unable to clone https://github.com/tinted-theming/schemes.git
[INFO] [stdout] 
[INFO] [stdout] Caused by:
[INFO] [stdout]     0: Failed to remove directory /tmp/tinty-test-repos/schemes
[INFO] [stdout]     1: No such file or directory (os error 2)
[INFO] [stdout] 
[INFO] [stdout] Stack backtrace:
[INFO] [stdout]    0: <core::io::error::Error as anyhow::context::ext::StdError>::ext_context::<alloc::string::String>
[INFO] [stdout]    1: cli_apply_subcommand_tests::utils::ensure_repos_cache
[INFO] [stdout]    2: cli_apply_subcommand_tests::utils::setup
[INFO] [stdout]    3: <cli_apply_subcommand_tests::test_cli_apply_subcommand_with_unicode_scheme_name::{closure#0} as core::ops::function::FnOnce<()>>::call_once
[INFO] [stdout]    4: test::__rust_begin_short_backtrace::<core::result::Result<(), alloc::string::String>, fn() -> core::result::Result<(), alloc::string::String>>
[INFO] [stdout]    5: test::run_test::{closure#0}
[INFO] [stdout]    6: std::sys::backtrace::__rust_begin_short_backtrace::<test::run_test::{closure#1}, ()>
[INFO] [stdout]    7: <std::thread::lifecycle::spawn_unchecked<test::run_test::{closure#1}, ()>::{closure#1} as core::ops::function::FnOnce<()>>::call_once::{shim:vtable#0}
[INFO] [stdout]    8: <std::sys::thread::unix::Thread>::new::thread_start
[INFO] [stdout]    9: <unknown>
[INFO] [stdout]   10: clone
[INFO] [stdout] 
[INFO] [stdout] ---- test_cli_apply_subcommand_filters_items_by_supported_systems stdout ----
[INFO] [stdout] Retrying clone of https://github.com/tinted-theming/schemes.git (attempt 2/3)
[INFO] [stdout] Retrying clone of https://github.com/tinted-theming/schemes.git (attempt 3/3)
[INFO] [stdout] Error: Unable to clone https://github.com/tinted-theming/schemes.git
[INFO] [stdout] 
[INFO] [stdout] Caused by:
[INFO] [stdout]     0: Failed to remove directory /tmp/tinty-test-repos/schemes
[INFO] [stdout]     1: No such file or directory (os error 2)
[INFO] [stdout] 
[INFO] [stdout] Stack backtrace:
[INFO] [stdout]    0: <core::io::error::Error as anyhow::context::ext::StdError>::ext_context::<alloc::string::String>
[INFO] [stdout]    1: cli_apply_subcommand_tests::utils::ensure_repos_cache
[INFO] [stdout]    2: cli_apply_subcommand_tests::utils::setup
[INFO] [stdout]    3: <cli_apply_subcommand_tests::test_cli_apply_subcommand_filters_items_by_supported_systems::{closure#0} as core::ops::function::FnOnce<()>>::call_once
[INFO] [stdout]    4: test::__rust_begin_short_backtrace::<core::result::Result<(), alloc::string::String>, fn() -> core::result::Result<(), alloc::string::String>>
[INFO] [stdout]    5: test::run_test::{closure#0}
[INFO] [stdout]    6: std::sys::backtrace::__rust_begin_short_backtrace::<test::run_test::{closure#1}, ()>
[INFO] [stdout]    7: <std::thread::lifecycle::spawn_unchecked<test::run_test::{closure#1}, ()>::{closure#1} as core::ops::function::FnOnce<()>>::call_once::{shim:vtable#0}
[INFO] [stdout]    8: <std::sys::thread::unix::Thread>::new::thread_start
[INFO] [stdout]    9: <unknown>
[INFO] [stdout]   10: clone
[INFO] [stdout] 
[INFO] [stdout] ---- test_cli_apply_subcommand_hook_with_setup stdout ----
[INFO] [stdout] Retrying clone of https://github.com/tinted-theming/schemes.git (attempt 2/3)
[INFO] [stdout] Retrying clone of https://github.com/tinted-theming/schemes.git (attempt 3/3)
[INFO] [stdout] Error: Unable to clone https://github.com/tinted-theming/schemes.git
[INFO] [stdout] 
[INFO] [stdout] Caused by:
[INFO] [stdout]     0: Failed to remove directory /tmp/tinty-test-repos/schemes
[INFO] [stdout]     1: No such file or directory (os error 2)
[INFO] [stdout] 
[INFO] [stdout] Stack backtrace:
[INFO] [stdout]    0: <core::io::error::Error as anyhow::context::ext::StdError>::ext_context::<alloc::string::String>
[INFO] [stdout]    1: cli_apply_subcommand_tests::utils::ensure_repos_cache
[INFO] [stdout]    2: cli_apply_subcommand_tests::utils::setup
[INFO] [stdout]    3: <cli_apply_subcommand_tests::test_cli_apply_subcommand_hook_with_setup::{closure#0} as core::ops::function::FnOnce<()>>::call_once
[INFO] [stdout]    4: test::__rust_begin_short_backtrace::<core::result::Result<(), alloc::string::String>, fn() -> core::result::Result<(), alloc::string::String>>
[INFO] [stdout]    5: test::run_test::{closure#0}
[INFO] [stdout]    6: std::sys::backtrace::__rust_begin_short_backtrace::<test::run_test::{closure#1}, ()>
[INFO] [stdout]    7: <std::thread::lifecycle::spawn_unchecked<test::run_test::{closure#1}, ()>::{closure#1} as core::ops::function::FnOnce<()>>::call_once::{shim:vtable#0}
[INFO] [stdout]    8: <std::sys::thread::unix::Thread>::new::thread_start
[INFO] [stdout]    9: <unknown>
[INFO] [stdout]   10: clone
[INFO] [stdout] 
[INFO] [stdout] ---- test_cli_apply_subcommand_invalid_scheme_system stdout ----
[INFO] [stdout] Retrying clone of https://github.com/tinted-theming/schemes.git (attempt 2/3)
[INFO] [stdout] Retrying clone of https://github.com/tinted-theming/schemes.git (attempt 3/3)
[INFO] [stdout] Error: Unable to clone https://github.com/tinted-theming/schemes.git
[INFO] [stdout] 
[INFO] [stdout] Caused by:
[INFO] [stdout]     0: Failed to remove directory /tmp/tinty-test-repos/schemes
[INFO] [stdout]     1: No such file or directory (os error 2)
[INFO] [stdout] 
[INFO] [stdout] Stack backtrace:
[INFO] [stdout]    0: <core::io::error::Error as anyhow::context::ext::StdError>::ext_context::<alloc::string::String>
[INFO] [stdout]    1: cli_apply_subcommand_tests::utils::ensure_repos_cache
[INFO] [stdout]    2: cli_apply_subcommand_tests::utils::setup
[INFO] [stdout]    3: <cli_apply_subcommand_tests::test_cli_apply_subcommand_invalid_scheme_system::{closure#0} as core::ops::function::FnOnce<()>>::call_once
[INFO] [stdout]    4: test::__rust_begin_short_backtrace::<core::result::Result<(), alloc::string::String>, fn() -> core::result::Result<(), alloc::string::String>>
[INFO] [stdout]    5: test::run_test::{closure#0}
[INFO] [stdout]    6: std::sys::backtrace::__rust_begin_short_backtrace::<test::run_test::{closure#1}, ()>
[INFO] [stdout]    7: <std::thread::lifecycle::spawn_unchecked<test::run_test::{closure#1}, ()>::{closure#1} as core::ops::function::FnOnce<()>>::call_once::{shim:vtable#0}
[INFO] [stdout]    8: <std::sys::thread::unix::Thread>::new::thread_start
[INFO] [stdout]    9: <unknown>
[INFO] [stdout]   10: clone
[INFO] [stdout] 
[INFO] [stdout] ---- test_cli_apply_subcommand_with_failing_hook stdout ----
[INFO] [stdout] Retrying clone of https://github.com/tinted-theming/schemes.git (attempt 2/3)
[INFO] [stdout] Retrying clone of https://github.com/tinted-theming/schemes.git (attempt 3/3)
[INFO] [stdout] Error: Unable to clone https://github.com/tinted-theming/schemes.git
[INFO] [stdout] 
[INFO] [stdout] Caused by:
[INFO] [stdout]     0: Failed to remove directory /tmp/tinty-test-repos/schemes
[INFO] [stdout]     1: No such file or directory (os error 2)
[INFO] [stdout] 
[INFO] [stdout] Stack backtrace:
[INFO] [stdout]    0: <core::io::error::Error as anyhow::context::ext::StdError>::ext_context::<alloc::string::String>
[INFO] [stdout]    1: cli_apply_subcommand_tests::utils::ensure_repos_cache
[INFO] [stdout]    2: cli_apply_subcommand_tests::utils::setup
[INFO] [stdout]    3: <cli_apply_subcommand_tests::test_cli_apply_subcommand_with_failing_hook::{closure#0} as core::ops::function::FnOnce<()>>::call_once
[INFO] [stdout]    4: test::__rust_begin_short_backtrace::<core::result::Result<(), alloc::string::String>, fn() -> core::result::Result<(), alloc::string::String>>
[INFO] [stdout]    5: test::run_test::{closure#0}
[INFO] [stdout]    6: std::sys::backtrace::__rust_begin_short_backtrace::<test::run_test::{closure#1}, ()>
[INFO] [stdout]    7: <std::thread::lifecycle::spawn_unchecked<test::run_test::{closure#1}, ()>::{closure#1} as core::ops::function::FnOnce<()>>::call_once::{shim:vtable#0}
[INFO] [stdout]    8: <std::sys::thread::unix::Thread>::new::thread_start
[INFO] [stdout]    9: <unknown>
[INFO] [stdout]   10: clone
[INFO] [stdout] 
[INFO] [stdout] ---- test_cli_apply_subcommand_with_setup stdout ----
[INFO] [stdout] Retrying clone of https://github.com/tinted-theming/schemes.git (attempt 2/3)
[INFO] [stdout] Retrying clone of https://github.com/tinted-theming/schemes.git (attempt 3/3)
[INFO] [stdout] Error: Unable to clone https://github.com/tinted-theming/schemes.git
[INFO] [stdout] 
[INFO] [stdout] Caused by:
[INFO] [stdout]     0: Failed to remove directory /tmp/tinty-test-repos/schemes
[INFO] [stdout]     1: No such file or directory (os error 2)
[INFO] [stdout] 
[INFO] [stdout] Stack backtrace:
[INFO] [stdout]    0: <core::io::error::Error as anyhow::context::ext::StdError>::ext_context::<alloc::string::String>
[INFO] [stdout]    1: cli_apply_subcommand_tests::utils::ensure_repos_cache
[INFO] [stdout]    2: cli_apply_subcommand_tests::utils::setup
[INFO] [stdout]    3: <cli_apply_subcommand_tests::test_cli_apply_subcommand_with_setup::{closure#0} as core::ops::function::FnOnce<()>>::call_once
[INFO] [stdout]    4: test::__rust_begin_short_backtrace::<core::result::Result<(), alloc::string::String>, fn() -> core::result::Result<(), alloc::string::String>>
[INFO] [stdout]    5: test::run_test::{closure#0}
[INFO] [stdout]    6: std::sys::backtrace::__rust_begin_short_backtrace::<test::run_test::{closure#1}, ()>
[INFO] [stdout]    7: <std::thread::lifecycle::spawn_unchecked<test::run_test::{closure#1}, ()>::{closure#1} as core::ops::function::FnOnce<()>>::call_once::{shim:vtable#0}
[INFO] [stdout]    8: <std::sys::thread::unix::Thread>::new::thread_start
[INFO] [stdout]    9: <unknown>
[INFO] [stdout]   10: clone
[INFO] [stdout] 
[INFO] [stdout] ---- test_cli_apply_subcommand_invalid_scheme_name stdout ----
[INFO] [stdout] Retrying clone of https://github.com/tinted-theming/schemes.git (attempt 2/3)
[INFO] [stdout] Retrying clone of https://github.com/tinted-theming/schemes.git (attempt 3/3)
[INFO] [stdout] Error: Unable to clone https://github.com/tinted-theming/schemes.git
[INFO] [stdout] 
[INFO] [stdout] Caused by:
[INFO] [stdout]     0: Failed to remove directory /tmp/tinty-test-repos/schemes
[INFO] [stdout]     1: No such file or directory (os error 2)
[INFO] [stdout] 
[INFO] [stdout] Stack backtrace:
[INFO] [stdout]    0: <core::io::error::Error as anyhow::context::ext::StdError>::ext_context::<alloc::string::String>
[INFO] [stdout]    1: cli_apply_subcommand_tests::utils::ensure_repos_cache
[INFO] [stdout]    2: cli_apply_subcommand_tests::utils::setup
[INFO] [stdout]    3: <cli_apply_subcommand_tests::test_cli_apply_subcommand_invalid_scheme_name::{closure#0} as core::ops::function::FnOnce<()>>::call_once
[INFO] [stdout]    4: test::__rust_begin_short_backtrace::<core::result::Result<(), alloc::string::String>, fn() -> core::result::Result<(), alloc::string::String>>
[INFO] [stdout]    5: test::run_test::{closure#0}
[INFO] [stdout]    6: std::sys::backtrace::__rust_begin_short_backtrace::<test::run_test::{closure#1}, ()>
[INFO] [stdout]    7: <std::thread::lifecycle::spawn_unchecked<test::run_test::{closure#1}, ()>::{closure#1} as core::ops::function::FnOnce<()>>::call_once::{shim:vtable#0}
[INFO] [stdout]    8: <std::sys::thread::unix::Thread>::new::thread_start
[INFO] [stdout]    9: <unknown>
[INFO] [stdout]   10: clone
[INFO] [stdout] 
[INFO] [stdout] ---- test_cli_apply_subcommand_removes_vestigial_files stdout ----
[INFO] [stdout] Retrying clone of https://github.com/tinted-theming/schemes.git (attempt 2/3)
[INFO] [stdout] Retrying clone of https://github.com/tinted-theming/schemes.git (attempt 3/3)
[INFO] [stdout] Error: Unable to clone https://github.com/tinted-theming/schemes.git
[INFO] [stdout] 
[INFO] [stdout] Caused by:
[INFO] [stdout]     0: Failed to remove directory /tmp/tinty-test-repos/schemes
[INFO] [stdout]     1: No such file or directory (os error 2)
[INFO] [stdout] 
[INFO] [stdout] Stack backtrace:
[INFO] [stdout]    0: <core::io::error::Error as anyhow::context::ext::StdError>::ext_context::<alloc::string::String>
[INFO] [stdout]    1: cli_apply_subcommand_tests::utils::ensure_repos_cache
[INFO] [stdout]    2: cli_apply_subcommand_tests::utils::setup
[INFO] [stdout]    3: <cli_apply_subcommand_tests::test_cli_apply_subcommand_removes_vestigial_files::{closure#0} as core::ops::function::FnOnce<()>>::call_once
[INFO] [stdout]    4: test::__rust_begin_short_backtrace::<core::result::Result<(), alloc::string::String>, fn() -> core::result::Result<(), alloc::string::String>>
[INFO] [stdout]    5: test::run_test::{closure#0}
[INFO] [stdout]    6: std::sys::backtrace::__rust_begin_short_backtrace::<test::run_test::{closure#1}, ()>
[INFO] [stdout]    7: <std::thread::lifecycle::spawn_unchecked<test::run_test::{closure#1}, ()>::{closure#1} as core::ops::function::FnOnce<()>>::call_once::{shim:vtable#0}
[INFO] [stdout]    8: <std::sys::thread::unix::Thread>::new::thread_start
[INFO] [stdout]    9: <unknown>
[INFO] [stdout]   10: clone
[INFO] [stdout] 
[INFO] [stdout] ---- test_cli_apply_subcommand_hook_with_envs_with_setup stdout ----
[INFO] [stdout] Retrying clone of https://github.com/tinted-theming/schemes.git (attempt 2/3)
[INFO] [stdout] Retrying clone of https://github.com/tinted-theming/schemes.git (attempt 3/3)
[INFO] [stdout] Error: Unable to clone https://github.com/tinted-theming/schemes.git
[INFO] [stdout] 
[INFO] [stdout] Caused by:
[INFO] [stdout]     0: Failed to remove directory /tmp/tinty-test-repos/schemes
[INFO] [stdout]     1: No such file or directory (os error 2)
[INFO] [stdout] 
[INFO] [stdout] Stack backtrace:
[INFO] [stdout]    0: <core::io::error::Error as anyhow::context::ext::StdError>::ext_context::<alloc::string::String>
[INFO] [stdout]    1: cli_apply_subcommand_tests::utils::ensure_repos_cache
[INFO] [stdout]    2: cli_apply_subcommand_tests::utils::setup
[INFO] [stdout]    3: <cli_apply_subcommand_tests::test_cli_apply_subcommand_hook_with_envs_with_setup::{closure#0} as core::ops::function::FnOnce<()>>::call_once
[INFO] [stdout]    4: test::__rust_begin_short_backtrace::<core::result::Result<(), alloc::string::String>, fn() -> core::result::Result<(), alloc::string::String>>
[INFO] [stdout]    5: test::run_test::{closure#0}
[INFO] [stdout]    6: std::sys::backtrace::__rust_begin_short_backtrace::<test::run_test::{closure#1}, ()>
[INFO] [stdout]    7: <std::thread::lifecycle::spawn_unchecked<test::run_test::{closure#1}, ()>::{closure#1} as core::ops::function::FnOnce<()>>::call_once::{shim:vtable#0}
[INFO] [stdout]    8: <std::sys::thread::unix::Thread>::new::thread_start
[INFO] [stdout]    9: <unknown>
[INFO] [stdout]   10: clone
[INFO] [stdout] 
[INFO] [stdout] ---- test_cli_apply_subcommand_root_hooks_has_envs_with_setup stdout ----
[INFO] [stdout] Retrying clone of https://github.com/tinted-theming/schemes.git (attempt 2/3)
[INFO] [stdout] Retrying clone of https://github.com/tinted-theming/schemes.git (attempt 3/3)
[INFO] [stdout] Error: Unable to clone https://github.com/tinted-theming/schemes.git
[INFO] [stdout] 
[INFO] [stdout] Caused by:
[INFO] [stdout]     0: Failed to remove directory /tmp/tinty-test-repos/schemes
[INFO] [stdout]     1: No such file or directory (os error 2)
[INFO] [stdout] 
[INFO] [stdout] Stack backtrace:
[INFO] [stdout]    0: <core::io::error::Error as anyhow::context::ext::StdError>::ext_context::<alloc::string::String>
[INFO] [stdout]    1: cli_apply_subcommand_tests::utils::ensure_repos_cache
[INFO] [stdout]    2: cli_apply_subcommand_tests::utils::setup
[INFO] [stdout]    3: <cli_apply_subcommand_tests::test_cli_apply_subcommand_root_hooks_has_envs_with_setup::{closure#0} as core::ops::function::FnOnce<()>>::call_once
[INFO] [stdout]    4: test::__rust_begin_short_backtrace::<core::result::Result<(), alloc::string::String>, fn() -> core::result::Result<(), alloc::string::String>>
[INFO] [stdout]    5: test::run_test::{closure#0}
[INFO] [stdout]    6: std::sys::backtrace::__rust_begin_short_backtrace::<test::run_test::{closure#1}, ()>
[INFO] [stdout]    7: <std::thread::lifecycle::spawn_unchecked<test::run_test::{closure#1}, ()>::{closure#1} as core::ops::function::FnOnce<()>>::call_once::{shim:vtable#0}
[INFO] [stdout]    8: <std::sys::thread::unix::Thread>::new::thread_start
[INFO] [stdout]    9: <unknown>
[INFO] [stdout]   10: clone
[INFO] [stdout] 
[INFO] [stdout] ---- test_cli_apply_subcommand_without_config_shell_required_string stdout ----
[INFO] [stdout] Retrying clone of https://github.com/tinted-theming/schemes.git (attempt 2/3)
[INFO] [stdout] Retrying clone of https://github.com/tinted-theming/schemes.git (attempt 3/3)
[INFO] [stdout] Error: Unable to clone https://github.com/tinted-theming/schemes.git
[INFO] [stdout] 
[INFO] [stdout] Caused by:
[INFO] [stdout]     0: Failed to remove directory /tmp/tinty-test-repos/schemes
[INFO] [stdout]     1: No such file or directory (os error 2)
[INFO] [stdout] 
[INFO] [stdout] Stack backtrace:
[INFO] [stdout]    0: <core::io::error::Error as anyhow::context::ext::StdError>::ext_context::<alloc::string::String>
[INFO] [stdout]    1: cli_apply_subcommand_tests::utils::ensure_repos_cache
[INFO] [stdout]    2: cli_apply_subcommand_tests::utils::setup
[INFO] [stdout]    3: <cli_apply_subcommand_tests::test_cli_apply_subcommand_without_config_shell_required_string::{closure#0} as core::ops::function::FnOnce<()>>::call_once
[INFO] [stdout]    4: test::__rust_begin_short_backtrace::<core::result::Result<(), alloc::string::String>, fn() -> core::result::Result<(), alloc::string::String>>
[INFO] [stdout]    5: test::run_test::{closure#0}
[INFO] [stdout]    6: std::sys::backtrace::__rust_begin_short_backtrace::<test::run_test::{closure#1}, ()>
[INFO] [stdout]    7: <std::thread::lifecycle::spawn_unchecked<test::run_test::{closure#1}, ()>::{closure#1} as core::ops::function::FnOnce<()>>::call_once::{shim:vtable#0}
[INFO] [stdout]    8: <std::sys::thread::unix::Thread>::new::thread_start
[INFO] [stdout]    9: <unknown>
[INFO] [stdout]   10: clone
[INFO] [stdout] 
[INFO] [stdout] 
[INFO] [stdout] failures:
[INFO] [stdout]     test_cli_apply_subcommand_filters_items_by_supported_systems
[INFO] [stdout]     test_cli_apply_subcommand_hook_with_envs_with_setup
[INFO] [stdout]     test_cli_apply_subcommand_hook_with_setup
[INFO] [stdout]     test_cli_apply_subcommand_invalid_scheme_name
[INFO] [stdout]     test_cli_apply_subcommand_invalid_scheme_system
[INFO] [stdout]     test_cli_apply_subcommand_no_scheme_system
[INFO] [stdout]     test_cli_apply_subcommand_removes_broken_symlinks
[INFO] [stdout]     test_cli_apply_subcommand_removes_vestigial_files
[INFO] [stdout]     test_cli_apply_subcommand_root_hooks_has_envs_with_setup
[INFO] [stdout]     test_cli_apply_subcommand_root_hooks_with_setup
[INFO] [stdout]     test_cli_apply_subcommand_with_config_theme_file_extension
[INFO] [stdout]     test_cli_apply_subcommand_with_custom_schemes
[INFO] [stdout]     test_cli_apply_subcommand_with_custom_schemes_quiet_flag
[INFO] [stdout]     test_cli_apply_subcommand_with_failing_hook
[INFO] [stdout]     test_cli_apply_subcommand_with_setup
[INFO] [stdout]     test_cli_apply_subcommand_with_unicode_scheme_name
[INFO] [stdout]     test_cli_apply_subcommand_without_config_shell_required_string
[INFO] [stdout] 
[INFO] [stdout] test result: FAILED. 1 passed; 17 failed; 0 ignored; 0 measured; 0 filtered out; finished in 104.07s
[INFO] [stdout] 
[INFO] [stderr] error: test failed, to rerun pass `--test cli_apply_subcommand_tests`
[INFO] running `Command { std: "docker" "inspect" "3dbc93eb7e6ea4c3aed4fcf1082567e5e6a4a237344630deae97c2e9efe8d7ef", kill_on_drop: false }`
[INFO] running `Command { std: "docker" "rm" "-f" "3dbc93eb7e6ea4c3aed4fcf1082567e5e6a4a237344630deae97c2e9efe8d7ef", kill_on_drop: false }`
[INFO] [stdout] 3dbc93eb7e6ea4c3aed4fcf1082567e5e6a4a237344630deae97c2e9efe8d7ef
