[INFO] fetching crate textr 0.3.0...
[INFO] testing textr-0.3.0 against 1.100.0-beta.1+cargoflags=--release for beta-release-1.100-2
[INFO] extracting crate textr 0.3.0 into /workspace/builds/worker-2-tc2/source
[INFO] started tweaking crates.io crate textr 0.3.0
[INFO] finished tweaking crates.io crate textr 0.3.0
[INFO] tweaked toml for crates.io crate textr 0.3.0 written to /workspace/builds/worker-2-tc2/source/Cargo.toml
[INFO] validating manifest of crates.io crate textr 0.3.0 on toolchain 1.100.0-beta.1
[INFO] running `Command { std: CARGO_HOME="/workspace/cargo-home" RUSTUP_HOME="/workspace/rustup-home" "/workspace/cargo-home/bin/cargo" "+1.100.0-beta.1" "metadata" "--manifest-path" "Cargo.toml" "--no-deps", kill_on_drop: false }`
[INFO] crate crates.io crate textr 0.3.0 already has a lockfile, it will not be regenerated
[INFO] running `Command { std: CARGO_HOME="/workspace/cargo-home" RUSTUP_HOME="/workspace/rustup-home" "/workspace/cargo-home/bin/cargo" "+1.100.0-beta.1" "fetch" "--manifest-path" "Cargo.toml", kill_on_drop: false }`
[INFO] [stderr] warning: `package.homepage` is redundant with `package.repository`
[INFO] [stderr]   --> Cargo.toml:50:12
[INFO] [stderr]    |
[INFO] [stderr] 50 | homepage = "https://github.com/ghovax/textr"
[INFO] [stderr]    |            ^^^^^^^^^^^^^^^^^^^^^^^^^^^^^^^^^
[INFO] [stderr] ...
[INFO] [stderr] 54 | repository = "https://github.com/ghovax/textr"
[INFO] [stderr]    |              ---------------------------------
[INFO] [stderr]    |
[INFO] [stderr]    = note: `cargo::redundant_homepage` is set to `warn` by default
[INFO] [stderr] help: consider removing `package.homepage`
[INFO] [stderr] warning: `textr` (manifest) generated 1 warning
[INFO] running `Command { std: "docker" "create" "-v" "/var/lib/crater-agent-workspace/builds/worker-2-tc2/source:/opt/rustwide/workdir:ro,Z" "-v" "/var/lib/crater-agent-workspace/builds/worker-2-tc2/target:/opt/rustwide/target:rw,Z" "-v" "/var/lib/crater-agent-workspace/cargo-home:/opt/rustwide/cargo-home:ro,Z" "-v" "/var/lib/crater-agent-workspace/rustup-home:/opt/rustwide/rustup-home:ro,Z" "-m" "1610612736" "--network" "none" "ghcr.io/rust-lang/crates-build-env/linux@sha256:77db811e55d90add9212f6832c23229e3de5f1c1f9905e8cb07319ea15df73ac" "sleep" "infinity", kill_on_drop: false }`
[INFO] [stdout] bd4e98005127aae40f8fec20a710096fa3359c1110c4ad813a8bce6958c96688
[INFO] running `Command { std: "docker" "start" "bd4e98005127aae40f8fec20a710096fa3359c1110c4ad813a8bce6958c96688", kill_on_drop: false }`
[INFO] running `Command { std: "docker" "inspect" "bd4e98005127aae40f8fec20a710096fa3359c1110c4ad813a8bce6958c96688", kill_on_drop: false }`
[INFO] running `Command { std: "docker" "exec" "-e" "SOURCE_DIR=/opt/rustwide/workdir" "-e" "CARGO_HOME=/opt/rustwide/cargo-home" "-e" "RUSTUP_HOME=/opt/rustwide/rustup-home" "-e" "CARGO_TARGET_DIR=/opt/rustwide/target" "-w" "/opt/rustwide/workdir" "--user" "0:0" "bd4e98005127aae40f8fec20a710096fa3359c1110c4ad813a8bce6958c96688" "/opt/rustwide/cargo-home/bin/cargo" "+1.100.0-beta.1" "metadata" "--no-deps" "--format-version=1", kill_on_drop: false }`
[INFO] running `Command { std: "docker" "inspect" "bd4e98005127aae40f8fec20a710096fa3359c1110c4ad813a8bce6958c96688", kill_on_drop: false }`
[INFO] running `Command { std: "docker" "exec" "-e" "SOURCE_DIR=/opt/rustwide/workdir" "-e" "CARGO_HOME=/opt/rustwide/cargo-home" "-e" "RUSTUP_HOME=/opt/rustwide/rustup-home" "-e" "CARGO_TARGET_DIR=/opt/rustwide/target" "-e" "CARGO_INCREMENTAL=0" "-e" "RUST_BACKTRACE=full" "-e" "RUSTFLAGS=--cap-lints=warn" "-e" "RUSTDOCFLAGS=--cap-lints=warn" "-w" "/opt/rustwide/workdir" "--user" "0:0" "bd4e98005127aae40f8fec20a710096fa3359c1110c4ad813a8bce6958c96688" "/opt/rustwide/cargo-home/bin/cargo" "+1.100.0-beta.1" "build" "--frozen" "--message-format=json" "--release", kill_on_drop: false }`
[INFO] [stderr] warning: `package.homepage` is redundant with `package.repository`
[INFO] [stderr]   --> Cargo.toml:50:12
[INFO] [stderr]    |
[INFO] [stderr] 50 | homepage = "https://github.com/ghovax/textr"
[INFO] [stderr]    |            ^^^^^^^^^^^^^^^^^^^^^^^^^^^^^^^^^
[INFO] [stderr] ...
[INFO] [stderr] 54 | repository = "https://github.com/ghovax/textr"
[INFO] [stderr]    |              ---------------------------------
[INFO] [stderr]    |
[INFO] [stderr]    = note: `cargo::redundant_homepage` is set to `warn` by default
[INFO] [stderr] help: consider removing `package.homepage`
[INFO] [stderr] warning: `textr` (manifest) generated 1 warning
[INFO] [stderr]    Compiling autocfg v1.1.0
[INFO] [stderr]    Compiling libc v0.2.153
[INFO] [stderr]    Compiling proc-macro2 v1.0.78
[INFO] [stderr]    Compiling memchr v2.7.1
[INFO] [stderr]    Compiling crossbeam-utils v0.8.19
[INFO] [stderr]    Compiling bytemuck v1.14.3
[INFO] [stderr]    Compiling crc32fast v1.4.0
[INFO] [stderr]    Compiling simd-adler32 v0.3.7
[INFO] [stderr]    Compiling paste v1.0.14
[INFO] [stderr]    Compiling adler v1.0.2
[INFO] [stderr]    Compiling utf8parse v0.2.1
[INFO] [stderr]    Compiling anstyle-query v1.0.2
[INFO] [stderr]    Compiling colorchoice v1.0.0
[INFO] [stderr]    Compiling regex-syntax v0.8.2
[INFO] [stderr]    Compiling anstyle v1.0.6
[INFO] [stderr]    Compiling rayon-core v1.12.1
[INFO] [stderr]    Compiling itoa v1.0.10
[INFO] [stderr]    Compiling log v0.4.21
[INFO] [stderr]    Compiling miniz_oxide v0.7.2
[INFO] [stderr]    Compiling anstyle-parse v0.2.3
[INFO] [stderr]    Compiling serde v1.0.197
[INFO] [stderr]    Compiling rawpointer v0.2.1
[INFO] [stderr]    Compiling deranged v0.3.11
[INFO] [stderr]    Compiling safe_arch v0.7.1
[INFO] [stderr]    Compiling fdeflate v0.3.4
[INFO] [stderr]    Compiling num-traits v0.2.18
[INFO] [stderr]    Compiling matrixmultiply v0.3.8
[INFO] [stderr]    Compiling num-rational v0.4.1
[INFO] [stderr]    Compiling anstream v0.6.13
[INFO] [stderr]    Compiling unicode-segmentation v1.11.0
[INFO] [stderr]    Compiling quote v1.0.35
[INFO] [stderr]    Compiling either v1.10.0
[INFO] [stderr]    Compiling clap_lex v0.7.0
[INFO] [stderr]    Compiling syn v2.0.52
[INFO] [stderr]    Compiling crossbeam-epoch v0.9.18
[INFO] [stderr]    Compiling serde_json v1.0.114
[INFO] [stderr]    Compiling flate2 v1.0.28
[INFO] [stderr]    Compiling strsim v0.11.0
[INFO] [stderr]    Compiling aho-corasick v1.1.2
[INFO] [stderr]    Compiling getrandom v0.2.14
[INFO] [stderr]    Compiling iana-time-zone v0.1.60
[INFO] [stderr]    Compiling rand_core v0.6.4
[INFO] [stderr]    Compiling wide v0.7.16
[INFO] [stderr]    Compiling crossbeam-deque v0.8.5
[INFO] [stderr]    Compiling rand_chacha v0.3.1
[INFO] [stderr]    Compiling png v0.17.13
[INFO] [stderr]    Compiling similar v2.5.0
[INFO] [stderr]    Compiling console v0.15.8
[INFO] [stderr]    Compiling time v0.3.36
[INFO] [stderr]    Compiling clap_builder v4.5.2
[INFO] [stderr]    Compiling rand v0.8.5
[INFO] [stderr]    Compiling nom v7.1.3
[INFO] [stderr]    Compiling num-integer v0.1.46
[INFO] [stderr]    Compiling approx v0.5.1
[INFO] [stderr]    Compiling num-complex v0.4.5
[INFO] [stderr]    Compiling chrono v0.4.37
[INFO] [stderr]    Compiling regex-automata v0.4.6
[INFO] [stderr]    Compiling rayon v1.10.0
[INFO] [stderr]    Compiling tinyvec v1.6.0
[INFO] [stderr]    Compiling encoding_rs v0.8.34
[INFO] [stderr]    Compiling md5 v0.7.0
[INFO] [stderr]    Compiling humantime v2.1.0
[INFO] [stderr]    Compiling simba v0.8.1
[INFO] [stderr]    Compiling ryu v1.0.17
[INFO] [stderr]    Compiling ttf-parser v0.20.0
[INFO] [stderr]    Compiling weezl v0.1.8
[INFO] [stderr]    Compiling unicode-normalization v0.1.23
[INFO] [stderr]    Compiling image v0.25.1
[INFO] [stderr]    Compiling rand-utf8 v0.0.1
[INFO] [stderr]    Compiling similar-asserts v1.5.0
[INFO] [stderr]    Compiling serde_derive v1.0.197
[INFO] [stderr]    Compiling clap_derive v4.5.3
[INFO] [stderr]    Compiling regex v1.10.3
[INFO] [stderr]    Compiling lopdf v0.32.0
[INFO] [stderr]    Compiling env_filter v0.1.0
[INFO] [stderr]    Compiling owned_ttf_parser v0.20.0
[INFO] [stderr]    Compiling env_logger v0.11.3
[INFO] [stderr]    Compiling clap v4.5.3
[INFO] [stderr]    Compiling nalgebra v0.32.5
[INFO] [stderr]    Compiling nalgebra-glm v0.18.0
[INFO] [stderr]    Compiling textr v0.3.0 (/opt/rustwide/workdir)
[INFO] [stderr] warning: unused dependency `clap`
[INFO] [stderr]  --> Cargo.toml:1:15
[INFO] [stderr]   |
[INFO] [stderr] 1 | [dependencies.clap]
[INFO] [stderr]   |               ^^^^^
[INFO] [stderr]   |
[INFO] [stderr]   = note: `cargo::unused_dependencies` is set to `warn` by default
[INFO] [stderr] help: consider removing the dependency on `clap`
[INFO] [stderr] warning: unused dependency `env_logger`
[INFO] [stderr]  --> Cargo.toml:5:15
[INFO] [stderr]   |
[INFO] [stderr] 5 | [dependencies.env_logger]
[INFO] [stderr]   |               ^^^^^^^^^^^
[INFO] [stderr]   |
[INFO] [stderr] help: consider removing the dependency on `env_logger`
[INFO] [stderr] warning: unused dependency `image`
[INFO] [stderr]  --> Cargo.toml:8:15
[INFO] [stderr]   |
[INFO] [stderr] 8 | [dependencies.image]
[INFO] [stderr]   |               ^^^^^^
[INFO] [stderr]   |
[INFO] [stderr] help: consider removing the dependency on `image`
[INFO] [stderr] warning: unused dependency `rand-utf8`
[INFO] [stderr]   --> Cargo.toml:28:15
[INFO] [stderr]    |
[INFO] [stderr] 28 | [dependencies.rand-utf8]
[INFO] [stderr]    |               ^^^^^^^^^^
[INFO] [stderr]    |
[INFO] [stderr] help: consider removing the dependency on `rand-utf8`
[INFO] [stderr] warning: unused dependency `similar-asserts`
[INFO] [stderr]   --> Cargo.toml:38:15
[INFO] [stderr]    |
[INFO] [stderr] 38 | [dependencies.similar-asserts]
[INFO] [stderr]    |               ^^^^^^^^^^^^^^^^
[INFO] [stderr]    |
[INFO] [stderr] help: consider removing the dependency on `similar-asserts`
[INFO] [stderr] warning: `textr` (manifest) generated 5 warnings
[INFO] [stderr]     Finished `release` profile [optimized] target(s) in 1m 10s
[INFO] running `Command { std: "docker" "inspect" "bd4e98005127aae40f8fec20a710096fa3359c1110c4ad813a8bce6958c96688", kill_on_drop: false }`
[INFO] running `Command { std: "docker" "exec" "-e" "SOURCE_DIR=/opt/rustwide/workdir" "-e" "CARGO_HOME=/opt/rustwide/cargo-home" "-e" "RUSTUP_HOME=/opt/rustwide/rustup-home" "-e" "CARGO_TARGET_DIR=/opt/rustwide/target" "-e" "CARGO_INCREMENTAL=0" "-e" "RUST_BACKTRACE=full" "-e" "RUSTFLAGS=--cap-lints=warn" "-e" "RUSTDOCFLAGS=--cap-lints=warn" "-w" "/opt/rustwide/workdir" "--user" "0:0" "bd4e98005127aae40f8fec20a710096fa3359c1110c4ad813a8bce6958c96688" "/opt/rustwide/cargo-home/bin/cargo" "+1.100.0-beta.1" "test" "--frozen" "--no-run" "--message-format=json" "--release", kill_on_drop: false }`
[INFO] [stderr] warning: `package.homepage` is redundant with `package.repository`
[INFO] [stderr]   --> Cargo.toml:50:12
[INFO] [stderr]    |
[INFO] [stderr] 50 | homepage = "https://github.com/ghovax/textr"
[INFO] [stderr]    |            ^^^^^^^^^^^^^^^^^^^^^^^^^^^^^^^^^
[INFO] [stderr] ...
[INFO] [stderr] 54 | repository = "https://github.com/ghovax/textr"
[INFO] [stderr]    |              ---------------------------------
[INFO] [stderr]    |
[INFO] [stderr]    = note: `cargo::redundant_homepage` is set to `warn` by default
[INFO] [stderr] help: consider removing `package.homepage`
[INFO] [stderr] warning: `textr` (manifest) generated 1 warning
[INFO] [stderr]    Compiling textr v0.3.0 (/opt/rustwide/workdir)
[INFO] [stderr] warning: unused dependency `clap`
[INFO] [stderr]  --> Cargo.toml:1:15
[INFO] [stderr]   |
[INFO] [stderr] 1 | [dependencies.clap]
[INFO] [stderr]   |               ^^^^^
[INFO] [stderr]   |
[INFO] [stderr]   = note: `cargo::unused_dependencies` is set to `warn` by default
[INFO] [stderr] help: consider removing the dependency on `clap`
[INFO] [stderr] help: to still use for development builds, move to `dev-dependencies`
[INFO] [stderr] warning: unused dependency `env_logger`
[INFO] [stderr]  --> Cargo.toml:5:15
[INFO] [stderr]   |
[INFO] [stderr] 5 | [dependencies.env_logger]
[INFO] [stderr]   |               ^^^^^^^^^^^
[INFO] [stderr]   |
[INFO] [stderr] help: consider removing the dependency on `env_logger`
[INFO] [stderr] help: to still use for development builds, move to `dev-dependencies`
[INFO] [stderr] warning: unused dependency `image`
[INFO] [stderr]  --> Cargo.toml:8:15
[INFO] [stderr]   |
[INFO] [stderr] 8 | [dependencies.image]
[INFO] [stderr]   |               ^^^^^^
[INFO] [stderr]   |
[INFO] [stderr] help: consider removing the dependency on `image`
[INFO] [stderr] help: to still use for development builds, move to `dev-dependencies`
[INFO] [stderr] warning: unused dependency `rand-utf8`
[INFO] [stderr]   --> Cargo.toml:28:15
[INFO] [stderr]    |
[INFO] [stderr] 28 | [dependencies.rand-utf8]
[INFO] [stderr]    |               ^^^^^^^^^^
[INFO] [stderr]    |
[INFO] [stderr] help: consider removing the dependency on `rand-utf8`
[INFO] [stderr] help: to still use for development builds, move to `dev-dependencies`
[INFO] [stderr] warning: unused dependency `similar-asserts`
[INFO] [stderr]   --> Cargo.toml:38:15
[INFO] [stderr]    |
[INFO] [stderr] 38 | [dependencies.similar-asserts]
[INFO] [stderr]    |               ^^^^^^^^^^^^^^^^
[INFO] [stderr]    |
[INFO] [stderr] help: consider removing the dependency on `similar-asserts`
[INFO] [stderr] help: to still use for development builds, move to `dev-dependencies`
[INFO] [stderr] warning: `textr` (manifest) generated 5 warnings
[INFO] [stderr]     Finished `release` profile [optimized] target(s) in 3.90s
[INFO] running `Command { std: "docker" "inspect" "bd4e98005127aae40f8fec20a710096fa3359c1110c4ad813a8bce6958c96688", kill_on_drop: false }`
[INFO] running `Command { std: "docker" "exec" "-e" "SOURCE_DIR=/opt/rustwide/workdir" "-e" "CARGO_HOME=/opt/rustwide/cargo-home" "-e" "RUSTUP_HOME=/opt/rustwide/rustup-home" "-e" "CARGO_TARGET_DIR=/opt/rustwide/target" "-e" "CARGO_INCREMENTAL=0" "-e" "RUST_BACKTRACE=full" "-e" "RUSTFLAGS=--cap-lints=warn" "-e" "RUSTDOCFLAGS=--cap-lints=warn" "-w" "/opt/rustwide/workdir" "--user" "0:0" "bd4e98005127aae40f8fec20a710096fa3359c1110c4ad813a8bce6958c96688" "/opt/rustwide/cargo-home/bin/cargo" "+1.100.0-beta.1" "test" "--frozen" "--release", kill_on_drop: false }`
[INFO] [stderr] warning: `package.homepage` is redundant with `package.repository`
[INFO] [stderr]   --> Cargo.toml:50:12
[INFO] [stderr]    |
[INFO] [stderr] 50 | homepage = "https://github.com/ghovax/textr"
[INFO] [stderr]    |            ^^^^^^^^^^^^^^^^^^^^^^^^^^^^^^^^^
[INFO] [stderr] ...
[INFO] [stderr] 54 | repository = "https://github.com/ghovax/textr"
[INFO] [stderr]    |              ---------------------------------
[INFO] [stderr]    |
[INFO] [stderr]    = note: `cargo::redundant_homepage` is set to `warn` by default
[INFO] [stderr] help: consider removing `package.homepage`
[INFO] [stderr] warning: `textr` (manifest) generated 1 warning
[INFO] [stderr] warning: unused dependency `clap`
[INFO] [stderr]  --> Cargo.toml:1:15
[INFO] [stderr]   |
[INFO] [stderr] 1 | [dependencies.clap]
[INFO] [stderr]   |               ^^^^^
[INFO] [stderr]   |
[INFO] [stderr]   = note: `cargo::unused_dependencies` is set to `warn` by default
[INFO] [stderr] help: consider removing the dependency on `clap`
[INFO] [stderr] help: to still use for development builds, move to `dev-dependencies`
[INFO] [stderr] warning: unused dependency `env_logger`
[INFO] [stderr]  --> Cargo.toml:5:15
[INFO] [stderr]   |
[INFO] [stderr] 5 | [dependencies.env_logger]
[INFO] [stderr]   |               ^^^^^^^^^^^
[INFO] [stderr]   |
[INFO] [stderr] help: consider removing the dependency on `env_logger`
[INFO] [stderr] help: to still use for development builds, move to `dev-dependencies`
[INFO] [stderr] warning: unused dependency `image`
[INFO] [stderr]  --> Cargo.toml:8:15
[INFO] [stderr]   |
[INFO] [stderr] 8 | [dependencies.image]
[INFO] [stderr]   |               ^^^^^^
[INFO] [stderr]   |
[INFO] [stderr] help: consider removing the dependency on `image`
[INFO] [stderr] help: to still use for development builds, move to `dev-dependencies`
[INFO] [stderr] warning: unused dependency `rand-utf8`
[INFO] [stderr]   --> Cargo.toml:28:15
[INFO] [stderr]    |
[INFO] [stderr] 28 | [dependencies.rand-utf8]
[INFO] [stderr]    |               ^^^^^^^^^^
[INFO] [stderr]    |
[INFO] [stderr] help: consider removing the dependency on `rand-utf8`
[INFO] [stderr] help: to still use for development builds, move to `dev-dependencies`
[INFO] [stderr] warning: unused dependency `similar-asserts`
[INFO] [stderr]   --> Cargo.toml:38:15
[INFO] [stderr]    |
[INFO] [stderr] 38 | [dependencies.similar-asserts]
[INFO] [stderr]    |               ^^^^^^^^^^^^^^^^
[INFO] [stderr]    |
[INFO] [stderr] help: consider removing the dependency on `similar-asserts`
[INFO] [stderr] help: to still use for development builds, move to `dev-dependencies`
[INFO] [stderr] warning: `textr` (manifest) generated 5 warnings
[INFO] [stderr]     Finished `release` profile [optimized] target(s) in 0.11s
[INFO] [stderr]      Running unittests src/lib.rs (/opt/rustwide/target/release/build/textr/9eb9883d185ea01d/out/textr-9eb9883d185ea01d)
[INFO] [stdout] 
[INFO] [stdout] running 0 tests
[INFO] [stdout] 
[INFO] [stdout] test result: ok. 0 passed; 0 failed; 0 ignored; 0 measured; 0 filtered out; finished in 0.00s
[INFO] [stdout] 
[INFO] [stderr]      Running tests/fuzz_test.rs (/opt/rustwide/target/release/build/textr/883f25b631ecc6d0/out/fuzz_test-883f25b631ecc6d0)
[INFO] [stdout] 
[INFO] [stdout] running 4 tests
[INFO] [stdout] test compare_fuzz_targets_with_target_references ... ok
[INFO] [stdout] test generate_random_image ... FAILED
[INFO] [stdout] test generate_target_references_from_fuzz_targets ... ok
[INFO] [stdout] test generate_fuzz_targets ... FAILED
[INFO] [stdout] 
[INFO] [stdout] failures:
[INFO] [stdout] 
[INFO] [stdout] ---- generate_random_image stdout ----
[INFO] [stdout] 
[INFO] [stdout] thread 'generate_random_image' (1911) panicked at tests/fuzz_test.rs:187:54:
[INFO] [stdout] called `Result::unwrap()` on an `Err` value: IoError(Os { code: 30, kind: ReadOnlyFilesystem, message: "Read-only file system" })
[INFO] [stdout] stack backtrace:
[INFO] [stdout]    0:     0x62304e44b451 - <<std[617be2ca0a6fd877]::sys::backtrace::BacktraceLock>::print::DisplayBacktrace as core[a373ad73a504971]::fmt::Display>::fmt
[INFO] [stdout]    1:     0x62304e46112a - core[a373ad73a504971]::fmt::write
[INFO] [stdout]    2:     0x62304e44f9ec - <alloc[2e1b2a31b91974c5]::vec::Vec<u8> as core[a373ad73a504971]::io::write::Write>::write_fmt
[INFO] [stdout]    3:     0x62304e4263c6 - std[617be2ca0a6fd877]::panicking::default_hook::{closure#0}
[INFO] [stdout]    4:     0x62304e443189 - std[617be2ca0a6fd877]::panicking::default_hook
[INFO] [stdout]    5:     0x62304e371390 - test[aada8e7e76ba119b]::test_main_inner::{closure#0}
[INFO] [stdout]    6:     0x62304e443342 - std[617be2ca0a6fd877]::panicking::panic_with_hook
[INFO] [stdout]    7:     0x62304e426472 - std[617be2ca0a6fd877]::panicking::panic_handler::{closure#0}
[INFO] [stdout]    8:     0x62304e41eea9 - std[617be2ca0a6fd877]::sys::backtrace::__rust_end_short_backtrace::<std[617be2ca0a6fd877]::panicking::panic_handler::{closure#0}, !>
[INFO] [stdout]    9:     0x62304e42707d - __rustc[ea4f61d10b84890b]::rust_begin_unwind
[INFO] [stdout]   10:     0x62304e46185c - core[a373ad73a504971]::panicking::panic_fmt
[INFO] [stdout]   11:     0x62304e461632 - core[a373ad73a504971]::result::unwrap_failed
[INFO] [stdout]   12:     0x62304e32fd5e - <fuzz_test[b2d66e1ea8ef4438]::generate_random_image::{closure#0} as core[a373ad73a504971]::ops::function::FnOnce<()>>::call_once
[INFO] [stdout]   13:     0x62304e3647db - test[aada8e7e76ba119b]::__rust_begin_short_backtrace::<core[a373ad73a504971]::result::Result<(), alloc[2e1b2a31b91974c5]::string::String>, fn() -> core[a373ad73a504971]::result::Result<(), alloc[2e1b2a31b91974c5]::string::String>>
[INFO] [stdout]   14:     0x62304e3719b5 - test[aada8e7e76ba119b]::run_test::{closure#0}
[INFO] [stdout]   15:     0x62304e36b2a4 - std[617be2ca0a6fd877]::sys::backtrace::__rust_begin_short_backtrace::<test[aada8e7e76ba119b]::run_test::{closure#1}, ()>
[INFO] [stdout]   16:     0x62304e374a42 - <std[617be2ca0a6fd877]::thread::lifecycle::spawn_unchecked<test[aada8e7e76ba119b]::run_test::{closure#1}, ()>::{closure#1} as core[a373ad73a504971]::ops::function::FnOnce<()>>::call_once::{shim:vtable#0}
[INFO] [stdout]   17:     0x62304e44a63f - <std[617be2ca0a6fd877]::sys::thread::unix::Thread>::new::thread_start
[INFO] [stdout]   18:     0x767010ceddfa - <unknown>
[INFO] [stdout]   19:     0x767010d813d4 - clone
[INFO] [stdout]   20:                0x0 - <unknown>
[INFO] [stdout] 
[INFO] [stdout] ---- generate_fuzz_targets stdout ----
[INFO] [stdout] 
[INFO] [stdout] thread 'generate_fuzz_targets' (1910) panicked at tests/fuzz_test.rs:90:70:
[INFO] [stdout] called `Result::unwrap()` on an `Err` value: Os { code: 30, kind: ReadOnlyFilesystem, message: "Read-only file system" }
[INFO] [stdout] stack backtrace:
[INFO] [stdout]    0:     0x62304e44b451 - <<std[617be2ca0a6fd877]::sys::backtrace::BacktraceLock>::print::DisplayBacktrace as core[a373ad73a504971]::fmt::Display>::fmt
[INFO] [stdout]    1:     0x62304e46112a - core[a373ad73a504971]::fmt::write
[INFO] [stdout]    2:     0x62304e44f9ec - <alloc[2e1b2a31b91974c5]::vec::Vec<u8> as core[a373ad73a504971]::io::write::Write>::write_fmt
[INFO] [stdout]    3:     0x62304e4263c6 - std[617be2ca0a6fd877]::panicking::default_hook::{closure#0}
[INFO] [stdout]    4:     0x62304e443189 - std[617be2ca0a6fd877]::panicking::default_hook
[INFO] [stdout]    5:     0x62304e371390 - test[aada8e7e76ba119b]::test_main_inner::{closure#0}
[INFO] [stdout]    6:     0x62304e443342 - std[617be2ca0a6fd877]::panicking::panic_with_hook
[INFO] [stdout]    7:     0x62304e426472 - std[617be2ca0a6fd877]::panicking::panic_handler::{closure#0}
[INFO] [stdout]    8:     0x62304e41eea9 - std[617be2ca0a6fd877]::sys::backtrace::__rust_end_short_backtrace::<std[617be2ca0a6fd877]::panicking::panic_handler::{closure#0}, !>
[INFO] [stdout]    9:     0x62304e42707d - __rustc[ea4f61d10b84890b]::rust_begin_unwind
[INFO] [stdout]   10:     0x62304e46185c - core[a373ad73a504971]::panicking::panic_fmt
[INFO] [stdout]   11:     0x62304e461632 - core[a373ad73a504971]::result::unwrap_failed
[INFO] [stdout]   12:     0x62304e3399d3 - <alloc[2e1b2a31b91974c5]::vec::into_iter::IntoIter<textr[376fc53f3599528b]::document::Document> as core[a373ad73a504971]::iter::traits::iterator::Iterator>::fold::<(), core[a373ad73a504971]::iter::traits::iterator::Iterator::for_each::call<textr[376fc53f3599528b]::document::Document, fuzz_test[b2d66e1ea8ef4438]::generate_fuzz_targets::{closure#1}>::{closure#0}>
[INFO] [stdout]   13:     0x62304e32f82e - <fuzz_test[b2d66e1ea8ef4438]::generate_fuzz_targets::{closure#0} as core[a373ad73a504971]::ops::function::FnOnce<()>>::call_once
[INFO] [stdout]   14:     0x62304e3647db - test[aada8e7e76ba119b]::__rust_begin_short_backtrace::<core[a373ad73a504971]::result::Result<(), alloc[2e1b2a31b91974c5]::string::String>, fn() -> core[a373ad73a504971]::result::Result<(), alloc[2e1b2a31b91974c5]::string::String>>
[INFO] [stdout]   15:     0x62304e3719b5 - test[aada8e7e76ba119b]::run_test::{closure#0}
[INFO] [stdout]   16:     0x62304e36b2a4 - std[617be2ca0a6fd877]::sys::backtrace::__rust_begin_short_backtrace::<test[aada8e7e76ba119b]::run_test::{closure#1}, ()>
[INFO] [stdout]   17:     0x62304e374a42 - <std[617be2ca0a6fd877]::thread::lifecycle::spawn_unchecked<test[aada8e7e76ba119b]::run_test::{closure#1}, ()>::{closure#1} as core[a373ad73a504971]::ops::function::FnOnce<()>>::call_once::{shim:vtable#0}
[INFO] [stdout]   18:     0x62304e44a63f - <std[617be2ca0a6fd877]::sys::thread::unix::Thread>::new::thread_start
[INFO] [stdout]   19:     0x767010ceddfa - <unknown>
[INFO] [stdout]   20:     0x767010d813d4 - clone
[INFO] [stdout]   21:                0x0 - <unknown>
[INFO] [stdout] 
[INFO] [stdout] 
[INFO] [stdout] failures:
[INFO] [stdout]     generate_fuzz_targets
[INFO] [stdout]     generate_random_image
[INFO] [stdout] 
[INFO] [stdout] test result: FAILED. 2 passed; 2 failed; 0 ignored; 0 measured; 0 filtered out; finished in 0.01s
[INFO] [stdout] 
[INFO] [stderr] error: test failed, to rerun pass `--test fuzz_test`
[INFO] running `Command { std: "docker" "inspect" "bd4e98005127aae40f8fec20a710096fa3359c1110c4ad813a8bce6958c96688", kill_on_drop: false }`
[INFO] running `Command { std: "docker" "rm" "-f" "bd4e98005127aae40f8fec20a710096fa3359c1110c4ad813a8bce6958c96688", kill_on_drop: false }`
[INFO] [stdout] bd4e98005127aae40f8fec20a710096fa3359c1110c4ad813a8bce6958c96688
