[INFO] fetching crate tengwar 1.1.0...
[INFO] testing tengwar-1.1.0 against 1.99.0-beta.8+cargoflags=--release for beta-release-1.100-2
[INFO] extracting crate tengwar 1.1.0 into /workspace/builds/worker-1-tc1/source
[INFO] started tweaking crates.io crate tengwar 1.1.0
[INFO] finished tweaking crates.io crate tengwar 1.1.0
[INFO] tweaked toml for crates.io crate tengwar 1.1.0 written to /workspace/builds/worker-1-tc1/source/Cargo.toml
[INFO] validating manifest of crates.io crate tengwar 1.1.0 on toolchain 1.99.0-beta.8
[INFO] running `Command { std: CARGO_HOME="/workspace/cargo-home" RUSTUP_HOME="/workspace/rustup-home" "/workspace/cargo-home/bin/cargo" "+1.99.0-beta.8" "metadata" "--manifest-path" "Cargo.toml" "--no-deps", kill_on_drop: false }`
[INFO] crate crates.io crate tengwar 1.1.0 already has a lockfile, it will not be regenerated
[INFO] running `Command { std: CARGO_HOME="/workspace/cargo-home" RUSTUP_HOME="/workspace/rustup-home" "/workspace/cargo-home/bin/cargo" "+1.99.0-beta.8" "fetch" "--manifest-path" "Cargo.toml", kill_on_drop: false }`
[INFO] [stderr]     Blocking waiting for file lock on package cache
[INFO] [stderr]  Downloading crates ...
[INFO] [stderr]   Downloaded terminal_size v0.2.1
[INFO] [stderr]   Downloaded clap_lex v0.3.0
[INFO] [stderr]   Downloaded clap_derive v4.0.18
[INFO] [stderr]   Downloaded io-lifetimes v0.7.4
[INFO] [stderr]   Downloaded os_str_bytes v6.3.0
[INFO] [stderr]   Downloaded clap v4.0.18
[INFO] [stderr]   Downloaded rustix v0.35.12
[INFO] [stderr]   Downloaded linux-raw-sys v0.0.46
[INFO] running `Command { std: "docker" "create" "-v" "/var/lib/crater-agent-workspace/builds/worker-1-tc1/source:/opt/rustwide/workdir:ro,Z" "-v" "/var/lib/crater-agent-workspace/builds/worker-1-tc1/target:/opt/rustwide/target:rw,Z" "-v" "/var/lib/crater-agent-workspace/cargo-home:/opt/rustwide/cargo-home:ro,Z" "-v" "/var/lib/crater-agent-workspace/rustup-home:/opt/rustwide/rustup-home:ro,Z" "-m" "1610612736" "--network" "none" "ghcr.io/rust-lang/crates-build-env/linux@sha256:77db811e55d90add9212f6832c23229e3de5f1c1f9905e8cb07319ea15df73ac" "sleep" "infinity", kill_on_drop: false }`
[INFO] [stdout] 91ad4fe4bed3b919346f57e52fdb7c5253c9c8664af90dc167750b247d93f8d9
[INFO] running `Command { std: "docker" "start" "91ad4fe4bed3b919346f57e52fdb7c5253c9c8664af90dc167750b247d93f8d9", kill_on_drop: false }`
[INFO] running `Command { std: "docker" "inspect" "91ad4fe4bed3b919346f57e52fdb7c5253c9c8664af90dc167750b247d93f8d9", kill_on_drop: false }`
[INFO] running `Command { std: "docker" "exec" "-e" "SOURCE_DIR=/opt/rustwide/workdir" "-e" "CARGO_HOME=/opt/rustwide/cargo-home" "-e" "RUSTUP_HOME=/opt/rustwide/rustup-home" "-e" "CARGO_TARGET_DIR=/opt/rustwide/target" "-w" "/opt/rustwide/workdir" "--user" "0:0" "91ad4fe4bed3b919346f57e52fdb7c5253c9c8664af90dc167750b247d93f8d9" "/opt/rustwide/cargo-home/bin/cargo" "+1.99.0-beta.8" "metadata" "--no-deps" "--format-version=1", kill_on_drop: false }`
[INFO] running `Command { std: "docker" "inspect" "91ad4fe4bed3b919346f57e52fdb7c5253c9c8664af90dc167750b247d93f8d9", kill_on_drop: false }`
[INFO] running `Command { std: "docker" "exec" "-e" "SOURCE_DIR=/opt/rustwide/workdir" "-e" "CARGO_HOME=/opt/rustwide/cargo-home" "-e" "RUSTUP_HOME=/opt/rustwide/rustup-home" "-e" "CARGO_TARGET_DIR=/opt/rustwide/target" "-e" "CARGO_INCREMENTAL=0" "-e" "RUST_BACKTRACE=full" "-e" "RUSTFLAGS=--cap-lints=warn" "-e" "RUSTDOCFLAGS=--cap-lints=warn" "-w" "/opt/rustwide/workdir" "--user" "0:0" "91ad4fe4bed3b919346f57e52fdb7c5253c9c8664af90dc167750b247d93f8d9" "/opt/rustwide/cargo-home/bin/cargo" "+1.99.0-beta.8" "build" "--frozen" "--message-format=json" "--release", kill_on_drop: false }`
[INFO] [stderr]    Compiling version_check v0.9.4
[INFO] [stderr]    Compiling proc-macro2 v1.0.47
[INFO] [stderr]    Compiling unicode-ident v1.0.5
[INFO] [stderr]    Compiling libc v0.2.137
[INFO] [stderr]    Compiling io-lifetimes v0.7.4
[INFO] [stderr]    Compiling syn v1.0.103
[INFO] [stderr]    Compiling rustix v0.35.12
[INFO] [stderr]    Compiling linux-raw-sys v0.0.46
[INFO] [stderr]    Compiling bitflags v1.3.2
[INFO] [stderr]    Compiling tinyvec_macros v0.1.0
[INFO] [stderr]    Compiling heck v0.4.0
[INFO] [stderr]    Compiling os_str_bytes v6.3.0
[INFO] [stderr]    Compiling proc-macro-error-attr v1.0.4
[INFO] [stderr]    Compiling proc-macro-error v1.0.4
[INFO] [stderr]    Compiling tinyvec v1.6.0
[INFO] [stderr]    Compiling termcolor v1.1.3
[INFO] [stderr]    Compiling either v1.6.1
[INFO] [stderr]    Compiling strsim v0.10.0
[INFO] [stderr]    Compiling clap_lex v0.3.0
[INFO] [stderr]    Compiling once_cell v1.15.0
[INFO] [stderr]    Compiling itertools v0.11.0
[INFO] [stderr]    Compiling quote v1.0.9
[INFO] [stderr]    Compiling cfg-if v1.0.0
[INFO] [stderr]    Compiling unicode-normalization v0.1.22
[INFO] [stderr]    Compiling atty v0.2.14
[INFO] [stderr]    Compiling terminal_size v0.2.1
[INFO] [stderr]    Compiling clap_derive v4.0.18
[INFO] [stderr]    Compiling clap v4.0.18
[INFO] [stderr]    Compiling tengwar v1.1.0 (/opt/rustwide/workdir)
[INFO] [stdout] warning: hiding a lifetime that's elided elsewhere is confusing
[INFO] [stdout]   --> src/characters/tema.rs:55:29
[INFO] [stdout]    |
[INFO] [stdout] 55 |     pub const fn new_tengwa(&self) -> TengwaRegular {
[INFO] [stdout]    |                             ^^^^^     ^^^^^^^^^^^^^ the same lifetime is hidden here
[INFO] [stdout]    |                             |
[INFO] [stdout]    |                             the lifetime is elided here
[INFO] [stdout]    |
[INFO] [stdout]    = help: the same lifetime is referred to in inconsistent ways, making the signature confusing
[INFO] [stdout]    = note: `#[warn(mismatched_lifetime_syntaxes)]` on by default
[INFO] [stdout] help: use `'_` for type paths
[INFO] [stdout]    |
[INFO] [stdout] 55 |     pub const fn new_tengwa(&self) -> TengwaRegular<'_> {
[INFO] [stdout]    |                                                    ++++
[INFO] [stdout] 
[INFO] [stdout] 
[INFO] [stdout] warning: hiding a lifetime that's elided elsewhere is confusing
[INFO] [stdout]   --> src/characters/tema.rs:60:29
[INFO] [stdout]    |
[INFO] [stdout] 60 |     pub const fn get_tengwa(&self, tyelle: Tyelle) -> TengwaRegular {
[INFO] [stdout]    |                             ^^^^^                     ^^^^^^^^^^^^^ the same lifetime is hidden here
[INFO] [stdout]    |                             |
[INFO] [stdout]    |                             the lifetime is elided here
[INFO] [stdout]    |
[INFO] [stdout]    = help: the same lifetime is referred to in inconsistent ways, making the signature confusing
[INFO] [stdout] help: use `'_` for type paths
[INFO] [stdout]    |
[INFO] [stdout] 60 |     pub const fn get_tengwa(&self, tyelle: Tyelle) -> TengwaRegular<'_> {
[INFO] [stdout]    |                                                                    ++++
[INFO] [stdout] 
[INFO] [stdout] 
[INFO] [stderr]     Finished `release` profile [optimized] target(s) in 31.11s
[INFO] running `Command { std: "docker" "inspect" "91ad4fe4bed3b919346f57e52fdb7c5253c9c8664af90dc167750b247d93f8d9", kill_on_drop: false }`
[INFO] running `Command { std: "docker" "exec" "-e" "SOURCE_DIR=/opt/rustwide/workdir" "-e" "CARGO_HOME=/opt/rustwide/cargo-home" "-e" "RUSTUP_HOME=/opt/rustwide/rustup-home" "-e" "CARGO_TARGET_DIR=/opt/rustwide/target" "-e" "CARGO_INCREMENTAL=0" "-e" "RUST_BACKTRACE=full" "-e" "RUSTFLAGS=--cap-lints=warn" "-e" "RUSTDOCFLAGS=--cap-lints=warn" "-w" "/opt/rustwide/workdir" "--user" "0:0" "91ad4fe4bed3b919346f57e52fdb7c5253c9c8664af90dc167750b247d93f8d9" "/opt/rustwide/cargo-home/bin/cargo" "+1.99.0-beta.8" "test" "--frozen" "--no-run" "--message-format=json" "--release", kill_on_drop: false }`
[INFO] [stderr]    Compiling libc v0.2.137
[INFO] [stderr]    Compiling io-lifetimes v0.7.4
[INFO] [stderr]    Compiling bitflags v1.3.2
[INFO] [stderr]    Compiling linux-raw-sys v0.0.46
[INFO] [stderr]    Compiling tinyvec_macros v0.1.0
[INFO] [stderr]    Compiling os_str_bytes v6.3.0
[INFO] [stderr]    Compiling strsim v0.10.0
[INFO] [stderr]    Compiling once_cell v1.15.0
[INFO] [stderr]    Compiling tinyvec v1.6.0
[INFO] [stderr]    Compiling termcolor v1.1.3
[INFO] [stderr]    Compiling either v1.6.1
[INFO] [stderr]    Compiling clap_lex v0.3.0
[INFO] [stderr]    Compiling itertools v0.11.0
[INFO] [stderr]    Compiling cfg-if v1.0.0
[INFO] [stdout] warning: hiding a lifetime that's elided elsewhere is confusing
[INFO] [stdout]   --> src/characters/tema.rs:55:29
[INFO] [stdout]    |
[INFO] [stdout] 55 |     pub const fn new_tengwa(&self) -> TengwaRegular {
[INFO] [stdout]    |                             ^^^^^     ^^^^^^^^^^^^^ the same lifetime is hidden here
[INFO] [stdout]    |                             |
[INFO] [stdout]    |                             the lifetime is elided here
[INFO] [stdout]    |
[INFO] [stdout]    = help: the same lifetime is referred to in inconsistent ways, making the signature confusing
[INFO] [stdout]    = note: `#[warn(mismatched_lifetime_syntaxes)]` on by default
[INFO] [stdout] help: use `'_` for type paths
[INFO] [stdout]    |
[INFO] [stdout] 55 |     pub const fn new_tengwa(&self) -> TengwaRegular<'_> {
[INFO] [stdout]    |                                                    ++++
[INFO] [stdout] 
[INFO] [stdout] 
[INFO] [stdout] warning: hiding a lifetime that's elided elsewhere is confusing
[INFO] [stdout]   --> src/characters/tema.rs:60:29
[INFO] [stdout]    |
[INFO] [stdout] 60 |     pub const fn get_tengwa(&self, tyelle: Tyelle) -> TengwaRegular {
[INFO] [stdout]    |                             ^^^^^                     ^^^^^^^^^^^^^ the same lifetime is hidden here
[INFO] [stdout]    |                             |
[INFO] [stdout]    |                             the lifetime is elided here
[INFO] [stdout]    |
[INFO] [stdout]    = help: the same lifetime is referred to in inconsistent ways, making the signature confusing
[INFO] [stdout] help: use `'_` for type paths
[INFO] [stdout]    |
[INFO] [stdout] 60 |     pub const fn get_tengwa(&self, tyelle: Tyelle) -> TengwaRegular<'_> {
[INFO] [stdout]    |                                                                    ++++
[INFO] [stdout] 
[INFO] [stdout] 
[INFO] [stderr]    Compiling unicode-normalization v0.1.22
[INFO] [stderr]    Compiling rustix v0.35.12
[INFO] [stderr]    Compiling atty v0.2.14
[INFO] [stderr]    Compiling terminal_size v0.2.1
[INFO] [stderr]    Compiling clap v4.0.18
[INFO] [stderr]    Compiling tengwar v1.1.0 (/opt/rustwide/workdir)
[INFO] [stdout] warning: hiding a lifetime that's elided elsewhere is confusing
[INFO] [stdout]   --> src/characters/tema.rs:55:29
[INFO] [stdout]    |
[INFO] [stdout] 55 |     pub const fn new_tengwa(&self) -> TengwaRegular {
[INFO] [stdout]    |                             ^^^^^     ^^^^^^^^^^^^^ the same lifetime is hidden here
[INFO] [stdout]    |                             |
[INFO] [stdout]    |                             the lifetime is elided here
[INFO] [stdout]    |
[INFO] [stdout]    = help: the same lifetime is referred to in inconsistent ways, making the signature confusing
[INFO] [stdout]    = note: `#[warn(mismatched_lifetime_syntaxes)]` on by default
[INFO] [stdout] help: use `'_` for type paths
[INFO] [stdout]    |
[INFO] [stdout] 55 |     pub const fn new_tengwa(&self) -> TengwaRegular<'_> {
[INFO] [stdout]    |                                                    ++++
[INFO] [stdout] 
[INFO] [stdout] 
[INFO] [stdout] warning: hiding a lifetime that's elided elsewhere is confusing
[INFO] [stdout]   --> src/characters/tema.rs:60:29
[INFO] [stdout]    |
[INFO] [stdout] 60 |     pub const fn get_tengwa(&self, tyelle: Tyelle) -> TengwaRegular {
[INFO] [stdout]    |                             ^^^^^                     ^^^^^^^^^^^^^ the same lifetime is hidden here
[INFO] [stdout]    |                             |
[INFO] [stdout]    |                             the lifetime is elided here
[INFO] [stdout]    |
[INFO] [stdout]    = help: the same lifetime is referred to in inconsistent ways, making the signature confusing
[INFO] [stdout] help: use `'_` for type paths
[INFO] [stdout]    |
[INFO] [stdout] 60 |     pub const fn get_tengwa(&self, tyelle: Tyelle) -> TengwaRegular<'_> {
[INFO] [stdout]    |                                                                    ++++
[INFO] [stdout] 
[INFO] [stdout] 
[INFO] [stdout] warning: hiding a lifetime that's elided elsewhere is confusing
[INFO] [stdout]   --> src/characters/tema.rs:55:29
[INFO] [stdout]    |
[INFO] [stdout] 55 |     pub const fn new_tengwa(&self) -> TengwaRegular {
[INFO] [stdout]    |                             ^^^^^     ^^^^^^^^^^^^^ the same lifetime is hidden here
[INFO] [stdout]    |                             |
[INFO] [stdout]    |                             the lifetime is elided here
[INFO] [stdout]    |
[INFO] [stdout]    = help: the same lifetime is referred to in inconsistent ways, making the signature confusing
[INFO] [stdout]    = note: `#[warn(mismatched_lifetime_syntaxes)]` on by default
[INFO] [stdout] help: use `'_` for type paths
[INFO] [stdout]    |
[INFO] [stdout] 55 |     pub const fn new_tengwa(&self) -> TengwaRegular<'_> {
[INFO] [stdout]    |                                                    ++++
[INFO] [stdout] 
[INFO] [stdout] 
[INFO] [stdout] warning: hiding a lifetime that's elided elsewhere is confusing
[INFO] [stdout]   --> src/characters/tema.rs:60:29
[INFO] [stdout]    |
[INFO] [stdout] 60 |     pub const fn get_tengwa(&self, tyelle: Tyelle) -> TengwaRegular {
[INFO] [stdout]    |                             ^^^^^                     ^^^^^^^^^^^^^ the same lifetime is hidden here
[INFO] [stdout]    |                             |
[INFO] [stdout]    |                             the lifetime is elided here
[INFO] [stdout]    |
[INFO] [stdout]    = help: the same lifetime is referred to in inconsistent ways, making the signature confusing
[INFO] [stdout] help: use `'_` for type paths
[INFO] [stdout]    |
[INFO] [stdout] 60 |     pub const fn get_tengwa(&self, tyelle: Tyelle) -> TengwaRegular<'_> {
[INFO] [stdout]    |                                                                    ++++
[INFO] [stdout] 
[INFO] [stdout] 
[INFO] [stderr]     Finished `release` profile [optimized] target(s) in 45.39s
[INFO] running `Command { std: "docker" "inspect" "91ad4fe4bed3b919346f57e52fdb7c5253c9c8664af90dc167750b247d93f8d9", kill_on_drop: false }`
[INFO] running `Command { std: "docker" "exec" "-e" "SOURCE_DIR=/opt/rustwide/workdir" "-e" "CARGO_HOME=/opt/rustwide/cargo-home" "-e" "RUSTUP_HOME=/opt/rustwide/rustup-home" "-e" "CARGO_TARGET_DIR=/opt/rustwide/target" "-e" "CARGO_INCREMENTAL=0" "-e" "RUST_BACKTRACE=full" "-e" "RUSTFLAGS=--cap-lints=warn" "-e" "RUSTDOCFLAGS=--cap-lints=warn" "-w" "/opt/rustwide/workdir" "--user" "0:0" "91ad4fe4bed3b919346f57e52fdb7c5253c9c8664af90dc167750b247d93f8d9" "/opt/rustwide/cargo-home/bin/cargo" "+1.99.0-beta.8" "test" "--frozen" "--release", kill_on_drop: false }`
[INFO] [stderr] warning: hiding a lifetime that's elided elsewhere is confusing
[INFO] [stderr]   --> src/characters/tema.rs:55:29
[INFO] [stderr]    |
[INFO] [stderr] 55 |     pub const fn new_tengwa(&self) -> TengwaRegular {
[INFO] [stderr]    |                             ^^^^^     ^^^^^^^^^^^^^ the same lifetime is hidden here
[INFO] [stderr]    |                             |
[INFO] [stderr]    |                             the lifetime is elided here
[INFO] [stderr]    |
[INFO] [stderr]    = help: the same lifetime is referred to in inconsistent ways, making the signature confusing
[INFO] [stderr]    = note: `#[warn(mismatched_lifetime_syntaxes)]` on by default
[INFO] [stderr] help: use `'_` for type paths
[INFO] [stderr]    |
[INFO] [stderr] 55 |     pub const fn new_tengwa(&self) -> TengwaRegular<'_> {
[INFO] [stderr]    |                                                    ++++
[INFO] [stderr] 
[INFO] [stderr] warning: hiding a lifetime that's elided elsewhere is confusing
[INFO] [stderr]   --> src/characters/tema.rs:60:29
[INFO] [stderr]    |
[INFO] [stderr] 60 |     pub const fn get_tengwa(&self, tyelle: Tyelle) -> TengwaRegular {
[INFO] [stderr]    |                             ^^^^^                     ^^^^^^^^^^^^^ the same lifetime is hidden here
[INFO] [stderr]    |                             |
[INFO] [stderr]    |                             the lifetime is elided here
[INFO] [stderr]    |
[INFO] [stderr]    = help: the same lifetime is referred to in inconsistent ways, making the signature confusing
[INFO] [stderr] help: use `'_` for type paths
[INFO] [stderr]    |
[INFO] [stderr] 60 |     pub const fn get_tengwa(&self, tyelle: Tyelle) -> TengwaRegular<'_> {
[INFO] [stderr]    |                                                                    ++++
[INFO] [stderr] 
[INFO] [stderr] warning: `tengwar` (lib) generated 2 warnings (run `cargo fix --lib -p tengwar` to apply 2 suggestions)
[INFO] [stderr] warning: `tengwar` (lib test) generated 2 warnings (2 duplicates)
[INFO] [stderr] warning: `tengwar` (lib) generated 2 warnings (2 duplicates)
[INFO] [stderr]     Finished `release` profile [optimized] target(s) in 0.11s
[INFO] [stderr]      Running unittests src/lib.rs (/opt/rustwide/target/release/deps/tengwar-33903666ca6f875b)
[INFO] [stdout] 
[INFO] [stdout] running 18 tests
[INFO] [stdout] test mode::tests::gondor::normalization ... ok
[INFO] [stdout] test characters::tema::tests::test_tyeller ... ok
[INFO] [stdout] test mode::tests::gondor::words ... ok
[INFO] [stdout] test mode::tests::beleriand::words ... ok
[INFO] [stdout] test mode::tests::gondor::vowels ... ok
[INFO] [stdout] test mode::tests::quenya::alt_rince ... ok
[INFO] [stdout] test mode::tests::gondor::alt_a ... ok
[INFO] [stdout] test mode::tests::gondor::nuquernar ... ok
[INFO] [stdout] test mode::tests::quenya::elision ... ok
[INFO] [stdout] test characters::report_sizes ... ok
[INFO] [stdout] test mode::tests::beleriand::vowels ... ok
[INFO] [stdout] test mode::tests::quenya::alt_a ... ok
[INFO] [stdout] test mode::tests::quenya::ligatures ... ok
[INFO] [stderr]      Running unittests src/main.rs (/opt/rustwide/target/release/deps/tengwar-7d00ef0a3da1b724)
[INFO] [stdout] test mode::tests::quenya::vowels ... ok
[INFO] [stdout] test mode::tests::quenya::numerals ... ok
[INFO] [stdout] test mode::tests::quenya::words ... ok
[INFO] [stdout] test mode::tests::quenya::nuquernar ... ok
[INFO] [stdout] test mode::tests::quenya::normalization ... ok
[INFO] [stdout] 
[INFO] [stdout] test result: ok. 18 passed; 0 failed; 0 ignored; 0 measured; 0 filtered out; finished in 0.01s
[INFO] [stdout] 
[INFO] [stdout] 
[INFO] [stdout] running 4 tests
[INFO] [stdout] test bin_test::test_cli ... ok
[INFO] [stdout] test bin_test::test_modes_invalid ... ok
[INFO] [stdout] test bin_test::test_modes ... ok
[INFO] [stderr]      Running tests/test.rs (/opt/rustwide/target/release/deps/test-f686166d2acb5563)
[INFO] [stdout] test bin_test::test_styles ... ok
[INFO] [stdout] 
[INFO] [stdout] test result: ok. 4 passed; 0 failed; 0 ignored; 0 measured; 0 filtered out; finished in 0.01s
[INFO] [stdout] 
[INFO] [stdout] 
[INFO] [stdout] running 3 tests
[INFO] [stdout] test test_iteration ... ok
[INFO] [stdout] test test_regulars ... ok
[INFO] [stdout] test test_transcribe ... ok
[INFO] [stderr]    Doc-tests tengwar
[INFO] [stdout] 
[INFO] [stdout] test result: ok. 3 passed; 0 failed; 0 ignored; 0 measured; 0 filtered out; finished in 0.00s
[INFO] [stdout] 
[INFO] [stdout] 
[INFO] [stdout] running 8 tests
[INFO] [stdout] test src/lib.rs - (line 98) ... FAILED
[INFO] [stdout] test src/lib.rs - ToTengwar::to_tengwar (line 254) ... FAILED
[INFO] [stdout] test src/lib.rs - ToTengwar::transcriber (line 211) ... FAILED
[INFO] [stdout] test src/lib.rs - (line 37) ... ok
[INFO] [stdout] test src/lib.rs - ToTengwar::to_tengwar_with (line 272) ... ok
[INFO] [stdout] test src/lib.rs - (line 77) ... ok
[INFO] [stdout] test src/lib.rs - (line 67) ... ok
[INFO] [stdout] test src/lib.rs - (line 54) ... ok
[INFO] [stdout] 
[INFO] [stdout] failures:
[INFO] [stdout] 
[INFO] [stdout] ---- src/lib.rs - (line 98) stdout ----
[INFO] [stdout] Couldn't compile the test.
[INFO] [stdout] ---- src/lib.rs - ToTengwar::to_tengwar (line 254) stdout ----
[INFO] [stdout] Couldn't compile the test.
[INFO] [stdout] ---- src/lib.rs - ToTengwar::transcriber (line 211) stdout ----
[INFO] [stdout] Couldn't compile the test.
[INFO] [stdout] 
[INFO] [stdout] failures:
[INFO] [stdout]     src/lib.rs - (line 98)
[INFO] [stdout]     src/lib.rs - ToTengwar::to_tengwar (line 254)
[INFO] [stdout]     src/lib.rs - ToTengwar::transcriber (line 211)
[INFO] [stdout] 
[INFO] [stdout] test result: FAILED. 5 passed; 3 failed; 0 ignored; 0 measured; 0 filtered out; finished in 22.94s
[INFO] [stdout] 
[INFO] [stderr] error: doctest failed, to rerun pass `--doc`
[INFO] running `Command { std: "docker" "inspect" "91ad4fe4bed3b919346f57e52fdb7c5253c9c8664af90dc167750b247d93f8d9", kill_on_drop: false }`
[INFO] running `Command { std: "docker" "rm" "-f" "91ad4fe4bed3b919346f57e52fdb7c5253c9c8664af90dc167750b247d93f8d9", kill_on_drop: false }`
[INFO] [stdout] 91ad4fe4bed3b919346f57e52fdb7c5253c9c8664af90dc167750b247d93f8d9
