[INFO] fetching crate tabit-core 0.2.0...
[INFO] testing tabit-core-0.2.0 against 1.100.0-beta.1+cargoflags=--release for beta-release-1.100-2
[INFO] extracting crate tabit-core 0.2.0 into /workspace/builds/worker-7-tc2/source
[INFO] started tweaking crates.io crate tabit-core 0.2.0
[INFO] removed 0 missing examples
[INFO] removed 0 missing tests
[INFO] finished tweaking crates.io crate tabit-core 0.2.0
[INFO] tweaked toml for crates.io crate tabit-core 0.2.0 written to /workspace/builds/worker-7-tc2/source/Cargo.toml
[INFO] validating manifest of crates.io crate tabit-core 0.2.0 on toolchain 1.100.0-beta.1
[INFO] running `Command { std: CARGO_HOME="/workspace/cargo-home" RUSTUP_HOME="/workspace/rustup-home" "/workspace/cargo-home/bin/cargo" "+1.100.0-beta.1" "metadata" "--manifest-path" "Cargo.toml" "--no-deps", kill_on_drop: false }`
[INFO] crate crates.io crate tabit-core 0.2.0 already has a lockfile, it will not be regenerated
[INFO] running `Command { std: CARGO_HOME="/workspace/cargo-home" RUSTUP_HOME="/workspace/rustup-home" "/workspace/cargo-home/bin/cargo" "+1.100.0-beta.1" "fetch" "--manifest-path" "Cargo.toml", kill_on_drop: false }`
[INFO] [stderr] warning: `package.homepage` is redundant with `package.repository`
[INFO] [stderr]   --> Cargo.toml:94:12
[INFO] [stderr]    |
[INFO] [stderr] 94 | homepage = "https://github.com/JerryAZR/tabit"
[INFO] [stderr]    |            ^^^^^^^^^^^^^^^^^^^^^^^^^^^^^^^^^^^
[INFO] [stderr] ...
[INFO] [stderr] 98 | repository = "https://github.com/JerryAZR/tabit"
[INFO] [stderr]    |              -----------------------------------
[INFO] [stderr]    |
[INFO] [stderr]    = note: `cargo::redundant_homepage` is set to `warn` by default
[INFO] [stderr] help: consider removing `package.homepage`
[INFO] [stderr] warning: `tabit-core` (manifest) generated 1 warning
[INFO] running `Command { std: "docker" "create" "-v" "/var/lib/crater-agent-workspace/builds/worker-7-tc2/source:/opt/rustwide/workdir:ro,Z" "-v" "/var/lib/crater-agent-workspace/builds/worker-7-tc2/target:/opt/rustwide/target:rw,Z" "-v" "/var/lib/crater-agent-workspace/cargo-home:/opt/rustwide/cargo-home:ro,Z" "-v" "/var/lib/crater-agent-workspace/rustup-home:/opt/rustwide/rustup-home:ro,Z" "-m" "1610612736" "--network" "none" "ghcr.io/rust-lang/crates-build-env/linux@sha256:77db811e55d90add9212f6832c23229e3de5f1c1f9905e8cb07319ea15df73ac" "sleep" "infinity", kill_on_drop: false }`
[INFO] [stdout] 8963b118c0b96f2189ae4b9f386beb206197df868f59c738f11aa1a23c13747c
[INFO] running `Command { std: "docker" "start" "8963b118c0b96f2189ae4b9f386beb206197df868f59c738f11aa1a23c13747c", kill_on_drop: false }`
[INFO] running `Command { std: "docker" "inspect" "8963b118c0b96f2189ae4b9f386beb206197df868f59c738f11aa1a23c13747c", kill_on_drop: false }`
[INFO] running `Command { std: "docker" "exec" "-e" "SOURCE_DIR=/opt/rustwide/workdir" "-e" "CARGO_HOME=/opt/rustwide/cargo-home" "-e" "RUSTUP_HOME=/opt/rustwide/rustup-home" "-e" "CARGO_TARGET_DIR=/opt/rustwide/target" "-w" "/opt/rustwide/workdir" "--user" "0:0" "8963b118c0b96f2189ae4b9f386beb206197df868f59c738f11aa1a23c13747c" "/opt/rustwide/cargo-home/bin/cargo" "+1.100.0-beta.1" "metadata" "--no-deps" "--format-version=1", kill_on_drop: false }`
[INFO] running `Command { std: "docker" "inspect" "8963b118c0b96f2189ae4b9f386beb206197df868f59c738f11aa1a23c13747c", kill_on_drop: false }`
[INFO] running `Command { std: "docker" "exec" "-e" "SOURCE_DIR=/opt/rustwide/workdir" "-e" "CARGO_HOME=/opt/rustwide/cargo-home" "-e" "RUSTUP_HOME=/opt/rustwide/rustup-home" "-e" "CARGO_TARGET_DIR=/opt/rustwide/target" "-e" "CARGO_INCREMENTAL=0" "-e" "RUST_BACKTRACE=full" "-e" "RUSTFLAGS=--cap-lints=warn" "-e" "RUSTDOCFLAGS=--cap-lints=warn" "-w" "/opt/rustwide/workdir" "--user" "0:0" "8963b118c0b96f2189ae4b9f386beb206197df868f59c738f11aa1a23c13747c" "/opt/rustwide/cargo-home/bin/cargo" "+1.100.0-beta.1" "build" "--frozen" "--message-format=json" "--release", kill_on_drop: false }`
[INFO] [stderr] warning: `package.homepage` is redundant with `package.repository`
[INFO] [stderr]   --> Cargo.toml:94:12
[INFO] [stderr]    |
[INFO] [stderr] 94 | homepage = "https://github.com/JerryAZR/tabit"
[INFO] [stderr]    |            ^^^^^^^^^^^^^^^^^^^^^^^^^^^^^^^^^^^
[INFO] [stderr] ...
[INFO] [stderr] 98 | repository = "https://github.com/JerryAZR/tabit"
[INFO] [stderr]    |              -----------------------------------
[INFO] [stderr]    |
[INFO] [stderr]    = note: `cargo::redundant_homepage` is set to `warn` by default
[INFO] [stderr] help: consider removing `package.homepage`
[INFO] [stderr] warning: `tabit-core` (manifest) generated 1 warning
[INFO] [stderr]    Compiling libc v0.2.189
[INFO] [stderr]    Compiling find-msvc-tools v0.1.10
[INFO] [stderr]    Compiling syn v3.0.3
[INFO] [stderr]    Compiling jobserver v0.1.35
[INFO] [stderr]    Compiling futures-task v0.3.34
[INFO] [stderr]    Compiling serde_derive v1.0.228
[INFO] [stderr]    Compiling aws-lc-rs v1.18.0
[INFO] [stderr]    Compiling rustls-pki-types v1.15.1
[INFO] [stderr]    Compiling serde_json v1.0.150
[INFO] [stderr]    Compiling tracing v0.1.44
[INFO] [stderr]    Compiling rustls v0.23.43
[INFO] [stderr]    Compiling cc v1.4.2
[INFO] [stderr]    Compiling unicase v2.9.0
[INFO] [stderr]    Compiling ref-cast v1.0.26
[INFO] [stderr]    Compiling mime_guess v2.0.5
[INFO] [stderr]    Compiling rustls-native-certs v0.8.4
[INFO] [stderr]    Compiling pin-project-internal v1.1.13
[INFO] [stderr]    Compiling serde_derive_internals v0.29.1
[INFO] [stderr]    Compiling cmake v0.1.58
[INFO] [stderr]    Compiling schemars_derive v1.2.1
[INFO] [stderr]    Compiling pin-project v1.1.13
[INFO] [stderr]    Compiling nom v7.1.3
[INFO] [stderr]    Compiling aws-lc-sys v0.44.0
[INFO] [stderr]    Compiling errno v0.3.14
[INFO] [stderr]    Compiling signal-hook-registry v1.4.8
[INFO] [stderr]    Compiling mio v1.2.2
[INFO] [stderr]    Compiling socket2 v0.6.5
[INFO] [stderr]    Compiling getrandom v0.4.3
[INFO] [stderr]    Compiling serde v1.0.228
[INFO] [stderr]    Compiling convert_case v0.11.0
[INFO] [stderr]    Compiling cfg_aliases v0.2.2
[INFO] [stderr]    Compiling nix v0.31.3
[INFO] [stderr]    Compiling tabit-derive v0.2.0
[INFO] [stderr]    Compiling as-any v0.3.2
[INFO] [stderr]    Compiling uuid v1.24.1
[INFO] [stderr]    Compiling humantime v2.4.0
[INFO] [stderr]    Compiling simd-adler32 v0.3.10
[INFO] [stderr]    Compiling eventsource-stream v0.2.3
[INFO] [stderr]    Compiling winnow v1.0.4
[INFO] [stderr]    Compiling miniz_oxide v0.8.9
[INFO] [stderr]    Compiling darling_core v0.24.1
[INFO] [stderr]    Compiling prettyplease v0.3.0
[INFO] [stderr]    Compiling tabit-protocol v0.2.0
[INFO] [stderr]    Compiling toml_datetime v1.1.1+spec-1.1.0
[INFO] [stderr]    Compiling toml_writer v1.1.2+spec-1.1.0
[INFO] [stderr]    Compiling flate2 v1.1.9
[INFO] [stderr]    Compiling toml_parser v1.1.3+spec-1.1.0
[INFO] [stderr]    Compiling zerovec-derive v0.11.4
[INFO] [stderr]    Compiling displaydoc v0.2.7
[INFO] [stderr]    Compiling futures-macro v0.3.34
[INFO] [stderr]    Compiling tokio-macros v2.7.2
[INFO] [stderr]    Compiling futures-util v0.3.34
[INFO] [stderr]    Compiling zerovec v0.11.7
[INFO] [stderr]    Compiling zerotrie v0.2.5
[INFO] [stderr]    Compiling tokio v1.53.1
[INFO] [stderr]    Compiling thiserror-impl v2.0.20
[INFO] [stderr]    Compiling ref-cast-impl v1.0.26
[INFO] [stderr]    Compiling pest_generator v2.9.2
[INFO] [stderr]    Compiling tinystr v0.8.4
[INFO] [stderr]    Compiling icu_locale_core v2.3.0
[INFO] [stderr]    Compiling potential_utf v0.1.6
[INFO] [stderr]    Compiling icu_collections v2.3.0
[INFO] [stderr]    Compiling schemars v1.2.1
[INFO] [stderr]    Compiling darling_macro v0.24.1
[INFO] [stderr]    Compiling thiserror v2.0.20
[INFO] [stderr]    Compiling darling v0.24.1
[INFO] [stderr]    Compiling parking_lot_core v0.9.12
[INFO] [stderr]    Compiling tempfile v3.27.0
[INFO] [stderr]    Compiling chacha20 v0.10.1
[INFO] [stderr]    Compiling icu_provider v2.3.0
[INFO] [stderr]    Compiling icu_properties v2.3.0
[INFO] [stderr]    Compiling icu_normalizer v2.3.0
[INFO] [stderr]    Compiling bon-macros v3.10.1
[INFO] [stderr]    Compiling futures-executor v0.3.34
[INFO] [stderr]    Compiling futures v0.3.34
[INFO] [stderr]    Compiling idna_adapter v1.2.2
[INFO] [stderr]    Compiling idna v1.1.0
[INFO] [stderr]    Compiling tracing-futures v0.2.5
[INFO] [stderr]    Compiling toml v1.1.4+spec-1.1.0
[INFO] [stderr]    Compiling parking_lot v0.12.5
[INFO] [stderr]    Compiling url v2.5.8
[INFO] [stderr]    Compiling ahash v0.8.12
[INFO] [stderr]    Compiling cached_proc_macro v0.27.0
[INFO] [stderr]    Compiling pest_derive v2.9.2
[INFO] [stderr]    Compiling fdeflate v0.3.7
[INFO] [stderr]    Compiling console v0.16.6
[INFO] [stderr]    Compiling hyper v1.11.0
[INFO] [stderr]    Compiling tower v0.5.3
[INFO] [stderr]    Compiling tokio-util v0.7.19
[INFO] [stderr]    Compiling process-wrap v10.0.0
[INFO] [stderr]    Compiling cached_proc_macro_types v0.1.1
[INFO] [stderr]    Compiling zune-core v0.5.3
[INFO] [stderr]    Compiling tower-http v0.6.11
[INFO] [stderr]    Compiling pxfm v0.1.30
[INFO] [stderr]    Compiling hyper-util v0.1.20
[INFO] [stderr]    Compiling zune-jpeg v0.5.15
[INFO] [stderr]    Compiling cached v0.59.0
[INFO] [stderr]    Compiling utf8-chars v3.0.7
[INFO] [stderr]    Compiling bon v3.10.1
[INFO] [stderr]    Compiling insta v1.48.0
[INFO] [stderr]    Compiling png v0.18.1
[INFO] [stderr]    Compiling rand v0.10.2
[INFO] [stderr]    Compiling toml_edit v0.25.13+spec-1.1.0
[INFO] [stderr]    Compiling moxcms v0.8.1
[INFO] [stderr]    Compiling petname-macros v3.2.0
[INFO] [stderr]    Compiling bytemuck v1.25.2
[INFO] [stderr]    Compiling brush-parser v0.4.0
[INFO] [stderr]    Compiling serde_yaml v0.9.34+deprecated
[INFO] [stderr]    Compiling petname v3.2.0
[INFO] [stderr]    Compiling image v0.25.10
[INFO] [stderr]    Compiling tabit-config v0.2.0
[INFO] [stderr]    Compiling xattr v1.6.1
[INFO] [stderr]    Compiling filetime v0.2.29
[INFO] [stderr]    Compiling tabit-gate v0.2.0
[INFO] [stderr]    Compiling tar v0.4.46
[INFO] [stderr]    Compiling tracing-subscriber v0.3.23
[INFO] [stderr]    Compiling rustls-webpki v0.103.14
[INFO] [stderr]    Compiling tokio-rustls v0.26.4
[INFO] [stderr]    Compiling rustls-platform-verifier v0.7.0
[INFO] [stderr]    Compiling hyper-rustls v0.27.9
[INFO] [stderr]    Compiling reqwest v0.13.4
[INFO] [stderr]    Compiling tabit-providers v0.2.0
[INFO] [stderr]    Compiling tabit-log v0.2.0
[INFO] [stderr]    Compiling tabit-engine v0.2.0
[INFO] [stderr]    Compiling tabit-wire v0.2.0
[INFO] [stderr]    Compiling tabit-ext v0.2.0
[INFO] [stderr]    Compiling tabit-tools v0.2.0
[INFO] [stderr]    Compiling tabit-session v0.2.0
[INFO] [stderr]    Compiling tabit-ext-install v0.2.0
[INFO] [stderr]    Compiling tabit-app v0.2.0
[INFO] [stderr]    Compiling tabit-core v0.2.0 (/opt/rustwide/workdir)
[INFO] [stderr]     Finished `release` profile [optimized] target(s) in 9m 46s
[INFO] running `Command { std: "docker" "inspect" "8963b118c0b96f2189ae4b9f386beb206197df868f59c738f11aa1a23c13747c", kill_on_drop: false }`
[INFO] running `Command { std: "docker" "exec" "-e" "SOURCE_DIR=/opt/rustwide/workdir" "-e" "CARGO_HOME=/opt/rustwide/cargo-home" "-e" "RUSTUP_HOME=/opt/rustwide/rustup-home" "-e" "CARGO_TARGET_DIR=/opt/rustwide/target" "-e" "CARGO_INCREMENTAL=0" "-e" "RUST_BACKTRACE=full" "-e" "RUSTFLAGS=--cap-lints=warn" "-e" "RUSTDOCFLAGS=--cap-lints=warn" "-w" "/opt/rustwide/workdir" "--user" "0:0" "8963b118c0b96f2189ae4b9f386beb206197df868f59c738f11aa1a23c13747c" "/opt/rustwide/cargo-home/bin/cargo" "+1.100.0-beta.1" "test" "--frozen" "--no-run" "--message-format=json" "--release", kill_on_drop: false }`
[INFO] [stderr] warning: `package.homepage` is redundant with `package.repository`
[INFO] [stderr]   --> Cargo.toml:94:12
[INFO] [stderr]    |
[INFO] [stderr] 94 | homepage = "https://github.com/JerryAZR/tabit"
[INFO] [stderr]    |            ^^^^^^^^^^^^^^^^^^^^^^^^^^^^^^^^^^^
[INFO] [stderr] ...
[INFO] [stderr] 98 | repository = "https://github.com/JerryAZR/tabit"
[INFO] [stderr]    |              -----------------------------------
[INFO] [stderr]    |
[INFO] [stderr]    = note: `cargo::redundant_homepage` is set to `warn` by default
[INFO] [stderr] help: consider removing `package.homepage`
[INFO] [stderr] warning: `tabit-core` (manifest) generated 1 warning
[INFO] [stderr]    Compiling bytes v1.12.1
[INFO] [stderr]    Compiling futures-util v0.3.34
[INFO] [stderr]    Compiling tracing v0.1.44
[INFO] [stderr]    Compiling url v2.5.8
[INFO] [stderr]    Compiling serde_regex v1.2.0
[INFO] [stderr]    Compiling assert-json-diff v2.0.2
[INFO] [stderr]    Compiling async-trait v0.1.92
[INFO] [stderr]    Compiling brush-parser v0.4.0
[INFO] [stderr]    Compiling http v1.5.0
[INFO] [stderr]    Compiling tokio v1.53.1
[INFO] [stderr]    Compiling tabit-config v0.2.0
[INFO] [stderr]    Compiling http-body v1.1.0
[INFO] [stderr]    Compiling http-body-util v0.1.5
[INFO] [stderr]    Compiling headers-core v0.3.0
[INFO] [stderr]    Compiling headers v0.4.1
[INFO] [stderr]    Compiling futures-executor v0.3.34
[INFO] [stderr]    Compiling futures v0.3.34
[INFO] [stderr]    Compiling tracing-futures v0.2.5
[INFO] [stderr]    Compiling tabit-gate v0.2.0
[INFO] [stderr]    Compiling tokio-util v0.7.19
[INFO] [stderr]    Compiling tower v0.5.3
[INFO] [stderr]    Compiling tokio-rustls v0.26.4
[INFO] [stderr]    Compiling process-wrap v10.0.0
[INFO] [stderr]    Compiling tower-http v0.6.11
[INFO] [stderr]    Compiling h2 v0.4.15
[INFO] [stderr]    Compiling hyper v1.11.0
[INFO] [stderr]    Compiling hyper-util v0.1.20
[INFO] [stderr]    Compiling hyper-rustls v0.27.9
[INFO] [stderr]    Compiling httpmock v0.8.3
[INFO] [stderr]    Compiling reqwest v0.13.4
[INFO] [stderr]    Compiling tabit-providers v0.2.0
[INFO] [stderr]    Compiling tabit-log v0.2.0
[INFO] [stderr]    Compiling tabit-engine v0.2.0
[INFO] [stderr]    Compiling tabit-wire v0.2.0
[INFO] [stderr]    Compiling tabit-ext v0.2.0
[INFO] [stderr]    Compiling tabit-tools v0.2.0
[INFO] [stderr]    Compiling tabit-session v0.2.0
[INFO] [stderr]    Compiling tabit-app v0.2.0
[INFO] [stderr]    Compiling tabit-ext-install v0.2.0
[INFO] [stderr]    Compiling tabit-core v0.2.0 (/opt/rustwide/workdir)
[INFO] [stderr]     Finished `release` profile [optimized] target(s) in 6m 24s
[INFO] running `Command { std: "docker" "inspect" "8963b118c0b96f2189ae4b9f386beb206197df868f59c738f11aa1a23c13747c", kill_on_drop: false }`
[INFO] running `Command { std: "docker" "exec" "-e" "SOURCE_DIR=/opt/rustwide/workdir" "-e" "CARGO_HOME=/opt/rustwide/cargo-home" "-e" "RUSTUP_HOME=/opt/rustwide/rustup-home" "-e" "CARGO_TARGET_DIR=/opt/rustwide/target" "-e" "CARGO_INCREMENTAL=0" "-e" "RUST_BACKTRACE=full" "-e" "RUSTFLAGS=--cap-lints=warn" "-e" "RUSTDOCFLAGS=--cap-lints=warn" "-w" "/opt/rustwide/workdir" "--user" "0:0" "8963b118c0b96f2189ae4b9f386beb206197df868f59c738f11aa1a23c13747c" "/opt/rustwide/cargo-home/bin/cargo" "+1.100.0-beta.1" "test" "--frozen" "--release", kill_on_drop: false }`
[INFO] [stderr] warning: `package.homepage` is redundant with `package.repository`
[INFO] [stderr]   --> Cargo.toml:94:12
[INFO] [stderr]    |
[INFO] [stderr] 94 | homepage = "https://github.com/JerryAZR/tabit"
[INFO] [stderr]    |            ^^^^^^^^^^^^^^^^^^^^^^^^^^^^^^^^^^^
[INFO] [stderr] ...
[INFO] [stderr] 98 | repository = "https://github.com/JerryAZR/tabit"
[INFO] [stderr]    |              -----------------------------------
[INFO] [stderr]    |
[INFO] [stderr]    = note: `cargo::redundant_homepage` is set to `warn` by default
[INFO] [stderr] help: consider removing `package.homepage`
[INFO] [stderr] warning: `tabit-core` (manifest) generated 1 warning
[INFO] [stderr]     Finished `release` profile [optimized] target(s) in 0.53s
[INFO] [stderr]      Running unittests src/main.rs (/opt/rustwide/target/release/build/tabit-core/1e65258283515989/out/tabit_core-1e65258283515989)
[INFO] [stdout] 
[INFO] [stdout] running 12 tests
[INFO] [stdout] test cli::tests::child_role_flags_cross_both_session_modes ... ok
[INFO] [stdout] test cli::tests::parses_prompt_and_flags ... ok
[INFO] [stdout] test cli::tests::print_mode_is_selected_by_prompt_or_rewind ... ok
[INFO] [stdout] test cli::tests::flags_outside_the_selected_mode_are_loud_parse_errors ... ok
[INFO] [stdout] test cli::tests::install_subcommands_parse_exclusively ... ok
[INFO] [stdout] test cli::tests::the_extensions_flag_crosses_both_session_modes ... ok
[INFO] [stdout] test cli::tests::json_mode_parses_and_print_conflicts_at_parse_time ... ok
[INFO] [stdout] test print::interaction_answer_tests::empty_or_unknown_answers_fail_closed_with_nothing ... ok
[INFO] [stdout] test cli::tests::rejects_missing_values_unknown_flags_and_positionals ... ok
[INFO] [stdout] test cli::tests::model_strings_resolve_against_the_config ... ok
[INFO] [stdout] test print::interaction_answer_tests::free_text_cards_take_the_whole_line ... ok
[INFO] [stdout] test print::interaction_answer_tests::numbered_buttons_select_by_index_with_optional_reason ... ok
[INFO] [stdout] 
[INFO] [stdout] test result: ok. 12 passed; 0 failed; 0 ignored; 0 measured; 0 filtered out; finished in 0.00s
[INFO] [stdout] 
[INFO] [stderr]      Running tests/crash.rs (/opt/rustwide/target/release/build/tabit-core/2e6db564e80d716f/out/crash-2e6db564e80d716f)
[INFO] [stdout] 
[INFO] [stdout] running 1 test
[INFO] [stdout] test an_internal_error_crashes_with_code_101_and_a_stderr_report ... ok
[INFO] [stdout] 
[INFO] [stdout] test result: ok. 1 passed; 0 failed; 0 ignored; 0 measured; 0 filtered out; finished in 0.02s
[INFO] [stdout] 
[INFO] [stderr]      Running tests/extension_tools.rs (/opt/rustwide/target/release/build/tabit-core/6fdc75869fe0b1b9/out/extension_tools-6fdc75869fe0b1b9)
[INFO] [stdout] 
[INFO] [stdout] running 13 tests
[INFO] [stdout] test a_manifest_disable_removes_the_core_tool_from_the_models_vocabulary ... FAILED
[INFO] [stdout] test a_package_on_the_disable_list_mounts_nowhere ... FAILED
[INFO] [stdout] test a_core_name_conflict_is_reported_on_the_channel ... FAILED
[INFO] [stdout] test a_static_skills_package_mounts_without_a_process_or_announcement ... FAILED
[INFO] [stdout] test a_model_prompt_round_trips_through_the_session ... FAILED
[INFO] [stdout] test install_path_then_boot_serves_the_package ... FAILED
[INFO] [stdout] test a_providers_fragment_relays_a_model_call_over_the_native_api ... FAILED
[INFO] [stdout] test a_model_call_runs_an_extension_tool_and_the_result_feeds_back ... FAILED
[INFO] [stdout] test an_unmet_requirement_refuses_at_boot_with_its_reason ... FAILED
[INFO] [stdout] test an_unreachable_upstream_fails_the_run_through_the_relay ... FAILED
[INFO] [stdout] test the_shared_grammar_crosses_the_json_edge_end_to_end ... FAILED
[INFO] [stdout] test the_builtin_gate_asks_on_a_risky_bash_and_a_block_skips ... ok
[INFO] [stdout] test a_disabled_gate_mounts_nowhere ... ok
[INFO] [stdout] 
[INFO] [stdout] failures:
[INFO] [stdout] 
[INFO] [stdout] ---- a_manifest_disable_removes_the_core_tool_from_the_models_vocabulary stdout ----
[INFO] [stdout] 
[INFO] [stdout] thread 'a_manifest_disable_removes_the_core_tool_from_the_models_vocabulary' (5039) panicked at tests/extension_tools.rs:65:28:
[INFO] [stdout] workspace binary `ext-double` not built — run the workspace gate
[INFO] [stdout] stack backtrace:
[INFO] [stdout]    0:     0x5ccdc1b537e1 - <<std[617be2ca0a6fd877]::sys::backtrace::BacktraceLock>::print::DisplayBacktrace as core[a373ad73a504971]::fmt::Display>::fmt
[INFO] [stdout]    1:     0x5ccdc1b6b82a - core[a373ad73a504971]::fmt::write
[INFO] [stdout]    2:     0x5ccdc1b5849c - <alloc[2e1b2a31b91974c5]::vec::Vec<u8> as core[a373ad73a504971]::io::write::Write>::write_fmt
[INFO] [stdout]    3:     0x5ccdc1b2ca36 - std[617be2ca0a6fd877]::panicking::default_hook::{closure#0}
[INFO] [stdout]    4:     0x5ccdc1b4a7f9 - std[617be2ca0a6fd877]::panicking::default_hook
[INFO] [stdout]    5:     0x5ccdc1856210 - test[aada8e7e76ba119b]::test_main_inner::{closure#0}
[INFO] [stdout]    6:     0x5ccdc1b4ab22 - std[617be2ca0a6fd877]::panicking::panic_with_hook
[INFO] [stdout]    7:     0x5ccdc1b2cae2 - std[617be2ca0a6fd877]::panicking::panic_handler::{closure#0}
[INFO] [stdout]    8:     0x5ccdc1b25469 - std[617be2ca0a6fd877]::sys::backtrace::__rust_end_short_backtrace::<std[617be2ca0a6fd877]::panicking::panic_handler::{closure#0}, !>
[INFO] [stdout]    9:     0x5ccdc1b2d8dd - __rustc[ea4f61d10b84890b]::rust_begin_unwind
[INFO] [stdout]   10:     0x5ccdc1b6c00c - core[a373ad73a504971]::panicking::panic_fmt
[INFO] [stdout]   11:     0x5ccdc17fa493 - extension_tools[bef23d01b98452f1]::workspace_bin
[INFO] [stdout]   12:     0x5ccdc1811233 - <extension_tools[bef23d01b98452f1]::a_manifest_disable_removes_the_core_tool_from_the_models_vocabulary::{closure#0} as core[a373ad73a504971]::ops::function::FnOnce<()>>::call_once
[INFO] [stdout]   13:     0x5ccdc184965b - test[aada8e7e76ba119b]::__rust_begin_short_backtrace::<core[a373ad73a504971]::result::Result<(), alloc[2e1b2a31b91974c5]::string::String>, fn() -> core[a373ad73a504971]::result::Result<(), alloc[2e1b2a31b91974c5]::string::String>>
[INFO] [stdout]   14:     0x5ccdc1856835 - test[aada8e7e76ba119b]::run_test::{closure#0}
[INFO] [stdout]   15:     0x5ccdc1850124 - std[617be2ca0a6fd877]::sys::backtrace::__rust_begin_short_backtrace::<test[aada8e7e76ba119b]::run_test::{closure#1}, ()>
[INFO] [stdout]   16:     0x5ccdc18598c2 - <std[617be2ca0a6fd877]::thread::lifecycle::spawn_unchecked<test[aada8e7e76ba119b]::run_test::{closure#1}, ()>::{closure#1} as core[a373ad73a504971]::ops::function::FnOnce<()>>::call_once::{shim:vtable#0}
[INFO] [stdout]   17:     0x5ccdc1b524ff - <std[617be2ca0a6fd877]::sys::thread::unix::Thread>::new::thread_start
[INFO] [stdout]   18:     0x725f37bafdfa - <unknown>
[INFO] [stdout]   19:     0x725f37c433d4 - clone
[INFO] [stdout]   20:                0x0 - <unknown>
[INFO] [stdout] 
[INFO] [stdout] ---- a_package_on_the_disable_list_mounts_nowhere stdout ----
[INFO] [stdout] 
[INFO] [stdout] thread 'a_package_on_the_disable_list_mounts_nowhere' (5042) panicked at tests/extension_tools.rs:65:28:
[INFO] [stdout] workspace binary `ext-double` not built — run the workspace gate
[INFO] [stdout] stack backtrace:
[INFO] [stdout]    0:     0x5ccdc1b537e1 - <<std[617be2ca0a6fd877]::sys::backtrace::BacktraceLock>::print::DisplayBacktrace as core[a373ad73a504971]::fmt::Display>::fmt
[INFO] [stdout]    1:     0x5ccdc1b6b82a - core[a373ad73a504971]::fmt::write
[INFO] [stdout]    2:     0x5ccdc1b5849c - <alloc[2e1b2a31b91974c5]::vec::Vec<u8> as core[a373ad73a504971]::io::write::Write>::write_fmt
[INFO] [stdout]    3:     0x5ccdc1b2ca36 - std[617be2ca0a6fd877]::panicking::default_hook::{closure#0}
[INFO] [stdout]    4:     0x5ccdc1b4a7f9 - std[617be2ca0a6fd877]::panicking::default_hook
[INFO] [stdout]    5:     0x5ccdc1856210 - test[aada8e7e76ba119b]::test_main_inner::{closure#0}
[INFO] [stdout]    6:     0x5ccdc1b4ab22 - std[617be2ca0a6fd877]::panicking::panic_with_hook
[INFO] [stdout]    7:     0x5ccdc1b2cae2 - std[617be2ca0a6fd877]::panicking::panic_handler::{closure#0}
[INFO] [stdout]    8:     0x5ccdc1b25469 - std[617be2ca0a6fd877]::sys::backtrace::__rust_end_short_backtrace::<std[617be2ca0a6fd877]::panicking::panic_handler::{closure#0}, !>
[INFO] [stdout]    9:     0x5ccdc1b2d8dd - __rustc[ea4f61d10b84890b]::rust_begin_unwind
[INFO] [stdout]   10:     0x5ccdc1b6c00c - core[a373ad73a504971]::panicking::panic_fmt
[INFO] [stdout]   11:     0x5ccdc17fa493 - extension_tools[bef23d01b98452f1]::workspace_bin
[INFO] [stdout]   12:     0x5ccdc17fb056 - extension_tools[bef23d01b98452f1]::stage
[INFO] [stdout]   13:     0x5ccdc1806f4c - <extension_tools[bef23d01b98452f1]::a_package_on_the_disable_list_mounts_nowhere::{closure#0} as core[a373ad73a504971]::ops::function::FnOnce<()>>::call_once
[INFO] [stdout]   14:     0x5ccdc184965b - test[aada8e7e76ba119b]::__rust_begin_short_backtrace::<core[a373ad73a504971]::result::Result<(), alloc[2e1b2a31b91974c5]::string::String>, fn() -> core[a373ad73a504971]::result::Result<(), alloc[2e1b2a31b91974c5]::string::String>>
[INFO] [stdout]   15:     0x5ccdc1856835 - test[aada8e7e76ba119b]::run_test::{closure#0}
[INFO] [stdout]   16:     0x5ccdc1850124 - std[617be2ca0a6fd877]::sys::backtrace::__rust_begin_short_backtrace::<test[aada8e7e76ba119b]::run_test::{closure#1}, ()>
[INFO] [stdout]   17:     0x5ccdc18598c2 - <std[617be2ca0a6fd877]::thread::lifecycle::spawn_unchecked<test[aada8e7e76ba119b]::run_test::{closure#1}, ()>::{closure#1} as core[a373ad73a504971]::ops::function::FnOnce<()>>::call_once::{shim:vtable#0}
[INFO] [stdout]   18:     0x5ccdc1b524ff - <std[617be2ca0a6fd877]::sys::thread::unix::Thread>::new::thread_start
[INFO] [stdout]   19:     0x725f37bafdfa - <unknown>
[INFO] [stdout]   20:     0x725f37c433d4 - clone
[INFO] [stdout]   21:                0x0 - <unknown>
[INFO] [stdout] 
[INFO] [stdout] ---- a_core_name_conflict_is_reported_on_the_channel stdout ----
[INFO] [stdout] 
[INFO] [stdout] thread 'a_core_name_conflict_is_reported_on_the_channel' (5037) panicked at tests/extension_tools.rs:65:28:
[INFO] [stdout] workspace binary `ext-double` not built — run the workspace gate
[INFO] [stdout] stack backtrace:
[INFO] [stdout]    0:     0x5ccdc1b537e1 - <<std[617be2ca0a6fd877]::sys::backtrace::BacktraceLock>::print::DisplayBacktrace as core[a373ad73a504971]::fmt::Display>::fmt
[INFO] [stdout]    1:     0x5ccdc1b6b82a - core[a373ad73a504971]::fmt::write
[INFO] [stdout]    2:     0x5ccdc1b5849c - <alloc[2e1b2a31b91974c5]::vec::Vec<u8> as core[a373ad73a504971]::io::write::Write>::write_fmt
[INFO] [stdout]    3:     0x5ccdc1b2ca36 - std[617be2ca0a6fd877]::panicking::default_hook::{closure#0}
[INFO] [stdout]    4:     0x5ccdc1b4a7f9 - std[617be2ca0a6fd877]::panicking::default_hook
[INFO] [stdout]    5:     0x5ccdc1856210 - test[aada8e7e76ba119b]::test_main_inner::{closure#0}
[INFO] [stdout]    6:     0x5ccdc1b4ab22 - std[617be2ca0a6fd877]::panicking::panic_with_hook
[INFO] [stdout]    7:     0x5ccdc1b2cae2 - std[617be2ca0a6fd877]::panicking::panic_handler::{closure#0}
[INFO] [stdout]    8:     0x5ccdc1b25469 - std[617be2ca0a6fd877]::sys::backtrace::__rust_end_short_backtrace::<std[617be2ca0a6fd877]::panicking::panic_handler::{closure#0}, !>
[INFO] [stdout]    9:     0x5ccdc1b2d8dd - __rustc[ea4f61d10b84890b]::rust_begin_unwind
[INFO] [stdout]   10:     0x5ccdc1b6c00c - core[a373ad73a504971]::panicking::panic_fmt
[INFO] [stdout]   11:     0x5ccdc17fa493 - extension_tools[bef23d01b98452f1]::workspace_bin
[INFO] [stdout]   12:     0x5ccdc17fb056 - extension_tools[bef23d01b98452f1]::stage
[INFO] [stdout]   13:     0x5ccdc1808bba - <extension_tools[bef23d01b98452f1]::a_core_name_conflict_is_reported_on_the_channel::{closure#0} as core[a373ad73a504971]::ops::function::FnOnce<()>>::call_once
[INFO] [stdout]   14:     0x5ccdc184965b - test[aada8e7e76ba119b]::__rust_begin_short_backtrace::<core[a373ad73a504971]::result::Result<(), alloc[2e1b2a31b91974c5]::string::String>, fn() -> core[a373ad73a504971]::result::Result<(), alloc[2e1b2a31b91974c5]::string::String>>
[INFO] [stdout]   15:     0x5ccdc1856835 - test[aada8e7e76ba119b]::run_test::{closure#0}
[INFO] [stdout]   16:     0x5ccdc1850124 - std[617be2ca0a6fd877]::sys::backtrace::__rust_begin_short_backtrace::<test[aada8e7e76ba119b]::run_test::{closure#1}, ()>
[INFO] [stdout]   17:     0x5ccdc18598c2 - <std[617be2ca0a6fd877]::thread::lifecycle::spawn_unchecked<test[aada8e7e76ba119b]::run_test::{closure#1}, ()>::{closure#1} as core[a373ad73a504971]::ops::function::FnOnce<()>>::call_once::{shim:vtable#0}
[INFO] [stdout]   18:     0x5ccdc1b524ff - <std[617be2ca0a6fd877]::sys::thread::unix::Thread>::new::thread_start
[INFO] [stdout]   19:     0x725f37bafdfa - <unknown>
[INFO] [stdout]   20:     0x725f37c433d4 - clone
[INFO] [stdout]   21:                0x0 - <unknown>
[INFO] [stdout] 
[INFO] [stdout] ---- a_static_skills_package_mounts_without_a_process_or_announcement stdout ----
[INFO] [stdout] 
[INFO] [stdout] thread 'a_static_skills_package_mounts_without_a_process_or_announcement' (5044) panicked at tests/extension_tools.rs:65:28:
[INFO] [stdout] workspace binary `ext-double` not built — run the workspace gate
[INFO] [stdout] stack backtrace:
[INFO] [stdout]    0:     0x5ccdc1b537e1 - <<std[617be2ca0a6fd877]::sys::backtrace::BacktraceLock>::print::DisplayBacktrace as core[a373ad73a504971]::fmt::Display>::fmt
[INFO] [stdout]    1:     0x5ccdc1b6b82a - core[a373ad73a504971]::fmt::write
[INFO] [stdout]    2:     0x5ccdc1b5849c - <alloc[2e1b2a31b91974c5]::vec::Vec<u8> as core[a373ad73a504971]::io::write::Write>::write_fmt
[INFO] [stdout]    3:     0x5ccdc1b2ca36 - std[617be2ca0a6fd877]::panicking::default_hook::{closure#0}
[INFO] [stdout]    4:     0x5ccdc1b4a7f9 - std[617be2ca0a6fd877]::panicking::default_hook
[INFO] [stdout]    5:     0x5ccdc1856210 - test[aada8e7e76ba119b]::test_main_inner::{closure#0}
[INFO] [stdout]    6:     0x5ccdc1b4ab22 - std[617be2ca0a6fd877]::panicking::panic_with_hook
[INFO] [stdout]    7:     0x5ccdc1b2cae2 - std[617be2ca0a6fd877]::panicking::panic_handler::{closure#0}
[INFO] [stdout]    8:     0x5ccdc1b25469 - std[617be2ca0a6fd877]::sys::backtrace::__rust_end_short_backtrace::<std[617be2ca0a6fd877]::panicking::panic_handler::{closure#0}, !>
[INFO] [stdout]    9:     0x5ccdc1b2d8dd - __rustc[ea4f61d10b84890b]::rust_begin_unwind
[INFO] [stdout]   10:     0x5ccdc1b6c00c - core[a373ad73a504971]::panicking::panic_fmt
[INFO] [stdout]   11:     0x5ccdc17fa493 - extension_tools[bef23d01b98452f1]::workspace_bin
[INFO] [stdout]   12:     0x5ccdc17fb056 - extension_tools[bef23d01b98452f1]::stage
[INFO] [stdout]   13:     0x5ccdc180fcaf - <extension_tools[bef23d01b98452f1]::a_static_skills_package_mounts_without_a_process_or_announcement::{closure#0} as core[a373ad73a504971]::ops::function::FnOnce<()>>::call_once
[INFO] [stdout]   14:     0x5ccdc184965b - test[aada8e7e76ba119b]::__rust_begin_short_backtrace::<core[a373ad73a504971]::result::Result<(), alloc[2e1b2a31b91974c5]::string::String>, fn() -> core[a373ad73a504971]::result::Result<(), alloc[2e1b2a31b91974c5]::string::String>>
[INFO] [stdout]   15:     0x5ccdc1856835 - test[aada8e7e76ba119b]::run_test::{closure#0}
[INFO] [stdout]   16:     0x5ccdc1850124 - std[617be2ca0a6fd877]::sys::backtrace::__rust_begin_short_backtrace::<test[aada8e7e76ba119b]::run_test::{closure#1}, ()>
[INFO] [stdout]   17:     0x5ccdc18598c2 - <std[617be2ca0a6fd877]::thread::lifecycle::spawn_unchecked<test[aada8e7e76ba119b]::run_test::{closure#1}, ()>::{closure#1} as core[a373ad73a504971]::ops::function::FnOnce<()>>::call_once::{shim:vtable#0}
[INFO] [stdout]   18:     0x5ccdc1b524ff - <std[617be2ca0a6fd877]::sys::thread::unix::Thread>::new::thread_start
[INFO] [stdout]   19:     0x725f37bafdfa - <unknown>
[INFO] [stdout]   20:     0x725f37c433d4 - clone
[INFO] [stdout]   21:                0x0 - <unknown>
[INFO] [stdout] 
[INFO] [stdout] ---- a_model_prompt_round_trips_through_the_session stdout ----
[INFO] [stdout] 
[INFO] [stdout] thread 'a_model_prompt_round_trips_through_the_session' (5041) panicked at tests/extension_tools.rs:65:28:
[INFO] [stdout] workspace binary `ext-double` not built — run the workspace gate
[INFO] [stdout] stack backtrace:
[INFO] [stdout]    0:     0x5ccdc1b537e1 - <<std[617be2ca0a6fd877]::sys::backtrace::BacktraceLock>::print::DisplayBacktrace as core[a373ad73a504971]::fmt::Display>::fmt
[INFO] [stdout]    1:     0x5ccdc1b6b82a - core[a373ad73a504971]::fmt::write
[INFO] [stdout]    2:     0x5ccdc1b5849c - <alloc[2e1b2a31b91974c5]::vec::Vec<u8> as core[a373ad73a504971]::io::write::Write>::write_fmt
[INFO] [stdout]    3:     0x5ccdc1b2ca36 - std[617be2ca0a6fd877]::panicking::default_hook::{closure#0}
[INFO] [stdout]    4:     0x5ccdc1b4a7f9 - std[617be2ca0a6fd877]::panicking::default_hook
[INFO] [stdout]    5:     0x5ccdc1856210 - test[aada8e7e76ba119b]::test_main_inner::{closure#0}
[INFO] [stdout]    6:     0x5ccdc1b4ab22 - std[617be2ca0a6fd877]::panicking::panic_with_hook
[INFO] [stdout]    7:     0x5ccdc1b2cae2 - std[617be2ca0a6fd877]::panicking::panic_handler::{closure#0}
[INFO] [stdout]    8:     0x5ccdc1b25469 - std[617be2ca0a6fd877]::sys::backtrace::__rust_end_short_backtrace::<std[617be2ca0a6fd877]::panicking::panic_handler::{closure#0}, !>
[INFO] [stdout]    9:     0x5ccdc1b2d8dd - __rustc[ea4f61d10b84890b]::rust_begin_unwind
[INFO] [stdout]   10:     0x5ccdc1b6c00c - core[a373ad73a504971]::panicking::panic_fmt
[INFO] [stdout]   11:     0x5ccdc17fa493 - extension_tools[bef23d01b98452f1]::workspace_bin
[INFO] [stdout]   12:     0x5ccdc17fb056 - extension_tools[bef23d01b98452f1]::stage
[INFO] [stdout]   13:     0x5ccdc1807bea - <extension_tools[bef23d01b98452f1]::a_model_prompt_round_trips_through_the_session::{closure#0} as core[a373ad73a504971]::ops::function::FnOnce<()>>::call_once
[INFO] [stdout]   14:     0x5ccdc184965b - test[aada8e7e76ba119b]::__rust_begin_short_backtrace::<core[a373ad73a504971]::result::Result<(), alloc[2e1b2a31b91974c5]::string::String>, fn() -> core[a373ad73a504971]::result::Result<(), alloc[2e1b2a31b91974c5]::string::String>>
[INFO] [stdout]   15:     0x5ccdc1856835 - test[aada8e7e76ba119b]::run_test::{closure#0}
[INFO] [stdout]   16:     0x5ccdc1850124 - std[617be2ca0a6fd877]::sys::backtrace::__rust_begin_short_backtrace::<test[aada8e7e76ba119b]::run_test::{closure#1}, ()>
[INFO] [stdout]   17:     0x5ccdc18598c2 - <std[617be2ca0a6fd877]::thread::lifecycle::spawn_unchecked<test[aada8e7e76ba119b]::run_test::{closure#1}, ()>::{closure#1} as core[a373ad73a504971]::ops::function::FnOnce<()>>::call_once::{shim:vtable#0}
[INFO] [stdout]   18:     0x5ccdc1b524ff - <std[617be2ca0a6fd877]::sys::thread::unix::Thread>::new::thread_start
[INFO] [stdout]   19:     0x725f37bafdfa - <unknown>
[INFO] [stdout]   20:     0x725f37c433d4 - clone
[INFO] [stdout]   21:                0x0 - <unknown>
[INFO] [stdout] 
[INFO] [stdout] ---- install_path_then_boot_serves_the_package stdout ----
[INFO] [stdout] 
[INFO] [stdout] thread 'install_path_then_boot_serves_the_package' (5059) panicked at tests/extension_tools.rs:65:28:
[INFO] [stdout] workspace binary `ext-double` not built — run the workspace gate
[INFO] [stdout] stack backtrace:
[INFO] [stdout]    0:     0x5ccdc1b537e1 - <<std[617be2ca0a6fd877]::sys::backtrace::BacktraceLock>::print::DisplayBacktrace as core[a373ad73a504971]::fmt::Display>::fmt
[INFO] [stdout]    1:     0x5ccdc1b6b82a - core[a373ad73a504971]::fmt::write
[INFO] [stdout]    2:     0x5ccdc1b5849c - <alloc[2e1b2a31b91974c5]::vec::Vec<u8> as core[a373ad73a504971]::io::write::Write>::write_fmt
[INFO] [stdout]    3:     0x5ccdc1b2ca36 - std[617be2ca0a6fd877]::panicking::default_hook::{closure#0}
[INFO] [stdout]    4:     0x5ccdc1b4a7f9 - std[617be2ca0a6fd877]::panicking::default_hook
[INFO] [stdout]    5:     0x5ccdc1856210 - test[aada8e7e76ba119b]::test_main_inner::{closure#0}
[INFO] [stdout]    6:     0x5ccdc1b4ab22 - std[617be2ca0a6fd877]::panicking::panic_with_hook
[INFO] [stdout]    7:     0x5ccdc1b2cae2 - std[617be2ca0a6fd877]::panicking::panic_handler::{closure#0}
[INFO] [stdout]    8:     0x5ccdc1b25469 - std[617be2ca0a6fd877]::sys::backtrace::__rust_end_short_backtrace::<std[617be2ca0a6fd877]::panicking::panic_handler::{closure#0}, !>
[INFO] [stdout]    9:     0x5ccdc1b2d8dd - __rustc[ea4f61d10b84890b]::rust_begin_unwind
[INFO] [stdout]   10:     0x5ccdc1b6c00c - core[a373ad73a504971]::panicking::panic_fmt
[INFO] [stdout]   11:     0x5ccdc17fa493 - extension_tools[bef23d01b98452f1]::workspace_bin
[INFO] [stdout]   12:     0x5ccdc1805a03 - <extension_tools[bef23d01b98452f1]::install_path_then_boot_serves_the_package::{closure#0} as core[a373ad73a504971]::ops::function::FnOnce<()>>::call_once
[INFO] [stdout]   13:     0x5ccdc184965b - test[aada8e7e76ba119b]::__rust_begin_short_backtrace::<core[a373ad73a504971]::result::Result<(), alloc[2e1b2a31b91974c5]::string::String>, fn() -> core[a373ad73a504971]::result::Result<(), alloc[2e1b2a31b91974c5]::string::String>>
[INFO] [stdout]   14:     0x5ccdc1856835 - test[aada8e7e76ba119b]::run_test::{closure#0}
[INFO] [stdout]   15:     0x5ccdc1850124 - std[617be2ca0a6fd877]::sys::backtrace::__rust_begin_short_backtrace::<test[aada8e7e76ba119b]::run_test::{closure#1}, ()>
[INFO] [stdout]   16:     0x5ccdc18598c2 - <std[617be2ca0a6fd877]::thread::lifecycle::spawn_unchecked<test[aada8e7e76ba119b]::run_test::{closure#1}, ()>::{closure#1} as core[a373ad73a504971]::ops::function::FnOnce<()>>::call_once::{shim:vtable#0}
[INFO] [stdout]   17:     0x5ccdc1b524ff - <std[617be2ca0a6fd877]::sys::thread::unix::Thread>::new::thread_start
[INFO] [stdout]   18:     0x725f37bafdfa - <unknown>
[INFO] [stdout]   19:     0x725f37c433d4 - clone
[INFO] [stdout]   20:                0x0 - <unknown>
[INFO] [stdout] 
[INFO] [stdout] ---- a_providers_fragment_relays_a_model_call_over_the_native_api stdout ----
[INFO] [stdout] 
[INFO] [stdout] thread 'a_providers_fragment_relays_a_model_call_over_the_native_api' (5043) panicked at tests/extension_tools.rs:65:28:
[INFO] [stdout] workspace binary `lmstudio-ext` not built — run the workspace gate
[INFO] [stdout] stack backtrace:
[INFO] [stdout]    0:     0x5ccdc1b537e1 - <<std[617be2ca0a6fd877]::sys::backtrace::BacktraceLock>::print::DisplayBacktrace as core[a373ad73a504971]::fmt::Display>::fmt
[INFO] [stdout]    1:     0x5ccdc1b6b82a - core[a373ad73a504971]::fmt::write
[INFO] [stdout]    2:     0x5ccdc1b5849c - <alloc[2e1b2a31b91974c5]::vec::Vec<u8> as core[a373ad73a504971]::io::write::Write>::write_fmt
[INFO] [stdout]    3:     0x5ccdc1b2ca36 - std[617be2ca0a6fd877]::panicking::default_hook::{closure#0}
[INFO] [stdout]    4:     0x5ccdc1b4a7f9 - std[617be2ca0a6fd877]::panicking::default_hook
[INFO] [stdout]    5:     0x5ccdc1856210 - test[aada8e7e76ba119b]::test_main_inner::{closure#0}
[INFO] [stdout]    6:     0x5ccdc1b4ab22 - std[617be2ca0a6fd877]::panicking::panic_with_hook
[INFO] [stdout]    7:     0x5ccdc1b2cae2 - std[617be2ca0a6fd877]::panicking::panic_handler::{closure#0}
[INFO] [stdout]    8:     0x5ccdc1b25469 - std[617be2ca0a6fd877]::sys::backtrace::__rust_end_short_backtrace::<std[617be2ca0a6fd877]::panicking::panic_handler::{closure#0}, !>
[INFO] [stdout]    9:     0x5ccdc1b2d8dd - __rustc[ea4f61d10b84890b]::rust_begin_unwind
[INFO] [stdout]   10:     0x5ccdc1b6c00c - core[a373ad73a504971]::panicking::panic_fmt
[INFO] [stdout]   11:     0x5ccdc17fa493 - extension_tools[bef23d01b98452f1]::workspace_bin
[INFO] [stdout]   12:     0x5ccdc17ffb17 - extension_tools[bef23d01b98452f1]::a_providers_fragment_relays_a_model_call_over_the_native_api
[INFO] [stdout]   13:     0x5ccdc180ed59 - <extension_tools[bef23d01b98452f1]::a_providers_fragment_relays_a_model_call_over_the_native_api::{closure#0} as core[a373ad73a504971]::ops::function::FnOnce<()>>::call_once
[INFO] [stdout]   14:     0x5ccdc184965b - test[aada8e7e76ba119b]::__rust_begin_short_backtrace::<core[a373ad73a504971]::result::Result<(), alloc[2e1b2a31b91974c5]::string::String>, fn() -> core[a373ad73a504971]::result::Result<(), alloc[2e1b2a31b91974c5]::string::String>>
[INFO] [stdout]   15:     0x5ccdc1856835 - test[aada8e7e76ba119b]::run_test::{closure#0}
[INFO] [stdout]   16:     0x5ccdc1850124 - std[617be2ca0a6fd877]::sys::backtrace::__rust_begin_short_backtrace::<test[aada8e7e76ba119b]::run_test::{closure#1}, ()>
[INFO] [stdout]   17:     0x5ccdc18598c2 - <std[617be2ca0a6fd877]::thread::lifecycle::spawn_unchecked<test[aada8e7e76ba119b]::run_test::{closure#1}, ()>::{closure#1} as core[a373ad73a504971]::ops::function::FnOnce<()>>::call_once::{shim:vtable#0}
[INFO] [stdout]   18:     0x5ccdc1b524ff - <std[617be2ca0a6fd877]::sys::thread::unix::Thread>::new::thread_start
[INFO] [stdout]   19:     0x725f37bafdfa - <unknown>
[INFO] [stdout]   20:     0x725f37c433d4 - clone
[INFO] [stdout]   21:                0x0 - <unknown>
[INFO] [stdout] 
[INFO] [stdout] ---- a_model_call_runs_an_extension_tool_and_the_result_feeds_back stdout ----
[INFO] [stdout] 
[INFO] [stdout] thread 'a_model_call_runs_an_extension_tool_and_the_result_feeds_back' (5040) panicked at tests/extension_tools.rs:65:28:
[INFO] [stdout] workspace binary `ext-double` not built — run the workspace gate
[INFO] [stdout] stack backtrace:
[INFO] [stdout]    0:     0x5ccdc1b537e1 - <<std[617be2ca0a6fd877]::sys::backtrace::BacktraceLock>::print::DisplayBacktrace as core[a373ad73a504971]::fmt::Display>::fmt
[INFO] [stdout]    1:     0x5ccdc1b6b82a - core[a373ad73a504971]::fmt::write
[INFO] [stdout]    2:     0x5ccdc1b5849c - <alloc[2e1b2a31b91974c5]::vec::Vec<u8> as core[a373ad73a504971]::io::write::Write>::write_fmt
[INFO] [stdout]    3:     0x5ccdc1b2ca36 - std[617be2ca0a6fd877]::panicking::default_hook::{closure#0}
[INFO] [stdout]    4:     0x5ccdc1b4a7f9 - std[617be2ca0a6fd877]::panicking::default_hook
[INFO] [stdout]    5:     0x5ccdc1856210 - test[aada8e7e76ba119b]::test_main_inner::{closure#0}
[INFO] [stdout]    6:     0x5ccdc1b4ab22 - std[617be2ca0a6fd877]::panicking::panic_with_hook
[INFO] [stdout]    7:     0x5ccdc1b2cae2 - std[617be2ca0a6fd877]::panicking::panic_handler::{closure#0}
[INFO] [stdout]    8:     0x5ccdc1b25469 - std[617be2ca0a6fd877]::sys::backtrace::__rust_end_short_backtrace::<std[617be2ca0a6fd877]::panicking::panic_handler::{closure#0}, !>
[INFO] [stdout]    9:     0x5ccdc1b2d8dd - __rustc[ea4f61d10b84890b]::rust_begin_unwind
[INFO] [stdout]   10:     0x5ccdc1b6c00c - core[a373ad73a504971]::panicking::panic_fmt
[INFO] [stdout]   11:     0x5ccdc17fa493 - extension_tools[bef23d01b98452f1]::workspace_bin
[INFO] [stdout]   12:     0x5ccdc17fb056 - extension_tools[bef23d01b98452f1]::stage
[INFO] [stdout]   13:     0x5ccdc180edaa - <extension_tools[bef23d01b98452f1]::a_model_call_runs_an_extension_tool_and_the_result_feeds_back::{closure#0} as core[a373ad73a504971]::ops::function::FnOnce<()>>::call_once
[INFO] [stdout]   14:     0x5ccdc184965b - test[aada8e7e76ba119b]::__rust_begin_short_backtrace::<core[a373ad73a504971]::result::Result<(), alloc[2e1b2a31b91974c5]::string::String>, fn() -> core[a373ad73a504971]::result::Result<(), alloc[2e1b2a31b91974c5]::string::String>>
[INFO] [stdout]   15:     0x5ccdc1856835 - test[aada8e7e76ba119b]::run_test::{closure#0}
[INFO] [stdout]   16:     0x5ccdc1850124 - std[617be2ca0a6fd877]::sys::backtrace::__rust_begin_short_backtrace::<test[aada8e7e76ba119b]::run_test::{closure#1}, ()>
[INFO] [stdout]   17:     0x5ccdc18598c2 - <std[617be2ca0a6fd877]::thread::lifecycle::spawn_unchecked<test[aada8e7e76ba119b]::run_test::{closure#1}, ()>::{closure#1} as core[a373ad73a504971]::ops::function::FnOnce<()>>::call_once::{shim:vtable#0}
[INFO] [stdout]   18:     0x5ccdc1b524ff - <std[617be2ca0a6fd877]::sys::thread::unix::Thread>::new::thread_start
[INFO] [stdout]   19:     0x725f37bafdfa - <unknown>
[INFO] [stdout]   20:     0x725f37c433d4 - clone
[INFO] [stdout]   21:                0x0 - <unknown>
[INFO] [stdout] 
[INFO] [stdout] ---- an_unmet_requirement_refuses_at_boot_with_its_reason stdout ----
[INFO] [stdout] 
[INFO] [stdout] thread 'an_unmet_requirement_refuses_at_boot_with_its_reason' (5057) panicked at tests/extension_tools.rs:65:28:
[INFO] [stdout] workspace binary `ext-double` not built — run the workspace gate
[INFO] [stdout] stack backtrace:
[INFO] [stdout]    0:     0x5ccdc1b537e1 - <<std[617be2ca0a6fd877]::sys::backtrace::BacktraceLock>::print::DisplayBacktrace as core[a373ad73a504971]::fmt::Display>::fmt
[INFO] [stdout]    1:     0x5ccdc1b6b82a - core[a373ad73a504971]::fmt::write
[INFO] [stdout]    2:     0x5ccdc1b5849c - <alloc[2e1b2a31b91974c5]::vec::Vec<u8> as core[a373ad73a504971]::io::write::Write>::write_fmt
[INFO] [stdout]    3:     0x5ccdc1b2ca36 - std[617be2ca0a6fd877]::panicking::default_hook::{closure#0}
[INFO] [stdout]    4:     0x5ccdc1b4a7f9 - std[617be2ca0a6fd877]::panicking::default_hook
[INFO] [stdout]    5:     0x5ccdc1856210 - test[aada8e7e76ba119b]::test_main_inner::{closure#0}
[INFO] [stdout]    6:     0x5ccdc1b4ab22 - std[617be2ca0a6fd877]::panicking::panic_with_hook
[INFO] [stdout]    7:     0x5ccdc1b2cae2 - std[617be2ca0a6fd877]::panicking::panic_handler::{closure#0}
[INFO] [stdout]    8:     0x5ccdc1b25469 - std[617be2ca0a6fd877]::sys::backtrace::__rust_end_short_backtrace::<std[617be2ca0a6fd877]::panicking::panic_handler::{closure#0}, !>
[INFO] [stdout]    9:     0x5ccdc1b2d8dd - __rustc[ea4f61d10b84890b]::rust_begin_unwind
[INFO] [stdout]   10:     0x5ccdc1b6c00c - core[a373ad73a504971]::panicking::panic_fmt
[INFO] [stdout]   11:     0x5ccdc17fa493 - extension_tools[bef23d01b98452f1]::workspace_bin
[INFO] [stdout]   12:     0x5ccdc17fb056 - extension_tools[bef23d01b98452f1]::stage
[INFO] [stdout]   13:     0x5ccdc180a85c - <extension_tools[bef23d01b98452f1]::an_unmet_requirement_refuses_at_boot_with_its_reason::{closure#0} as core[a373ad73a504971]::ops::function::FnOnce<()>>::call_once
[INFO] [stdout]   14:     0x5ccdc184965b - test[aada8e7e76ba119b]::__rust_begin_short_backtrace::<core[a373ad73a504971]::result::Result<(), alloc[2e1b2a31b91974c5]::string::String>, fn() -> core[a373ad73a504971]::result::Result<(), alloc[2e1b2a31b91974c5]::string::String>>
[INFO] [stdout]   15:     0x5ccdc1856835 - test[aada8e7e76ba119b]::run_test::{closure#0}
[INFO] [stdout]   16:     0x5ccdc1850124 - std[617be2ca0a6fd877]::sys::backtrace::__rust_begin_short_backtrace::<test[aada8e7e76ba119b]::run_test::{closure#1}, ()>
[INFO] [stdout]   17:     0x5ccdc18598c2 - <std[617be2ca0a6fd877]::thread::lifecycle::spawn_unchecked<test[aada8e7e76ba119b]::run_test::{closure#1}, ()>::{closure#1} as core[a373ad73a504971]::ops::function::FnOnce<()>>::call_once::{shim:vtable#0}
[INFO] [stdout]   18:     0x5ccdc1b524ff - <std[617be2ca0a6fd877]::sys::thread::unix::Thread>::new::thread_start
[INFO] [stdout]   19:     0x725f37bafdfa - <unknown>
[INFO] [stdout]   20:     0x725f37c433d4 - clone
[INFO] [stdout]   21:                0x0 - <unknown>
[INFO] [stdout] 
[INFO] [stdout] ---- an_unreachable_upstream_fails_the_run_through_the_relay stdout ----
[INFO] [stdout] 
[INFO] [stdout] thread 'an_unreachable_upstream_fails_the_run_through_the_relay' (5058) panicked at tests/extension_tools.rs:65:28:
[INFO] [stdout] workspace binary `lmstudio-ext` not built — run the workspace gate
[INFO] [stdout] stack backtrace:
[INFO] [stdout]    0:     0x5ccdc1b537e1 - <<std[617be2ca0a6fd877]::sys::backtrace::BacktraceLock>::print::DisplayBacktrace as core[a373ad73a504971]::fmt::Display>::fmt
[INFO] [stdout]    1:     0x5ccdc1b6b82a - core[a373ad73a504971]::fmt::write
[INFO] [stdout]    2:     0x5ccdc1b5849c - <alloc[2e1b2a31b91974c5]::vec::Vec<u8> as core[a373ad73a504971]::io::write::Write>::write_fmt
[INFO] [stdout]    3:     0x5ccdc1b2ca36 - std[617be2ca0a6fd877]::panicking::default_hook::{closure#0}
[INFO] [stdout]    4:     0x5ccdc1b4a7f9 - std[617be2ca0a6fd877]::panicking::default_hook
[INFO] [stdout]    5:     0x5ccdc1856210 - test[aada8e7e76ba119b]::test_main_inner::{closure#0}
[INFO] [stdout]    6:     0x5ccdc1b4ab22 - std[617be2ca0a6fd877]::panicking::panic_with_hook
[INFO] [stdout]    7:     0x5ccdc1b2cae2 - std[617be2ca0a6fd877]::panicking::panic_handler::{closure#0}
[INFO] [stdout]    8:     0x5ccdc1b25469 - std[617be2ca0a6fd877]::sys::backtrace::__rust_end_short_backtrace::<std[617be2ca0a6fd877]::panicking::panic_handler::{closure#0}, !>
[INFO] [stdout]    9:     0x5ccdc1b2d8dd - __rustc[ea4f61d10b84890b]::rust_begin_unwind
[INFO] [stdout]   10:     0x5ccdc1b6c00c - core[a373ad73a504971]::panicking::panic_fmt
[INFO] [stdout]   11:     0x5ccdc17fa493 - extension_tools[bef23d01b98452f1]::workspace_bin
[INFO] [stdout]   12:     0x5ccdc180c1ed - <extension_tools[bef23d01b98452f1]::an_unreachable_upstream_fails_the_run_through_the_relay::{closure#0} as core[a373ad73a504971]::ops::function::FnOnce<()>>::call_once
[INFO] [stdout]   13:     0x5ccdc184965b - test[aada8e7e76ba119b]::__rust_begin_short_backtrace::<core[a373ad73a504971]::result::Result<(), alloc[2e1b2a31b91974c5]::string::String>, fn() -> core[a373ad73a504971]::result::Result<(), alloc[2e1b2a31b91974c5]::string::String>>
[INFO] [stdout]   14:     0x5ccdc1856835 - test[aada8e7e76ba119b]::run_test::{closure#0}
[INFO] [stdout]   15:     0x5ccdc1850124 - std[617be2ca0a6fd877]::sys::backtrace::__rust_begin_short_backtrace::<test[aada8e7e76ba119b]::run_test::{closure#1}, ()>
[INFO] [stdout]   16:     0x5ccdc18598c2 - <std[617be2ca0a6fd877]::thread::lifecycle::spawn_unchecked<test[aada8e7e76ba119b]::run_test::{closure#1}, ()>::{closure#1} as core[a373ad73a504971]::ops::function::FnOnce<()>>::call_once::{shim:vtable#0}
[INFO] [stdout]   17:     0x5ccdc1b524ff - <std[617be2ca0a6fd877]::sys::thread::unix::Thread>::new::thread_start
[INFO] [stdout]   18:     0x725f37bafdfa - <unknown>
[INFO] [stdout]   19:     0x725f37c433d4 - clone
[INFO] [stdout]   20:                0x0 - <unknown>
[INFO] [stdout] 
[INFO] [stdout] ---- the_shared_grammar_crosses_the_json_edge_end_to_end stdout ----
[INFO] [stdout] 
[INFO] [stdout] thread 'the_shared_grammar_crosses_the_json_edge_end_to_end' (5061) panicked at tests/extension_tools.rs:65:28:
[INFO] [stdout] workspace binary `ext-double` not built — run the workspace gate
[INFO] [stdout] stack backtrace:
[INFO] [stdout]    0:     0x5ccdc1b537e1 - <<std[617be2ca0a6fd877]::sys::backtrace::BacktraceLock>::print::DisplayBacktrace as core[a373ad73a504971]::fmt::Display>::fmt
[INFO] [stdout]    1:     0x5ccdc1b6b82a - core[a373ad73a504971]::fmt::write
[INFO] [stdout]    2:     0x5ccdc1b5849c - <alloc[2e1b2a31b91974c5]::vec::Vec<u8> as core[a373ad73a504971]::io::write::Write>::write_fmt
[INFO] [stdout]    3:     0x5ccdc1b2ca36 - std[617be2ca0a6fd877]::panicking::default_hook::{closure#0}
[INFO] [stdout]    4:     0x5ccdc1b4a7f9 - std[617be2ca0a6fd877]::panicking::default_hook
[INFO] [stdout]    5:     0x5ccdc1856210 - test[aada8e7e76ba119b]::test_main_inner::{closure#0}
[INFO] [stdout]    6:     0x5ccdc1b4ab22 - std[617be2ca0a6fd877]::panicking::panic_with_hook
[INFO] [stdout]    7:     0x5ccdc1b2cae2 - std[617be2ca0a6fd877]::panicking::panic_handler::{closure#0}
[INFO] [stdout]    8:     0x5ccdc1b25469 - std[617be2ca0a6fd877]::sys::backtrace::__rust_end_short_backtrace::<std[617be2ca0a6fd877]::panicking::panic_handler::{closure#0}, !>
[INFO] [stdout]    9:     0x5ccdc1b2d8dd - __rustc[ea4f61d10b84890b]::rust_begin_unwind
[INFO] [stdout]   10:     0x5ccdc1b6c00c - core[a373ad73a504971]::panicking::panic_fmt
[INFO] [stdout]   11:     0x5ccdc17fa493 - extension_tools[bef23d01b98452f1]::workspace_bin
[INFO] [stdout]   12:     0x5ccdc17fb056 - extension_tools[bef23d01b98452f1]::stage
[INFO] [stdout]   13:     0x5ccdc1808e3d - <extension_tools[bef23d01b98452f1]::the_shared_grammar_crosses_the_json_edge_end_to_end::{closure#0} as core[a373ad73a504971]::ops::function::FnOnce<()>>::call_once
[INFO] [stdout]   14:     0x5ccdc184965b - test[aada8e7e76ba119b]::__rust_begin_short_backtrace::<core[a373ad73a504971]::result::Result<(), alloc[2e1b2a31b91974c5]::string::String>, fn() -> core[a373ad73a504971]::result::Result<(), alloc[2e1b2a31b91974c5]::string::String>>
[INFO] [stdout]   15:     0x5ccdc1856835 - test[aada8e7e76ba119b]::run_test::{closure#0}
[INFO] [stdout]   16:     0x5ccdc1850124 - std[617be2ca0a6fd877]::sys::backtrace::__rust_begin_short_backtrace::<test[aada8e7e76ba119b]::run_test::{closure#1}, ()>
[INFO] [stdout]   17:     0x5ccdc18598c2 - <std[617be2ca0a6fd877]::thread::lifecycle::spawn_unchecked<test[aada8e7e76ba119b]::run_test::{closure#1}, ()>::{closure#1} as core[a373ad73a504971]::ops::function::FnOnce<()>>::call_once::{shim:vtable#0}
[INFO] [stdout]   18:     0x5ccdc1b524ff - <std[617be2ca0a6fd877]::sys::thread::unix::Thread>::new::thread_start
[INFO] [stdout]   19:     0x725f37bafdfa - <unknown>
[INFO] [stdout]   20:     0x725f37c433d4 - clone
[INFO] [stdout]   21:                0x0 - <unknown>
[INFO] [stdout] 
[INFO] [stdout] 
[INFO] [stdout] failures:
[INFO] [stdout]     a_core_name_conflict_is_reported_on_the_channel
[INFO] [stdout]     a_manifest_disable_removes_the_core_tool_from_the_models_vocabulary
[INFO] [stderr] error: test failed, to rerun pass `--test extension_tools`
[INFO] [stdout]     a_model_call_runs_an_extension_tool_and_the_result_feeds_back
[INFO] [stdout]     a_model_prompt_round_trips_through_the_session
[INFO] [stdout]     a_package_on_the_disable_list_mounts_nowhere
[INFO] [stdout]     a_providers_fragment_relays_a_model_call_over_the_native_api
[INFO] [stdout]     a_static_skills_package_mounts_without_a_process_or_announcement
[INFO] [stdout]     an_unmet_requirement_refuses_at_boot_with_its_reason
[INFO] [stdout]     an_unreachable_upstream_fails_the_run_through_the_relay
[INFO] [stdout]     install_path_then_boot_serves_the_package
[INFO] [stdout]     the_shared_grammar_crosses_the_json_edge_end_to_end
[INFO] [stdout] 
[INFO] [stdout] test result: FAILED. 2 passed; 11 failed; 0 ignored; 0 measured; 0 filtered out; finished in 0.24s
[INFO] [stdout] 
[INFO] running `Command { std: "docker" "inspect" "8963b118c0b96f2189ae4b9f386beb206197df868f59c738f11aa1a23c13747c", kill_on_drop: false }`
[INFO] running `Command { std: "docker" "rm" "-f" "8963b118c0b96f2189ae4b9f386beb206197df868f59c738f11aa1a23c13747c", kill_on_drop: false }`
[INFO] [stdout] 8963b118c0b96f2189ae4b9f386beb206197df868f59c738f11aa1a23c13747c
