[INFO] fetching crate syllabify-fr 0.10.0...
[INFO] testing syllabify-fr-0.10.0 against 1.99.0-beta.8+cargoflags=--release for beta-release-1.100-2
[INFO] extracting crate syllabify-fr 0.10.0 into /workspace/builds/worker-6-tc1/source
[INFO] started tweaking crates.io crate syllabify-fr 0.10.0
[INFO] removed 0 missing examples
[INFO] removed 0 missing tests
[INFO] finished tweaking crates.io crate syllabify-fr 0.10.0
[INFO] tweaked toml for crates.io crate syllabify-fr 0.10.0 written to /workspace/builds/worker-6-tc1/source/Cargo.toml
[INFO] validating manifest of crates.io crate syllabify-fr 0.10.0 on toolchain 1.99.0-beta.8
[INFO] running `Command { std: CARGO_HOME="/workspace/cargo-home" RUSTUP_HOME="/workspace/rustup-home" "/workspace/cargo-home/bin/cargo" "+1.99.0-beta.8" "metadata" "--manifest-path" "Cargo.toml" "--no-deps", kill_on_drop: false }`
[INFO] crate crates.io crate syllabify-fr 0.10.0 already has a lockfile, it will not be regenerated
[INFO] running `Command { std: CARGO_HOME="/workspace/cargo-home" RUSTUP_HOME="/workspace/rustup-home" "/workspace/cargo-home/bin/cargo" "+1.99.0-beta.8" "fetch" "--manifest-path" "Cargo.toml", kill_on_drop: false }`
[INFO] [stderr]     Updating crates.io index
[INFO] [stderr]  Downloading crates ...
[INFO] [stderr]   Downloaded rusty-fork v0.3.1
[INFO] [stderr]   Downloaded log v0.4.32
[INFO] [stderr]   Downloaded quick-error v1.2.3
[INFO] [stderr]   Downloaded wasm-bindgen-macro v0.2.125
[INFO] [stderr]   Downloaded wasm-bindgen-shared v0.2.125
[INFO] [stderr]   Downloaded page_size v0.6.0
[INFO] [stderr]   Downloaded alloca v0.4.0
[INFO] [stderr]   Downloaded criterion-plot v0.8.2
[INFO] [stderr]   Downloaded assert_cmd v2.2.2
[INFO] [stderr]   Downloaded crossbeam-epoch v0.9.20
[INFO] [stderr]   Downloaded clap_derive v4.6.4
[INFO] [stderr]   Downloaded clap_complete v4.6.9
[INFO] [stderr]   Downloaded wasm-bindgen v0.2.125
[INFO] [stderr]   Downloaded clap v4.6.6
[INFO] [stderr]   Downloaded wasm-bindgen-macro-support v0.2.125
[INFO] [stderr]   Downloaded wasip2 v1.0.4+wasi-0.2.12
[INFO] [stderr]   Downloaded rand v0.9.4
[INFO] [stderr]   Downloaded cc v1.2.64
[INFO] [stderr]   Downloaded criterion v0.8.2
[INFO] [stderr]   Downloaded js-sys v0.3.102
[INFO] [stderr]   Downloaded clap_builder v4.6.6
[INFO] [stderr]   Downloaded proptest v1.11.0
[INFO] [stderr]   Downloaded regex-automata v0.4.16
[INFO] [stderr]   Downloaded web-sys v0.3.102
[INFO] running `Command { std: "docker" "create" "-v" "/var/lib/crater-agent-workspace/builds/worker-6-tc1/source:/opt/rustwide/workdir:ro,Z" "-v" "/var/lib/crater-agent-workspace/builds/worker-6-tc1/target:/opt/rustwide/target:rw,Z" "-v" "/var/lib/crater-agent-workspace/cargo-home:/opt/rustwide/cargo-home:ro,Z" "-v" "/var/lib/crater-agent-workspace/rustup-home:/opt/rustwide/rustup-home:ro,Z" "-m" "1610612736" "--network" "none" "ghcr.io/rust-lang/crates-build-env/linux@sha256:77db811e55d90add9212f6832c23229e3de5f1c1f9905e8cb07319ea15df73ac" "sleep" "infinity", kill_on_drop: false }`
[INFO] [stdout] 5f8410a5299615c5a5fef92e2dff356131f70b39b17b8127622cdf07bcbc86ce
[INFO] running `Command { std: "docker" "start" "5f8410a5299615c5a5fef92e2dff356131f70b39b17b8127622cdf07bcbc86ce", kill_on_drop: false }`
[INFO] running `Command { std: "docker" "inspect" "5f8410a5299615c5a5fef92e2dff356131f70b39b17b8127622cdf07bcbc86ce", kill_on_drop: false }`
[INFO] running `Command { std: "docker" "exec" "-e" "SOURCE_DIR=/opt/rustwide/workdir" "-e" "CARGO_HOME=/opt/rustwide/cargo-home" "-e" "RUSTUP_HOME=/opt/rustwide/rustup-home" "-e" "CARGO_TARGET_DIR=/opt/rustwide/target" "-w" "/opt/rustwide/workdir" "--user" "0:0" "5f8410a5299615c5a5fef92e2dff356131f70b39b17b8127622cdf07bcbc86ce" "/opt/rustwide/cargo-home/bin/cargo" "+1.99.0-beta.8" "metadata" "--no-deps" "--format-version=1", kill_on_drop: false }`
[INFO] running `Command { std: "docker" "inspect" "5f8410a5299615c5a5fef92e2dff356131f70b39b17b8127622cdf07bcbc86ce", kill_on_drop: false }`
[INFO] running `Command { std: "docker" "exec" "-e" "SOURCE_DIR=/opt/rustwide/workdir" "-e" "CARGO_HOME=/opt/rustwide/cargo-home" "-e" "RUSTUP_HOME=/opt/rustwide/rustup-home" "-e" "CARGO_TARGET_DIR=/opt/rustwide/target" "-e" "CARGO_INCREMENTAL=0" "-e" "RUST_BACKTRACE=full" "-e" "RUSTFLAGS=--cap-lints=warn" "-e" "RUSTDOCFLAGS=--cap-lints=warn" "-w" "/opt/rustwide/workdir" "--user" "0:0" "5f8410a5299615c5a5fef92e2dff356131f70b39b17b8127622cdf07bcbc86ce" "/opt/rustwide/cargo-home/bin/cargo" "+1.99.0-beta.8" "build" "--frozen" "--message-format=json" "--release", kill_on_drop: false }`
[INFO] [stderr] warning: profile package spec `syllabify-fr-wasm` in profile `release` did not match any packages
[INFO] [stderr]    Compiling proc-macro2 v1.0.106
[INFO] [stderr]    Compiling quote v1.0.45
[INFO] [stderr]    Compiling unicode-ident v1.0.24
[INFO] [stderr]    Compiling utf8parse v0.2.2
[INFO] [stderr]    Compiling anstyle-query v1.1.5
[INFO] [stderr]    Compiling anstyle v1.0.14
[INFO] [stderr]    Compiling is_terminal_polyfill v1.70.2
[INFO] [stderr]    Compiling memchr v2.8.2
[INFO] [stderr]    Compiling colorchoice v1.0.5
[INFO] [stderr]    Compiling strsim v0.11.1
[INFO] [stderr]    Compiling clap_lex v1.1.0
[INFO] [stderr]    Compiling serde_core v1.0.228
[INFO] [stderr]    Compiling zmij v1.0.21
[INFO] [stderr]    Compiling heck v0.5.0
[INFO] [stderr]    Compiling regex-syntax v0.8.11
[INFO] [stderr]    Compiling serde_json v1.0.151
[INFO] [stderr]    Compiling itoa v1.0.18
[INFO] [stderr]    Compiling anstyle-parse v1.0.0
[INFO] [stderr]    Compiling anstream v1.0.0
[INFO] [stderr]    Compiling clap_builder v4.6.6
[INFO] [stderr]    Compiling aho-corasick v1.1.4
[INFO] [stderr]    Compiling syn v3.0.3
[INFO] [stderr]    Compiling regex-automata v0.4.16
[INFO] [stderr]    Compiling clap_derive v4.6.4
[INFO] [stderr]    Compiling clap v4.6.6
[INFO] [stderr]    Compiling clap_complete v4.6.9
[INFO] [stderr]    Compiling regex v1.13.1
[INFO] [stderr]    Compiling syllabify-fr v0.10.0 (/opt/rustwide/workdir)
[INFO] [stderr]     Finished `release` profile [optimized] target(s) in 45.48s
[INFO] running `Command { std: "docker" "inspect" "5f8410a5299615c5a5fef92e2dff356131f70b39b17b8127622cdf07bcbc86ce", kill_on_drop: false }`
[INFO] running `Command { std: "docker" "exec" "-e" "SOURCE_DIR=/opt/rustwide/workdir" "-e" "CARGO_HOME=/opt/rustwide/cargo-home" "-e" "RUSTUP_HOME=/opt/rustwide/rustup-home" "-e" "CARGO_TARGET_DIR=/opt/rustwide/target" "-e" "CARGO_INCREMENTAL=0" "-e" "RUST_BACKTRACE=full" "-e" "RUSTFLAGS=--cap-lints=warn" "-e" "RUSTDOCFLAGS=--cap-lints=warn" "-w" "/opt/rustwide/workdir" "--user" "0:0" "5f8410a5299615c5a5fef92e2dff356131f70b39b17b8127622cdf07bcbc86ce" "/opt/rustwide/cargo-home/bin/cargo" "+1.99.0-beta.8" "test" "--frozen" "--no-run" "--message-format=json" "--release", kill_on_drop: false }`
[INFO] [stderr] warning: profile package spec `syllabify-fr-wasm` in profile `release` did not match any packages
[INFO] [stderr]    Compiling libc v0.2.186
[INFO] [stderr]    Compiling cfg-if v1.0.4
[INFO] [stderr]    Compiling zerocopy v0.8.52
[INFO] [stderr]    Compiling serde_core v1.0.228
[INFO] [stderr]    Compiling autocfg v1.5.1
[INFO] [stderr]    Compiling getrandom v0.3.4
[INFO] [stderr]    Compiling crossbeam-utils v0.8.21
[INFO] [stderr]    Compiling syn v2.0.117
[INFO] [stderr]    Compiling regex-automata v0.4.16
[INFO] [stderr]    Compiling crossbeam-epoch v0.9.20
[INFO] [stderr]    Compiling rustix v1.1.4
[INFO] [stderr]    Compiling getrandom v0.4.2
[INFO] [stderr]    Compiling shlex v2.0.1
[INFO] [stderr]    Compiling find-msvc-tools v0.1.9
[INFO] [stderr]    Compiling serde v1.0.228
[INFO] [stderr]    Compiling bitflags v2.13.0
[INFO] [stderr]    Compiling either v1.16.0
[INFO] [stderr]    Compiling linux-raw-sys v0.12.1
[INFO] [stderr]    Compiling rayon-core v1.13.0
[INFO] [stderr]    Compiling ciborium-io v0.2.2
[INFO] [stderr]    Compiling predicates-core v1.0.10
[INFO] [stderr]    Compiling once_cell v1.21.4
[INFO] [stderr]    Compiling plotters-backend v0.3.7
[INFO] [stderr]    Compiling fastrand v2.4.1
[INFO] [stderr]    Compiling itertools v0.13.0
[INFO] [stderr]    Compiling cc v1.2.64
[INFO] [stderr]    Compiling normalize-line-endings v0.3.0
[INFO] [stderr]    Compiling num-traits v0.2.19
[INFO] [stderr]    Compiling difflib v0.4.0
[INFO] [stderr]    Compiling same-file v1.0.6
[INFO] [stderr]    Compiling cast v0.3.0
[INFO] [stderr]    Compiling fnv v1.0.7
[INFO] [stderr]    Compiling assert_cmd v2.2.2
[INFO] [stderr]    Compiling bit-vec v0.8.0
[INFO] [stderr]    Compiling termtree v0.5.1
[INFO] [stderr]    Compiling plotters-svg v0.3.7
[INFO] [stderr]    Compiling quick-error v1.2.3
[INFO] [stderr]    Compiling walkdir v2.5.0
[INFO] [stderr]    Compiling predicates-tree v1.0.13
[INFO] [stderr]    Compiling unarray v0.1.4
[INFO] [stderr]    Compiling anes v0.1.6
[INFO] [stderr]    Compiling oorandom v11.1.5
[INFO] [stderr]    Compiling bit-set v0.8.0
[INFO] [stderr]    Compiling wait-timeout v0.2.1
[INFO] [stderr]    Compiling page_size v0.6.0
[INFO] [stderr]    Compiling rand_core v0.9.5
[INFO] [stderr]    Compiling float-cmp v0.10.0
[INFO] [stderr]    Compiling plotters v0.3.7
[INFO] [stderr]    Compiling rand v0.9.4
[INFO] [stderr]    Compiling rand_xorshift v0.4.0
[INFO] [stderr]    Compiling crossbeam-deque v0.8.6
[INFO] [stderr]    Compiling alloca v0.4.0
[INFO] [stderr]    Compiling rayon v1.12.0
[INFO] [stderr]    Compiling criterion-plot v0.8.2
[INFO] [stderr]    Compiling tempfile v3.27.0
[INFO] [stderr]    Compiling serde_json v1.0.151
[INFO] [stderr]    Compiling rusty-fork v0.3.1
[INFO] [stderr]    Compiling regex v1.13.1
[INFO] [stderr]    Compiling bstr v1.12.1
[INFO] [stderr]    Compiling predicates v3.1.4
[INFO] [stderr]    Compiling zerocopy-derive v0.8.52
[INFO] [stderr]    Compiling serde_derive v1.0.228
[INFO] [stderr]    Compiling syllabify-fr v0.10.0 (/opt/rustwide/workdir)
[INFO] [stderr]    Compiling tinytemplate v1.2.1
[INFO] [stderr]    Compiling half v2.7.1
[INFO] [stderr]    Compiling ppv-lite86 v0.2.21
[INFO] [stderr]    Compiling ciborium-ll v0.2.2
[INFO] [stderr]    Compiling ciborium v0.2.2
[INFO] [stderr]    Compiling rand_chacha v0.9.0
[INFO] [stderr]    Compiling proptest v1.11.0
[INFO] [stderr]    Compiling criterion v0.8.2
[INFO] [stderr]     Finished `release` profile [optimized] target(s) in 1m 56s
[INFO] running `Command { std: "docker" "inspect" "5f8410a5299615c5a5fef92e2dff356131f70b39b17b8127622cdf07bcbc86ce", kill_on_drop: false }`
[INFO] running `Command { std: "docker" "exec" "-e" "SOURCE_DIR=/opt/rustwide/workdir" "-e" "CARGO_HOME=/opt/rustwide/cargo-home" "-e" "RUSTUP_HOME=/opt/rustwide/rustup-home" "-e" "CARGO_TARGET_DIR=/opt/rustwide/target" "-e" "CARGO_INCREMENTAL=0" "-e" "RUST_BACKTRACE=full" "-e" "RUSTFLAGS=--cap-lints=warn" "-e" "RUSTDOCFLAGS=--cap-lints=warn" "-w" "/opt/rustwide/workdir" "--user" "0:0" "5f8410a5299615c5a5fef92e2dff356131f70b39b17b8127622cdf07bcbc86ce" "/opt/rustwide/cargo-home/bin/cargo" "+1.99.0-beta.8" "test" "--frozen" "--release", kill_on_drop: false }`
[INFO] [stderr] warning: profile package spec `syllabify-fr-wasm` in profile `release` did not match any packages
[INFO] [stderr]     Finished `release` profile [optimized] target(s) in 0.17s
[INFO] [stderr]      Running unittests src/lib.rs (/opt/rustwide/target/release/deps/syllabify_fr-ace0295848776e7e)
[INFO] [stdout] 
[INFO] [stdout] running 61 tests
[INFO] [stdout] test cleaner::tests::apostrophes ... ok
[INFO] [stdout] test cleaner::tests::tiret_preserve ... ok
[INFO] [stdout] test homographs::tests::couvent_verbe ... ok
[INFO] [stdout] test escape::tests::laisse_le_reste_intact ... ok
[INFO] [stdout] test homographs::tests::est_verbe_vs_nom ... ok
[INFO] [stdout] test cleaner::tests::minuscules ... ok
[INFO] [stdout] test cleaner::tests::ponctuation_devient_espace ... ok
[INFO] [stdout] test cleaner::tests::retour_chariot_supprime ... ok
[INFO] [stdout] test escape::tests::echappe_les_cinq_entites ... ok
[INFO] [stdout] test homographs::tests::mot_non_homographe ... ok
[INFO] [stdout] test html::tests::mot_vide_ne_crash_pas ... ok
[INFO] [stdout] test homographs::tests::couvent_nom ... ok
[INFO] [stdout] test letters::tests::case_insensitive_matching ... ok
[INFO] [stdout] test letters::tests::bdpq_matches_simple_letters ... ok
[INFO] [stdout] test homographs::tests::homographe_sans_contexte ... ok
[INFO] [stdout] test letters::tests::empty_inputs_return_empty ... ok
[INFO] [stdout] test letters::tests::diacritic_folding_for_single_letter ... ok
[INFO] [stdout] test html::tests::texte_vide ... ok
[INFO] [stdout] test letters::tests::last_rule_wins_over_overlap ... ok
[INFO] [stdout] test letters::tests::multibyte_word_byte_offsets_are_correct ... ok
[INFO] [stdout] test letters::tests::empty_pattern_is_ignored ... ok
[INFO] [stdout] test letters::tests::html_escapes_special_characters ... ok
[INFO] [stdout] test letters::tests::pir_pri_preset_distinguishes_sequences ... ok
[INFO] [stdout] test letters::tests::render_classes_uses_default_class_name ... ok
[INFO] [stdout] test html::tests::texte_preserve_ponctuation ... ok
[INFO] [stdout] test html::tests::liaison_les_hotels_emet_span ... ok
[INFO] [stdout] test html::tests::liaison_absente_h_aspire ... ok
[INFO] [stdout] test letters::tests::stroke_emits_webkit_text_stroke ... ok
[INFO] [stdout] test html::tests::mot_alternance_demarre_a ... ok
[INFO] [stdout] test html::tests::mot_simple_3_syllabes ... ok
[INFO] [stdout] test liaisons::tests::amont_consonne_initiale ... ok
[INFO] [stdout] test html::tests::html_echappe_caracteres_speciaux ... ok
[INFO] [stdout] test liaisons::tests::amont_semi_voyelle_initiale ... ok
[INFO] [stdout] test liaisons::tests::aval_case_insensible ... ok
[INFO] [stdout] test html::tests::liaison_consonne_t_pour_tout ... ok
[INFO] [stdout] test liaisons::tests::aval_liste ... ok
[INFO] [stdout] test liaisons::tests::aval_hors_liste ... ok
[INFO] [stdout] test html::tests::liaison_bloquee_par_virgule ... ok
[INFO] [stdout] test html::tests::liaison_absente_consonne_initiale ... ok
[INFO] [stdout] test liaisons::tests::amont_h_muet ... ok
[INFO] [stdout] test html::tests::liaison_consonne_n_pour_en ... ok
[INFO] [stdout] test liaisons::tests::aval_liste_complete_40_mots ... ok
[INFO] [stdout] test letters::tests::render_classes_uses_custom_class_when_provided ... ok
[INFO] [stdout] test parser::tests::word_slice_is_char_indexed_and_zero_copy ... ok
[INFO] [stdout] test liaisons::tests::amont_h_aspire ... ok
[INFO] [stdout] test rules::tests::regle_ment_et_verbe_mer_sont_complementaires ... ok
[INFO] [stdout] test rules::tests::regle_mots_ent_sur_parlent ... ok
[INFO] [stdout] test phoneme::tests::phonemes_composes_sont_voyelles ... ok
[INFO] [stdout] test rules::tests::strip_helpers_are_zero_copy_and_exact ... ok
[INFO] [stdout] test liaisons::tests::possible_bloque_par_amont ... ok
[INFO] [stdout] test rules::tests::regle_mots_ent_sur_prudent ... ok
[INFO] [stdout] test liaisons::tests::possible_bloque_par_aval ... ok
[INFO] [stdout] test parser::tests::parse_chat ... ok
[INFO] [stdout] test rules::tests::test_no_accent ... ok
[INFO] [stdout] test letters::tests::render_inline_emits_color ... ok
[INFO] [stdout] test cleaner::tests::accents_preserves ... ok
[INFO] [stdout] test phoneme::tests::classes_de_base ... ok
[INFO] [stdout] test html::tests::homographes_contexte_respecte ... ok
[INFO] [stdout] test parser::tests::parse_ecole ... ok
[INFO] [stdout] test liaisons::tests::amont_voyelle_initiale ... ok
[INFO] [stdout] test liaisons::tests::possible_cas_canoniques ... ok
[INFO] [stdout] 
[INFO] [stdout] test result: ok. 61 passed; 0 failed; 0 ignored; 0 measured; 0 filtered out; finished in 0.02s
[INFO] [stdout] 
[INFO] [stderr]      Running unittests src/bin/cli.rs (/opt/rustwide/target/release/deps/syllabify-1464c32a330f53b2)
[INFO] [stdout] 
[INFO] [stdout] running 0 tests
[INFO] [stdout] 
[INFO] [stdout] test result: ok. 0 passed; 0 failed; 0 ignored; 0 measured; 0 filtered out; finished in 0.00s
[INFO] [stdout] 
[INFO] [stderr]      Running tests/cli.rs (/opt/rustwide/target/release/deps/cli-48299c39ddf17e3c)
[INFO] [stdout] 
[INFO] [stdout] running 18 tests
[INFO] [stdout] test highlight_letters_rejects_unknown_preset ... ok
[INFO] [stdout] test no_args_shows_help_and_exits_with_error ... ok
[INFO] [stdout] test highlight_letters_bdpq_emits_inline_spans ... ok
[INFO] [stdout] test positional_word ... ok
[INFO] [stdout] test help_flag ... ok
[INFO] [stdout] test highlight_letters_pir_pri ... ok
[INFO] [stdout] test completions_bash ... ok
[INFO] [stdout] test text_mode ... ok
[INFO] [stdout] test json_output_is_valid_on_adversarial_inputs ... ok
[INFO] [stdout] test completions_zsh ... ok
[INFO] [stdout] test stdin_mode ... ok
[INFO] [stdout] test version_flag ... ok
[INFO] [stdout] test json_mode ... ok
[INFO] [stdout] test json_text_mutually_exclusive ... ok
[INFO] [stdout] test multiple_positional_words ... ok
[INFO] [stdout] test novice_reader_flag_accepted ... ok
[INFO] [stdout] test oral_mode_changes_output ... ok
[INFO] [stderr]      Running tests/edge_cases.rs (/opt/rustwide/target/release/deps/edge_cases-a9e4f741f8486986)
[INFO] [stdout] test json_rejects_multi_words ... ok
[INFO] [stdout] 
[INFO] [stdout] test result: ok. 18 passed; 0 failed; 0 ignored; 0 measured; 0 filtered out; finished in 0.09s
[INFO] [stdout] 
[INFO] [stdout] 
[INFO] [stdout] running 10 tests
[INFO] [stdout] test phonemes_empty_string ... ok
[INFO] [stdout] test syllabify_text_empty_string ... ok
[INFO] [stdout] test single_punctuation_is_raw_chunk ... ok
[INFO] [stdout] test empty_string_returns_one_empty_syllable ... ok
[INFO] [stdout] test digits_are_opaque ... ok
[INFO] [stdout] test single_letter ... ok
[INFO] [stdout] test uppercase_preserves_case_in_output ... ok
[INFO] [stdout] test chars_outside_automaton_are_dropped ... ok
[INFO] [stdout] test word_with_apostrophe ... ok
[INFO] [stdout] test hyphenated_word ... ok
[INFO] [stdout] 
[INFO] [stdout] test result: ok. 10 passed; 0 failed; 0 ignored; 0 measured; 0 filtered out; finished in 0.01s
[INFO] [stdout] 
[INFO] [stderr]      Running tests/properties.rs (/opt/rustwide/target/release/deps/properties-e327d5fe69bc7a96)
[INFO] [stdout] 
[INFO] [stdout] running 15 tests
[INFO] [stdout] test syllables_never_panics_on_arbitrary_utf8 ... ok
[INFO] [stdout] test syllabify_text_never_panics_on_arbitrary_utf8 ... ok
[INFO] [stdout] test liaison_predicates_never_panic ... ok
[INFO] [stdout] test syllables_preserve_letter_count_for_french ... ok
[INFO] [stdout] test render_html_never_panics_on_arbitrary_utf8 ... ok
[INFO] [stdout] test syllables_no_empty_syllable_for_nonempty_word ... ok
[INFO] [stdout] test phonemes_never_panics ... ok
[INFO] [stdout] test syllables_never_panics_on_realistic_word ... ok
[INFO] [stdout] test phonemes_letters_partition_input_length ... ok
[INFO] [stdout] test render_word_html_never_panics_and_balanced ... ok
[INFO] [stdout] test syllables_preserve_letter_count_for_mixed_case_french ... ok
[INFO] [stdout] test syllables_preserve_letter_count_for_ascii ... ok
[INFO] [stdout] test syllabify_text_never_panics ... ok
[INFO] [stdout] test render_html_escapes_angle_brackets ... ok
[INFO] [stdout] test syllables_never_panics_on_long_word ... ok
[INFO] [stdout] 
[INFO] [stdout] test result: ok. 15 passed; 0 failed; 0 ignored; 0 measured; 0 filtered out; finished in 0.25s
[INFO] [stdout] 
[INFO] [stderr]      Running tests/regression.rs (/opt/rustwide/target/release/deps/regression-a8025cf0457dffd1)
[INFO] [stdout] 
[INFO] [stdout] running 1 test
[INFO] [stdout] test regression_syllabes ... ok
[INFO] [stdout] 
[INFO] [stdout] test result: ok. 1 passed; 0 failed; 0 ignored; 0 measured; 0 filtered out; finished in 0.13s
[INFO] [stdout] 
[INFO] [stderr]    Doc-tests syllabify_fr
[INFO] [stdout] 
[INFO] [stdout] running 8 tests
[INFO] [stdout] test src/lib.rs - syllabify_text (line 87) ... FAILED
[INFO] [stdout] test src/lib.rs - (line 12) ... FAILED
[INFO] [stdout] test src/liaisons.rs - liaisons (line 12) ... ok
[INFO] [stdout] test src/lib.rs - phonemes (line 69) ... ok
[INFO] [stdout] test src/lib.rs - syllables (line 40) ... ok
[INFO] [stdout] test src/letters.rs - letters (line 11) ... ok
[INFO] [stdout] test src/letters.rs - letters::presets::by_name (line 372) ... ok
[INFO] [stdout] test src/html.rs - html (line 19) ... ok
[INFO] [stderr] error: doctest failed, to rerun pass `--doc`
[INFO] [stdout] 
[INFO] [stdout] failures:
[INFO] [stdout] 
[INFO] [stdout] ---- src/lib.rs - syllabify_text (line 87) stdout ----
[INFO] [stdout] Couldn't compile the test.
[INFO] [stdout] ---- src/lib.rs - (line 12) stdout ----
[INFO] [stdout] Couldn't compile the test.
[INFO] [stdout] 
[INFO] [stdout] failures:
[INFO] [stdout]     src/lib.rs - (line 12)
[INFO] [stdout]     src/lib.rs - syllabify_text (line 87)
[INFO] [stdout] 
[INFO] [stdout] test result: FAILED. 6 passed; 2 failed; 0 ignored; 0 measured; 0 filtered out; finished in 13.45s
[INFO] [stdout] 
[INFO] running `Command { std: "docker" "inspect" "5f8410a5299615c5a5fef92e2dff356131f70b39b17b8127622cdf07bcbc86ce", kill_on_drop: false }`
[INFO] running `Command { std: "docker" "rm" "-f" "5f8410a5299615c5a5fef92e2dff356131f70b39b17b8127622cdf07bcbc86ce", kill_on_drop: false }`
[INFO] [stdout] 5f8410a5299615c5a5fef92e2dff356131f70b39b17b8127622cdf07bcbc86ce
