[INFO] fetching crate sqlx-paginated 0.6.2...
[INFO] testing sqlx-paginated-0.6.2 against 1.100.0-beta.1+cargoflags=--release for beta-release-1.100-2
[INFO] extracting crate sqlx-paginated 0.6.2 into /workspace/builds/worker-4-tc2/source
[INFO] started tweaking crates.io crate sqlx-paginated 0.6.2
[INFO] removed 0 missing tests
[INFO] finished tweaking crates.io crate sqlx-paginated 0.6.2
[INFO] tweaked toml for crates.io crate sqlx-paginated 0.6.2 written to /workspace/builds/worker-4-tc2/source/Cargo.toml
[INFO] validating manifest of crates.io crate sqlx-paginated 0.6.2 on toolchain 1.100.0-beta.1
[INFO] running `Command { std: CARGO_HOME="/workspace/cargo-home" RUSTUP_HOME="/workspace/rustup-home" "/workspace/cargo-home/bin/cargo" "+1.100.0-beta.1" "metadata" "--manifest-path" "Cargo.toml" "--no-deps", kill_on_drop: false }`
[INFO] crate crates.io crate sqlx-paginated 0.6.2 already has a lockfile, it will not be regenerated
[INFO] running `Command { std: CARGO_HOME="/workspace/cargo-home" RUSTUP_HOME="/workspace/rustup-home" "/workspace/cargo-home/bin/cargo" "+1.100.0-beta.1" "fetch" "--manifest-path" "Cargo.toml", kill_on_drop: false }`
[INFO] running `Command { std: "docker" "create" "-v" "/var/lib/crater-agent-workspace/builds/worker-4-tc2/source:/opt/rustwide/workdir:ro,Z" "-v" "/var/lib/crater-agent-workspace/builds/worker-4-tc2/target:/opt/rustwide/target:rw,Z" "-v" "/var/lib/crater-agent-workspace/cargo-home:/opt/rustwide/cargo-home:ro,Z" "-v" "/var/lib/crater-agent-workspace/rustup-home:/opt/rustwide/rustup-home:ro,Z" "-m" "1610612736" "--network" "none" "ghcr.io/rust-lang/crates-build-env/linux@sha256:77db811e55d90add9212f6832c23229e3de5f1c1f9905e8cb07319ea15df73ac" "sleep" "infinity", kill_on_drop: false }`
[INFO] [stdout] ea7c5f23527b90a02fe1c3dd90922c3383fcfd787681cf54be9fd6ccdf49bce5
[INFO] running `Command { std: "docker" "start" "ea7c5f23527b90a02fe1c3dd90922c3383fcfd787681cf54be9fd6ccdf49bce5", kill_on_drop: false }`
[INFO] running `Command { std: "docker" "inspect" "ea7c5f23527b90a02fe1c3dd90922c3383fcfd787681cf54be9fd6ccdf49bce5", kill_on_drop: false }`
[INFO] running `Command { std: "docker" "exec" "-e" "SOURCE_DIR=/opt/rustwide/workdir" "-e" "CARGO_HOME=/opt/rustwide/cargo-home" "-e" "RUSTUP_HOME=/opt/rustwide/rustup-home" "-e" "CARGO_TARGET_DIR=/opt/rustwide/target" "-w" "/opt/rustwide/workdir" "--user" "0:0" "ea7c5f23527b90a02fe1c3dd90922c3383fcfd787681cf54be9fd6ccdf49bce5" "/opt/rustwide/cargo-home/bin/cargo" "+1.100.0-beta.1" "metadata" "--no-deps" "--format-version=1", kill_on_drop: false }`
[INFO] running `Command { std: "docker" "inspect" "ea7c5f23527b90a02fe1c3dd90922c3383fcfd787681cf54be9fd6ccdf49bce5", kill_on_drop: false }`
[INFO] running `Command { std: "docker" "exec" "-e" "SOURCE_DIR=/opt/rustwide/workdir" "-e" "CARGO_HOME=/opt/rustwide/cargo-home" "-e" "RUSTUP_HOME=/opt/rustwide/rustup-home" "-e" "CARGO_TARGET_DIR=/opt/rustwide/target" "-e" "CARGO_INCREMENTAL=0" "-e" "RUST_BACKTRACE=full" "-e" "RUSTFLAGS=--cap-lints=warn" "-e" "RUSTDOCFLAGS=--cap-lints=warn" "-w" "/opt/rustwide/workdir" "--user" "0:0" "ea7c5f23527b90a02fe1c3dd90922c3383fcfd787681cf54be9fd6ccdf49bce5" "/opt/rustwide/cargo-home/bin/cargo" "+1.100.0-beta.1" "build" "--frozen" "--message-format=json" "--release", kill_on_drop: false }`
[INFO] [stderr]    Compiling find-msvc-tools v0.1.11
[INFO] [stderr]    Compiling crossbeam-utils v0.8.22
[INFO] [stderr]    Compiling rustls v0.23.43
[INFO] [stderr]    Compiling futures-core v0.3.34
[INFO] [stderr]    Compiling syn v3.0.3
[INFO] [stderr]    Compiling syn v2.0.119
[INFO] [stderr]    Compiling hybrid-array v0.4.14
[INFO] [stderr]    Compiling pkg-config v0.3.34
[INFO] [stderr]    Compiling zeroize v1.9.0
[INFO] [stderr]    Compiling getrandom v0.2.17
[INFO] [stderr]    Compiling untrusted v0.9.0
[INFO] [stderr]    Compiling mio v1.2.2
[INFO] [stderr]    Compiling socket2 v0.6.5
[INFO] [stderr]    Compiling form_urlencoded v1.2.2
[INFO] [stderr]    Compiling cc v1.4.3
[INFO] [stderr]    Compiling num-traits v0.2.19
[INFO] [stderr]    Compiling tinyvec_macros v0.1.1
[INFO] [stderr]    Compiling cpufeatures v0.3.0
[INFO] [stderr]    Compiling subtle v2.6.1
[INFO] [stderr]    Compiling indexmap v2.14.0
[INFO] [stderr]    Compiling futures-util v0.3.34
[INFO] [stderr]    Compiling chrono v0.4.45
[INFO] [stderr]    Compiling tinyvec v1.12.0
[INFO] [stderr]    Compiling rustls-pki-types v1.15.1
[INFO] [stderr]    Compiling sha2 v0.10.9
[INFO] [stderr]    Compiling webpki-roots v1.0.9
[INFO] [stderr]    Compiling uuid v1.24.1
[INFO] [stderr]    Compiling tokio v1.53.1
[INFO] [stderr]    Compiling getrandom v0.4.3
[INFO] [stderr]    Compiling crossbeam-queue v0.3.13
[INFO] [stderr]    Compiling unicode-normalization v0.1.25
[INFO] [stderr]    Compiling crypto-common v0.2.2
[INFO] [stderr]    Compiling block-buffer v0.12.1
[INFO] [stderr]    Compiling chacha20 v0.10.1
[INFO] [stderr]    Compiling futures-channel v0.3.34
[INFO] [stderr]    Compiling spin v0.9.9
[INFO] [stderr]    Compiling stringprep v0.1.5
[INFO] [stderr]    Compiling flume v0.12.0
[INFO] [stderr]    Compiling rand v0.10.2
[INFO] [stderr]    Compiling bitflags v2.13.1
[INFO] [stderr]    Compiling digest v0.11.3
[INFO] [stderr]    Compiling hmac v0.13.0
[INFO] [stderr]    Compiling atoi v2.0.0
[INFO] [stderr]    Compiling hkdf v0.13.0
[INFO] [stderr]    Compiling md-5 v0.11.0
[INFO] [stderr]    Compiling sha2 v0.11.0
[INFO] [stderr]    Compiling futures-executor v0.3.34
[INFO] [stderr]    Compiling ring v0.17.14
[INFO] [stderr]    Compiling libsqlite3-sys v0.37.0
[INFO] [stderr]    Compiling zerovec-derive v0.11.4
[INFO] [stderr]    Compiling serde_derive v1.0.229
[INFO] [stderr]    Compiling displaydoc v0.2.7
[INFO] [stderr]    Compiling thiserror-impl v2.0.20
[INFO] [stderr]    Compiling synstructure v0.13.2
[INFO] [stderr]    Compiling zerofrom-derive v0.1.7
[INFO] [stderr]    Compiling yoke-derive v0.8.2
[INFO] [stderr]    Compiling tracing-attributes v0.1.31
[INFO] [stderr]    Compiling sqlx-paginated-derive v0.6.2
[INFO] [stderr]    Compiling thiserror v2.0.20
[INFO] [stderr]    Compiling tracing v0.1.44
[INFO] [stderr]    Compiling tokio-stream v0.1.19
[INFO] [stderr]    Compiling zerofrom v0.1.8
[INFO] [stderr]    Compiling yoke v0.8.3
[INFO] [stderr]    Compiling zerovec v0.11.7
[INFO] [stderr]    Compiling zerotrie v0.2.5
[INFO] [stderr]    Compiling serde v1.0.229
[INFO] [stderr]    Compiling tinystr v0.8.4
[INFO] [stderr]    Compiling potential_utf v0.1.6
[INFO] [stderr]    Compiling rustls-webpki v0.103.14
[INFO] [stderr]    Compiling icu_collections v2.3.0
[INFO] [stderr]    Compiling icu_locale_core v2.3.0
[INFO] [stderr]    Compiling smallvec v1.15.2
[INFO] [stderr]    Compiling either v1.17.0
[INFO] [stderr]    Compiling parking_lot_core v0.9.12
[INFO] [stderr]    Compiling parking_lot v0.12.5
[INFO] [stderr]    Compiling futures-intrusive v0.5.0
[INFO] [stderr]    Compiling icu_provider v2.3.0
[INFO] [stderr]    Compiling icu_normalizer v2.3.0
[INFO] [stderr]    Compiling icu_properties v2.3.0
[INFO] [stderr]    Compiling idna_adapter v1.2.2
[INFO] [stderr]    Compiling idna v1.1.0
[INFO] [stderr]    Compiling url v2.5.8
[INFO] [stderr]    Compiling sqlx-core v0.9.0
[INFO] [stderr]    Compiling sqlx-sqlite v0.9.0
[INFO] [stderr]    Compiling sqlx-postgres v0.9.0
[INFO] [stderr]    Compiling sqlx-macros-core v0.9.0
[INFO] [stderr]    Compiling sqlx-macros v0.9.0
[INFO] [stderr]    Compiling sqlx v0.9.0
[INFO] [stderr]    Compiling sqlx-paginated v0.6.2 (/opt/rustwide/workdir)
[INFO] [stderr]     Finished `release` profile [optimized] target(s) in 3m 07s
[INFO] running `Command { std: "docker" "inspect" "ea7c5f23527b90a02fe1c3dd90922c3383fcfd787681cf54be9fd6ccdf49bce5", kill_on_drop: false }`
[INFO] running `Command { std: "docker" "exec" "-e" "SOURCE_DIR=/opt/rustwide/workdir" "-e" "CARGO_HOME=/opt/rustwide/cargo-home" "-e" "RUSTUP_HOME=/opt/rustwide/rustup-home" "-e" "CARGO_TARGET_DIR=/opt/rustwide/target" "-e" "CARGO_INCREMENTAL=0" "-e" "RUST_BACKTRACE=full" "-e" "RUSTFLAGS=--cap-lints=warn" "-e" "RUSTDOCFLAGS=--cap-lints=warn" "-w" "/opt/rustwide/workdir" "--user" "0:0" "ea7c5f23527b90a02fe1c3dd90922c3383fcfd787681cf54be9fd6ccdf49bce5" "/opt/rustwide/cargo-home/bin/cargo" "+1.100.0-beta.1" "test" "--frozen" "--no-run" "--message-format=json" "--release", kill_on_drop: false }`
[INFO] [stderr]    Compiling serde_core v1.0.229
[INFO] [stderr]    Compiling futures-channel v0.3.34
[INFO] [stderr]    Compiling syn v3.0.3
[INFO] [stderr]    Compiling errno v0.3.14
[INFO] [stderr]    Compiling rustls v0.23.43
[INFO] [stderr]    Compiling anyhow v1.0.104
[INFO] [stderr]    Compiling sync_wrapper v1.0.2
[INFO] [stderr]    Compiling signal-hook-registry v1.4.8
[INFO] [stderr]    Compiling axum-core v0.5.6
[INFO] [stderr]    Compiling pin-project-internal v1.1.13
[INFO] [stderr]    Compiling matchit v0.8.4
[INFO] [stderr]    Compiling base64 v0.23.1
[INFO] [stderr]    Compiling strsim v0.11.1
[INFO] [stderr]    Compiling getrandom v0.3.4
[INFO] [stderr]    Compiling bollard-buildkit-proto v0.7.0
[INFO] [stderr]    Compiling utf8-zero v0.8.1
[INFO] [stderr]    Compiling rustix v1.1.4
[INFO] [stderr]    Compiling ppv-lite86 v0.2.21
[INFO] [stderr]    Compiling num-bigint v0.4.8
[INFO] [stderr]    Compiling structmeta-derive v0.3.0
[INFO] [stderr]    Compiling aho-corasick v1.1.5
[INFO] [stderr]    Compiling regex-syntax v0.8.11
[INFO] [stderr]    Compiling rand_core v0.9.5
[INFO] [stderr]    Compiling darling_core v0.23.0
[INFO] [stderr]    Compiling linux-raw-sys v0.12.1
[INFO] [stderr]    Compiling num-iter v0.1.46
[INFO] [stderr]    Compiling ureq-proto v0.6.1
[INFO] [stderr]    Compiling rand_chacha v0.9.0
[INFO] [stderr]    Compiling num-complex v0.4.6
[INFO] [stderr]    Compiling async-stream-impl v0.3.6
[INFO] [stderr]    Compiling rand v0.9.5
[INFO] [stderr]    Compiling flume v0.12.0
[INFO] [stderr]    Compiling pin-project v1.1.13
[INFO] [stderr]    Compiling async-stream v0.3.6
[INFO] [stderr]    Compiling ferroid v2.0.0
[INFO] [stderr]    Compiling etcetera v0.11.0
[INFO] [stderr]    Compiling structmeta v0.3.0
[INFO] [stderr]    Compiling parse-display-derive v0.9.1
[INFO] [stderr]    Compiling num-rational v0.4.2
[INFO] [stderr]    Compiling num v0.4.3
[INFO] [stderr]    Compiling regex-automata v0.4.18
[INFO] [stderr]    Compiling xattr v1.6.1
[INFO] [stderr]    Compiling darling_macro v0.23.0
[INFO] [stderr]    Compiling darling v0.23.0
[INFO] [stderr]    Compiling serde_with_macros v3.22.0
[INFO] [stderr]    Compiling serde_json v1.0.151
[INFO] [stderr]    Compiling deranged v0.5.8
[INFO] [stderr]    Compiling serde_with v3.22.0
[INFO] [stderr]    Compiling ureq v3.4.0
[INFO] [stderr]    Compiling serde_derive v1.0.229
[INFO] [stderr]    Compiling zerovec-derive v0.11.4
[INFO] [stderr]    Compiling displaydoc v0.2.7
[INFO] [stderr]    Compiling tokio-macros v2.7.2
[INFO] [stderr]    Compiling futures-macro v0.3.34
[INFO] [stderr]    Compiling thiserror-impl v2.0.20
[INFO] [stderr]    Compiling async-trait v0.1.92
[INFO] [stderr]    Compiling serde_repr v0.1.21
[INFO] [stderr]    Compiling tokio v1.53.1
[INFO] [stderr]    Compiling time v0.3.55
[INFO] [stderr]    Compiling futures-util v0.3.34
[INFO] [stderr]    Compiling zerotrie v0.2.5
[INFO] [stderr]    Compiling thiserror v2.0.20
[INFO] [stderr]    Compiling zerovec v0.11.7
[INFO] [stderr]    Compiling regex v1.13.1
[INFO] [stderr]    Compiling tinystr v0.8.4
[INFO] [stderr]    Compiling potential_utf v0.1.6
[INFO] [stderr]    Compiling icu_locale_core v2.3.0
[INFO] [stderr]    Compiling icu_collections v2.3.0
[INFO] [stderr]    Compiling parse-display v0.9.1
[INFO] [stderr]    Compiling serde v1.0.229
[INFO] [stderr]    Compiling either v1.17.0
[INFO] [stderr]    Compiling smallvec v1.15.2
[INFO] [stderr]    Compiling icu_provider v2.3.0
[INFO] [stderr]    Compiling icu_normalizer v2.3.0
[INFO] [stderr]    Compiling icu_properties v2.3.0
[INFO] [stderr]    Compiling parking_lot_core v0.9.12
[INFO] [stderr]    Compiling itertools v0.14.0
[INFO] [stderr]    Compiling parking_lot v0.12.5
[INFO] [stderr]    Compiling futures-intrusive v0.5.0
[INFO] [stderr]    Compiling futures-executor v0.3.34
[INFO] [stderr]    Compiling idna_adapter v1.2.2
[INFO] [stderr]    Compiling chrono v0.4.45
[INFO] [stderr]    Compiling idna v1.1.0
[INFO] [stderr]    Compiling url v2.5.8
[INFO] [stderr]    Compiling serde_urlencoded v0.7.1
[INFO] [stderr]    Compiling futures v0.3.34
[INFO] [stderr]    Compiling docker_credential v1.4.0
[INFO] [stderr]    Compiling prost-derive v0.14.4
[INFO] [stderr]    Compiling sqlx-core v0.9.0
[INFO] [stderr]    Compiling tokio-util v0.7.19
[INFO] [stderr]    Compiling tokio-stream v0.1.19
[INFO] [stderr]    Compiling tokio-rustls v0.26.4
[INFO] [stderr]    Compiling astral-tokio-tar v0.6.4
[INFO] [stderr]    Compiling h2 v0.4.15
[INFO] [stderr]    Compiling tower v0.5.3
[INFO] [stderr]    Compiling prost v0.14.4
[INFO] [stderr]    Compiling axum v0.8.9
[INFO] [stderr]    Compiling prost-types v0.14.4
[INFO] [stderr]    Compiling sqlx-sqlite v0.9.0
[INFO] [stderr]    Compiling sqlx-postgres v0.9.0
[INFO] [stderr]    Compiling hyper v1.11.0
[INFO] [stderr]    Compiling sqlx-macros-core v0.9.0
[INFO] [stderr]    Compiling hyper-util v0.1.20
[INFO] [stderr]    Compiling sqlx-macros v0.9.0
[INFO] [stderr]    Compiling sqlx v0.9.0
[INFO] [stderr]    Compiling sqlx-paginated v0.6.2 (/opt/rustwide/workdir)
[INFO] [stderr]    Compiling hyper-timeout v0.5.2
[INFO] [stderr]    Compiling hyperlocal v0.9.1
[INFO] [stderr]    Compiling hyper-rustls v0.27.9
[INFO] [stderr]    Compiling tonic v0.14.6
[INFO] [stderr]    Compiling tonic-prost v0.14.6
[INFO] [stderr]    Compiling bollard-stubs v1.52.1-rc.29.1.3
[INFO] [stderr]    Compiling bollard v0.20.2
[INFO] [stderr]    Compiling testcontainers v0.27.3
[INFO] [stderr]    Compiling testcontainers-modules v0.15.0
[INFO] [stderr]     Finished `release` profile [optimized] target(s) in 4m 05s
[INFO] running `Command { std: "docker" "inspect" "ea7c5f23527b90a02fe1c3dd90922c3383fcfd787681cf54be9fd6ccdf49bce5", kill_on_drop: false }`
[INFO] running `Command { std: "docker" "exec" "-e" "SOURCE_DIR=/opt/rustwide/workdir" "-e" "CARGO_HOME=/opt/rustwide/cargo-home" "-e" "RUSTUP_HOME=/opt/rustwide/rustup-home" "-e" "CARGO_TARGET_DIR=/opt/rustwide/target" "-e" "CARGO_INCREMENTAL=0" "-e" "RUST_BACKTRACE=full" "-e" "RUSTFLAGS=--cap-lints=warn" "-e" "RUSTDOCFLAGS=--cap-lints=warn" "-w" "/opt/rustwide/workdir" "--user" "0:0" "ea7c5f23527b90a02fe1c3dd90922c3383fcfd787681cf54be9fd6ccdf49bce5" "/opt/rustwide/cargo-home/bin/cargo" "+1.100.0-beta.1" "test" "--frozen" "--release", kill_on_drop: false }`
[INFO] [stderr]     Finished `release` profile [optimized] target(s) in 0.54s
[INFO] [stderr]      Running unittests src/lib.rs (/opt/rustwide/target/release/build/sqlx-paginated/edc2458744020b56/out/sqlx_paginated-edc2458744020b56)
[INFO] [stdout] 
[INFO] [stdout] running 67 tests
[INFO] [stdout] test paginated_query_as::builders::query_params_builder::tests::test_search_with_columns ... ok
[INFO] [stdout] test paginated_query_as::builders::query_params_builder::tests::test_mixed_pagination ... ok
[INFO] [stdout] test paginated_query_as::builders::query_params_builder::tests::test_pagination_defaults ... ok
[INFO] [stdout] test paginated_query_as::builders::query_params_builder::tests::test_filter_operators ... ok
[INFO] [stdout] test paginated_query_as::builders::query_params_builder::tests::test_filter_chain ... ok
[INFO] [stdout] test paginated_query_as::builders::query_params_builder::tests::test_combined_defaults ... ok
[INFO] [stdout] test paginated_query_as::builders::query_params_builder::tests::test_default_sort_column ... ok
[INFO] [stdout] test paginated_query_as::builders::query_params_builder::tests::test_full_params ... ok
[INFO] [stdout] test paginated_query_as::internal::deserializers::page_size_deserialize::tests::test_page_size_deserialize ... ok
[INFO] [stdout] test paginated_query_as::builders::query_params_builder::tests::test_invalid_params ... ok
[INFO] [stdout] test paginated_query_as::internal::deserializers::search_deserialize::tests::test_search_deserialize ... ok
[INFO] [stdout] test paginated_query_as::builders::query_params_builder::tests::test_search_defaults ... ok
[INFO] [stdout] test paginated_query_as::internal::deserializers::search_columns_deserialize::tests::test_search_columns_deserialize ... ok
[INFO] [stdout] test paginated_query_as::builders::query_params_builder::tests::test_empty_params ... ok
[INFO] [stdout] test paginated_query_as::internal::dialects::postgres_dialect::tests::test_placeholder ... ok
[INFO] [stdout] test paginated_query_as::internal::dialects::postgres_dialect::tests::test_quote_identifier ... ok
[INFO] [stdout] test paginated_query_as::internal::dialects::postgres_dialect::tests::test_type_cast ... ok
[INFO] [stdout] test paginated_query_as::internal::dialects::postgres_dialect_utils::tests::test_binary_types ... ok
[INFO] [stdout] test paginated_query_as::examples::query_builder_examples::postgres_examples::test::test_search_query_generation ... ok
[INFO] [stdout] test paginated_query_as::builders::query_params_builder::tests::test_date_range_defaults ... ok
[INFO] [stdout] test paginated_query_as::internal::dialects::postgres_dialect_utils::tests::test_boolean_types ... ok
[INFO] [stdout] test paginated_query_as::builders::query_params_builder::tests::test_filter_null ... ok
[INFO] [stdout] test paginated_query_as::internal::dialects::postgres_dialect_utils::tests::test_date_time_types ... ok
[INFO] [stdout] test paginated_query_as::internal::dialects::postgres_dialect_utils::tests::test_edge_cases ... ok
[INFO] [stdout] test paginated_query_as::internal::dialects::postgres_dialect_utils::tests::test_numeric_types ... ok
[INFO] [stdout] test paginated_query_as::builders::query_params_builder::tests::test_filter_in ... ok
[INFO] [stdout] test paginated_query_as::internal::dialects::postgres_dialect_utils::tests::test_xml_types ... ok
[INFO] [stdout] test paginated_query_as::internal::internal_utils::tests::test_default_page_size ... ok
[INFO] [stdout] test paginated_query_as::internal::dialects::postgres_dialect_utils::tests::test_json_types ... ok
[INFO] [stdout] test paginated_query_as::internal::internal_utils::tests::test_default_search_columns ... ok
[INFO] [stdout] test paginated_query_as::builders::query_params_builder::tests::test_filters ... ok
[INFO] [stdout] test paginated_query_as::internal::dialects::postgres_dialect_utils::tests::test_network_types ... ok
[INFO] [stdout] test paginated_query_as::internal::internal_utils::tests::test_default_sort_direction ... ok
[INFO] [stdout] test paginated_query_as::internal::dialects::postgres_dialect_utils::tests::test_uuid_types ... ok
[INFO] [stdout] test paginated_query_as::builders::query_params_builder::tests::test_partial_params ... ok
[INFO] [stdout] test paginated_query_as::examples::query_builder_examples::postgres_examples::test::test_empty_search_query ... ok
[INFO] [stdout] test paginated_query_as::internal::dialects::postgres_dialect_utils::tests::test_special_values ... ok
[INFO] [stdout] test paginated_query_as::internal::dialects::postgres_dialect_utils::tests::test_type_precedence ... ok
[INFO] [stdout] test paginated_query_as::internal::deserializers::page_deserialize::tests::test_page_deserialize ... ok
[INFO] [stdout] test paginated_query_as::internal::internal_utils::tests::test_default_page ... ok
[INFO] [stdout] test paginated_query_as::internal::internal_utils::tests::test_default_sort_field ... ok
[INFO] [stdout] test paginated_query_as::internal::internal_utils::tests::test_quote_identifier_empty ... ok
[INFO] [stdout] test paginated_query_as::internal::protection::column_protection::tests::test_empty_and_whitespace ... ok
[INFO] [stdout] test paginated_query_as::internal::protection::column_protection::tests::test_special_characters ... ok
[INFO] [stdout] test paginated_query_as::internal::internal_utils::tests::test_extract_digits_from_strings ... ok
[INFO] [stdout] test paginated_query_as::internal::internal_utils::tests::test_quote_identifier_dots ... ok
[INFO] [stdout] test paginated_query_as::internal::protection::column_protection::tests::test_custom_patterns ... ok
[INFO] [stdout] test paginated_query_as::internal::protection::column_protection::tests::test_realistic_scenarios ... ok
[INFO] [stdout] test paginated_query_as::internal::protection::column_protection::tests::test_system_column_allowlist ... ok
[INFO] [stdout] test paginated_query_as::internal::protection::column_protection::tests::test_case_sensitivity ... ok
[INFO] [stdout] test paginated_query_as::internal::protection::column_protection::tests::test_pattern_precedence ... ok
[INFO] [stdout] test paginated_query_as::models::query_filter::tests::test_operator_accepts_multiple ... ok
[INFO] [stdout] test paginated_query_as::models::query_filter::tests::test_operator_requires_value ... ok
[INFO] [stdout] test paginated_query_as::internal::internal_utils::tests::test_quote_identifier_sql_injection ... ok
[INFO] [stdout] test paginated_query_as::models::query_filter::tests::test_filter_condition_in_list ... ok
[INFO] [stdout] test paginated_query_as::models::query_filter::tests::test_filter_condition_constructors ... ok
[INFO] [stdout] test paginated_query_as::internal::internal_utils::tests::test_quote_identifier_escaping ... ok
[INFO] [stdout] test paginated_query_as::internal::internal_utils::tests::test_quote_identifier_schema ... ok
[INFO] [stdout] test paginated_query_as::internal::protection::column_protection::tests::test_postgres_specific_protection ... ok
[INFO] [stdout] test paginated_query_as::internal::protection::column_protection::tests::test_multiple_patterns ... ok
[INFO] [stdout] test paginated_query_as::models::query_filter::tests::test_operator_from_str ... ok
[INFO] [stdout] test paginated_query_as::internal::protection::column_protection::tests::test_schema_qualified_names ... ok
[INFO] [stdout] test paginated_query_as::internal::internal_utils::tests::test_quote_identifier_simple ... ok
[INFO] [stdout] test paginated_query_as::internal::protection::column_protection::tests::test_default_initialization ... ok
[INFO] [stdout] test paginated_query_as::internal::internal_utils::tests::test_quote_identifier_special_cases ... ok
[INFO] [stdout] test paginated_query_as::models::query_filter::tests::test_filter_condition_from_string ... ok
[INFO] [stdout] test paginated_query_as::models::query_filter::tests::test_operator_to_sql ... ok
[INFO] [stdout] 
[INFO] [stdout] test result: ok. 67 passed; 0 failed; 0 ignored; 0 measured; 0 filtered out; finished in 0.01s
[INFO] [stdout] 
[INFO] [stderr]      Running tests/end_to_end.rs (/opt/rustwide/target/release/build/sqlx-paginated/3a3ed8bc8f2d23ba/out/end_to_end-3a3ed8bc8f2d23ba)
[INFO] [stdout] 
[INFO] [stdout] running 20 tests
[INFO] [stdout] test postgres::test_combined_search_filter_sort_pagination ... FAILED
[INFO] [stdout] test postgres::test_disable_totals_count ... FAILED
[INFO] [stdout] test postgres::test_empty_table ... FAILED
[INFO] [stdout] test postgres::test_filter_between_range ... FAILED
[INFO] [stdout] test postgres::test_filter_null_check ... FAILED
[INFO] [stdout] test postgres::test_filter_equality ... FAILED
[INFO] [stdout] test postgres::test_filter_greater_than ... FAILED
[INFO] [stdout] test postgres::test_large_result_set ... FAILED
[INFO] [stdout] test postgres::test_filter_in_operator ... FAILED
[INFO] [stdout] test postgres::test_basic_pagination ... FAILED
[INFO] [stdout] test postgres::test_date_range_filter ... FAILED
[INFO] [stdout] test postgres::test_complex_filtering_scenario ... FAILED
[INFO] [stdout] test postgres::test_pagination_second_page ... FAILED
[INFO] [stdout] test postgres::test_search_multiple_columns ... FAILED
[INFO] [stdout] test postgres::test_sort_ascending ... FAILED
[INFO] [stdout] test postgres::test_sort_descending ... FAILED
[INFO] [stdout] test postgres::test_sql_injection_attempt_in_filter ... FAILED
[INFO] [stdout] test postgres::test_search_case_insensitive ... FAILED
[INFO] [stdout] test postgres::test_search_single_column ... FAILED
[INFO] [stdout] test postgres::test_sql_injection_attempt_in_search ... FAILED
[INFO] [stdout] 
[INFO] [stdout] failures:
[INFO] [stdout] 
[INFO] [stdout] ---- postgres::test_combined_search_filter_sort_pagination stdout ----
[INFO] [stdout] 
[INFO] [stdout] thread 'postgres::test_combined_search_filter_sort_pagination' (4967) panicked at tests/end_to_end/postgres.rs:553:52:
[INFO] [stdout] called `Result::unwrap()` on an `Err` value: failed to initialize a docker client: Socket not found: /var/run/docker.sock
[INFO] [stdout] 
[INFO] [stdout] Stack backtrace:
[INFO] [stdout]    0: <anyhow::Error as core::convert::From<testcontainers::core::error::TestcontainersError>>::from
[INFO] [stdout]    1: end_to_end::postgres::setup_test_db::{closure#0}
[INFO] [stdout]    2: end_to_end::postgres::test_combined_search_filter_sort_pagination::{closure#0}
[INFO] [stdout]    3: <tokio::runtime::scheduler::current_thread::CurrentThread>::block_on::<core::pin::Pin<&mut dyn core::future::future::Future<Output = ()>>>
[INFO] [stdout]    4: <tokio::runtime::runtime::Runtime>::block_on::<core::pin::Pin<&mut dyn core::future::future::Future<Output = ()>>>
[INFO] [stdout]    5: <end_to_end::postgres::test_combined_search_filter_sort_pagination::{closure#0} as core::ops::function::FnOnce<()>>::call_once
[INFO] [stdout]    6: test::__rust_begin_short_backtrace::<core::result::Result<(), alloc::string::String>, fn() -> core::result::Result<(), alloc::string::String>>
[INFO] [stdout]    7: test::run_test::{closure#0}
[INFO] [stdout]    8: std::sys::backtrace::__rust_begin_short_backtrace::<test::run_test::{closure#1}, ()>
[INFO] [stdout]    9: <std::thread::lifecycle::spawn_unchecked<test::run_test::{closure#1}, ()>::{closure#1} as core::ops::function::FnOnce<()>>::call_once::{shim:vtable#0}
[INFO] [stdout]   10: <std::sys::thread::unix::Thread>::new::thread_start
[INFO] [stdout]   11: <unknown>
[INFO] [stdout]   12: clone
[INFO] [stdout] stack backtrace:
[INFO] [stdout]    0:     0x60ccf37cf6d1 - <<std[617be2ca0a6fd877]::sys::backtrace::BacktraceLock>::print::DisplayBacktrace as core[a373ad73a504971]::fmt::Display>::fmt
[INFO] [stdout]    1:     0x60ccf37e82da - core[a373ad73a504971]::fmt::write
[INFO] [stdout]    2:     0x60ccf37d496c - <alloc[2e1b2a31b91974c5]::vec::Vec<u8> as core[a373ad73a504971]::io::write::Write>::write_fmt
[INFO] [stdout]    3:     0x60ccf37a8a66 - std[617be2ca0a6fd877]::panicking::default_hook::{closure#0}
[INFO] [stdout]    4:     0x60ccf37c6b09 - std[617be2ca0a6fd877]::panicking::default_hook
[INFO] [stdout]    5:     0x60ccf337d450 - test[aada8e7e76ba119b]::test_main_inner::{closure#0}
[INFO] [stdout]    6:     0x60ccf37c6e32 - std[617be2ca0a6fd877]::panicking::panic_with_hook
[INFO] [stdout]    7:     0x60ccf37a8b12 - std[617be2ca0a6fd877]::panicking::panic_handler::{closure#0}
[INFO] [stdout]    8:     0x60ccf37a0f89 - std[617be2ca0a6fd877]::sys::backtrace::__rust_end_short_backtrace::<std[617be2ca0a6fd877]::panicking::panic_handler::{closure#0}, !>
[INFO] [stdout]    9:     0x60ccf37a9a1d - __rustc[ea4f61d10b84890b]::rust_begin_unwind
[INFO] [stdout]   10:     0x60ccf37e8abc - core[a373ad73a504971]::panicking::panic_fmt
[INFO] [stdout]   11:     0x60ccf37e8892 - core[a373ad73a504971]::result::unwrap_failed
[INFO] [stdout]   12:     0x60ccf331edab - end_to_end[b2e0e55b1862d41c]::postgres::test_combined_search_filter_sort_pagination::{closure#0}
[INFO] [stdout]   13:     0x60ccf3353fd5 - <tokio[b73627b1649ca97e]::runtime::scheduler::current_thread::CurrentThread>::block_on::<core[a373ad73a504971]::pin::Pin<&mut dyn core[a373ad73a504971]::future::future::Future<Output = ()>>>
[INFO] [stdout]   14:     0x60ccf32c4852 - <tokio[b73627b1649ca97e]::runtime::runtime::Runtime>::block_on::<core[a373ad73a504971]::pin::Pin<&mut dyn core[a373ad73a504971]::future::future::Future<Output = ()>>>
[INFO] [stdout]   15:     0x60ccf332555c - <end_to_end[b2e0e55b1862d41c]::postgres::test_combined_search_filter_sort_pagination::{closure#0} as core[a373ad73a504971]::ops::function::FnOnce<()>>::call_once
[INFO] [stdout]   16:     0x60ccf337089b - test[aada8e7e76ba119b]::__rust_begin_short_backtrace::<core[a373ad73a504971]::result::Result<(), alloc[2e1b2a31b91974c5]::string::String>, fn() -> core[a373ad73a504971]::result::Result<(), alloc[2e1b2a31b91974c5]::string::String>>
[INFO] [stdout]   17:     0x60ccf337da75 - test[aada8e7e76ba119b]::run_test::{closure#0}
[INFO] [stdout]   18:     0x60ccf3377364 - std[617be2ca0a6fd877]::sys::backtrace::__rust_begin_short_backtrace::<test[aada8e7e76ba119b]::run_test::{closure#1}, ()>
[INFO] [stdout]   19:     0x60ccf3380b02 - <std[617be2ca0a6fd877]::thread::lifecycle::spawn_unchecked<test[aada8e7e76ba119b]::run_test::{closure#1}, ()>::{closure#1} as core[a373ad73a504971]::ops::function::FnOnce<()>>::call_once::{shim:vtable#0}
[INFO] [stdout]   20:     0x60ccf37ce50f - <std[617be2ca0a6fd877]::sys::thread::unix::Thread>::new::thread_start
[INFO] [stdout]   21:     0x7c12d2e64dfa - <unknown>
[INFO] [stdout]   22:     0x7c12d2ef83d4 - clone
[INFO] [stdout]   23:                0x0 - <unknown>
[INFO] [stdout] 
[INFO] [stdout] ---- postgres::test_disable_totals_count stdout ----
[INFO] [stdout] 
[INFO] [stdout] thread 'postgres::test_disable_totals_count' (4970) panicked at tests/end_to_end/postgres.rs:688:52:
[INFO] [stdout] called `Result::unwrap()` on an `Err` value: failed to initialize a docker client: Socket not found: /var/run/docker.sock
[INFO] [stdout] 
[INFO] [stdout] Stack backtrace:
[INFO] [stdout]    0: <anyhow::Error as core::convert::From<testcontainers::core::error::TestcontainersError>>::from
[INFO] [stdout]    1: end_to_end::postgres::setup_test_db::{closure#0}
[INFO] [stdout]    2: end_to_end::postgres::test_disable_totals_count::{closure#0}
[INFO] [stdout]    3: <tokio::runtime::scheduler::current_thread::CurrentThread>::block_on::<core::pin::Pin<&mut dyn core::future::future::Future<Output = ()>>>
[INFO] [stdout]    4: <tokio::runtime::runtime::Runtime>::block_on::<core::pin::Pin<&mut dyn core::future::future::Future<Output = ()>>>
[INFO] [stdout]    5: <end_to_end::postgres::test_disable_totals_count::{closure#0} as core::ops::function::FnOnce<()>>::call_once
[INFO] [stdout]    6: test::__rust_begin_short_backtrace::<core::result::Result<(), alloc::string::String>, fn() -> core::result::Result<(), alloc::string::String>>
[INFO] [stdout]    7: test::run_test::{closure#0}
[INFO] [stdout]    8: std::sys::backtrace::__rust_begin_short_backtrace::<test::run_test::{closure#1}, ()>
[INFO] [stdout]    9: <std::thread::lifecycle::spawn_unchecked<test::run_test::{closure#1}, ()>::{closure#1} as core::ops::function::FnOnce<()>>::call_once::{shim:vtable#0}
[INFO] [stdout]   10: <std::sys::thread::unix::Thread>::new::thread_start
[INFO] [stdout]   11: <unknown>
[INFO] [stdout]   12: clone
[INFO] [stdout] stack backtrace:
[INFO] [stdout]    0:     0x60ccf37cf6d1 - <<std[617be2ca0a6fd877]::sys::backtrace::BacktraceLock>::print::DisplayBacktrace as core[a373ad73a504971]::fmt::Display>::fmt
[INFO] [stdout]    1:     0x60ccf37e82da - core[a373ad73a504971]::fmt::write
[INFO] [stdout]    2:     0x60ccf37d496c - <alloc[2e1b2a31b91974c5]::vec::Vec<u8> as core[a373ad73a504971]::io::write::Write>::write_fmt
[INFO] [stdout]    3:     0x60ccf37a8a66 - std[617be2ca0a6fd877]::panicking::default_hook::{closure#0}
[INFO] [stdout]    4:     0x60ccf37c6b09 - std[617be2ca0a6fd877]::panicking::default_hook
[INFO] [stdout]    5:     0x60ccf337d450 - test[aada8e7e76ba119b]::test_main_inner::{closure#0}
[INFO] [stdout]    6:     0x60ccf37c6e32 - std[617be2ca0a6fd877]::panicking::panic_with_hook
[INFO] [stdout]    7:     0x60ccf37a8b12 - std[617be2ca0a6fd877]::panicking::panic_handler::{closure#0}
[INFO] [stdout]    8:     0x60ccf37a0f89 - std[617be2ca0a6fd877]::sys::backtrace::__rust_end_short_backtrace::<std[617be2ca0a6fd877]::panicking::panic_handler::{closure#0}, !>
[INFO] [stdout]    9:     0x60ccf37a9a1d - __rustc[ea4f61d10b84890b]::rust_begin_unwind
[INFO] [stdout]   10:     0x60ccf37e8abc - core[a373ad73a504971]::panicking::panic_fmt
[INFO] [stdout]   11:     0x60ccf37e8892 - core[a373ad73a504971]::result::unwrap_failed
[INFO] [stdout]   12:     0x60ccf33199e0 - end_to_end[b2e0e55b1862d41c]::postgres::test_disable_totals_count::{closure#0}
[INFO] [stdout]   13:     0x60ccf3353fd5 - <tokio[b73627b1649ca97e]::runtime::scheduler::current_thread::CurrentThread>::block_on::<core[a373ad73a504971]::pin::Pin<&mut dyn core[a373ad73a504971]::future::future::Future<Output = ()>>>
[INFO] [stdout]   14:     0x60ccf32c4852 - <tokio[b73627b1649ca97e]::runtime::runtime::Runtime>::block_on::<core[a373ad73a504971]::pin::Pin<&mut dyn core[a373ad73a504971]::future::future::Future<Output = ()>>>
[INFO] [stdout]   15:     0x60ccf332486c - <end_to_end[b2e0e55b1862d41c]::postgres::test_disable_totals_count::{closure#0} as core[a373ad73a504971]::ops::function::FnOnce<()>>::call_once
[INFO] [stdout]   16:     0x60ccf337089b - test[aada8e7e76ba119b]::__rust_begin_short_backtrace::<core[a373ad73a504971]::result::Result<(), alloc[2e1b2a31b91974c5]::string::String>, fn() -> core[a373ad73a504971]::result::Result<(), alloc[2e1b2a31b91974c5]::string::String>>
[INFO] [stdout]   17:     0x60ccf337da75 - test[aada8e7e76ba119b]::run_test::{closure#0}
[INFO] [stdout]   18:     0x60ccf3377364 - std[617be2ca0a6fd877]::sys::backtrace::__rust_begin_short_backtrace::<test[aada8e7e76ba119b]::run_test::{closure#1}, ()>
[INFO] [stdout]   19:     0x60ccf3380b02 - <std[617be2ca0a6fd877]::thread::lifecycle::spawn_unchecked<test[aada8e7e76ba119b]::run_test::{closure#1}, ()>::{closure#1} as core[a373ad73a504971]::ops::function::FnOnce<()>>::call_once::{shim:vtable#0}
[INFO] [stdout]   20:     0x60ccf37ce50f - <std[617be2ca0a6fd877]::sys::thread::unix::Thread>::new::thread_start
[INFO] [stdout]   21:     0x7c12d2e64dfa - <unknown>
[INFO] [stdout]   22:     0x7c12d2ef83d4 - clone
[INFO] [stdout]   23:                0x0 - <unknown>
[INFO] [stdout] 
[INFO] [stdout] ---- postgres::test_empty_table stdout ----
[INFO] [stdout] 
[INFO] [stdout] thread 'postgres::test_empty_table' (4971) panicked at tests/end_to_end/postgres.rs:670:52:
[INFO] [stdout] called `Result::unwrap()` on an `Err` value: failed to initialize a docker client: Socket not found: /var/run/docker.sock
[INFO] [stdout] 
[INFO] [stdout] Stack backtrace:
[INFO] [stdout]    0: <anyhow::Error as core::convert::From<testcontainers::core::error::TestcontainersError>>::from
[INFO] [stdout]    1: end_to_end::postgres::setup_test_db::{closure#0}
[INFO] [stdout]    2: end_to_end::postgres::test_empty_table::{closure#0}
[INFO] [stdout]    3: <tokio::runtime::scheduler::current_thread::CurrentThread>::block_on::<core::pin::Pin<&mut dyn core::future::future::Future<Output = ()>>>
[INFO] [stdout]    4: <tokio::runtime::runtime::Runtime>::block_on::<core::pin::Pin<&mut dyn core::future::future::Future<Output = ()>>>
[INFO] [stdout]    5: <end_to_end::postgres::test_empty_table::{closure#0} as core::ops::function::FnOnce<()>>::call_once
[INFO] [stdout]    6: test::__rust_begin_short_backtrace::<core::result::Result<(), alloc::string::String>, fn() -> core::result::Result<(), alloc::string::String>>
[INFO] [stdout]    7: test::run_test::{closure#0}
[INFO] [stdout]    8: std::sys::backtrace::__rust_begin_short_backtrace::<test::run_test::{closure#1}, ()>
[INFO] [stdout]    9: <std::thread::lifecycle::spawn_unchecked<test::run_test::{closure#1}, ()>::{closure#1} as core::ops::function::FnOnce<()>>::call_once::{shim:vtable#0}
[INFO] [stdout]   10: <std::sys::thread::unix::Thread>::new::thread_start
[INFO] [stdout]   11: <unknown>
[INFO] [stdout]   12: clone
[INFO] [stdout] stack backtrace:
[INFO] [stdout]    0:     0x60ccf37cf6d1 - <<std[617be2ca0a6fd877]::sys::backtrace::BacktraceLock>::print::DisplayBacktrace as core[a373ad73a504971]::fmt::Display>::fmt
[INFO] [stdout]    1:     0x60ccf37e82da - core[a373ad73a504971]::fmt::write
[INFO] [stdout]    2:     0x60ccf37d496c - <alloc[2e1b2a31b91974c5]::vec::Vec<u8> as core[a373ad73a504971]::io::write::Write>::write_fmt
[INFO] [stdout]    3:     0x60ccf37a8a66 - std[617be2ca0a6fd877]::panicking::default_hook::{closure#0}
[INFO] [stdout]    4:     0x60ccf37c6b09 - std[617be2ca0a6fd877]::panicking::default_hook
[INFO] [stdout]    5:     0x60ccf337d450 - test[aada8e7e76ba119b]::test_main_inner::{closure#0}
[INFO] [stdout]    6:     0x60ccf37c6e32 - std[617be2ca0a6fd877]::panicking::panic_with_hook
[INFO] [stdout]    7:     0x60ccf37a8b12 - std[617be2ca0a6fd877]::panicking::panic_handler::{closure#0}
[INFO] [stdout]    8:     0x60ccf37a0f89 - std[617be2ca0a6fd877]::sys::backtrace::__rust_end_short_backtrace::<std[617be2ca0a6fd877]::panicking::panic_handler::{closure#0}, !>
[INFO] [stdout]    9:     0x60ccf37a9a1d - __rustc[ea4f61d10b84890b]::rust_begin_unwind
[INFO] [stdout]   10:     0x60ccf37e8abc - core[a373ad73a504971]::panicking::panic_fmt
[INFO] [stdout]   11:     0x60ccf37e8892 - core[a373ad73a504971]::result::unwrap_failed
[INFO] [stdout]   12:     0x60ccf3312d1d - end_to_end[b2e0e55b1862d41c]::postgres::test_empty_table::{closure#0}
[INFO] [stdout]   13:     0x60ccf3353fd5 - <tokio[b73627b1649ca97e]::runtime::scheduler::current_thread::CurrentThread>::block_on::<core[a373ad73a504971]::pin::Pin<&mut dyn core[a373ad73a504971]::future::future::Future<Output = ()>>>
[INFO] [stdout]   14:     0x60ccf32c4852 - <tokio[b73627b1649ca97e]::runtime::runtime::Runtime>::block_on::<core[a373ad73a504971]::pin::Pin<&mut dyn core[a373ad73a504971]::future::future::Future<Output = ()>>>
[INFO] [stdout]   15:     0x60ccf3323a0c - <end_to_end[b2e0e55b1862d41c]::postgres::test_empty_table::{closure#0} as core[a373ad73a504971]::ops::function::FnOnce<()>>::call_once
[INFO] [stdout]   16:     0x60ccf337089b - test[aada8e7e76ba119b]::__rust_begin_short_backtrace::<core[a373ad73a504971]::result::Result<(), alloc[2e1b2a31b91974c5]::string::String>, fn() -> core[a373ad73a504971]::result::Result<(), alloc[2e1b2a31b91974c5]::string::String>>
[INFO] [stdout]   17:     0x60ccf337da75 - test[aada8e7e76ba119b]::run_test::{closure#0}
[INFO] [stdout]   18:     0x60ccf3377364 - std[617be2ca0a6fd877]::sys::backtrace::__rust_begin_short_backtrace::<test[aada8e7e76ba119b]::run_test::{closure#1}, ()>
[INFO] [stdout]   19:     0x60ccf3380b02 - <std[617be2ca0a6fd877]::thread::lifecycle::spawn_unchecked<test[aada8e7e76ba119b]::run_test::{closure#1}, ()>::{closure#1} as core[a373ad73a504971]::ops::function::FnOnce<()>>::call_once::{shim:vtable#0}
[INFO] [stdout]   20:     0x60ccf37ce50f - <std[617be2ca0a6fd877]::sys::thread::unix::Thread>::new::thread_start
[INFO] [stdout]   21:     0x7c12d2e64dfa - <unknown>
[INFO] [stdout]   22:     0x7c12d2ef83d4 - clone
[INFO] [stdout]   23:                0x0 - <unknown>
[INFO] [stdout] 
[INFO] [stdout] ---- postgres::test_filter_between_range stdout ----
[INFO] [stdout] 
[INFO] [stdout] thread 'postgres::test_filter_between_range' (4972) panicked at tests/end_to_end/postgres.rs:449:52:
[INFO] [stdout] called `Result::unwrap()` on an `Err` value: failed to initialize a docker client: Socket not found: /var/run/docker.sock
[INFO] [stdout] 
[INFO] [stdout] Stack backtrace:
[INFO] [stdout]    0: <anyhow::Error as core::convert::From<testcontainers::core::error::TestcontainersError>>::from
[INFO] [stdout]    1: end_to_end::postgres::setup_test_db::{closure#0}
[INFO] [stdout]    2: end_to_end::postgres::test_filter_between_range::{closure#0}
[INFO] [stdout]    3: <tokio::runtime::scheduler::current_thread::CurrentThread>::block_on::<core::pin::Pin<&mut dyn core::future::future::Future<Output = ()>>>
[INFO] [stdout]    4: <tokio::runtime::runtime::Runtime>::block_on::<core::pin::Pin<&mut dyn core::future::future::Future<Output = ()>>>
[INFO] [stdout]    5: <end_to_end::postgres::test_filter_between_range::{closure#0} as core::ops::function::FnOnce<()>>::call_once
[INFO] [stdout]    6: test::__rust_begin_short_backtrace::<core::result::Result<(), alloc::string::String>, fn() -> core::result::Result<(), alloc::string::String>>
[INFO] [stdout]    7: test::run_test::{closure#0}
[INFO] [stdout]    8: std::sys::backtrace::__rust_begin_short_backtrace::<test::run_test::{closure#1}, ()>
[INFO] [stdout]    9: <std::thread::lifecycle::spawn_unchecked<test::run_test::{closure#1}, ()>::{closure#1} as core::ops::function::FnOnce<()>>::call_once::{shim:vtable#0}
[INFO] [stdout]   10: <std::sys::thread::unix::Thread>::new::thread_start
[INFO] [stdout]   11: <unknown>
[INFO] [stdout]   12: clone
[INFO] [stdout] stack backtrace:
[INFO] [stdout]    0:     0x60ccf37cf6d1 - <<std[617be2ca0a6fd877]::sys::backtrace::BacktraceLock>::print::DisplayBacktrace as core[a373ad73a504971]::fmt::Display>::fmt
[INFO] [stdout]    1:     0x60ccf37e82da - core[a373ad73a504971]::fmt::write
[INFO] [stdout]    2:     0x60ccf37d496c - <alloc[2e1b2a31b91974c5]::vec::Vec<u8> as core[a373ad73a504971]::io::write::Write>::write_fmt
[INFO] [stdout]    3:     0x60ccf37a8a66 - std[617be2ca0a6fd877]::panicking::default_hook::{closure#0}
[INFO] [stdout]    4:     0x60ccf37c6b09 - std[617be2ca0a6fd877]::panicking::default_hook
[INFO] [stdout]    5:     0x60ccf337d450 - test[aada8e7e76ba119b]::test_main_inner::{closure#0}
[INFO] [stdout]    6:     0x60ccf37c6e32 - std[617be2ca0a6fd877]::panicking::panic_with_hook
[INFO] [stdout]    7:     0x60ccf37a8b12 - std[617be2ca0a6fd877]::panicking::panic_handler::{closure#0}
[INFO] [stdout]    8:     0x60ccf37a0f89 - std[617be2ca0a6fd877]::sys::backtrace::__rust_end_short_backtrace::<std[617be2ca0a6fd877]::panicking::panic_handler::{closure#0}, !>
[INFO] [stdout]    9:     0x60ccf37a9a1d - __rustc[ea4f61d10b84890b]::rust_begin_unwind
[INFO] [stdout]   10:     0x60ccf37e8abc - core[a373ad73a504971]::panicking::panic_fmt
[INFO] [stdout]   11:     0x60ccf37e8892 - core[a373ad73a504971]::result::unwrap_failed
[INFO] [stdout]   12:     0x60ccf331a0f1 - end_to_end[b2e0e55b1862d41c]::postgres::test_filter_between_range::{closure#0}
[INFO] [stdout]   13:     0x60ccf3353fd5 - <tokio[b73627b1649ca97e]::runtime::scheduler::current_thread::CurrentThread>::block_on::<core[a373ad73a504971]::pin::Pin<&mut dyn core[a373ad73a504971]::future::future::Future<Output = ()>>>
[INFO] [stdout]   14:     0x60ccf32c4852 - <tokio[b73627b1649ca97e]::runtime::runtime::Runtime>::block_on::<core[a373ad73a504971]::pin::Pin<&mut dyn core[a373ad73a504971]::future::future::Future<Output = ()>>>
[INFO] [stdout]   15:     0x60ccf33249dc - <end_to_end[b2e0e55b1862d41c]::postgres::test_filter_between_range::{closure#0} as core[a373ad73a504971]::ops::function::FnOnce<()>>::call_once
[INFO] [stdout]   16:     0x60ccf337089b - test[aada8e7e76ba119b]::__rust_begin_short_backtrace::<core[a373ad73a504971]::result::Result<(), alloc[2e1b2a31b91974c5]::string::String>, fn() -> core[a373ad73a504971]::result::Result<(), alloc[2e1b2a31b91974c5]::string::String>>
[INFO] [stdout]   17:     0x60ccf337da75 - test[aada8e7e76ba119b]::run_test::{closure#0}
[INFO] [stdout]   18:     0x60ccf3377364 - std[617be2ca0a6fd877]::sys::backtrace::__rust_begin_short_backtrace::<test[aada8e7e76ba119b]::run_test::{closure#1}, ()>
[INFO] [stdout]   19:     0x60ccf3380b02 - <std[617be2ca0a6fd877]::thread::lifecycle::spawn_unchecked<test[aada8e7e76ba119b]::run_test::{closure#1}, ()>::{closure#1} as core[a373ad73a504971]::ops::function::FnOnce<()>>::call_once::{shim:vtable#0}
[INFO] [stdout]   20:     0x60ccf37ce50f - <std[617be2ca0a6fd877]::sys::thread::unix::Thread>::new::thread_start
[INFO] [stdout]   21:     0x7c12d2e64dfa - <unknown>
[INFO] [stdout]   22:     0x7c12d2ef83d4 - clone
[INFO] [stdout]   23:                0x0 - <unknown>
[INFO] [stdout] 
[INFO] [stdout] ---- postgres::test_filter_null_check stdout ----
[INFO] [stdout] 
[INFO] [stdout] thread 'postgres::test_filter_null_check' (4977) panicked at tests/end_to_end/postgres.rs:473:52:
[INFO] [stdout] called `Result::unwrap()` on an `Err` value: failed to initialize a docker client: Socket not found: /var/run/docker.sock
[INFO] [stdout] 
[INFO] [stdout] Stack backtrace:
[INFO] [stdout]    0: <anyhow::Error as core::convert::From<testcontainers::core::error::TestcontainersError>>::from
[INFO] [stdout]    1: end_to_end::postgres::setup_test_db::{closure#0}
[INFO] [stdout]    2: end_to_end::postgres::test_filter_null_check::{closure#0}
[INFO] [stdout]    3: <tokio::runtime::scheduler::current_thread::CurrentThread>::block_on::<core::pin::Pin<&mut dyn core::future::future::Future<Output = ()>>>
[INFO] [stdout]    4: <tokio::runtime::runtime::Runtime>::block_on::<core::pin::Pin<&mut dyn core::future::future::Future<Output = ()>>>
[INFO] [stdout]    5: <end_to_end::postgres::test_filter_null_check::{closure#0} as core::ops::function::FnOnce<()>>::call_once
[INFO] [stdout]    6: test::__rust_begin_short_backtrace::<core::result::Result<(), alloc::string::String>, fn() -> core::result::Result<(), alloc::string::String>>
[INFO] [stdout]    7: test::run_test::{closure#0}
[INFO] [stdout]    8: std::sys::backtrace::__rust_begin_short_backtrace::<test::run_test::{closure#1}, ()>
[INFO] [stdout]    9: <std::thread::lifecycle::spawn_unchecked<test::run_test::{closure#1}, ()>::{closure#1} as core::ops::function::FnOnce<()>>::call_once::{shim:vtable#0}
[INFO] [stdout]   10: <std::sys::thread::unix::Thread>::new::thread_start
[INFO] [stdout]   11: <unknown>
[INFO] [stdout]   12: clone
[INFO] [stdout] stack backtrace:
[INFO] [stdout]    0:     0x60ccf37cf6d1 - <<std[617be2ca0a6fd877]::sys::backtrace::BacktraceLock>::print::DisplayBacktrace as core[a373ad73a504971]::fmt::Display>::fmt
[INFO] [stdout]    1:     0x60ccf37e82da - core[a373ad73a504971]::fmt::write
[INFO] [stdout]    2:     0x60ccf37d496c - <alloc[2e1b2a31b91974c5]::vec::Vec<u8> as core[a373ad73a504971]::io::write::Write>::write_fmt
[INFO] [stdout]    3:     0x60ccf37a8a66 - std[617be2ca0a6fd877]::panicking::default_hook::{closure#0}
[INFO] [stdout]    4:     0x60ccf37c6b09 - std[617be2ca0a6fd877]::panicking::default_hook
[INFO] [stdout]    5:     0x60ccf337d450 - test[aada8e7e76ba119b]::test_main_inner::{closure#0}
[INFO] [stdout]    6:     0x60ccf37c6e32 - std[617be2ca0a6fd877]::panicking::panic_with_hook
[INFO] [stdout]    7:     0x60ccf37a8b12 - std[617be2ca0a6fd877]::panicking::panic_handler::{closure#0}
[INFO] [stdout]    8:     0x60ccf37a0f89 - std[617be2ca0a6fd877]::sys::backtrace::__rust_end_short_backtrace::<std[617be2ca0a6fd877]::panicking::panic_handler::{closure#0}, !>
[INFO] [stdout]    9:     0x60ccf37a9a1d - __rustc[ea4f61d10b84890b]::rust_begin_unwind
[INFO] [stdout]   10:     0x60ccf37e8abc - core[a373ad73a504971]::panicking::panic_fmt
[INFO] [stdout]   11:     0x60ccf37e8892 - core[a373ad73a504971]::result::unwrap_failed
[INFO] [stdout]   12:     0x60ccf3317e11 - end_to_end[b2e0e55b1862d41c]::postgres::test_filter_null_check::{closure#0}
[INFO] [stdout]   13:     0x60ccf3353fd5 - <tokio[b73627b1649ca97e]::runtime::scheduler::current_thread::CurrentThread>::block_on::<core[a373ad73a504971]::pin::Pin<&mut dyn core[a373ad73a504971]::future::future::Future<Output = ()>>>
[INFO] [stdout]   14:     0x60ccf32c4852 - <tokio[b73627b1649ca97e]::runtime::runtime::Runtime>::block_on::<core[a373ad73a504971]::pin::Pin<&mut dyn core[a373ad73a504971]::future::future::Future<Output = ()>>>
[INFO] [stdout]   15:     0x60ccf332441c - <end_to_end[b2e0e55b1862d41c]::postgres::test_filter_null_check::{closure#0} as core[a373ad73a504971]::ops::function::FnOnce<()>>::call_once
[INFO] [stdout]   16:     0x60ccf337089b - test[aada8e7e76ba119b]::__rust_begin_short_backtrace::<core[a373ad73a504971]::result::Result<(), alloc[2e1b2a31b91974c5]::string::String>, fn() -> core[a373ad73a504971]::result::Result<(), alloc[2e1b2a31b91974c5]::string::String>>
[INFO] [stdout]   17:     0x60ccf337da75 - test[aada8e7e76ba119b]::run_test::{closure#0}
[INFO] [stdout]   18:     0x60ccf3377364 - std[617be2ca0a6fd877]::sys::backtrace::__rust_begin_short_backtrace::<test[aada8e7e76ba119b]::run_test::{closure#1}, ()>
[INFO] [stdout]   19:     0x60ccf3380b02 - <std[617be2ca0a6fd877]::thread::lifecycle::spawn_unchecked<test[aada8e7e76ba119b]::run_test::{closure#1}, ()>::{closure#1} as core[a373ad73a504971]::ops::function::FnOnce<()>>::call_once::{shim:vtable#0}
[INFO] [stdout]   20:     0x60ccf37ce50f - <std[617be2ca0a6fd877]::sys::thread::unix::Thread>::new::thread_start
[INFO] [stdout]   21:     0x7c12d2e64dfa - <unknown>
[INFO] [stdout]   22:     0x7c12d2ef83d4 - clone
[INFO] [stdout]   23:                0x0 - <unknown>
[INFO] [stdout] 
[INFO] [stdout] ---- postgres::test_filter_equality stdout ----
[INFO] [stdout] 
[INFO] [stdout] thread 'postgres::test_filter_equality' (4974) panicked at tests/end_to_end/postgres.rs:382:52:
[INFO] [stdout] called `Result::unwrap()` on an `Err` value: failed to initialize a docker client: Socket not found: /var/run/docker.sock
[INFO] [stdout] 
[INFO] [stdout] Stack backtrace:
[INFO] [stdout]    0: <anyhow::Error as core::convert::From<testcontainers::core::error::TestcontainersError>>::from
[INFO] [stdout]    1: end_to_end::postgres::setup_test_db::{closure#0}
[INFO] [stdout]    2: end_to_end::postgres::test_filter_equality::{closure#0}
[INFO] [stdout]    3: <tokio::runtime::scheduler::current_thread::CurrentThread>::block_on::<core::pin::Pin<&mut dyn core::future::future::Future<Output = ()>>>
[INFO] [stdout]    4: <tokio::runtime::runtime::Runtime>::block_on::<core::pin::Pin<&mut dyn core::future::future::Future<Output = ()>>>
[INFO] [stdout]    5: <end_to_end::postgres::test_filter_equality::{closure#0} as core::ops::function::FnOnce<()>>::call_once
[INFO] [stdout]    6: test::__rust_begin_short_backtrace::<core::result::Result<(), alloc::string::String>, fn() -> core::result::Result<(), alloc::string::String>>
[INFO] [stdout]    7: test::run_test::{closure#0}
[INFO] [stdout]    8: std::sys::backtrace::__rust_begin_short_backtrace::<test::run_test::{closure#1}, ()>
[INFO] [stdout]    9: <std::thread::lifecycle::spawn_unchecked<test::run_test::{closure#1}, ()>::{closure#1} as core::ops::function::FnOnce<()>>::call_once::{shim:vtable#0}
[INFO] [stdout]   10: <std::sys::thread::unix::Thread>::new::thread_start
[INFO] [stdout]   11: <unknown>
[INFO] [stdout]   12: clone
[INFO] [stdout] stack backtrace:
[INFO] [stdout]    0:     0x60ccf37cf6d1 - <<std[617be2ca0a6fd877]::sys::backtrace::BacktraceLock>::print::DisplayBacktrace as core[a373ad73a504971]::fmt::Display>::fmt
[INFO] [stdout]    1:     0x60ccf37e82da - core[a373ad73a504971]::fmt::write
[INFO] [stdout]    2:     0x60ccf37d496c - <alloc[2e1b2a31b91974c5]::vec::Vec<u8> as core[a373ad73a504971]::io::write::Write>::write_fmt
[INFO] [stdout]    3:     0x60ccf37a8a66 - std[617be2ca0a6fd877]::panicking::default_hook::{closure#0}
[INFO] [stdout]    4:     0x60ccf37c6b09 - std[617be2ca0a6fd877]::panicking::default_hook
[INFO] [stdout]    5:     0x60ccf337d450 - test[aada8e7e76ba119b]::test_main_inner::{closure#0}
[INFO] [stdout]    6:     0x60ccf37c6e32 - std[617be2ca0a6fd877]::panicking::panic_with_hook
[INFO] [stdout]    7:     0x60ccf37a8b12 - std[617be2ca0a6fd877]::panicking::panic_handler::{closure#0}
[INFO] [stdout]    8:     0x60ccf37a0f89 - std[617be2ca0a6fd877]::sys::backtrace::__rust_end_short_backtrace::<std[617be2ca0a6fd877]::panicking::panic_handler::{closure#0}, !>
[INFO] [stdout]    9:     0x60ccf37a9a1d - __rustc[ea4f61d10b84890b]::rust_begin_unwind
[INFO] [stdout]   10:     0x60ccf37e8abc - core[a373ad73a504971]::panicking::panic_fmt
[INFO] [stdout]   11:     0x60ccf37e8892 - core[a373ad73a504971]::result::unwrap_failed
[INFO] [stdout]   12:     0x60ccf3313d4d - end_to_end[b2e0e55b1862d41c]::postgres::test_filter_equality::{closure#0}
[INFO] [stdout]   13:     0x60ccf3353fd5 - <tokio[b73627b1649ca97e]::runtime::scheduler::current_thread::CurrentThread>::block_on::<core[a373ad73a504971]::pin::Pin<&mut dyn core[a373ad73a504971]::future::future::Future<Output = ()>>>
[INFO] [stdout]   14:     0x60ccf32c4852 - <tokio[b73627b1649ca97e]::runtime::runtime::Runtime>::block_on::<core[a373ad73a504971]::pin::Pin<&mut dyn core[a373ad73a504971]::future::future::Future<Output = ()>>>
[INFO] [stdout]   15:     0x60ccf3323cec - <end_to_end[b2e0e55b1862d41c]::postgres::test_filter_equality::{closure#0} as core[a373ad73a504971]::ops::function::FnOnce<()>>::call_once
[INFO] [stdout]   16:     0x60ccf337089b - test[aada8e7e76ba119b]::__rust_begin_short_backtrace::<core[a373ad73a504971]::result::Result<(), alloc[2e1b2a31b91974c5]::string::String>, fn() -> core[a373ad73a504971]::result::Result<(), alloc[2e1b2a31b91974c5]::string::String>>
[INFO] [stdout]   17:     0x60ccf337da75 - test[aada8e7e76ba119b]::run_test::{closure#0}
[INFO] [stdout]   18:     0x60ccf3377364 - std[617be2ca0a6fd877]::sys::backtrace::__rust_begin_short_backtrace::<test[aada8e7e76ba119b]::run_test::{closure#1}, ()>
[INFO] [stdout]   19:     0x60ccf3380b02 - <std[617be2ca0a6fd877]::thread::lifecycle::spawn_unchecked<test[aada8e7e76ba119b]::run_test::{closure#1}, ()>::{closure#1} as core[a373ad73a504971]::ops::function::FnOnce<()>>::call_once::{shim:vtable#0}
[INFO] [stdout]   20:     0x60ccf37ce50f - <std[617be2ca0a6fd877]::sys::thread::unix::Thread>::new::thread_start
[INFO] [stdout]   21:     0x7c12d2e64dfa - <unknown>
[INFO] [stdout]   22:     0x7c12d2ef83d4 - clone
[INFO] [stdout]   23:                0x0 - <unknown>
[INFO] [stdout] 
[INFO] [stdout] ---- postgres::test_filter_greater_than stdout ----
[INFO] [stdout] 
[INFO] [stdout] thread 'postgres::test_filter_greater_than' (4975) panicked at tests/end_to_end/postgres.rs:402:52:
[INFO] [stdout] called `Result::unwrap()` on an `Err` value: failed to initialize a docker client: Socket not found: /var/run/docker.sock
[INFO] [stdout] 
[INFO] [stdout] Stack backtrace:
[INFO] [stdout]    0: <anyhow::Error as core::convert::From<testcontainers::core::error::TestcontainersError>>::from
[INFO] [stdout]    1: end_to_end::postgres::setup_test_db::{closure#0}
[INFO] [stdout]    2: end_to_end::postgres::test_filter_greater_than::{closure#0}
[INFO] [stdout]    3: <tokio::runtime::scheduler::current_thread::CurrentThread>::block_on::<core::pin::Pin<&mut dyn core::future::future::Future<Output = ()>>>
[INFO] [stdout]    4: <tokio::runtime::runtime::Runtime>::block_on::<core::pin::Pin<&mut dyn core::future::future::Future<Output = ()>>>
[INFO] [stdout]    5: <end_to_end::postgres::test_filter_greater_than::{closure#0} as core::ops::function::FnOnce<()>>::call_once
[INFO] [stdout]    6: test::__rust_begin_short_backtrace::<core::result::Result<(), alloc::string::String>, fn() -> core::result::Result<(), alloc::string::String>>
[INFO] [stdout]    7: test::run_test::{closure#0}
[INFO] [stdout]    8: std::sys::backtrace::__rust_begin_short_backtrace::<test::run_test::{closure#1}, ()>
[INFO] [stdout]    9: <std::thread::lifecycle::spawn_unchecked<test::run_test::{closure#1}, ()>::{closure#1} as core::ops::function::FnOnce<()>>::call_once::{shim:vtable#0}
[INFO] [stdout]   10: <std::sys::thread::unix::Thread>::new::thread_start
[INFO] [stdout]   11: <unknown>
[INFO] [stdout]   12: clone
[INFO] [stdout] stack backtrace:
[INFO] [stdout]    0:     0x60ccf37cf6d1 - <<std[617be2ca0a6fd877]::sys::backtrace::BacktraceLock>::print::DisplayBacktrace as core[a373ad73a504971]::fmt::Display>::fmt
[INFO] [stdout]    1:     0x60ccf37e82da - core[a373ad73a504971]::fmt::write
[INFO] [stdout]    2:     0x60ccf37d496c - <alloc[2e1b2a31b91974c5]::vec::Vec<u8> as core[a373ad73a504971]::io::write::Write>::write_fmt
[INFO] [stdout]    3:     0x60ccf37a8a66 - std[617be2ca0a6fd877]::panicking::default_hook::{closure#0}
[INFO] [stdout]    4:     0x60ccf37c6b09 - std[617be2ca0a6fd877]::panicking::default_hook
[INFO] [stdout]    5:     0x60ccf337d450 - test[aada8e7e76ba119b]::test_main_inner::{closure#0}
[INFO] [stdout]    6:     0x60ccf37c6e32 - std[617be2ca0a6fd877]::panicking::panic_with_hook
[INFO] [stdout]    7:     0x60ccf37a8b12 - std[617be2ca0a6fd877]::panicking::panic_handler::{closure#0}
[INFO] [stdout]    8:     0x60ccf37a0f89 - std[617be2ca0a6fd877]::sys::backtrace::__rust_end_short_backtrace::<std[617be2ca0a6fd877]::panicking::panic_handler::{closure#0}, !>
[INFO] [stdout]    9:     0x60ccf37a9a1d - __rustc[ea4f61d10b84890b]::rust_begin_unwind
[INFO] [stdout]   10:     0x60ccf37e8abc - core[a373ad73a504971]::panicking::panic_fmt
[INFO] [stdout]   11:     0x60ccf37e8892 - core[a373ad73a504971]::result::unwrap_failed
[INFO] [stdout]   12:     0x60ccf3319201 - end_to_end[b2e0e55b1862d41c]::postgres::test_filter_greater_than::{closure#0}
[INFO] [stdout]   13:     0x60ccf3353fd5 - <tokio[b73627b1649ca97e]::runtime::scheduler::current_thread::CurrentThread>::block_on::<core[a373ad73a504971]::pin::Pin<&mut dyn core[a373ad73a504971]::future::future::Future<Output = ()>>>
[INFO] [stdout]   14:     0x60ccf32c4852 - <tokio[b73627b1649ca97e]::runtime::runtime::Runtime>::block_on::<core[a373ad73a504971]::pin::Pin<&mut dyn core[a373ad73a504971]::future::future::Future<Output = ()>>>
[INFO] [stdout]   15:     0x60ccf33246fc - <end_to_end[b2e0e55b1862d41c]::postgres::test_filter_greater_than::{closure#0} as core[a373ad73a504971]::ops::function::FnOnce<()>>::call_once
[INFO] [stdout]   16:     0x60ccf337089b - test[aada8e7e76ba119b]::__rust_begin_short_backtrace::<core[a373ad73a504971]::result::Result<(), alloc[2e1b2a31b91974c5]::string::String>, fn() -> core[a373ad73a504971]::result::Result<(), alloc[2e1b2a31b91974c5]::string::String>>
[INFO] [stdout]   17:     0x60ccf337da75 - test[aada8e7e76ba119b]::run_test::{closure#0}
[INFO] [stdout]   18:     0x60ccf3377364 - std[617be2ca0a6fd877]::sys::backtrace::__rust_begin_short_backtrace::<test[aada8e7e76ba119b]::run_test::{closure#1}, ()>
[INFO] [stdout]   19:     0x60ccf3380b02 - <std[617be2ca0a6fd877]::thread::lifecycle::spawn_unchecked<test[aada8e7e76ba119b]::run_test::{closure#1}, ()>::{closure#1} as core[a373ad73a504971]::ops::function::FnOnce<()>>::call_once::{shim:vtable#0}
[INFO] [stdout]   20:     0x60ccf37ce50f - <std[617be2ca0a6fd877]::sys::thread::unix::Thread>::new::thread_start
[INFO] [stdout]   21:     0x7c12d2e64dfa - <unknown>
[INFO] [stdout]   22:     0x7c12d2ef83d4 - clone
[INFO] [stdout]   23:                0x0 - <unknown>
[INFO] [stdout] 
[INFO] [stdout] ---- postgres::test_large_result_set stdout ----
[INFO] [stdout] 
[INFO] [stdout] thread 'postgres::test_large_result_set' (4978) panicked at tests/end_to_end/postgres.rs:710:52:
[INFO] [stdout] called `Result::unwrap()` on an `Err` value: failed to initialize a docker client: Socket not found: /var/run/docker.sock
[INFO] [stdout] 
[INFO] [stdout] Stack backtrace:
[INFO] [stdout]    0: <anyhow::Error as core::convert::From<testcontainers::core::error::TestcontainersError>>::from
[INFO] [stdout]    1: end_to_end::postgres::setup_test_db::{closure#0}
[INFO] [stdout]    2: end_to_end::postgres::test_large_result_set::{closure#0}
[INFO] [stdout]    3: <tokio::runtime::scheduler::current_thread::CurrentThread>::block_on::<core::pin::Pin<&mut dyn core::future::future::Future<Output = ()>>>
[INFO] [stdout]    4: <tokio::runtime::runtime::Runtime>::block_on::<core::pin::Pin<&mut dyn core::future::future::Future<Output = ()>>>
[INFO] [stdout]    5: <end_to_end::postgres::test_large_result_set::{closure#0} as core::ops::function::FnOnce<()>>::call_once
[INFO] [stdout]    6: test::__rust_begin_short_backtrace::<core::result::Result<(), alloc::string::String>, fn() -> core::result::Result<(), alloc::string::String>>
[INFO] [stdout]    7: test::run_test::{closure#0}
[INFO] [stdout]    8: std::sys::backtrace::__rust_begin_short_backtrace::<test::run_test::{closure#1}, ()>
[INFO] [stdout]    9: <std::thread::lifecycle::spawn_unchecked<test::run_test::{closure#1}, ()>::{closure#1} as core::ops::function::FnOnce<()>>::call_once::{shim:vtable#0}
[INFO] [stdout]   10: <std::sys::thread::unix::Thread>::new::thread_start
[INFO] [stdout]   11: <unknown>
[INFO] [stdout]   12: clone
[INFO] [stdout] stack backtrace:
[INFO] [stdout]    0:     0x60ccf37cf6d1 - <<std[617be2ca0a6fd877]::sys::backtrace::BacktraceLock>::print::DisplayBacktrace as core[a373ad73a504971]::fmt::Display>::fmt
[INFO] [stdout]    1:     0x60ccf37e82da - core[a373ad73a504971]::fmt::write
[INFO] [stdout]    2:     0x60ccf37d496c - <alloc[2e1b2a31b91974c5]::vec::Vec<u8> as core[a373ad73a504971]::io::write::Write>::write_fmt
[INFO] [stdout]    3:     0x60ccf37a8a66 - std[617be2ca0a6fd877]::panicking::default_hook::{closure#0}
[INFO] [stdout]    4:     0x60ccf37c6b09 - std[617be2ca0a6fd877]::panicking::default_hook
[INFO] [stdout]    5:     0x60ccf337d450 - test[aada8e7e76ba119b]::test_main_inner::{closure#0}
[INFO] [stdout]    6:     0x60ccf37c6e32 - std[617be2ca0a6fd877]::panicking::panic_with_hook
[INFO] [stdout]    7:     0x60ccf37a8b12 - std[617be2ca0a6fd877]::panicking::panic_handler::{closure#0}
[INFO] [stdout]    8:     0x60ccf37a0f89 - std[617be2ca0a6fd877]::sys::backtrace::__rust_end_short_backtrace::<std[617be2ca0a6fd877]::panicking::panic_handler::{closure#0}, !>
[INFO] [stdout]    9:     0x60ccf37a9a1d - __rustc[ea4f61d10b84890b]::rust_begin_unwind
[INFO] [stdout]   10:     0x60ccf37e8abc - core[a373ad73a504971]::panicking::panic_fmt
[INFO] [stdout]   11:     0x60ccf37e8892 - core[a373ad73a504971]::result::unwrap_failed
[INFO] [stdout]   12:     0x60ccf331531e - end_to_end[b2e0e55b1862d41c]::postgres::test_large_result_set::{closure#0}
[INFO] [stdout]   13:     0x60ccf3353fd5 - <tokio[b73627b1649ca97e]::runtime::scheduler::current_thread::CurrentThread>::block_on::<core[a373ad73a504971]::pin::Pin<&mut dyn core[a373ad73a504971]::future::future::Future<Output = ()>>>
[INFO] [stdout]   14:     0x60ccf32c4852 - <tokio[b73627b1649ca97e]::runtime::runtime::Runtime>::block_on::<core[a373ad73a504971]::pin::Pin<&mut dyn core[a373ad73a504971]::future::future::Future<Output = ()>>>
[INFO] [stdout]   15:     0x60ccf332413c - <end_to_end[b2e0e55b1862d41c]::postgres::test_large_result_set::{closure#0} as core[a373ad73a504971]::ops::function::FnOnce<()>>::call_once
[INFO] [stdout]   16:     0x60ccf337089b - test[aada8e7e76ba119b]::__rust_begin_short_backtrace::<core[a373ad73a504971]::result::Result<(), alloc[2e1b2a31b91974c5]::string::String>, fn() -> core[a373ad73a504971]::result::Result<(), alloc[2e1b2a31b91974c5]::string::String>>
[INFO] [stdout]   17:     0x60ccf337da75 - test[aada8e7e76ba119b]::run_test::{closure#0}
[INFO] [stdout]   18:     0x60ccf3377364 - std[617be2ca0a6fd877]::sys::backtrace::__rust_begin_short_backtrace::<test[aada8e7e76ba119b]::run_test::{closure#1}, ()>
[INFO] [stdout]   19:     0x60ccf3380b02 - <std[617be2ca0a6fd877]::thread::lifecycle::spawn_unchecked<test[aada8e7e76ba119b]::run_test::{closure#1}, ()>::{closure#1} as core[a373ad73a504971]::ops::function::FnOnce<()>>::call_once::{shim:vtable#0}
[INFO] [stdout]   20:     0x60ccf37ce50f - <std[617be2ca0a6fd877]::sys::thread::unix::Thread>::new::thread_start
[INFO] [stdout]   21:     0x7c12d2e64dfa - <unknown>
[INFO] [stdout]   22:     0x7c12d2ef83d4 - clone
[INFO] [stdout]   23:                0x0 - <unknown>
[INFO] [stdout] 
[INFO] [stdout] ---- postgres::test_filter_in_operator stdout ----
[INFO] [stdout] 
[INFO] [stdout] thread 'postgres::test_filter_in_operator' (4976) panicked at tests/end_to_end/postgres.rs:426:52:
[INFO] [stdout] called `Result::unwrap()` on an `Err` value: failed to initialize a docker client: Socket not found: /var/run/docker.sock
[INFO] [stdout] 
[INFO] [stdout] Stack backtrace:
[INFO] [stdout]    0: <anyhow::Error as core::convert::From<testcontainers::core::error::TestcontainersError>>::from
[INFO] [stdout]    1: end_to_end::postgres::setup_test_db::{closure#0}
[INFO] [stdout]    2: end_to_end::postgres::test_filter_in_operator::{closure#0}
[INFO] [stdout]    3: <tokio::runtime::scheduler::current_thread::CurrentThread>::block_on::<core::pin::Pin<&mut dyn core::future::future::Future<Output = ()>>>
[INFO] [stdout]    4: <tokio::runtime::runtime::Runtime>::block_on::<core::pin::Pin<&mut dyn core::future::future::Future<Output = ()>>>
[INFO] [stdout]    5: <end_to_end::postgres::test_filter_in_operator::{closure#0} as core::ops::function::FnOnce<()>>::call_once
[INFO] [stdout]    6: test::__rust_begin_short_backtrace::<core::result::Result<(), alloc::string::String>, fn() -> core::result::Result<(), alloc::string::String>>
[INFO] [stdout]    7: test::run_test::{closure#0}
[INFO] [stdout]    8: std::sys::backtrace::__rust_begin_short_backtrace::<test::run_test::{closure#1}, ()>
[INFO] [stdout]    9: <std::thread::lifecycle::spawn_unchecked<test::run_test::{closure#1}, ()>::{closure#1} as core::ops::function::FnOnce<()>>::call_once::{shim:vtable#0}
[INFO] [stdout]   10: <std::sys::thread::unix::Thread>::new::thread_start
[INFO] [stdout]   11: <unknown>
[INFO] [stdout]   12: clone
[INFO] [stdout] stack backtrace:
[INFO] [stdout]    0:     0x60ccf37cf6d1 - <<std[617be2ca0a6fd877]::sys::backtrace::BacktraceLock>::print::DisplayBacktrace as core[a373ad73a504971]::fmt::Display>::fmt
[INFO] [stdout]    1:     0x60ccf37e82da - core[a373ad73a504971]::fmt::write
[INFO] [stdout]    2:     0x60ccf37d496c - <alloc[2e1b2a31b91974c5]::vec::Vec<u8> as core[a373ad73a504971]::io::write::Write>::write_fmt
[INFO] [stdout]    3:     0x60ccf37a8a66 - std[617be2ca0a6fd877]::panicking::default_hook::{closure#0}
[INFO] [stdout]    4:     0x60ccf37c6b09 - std[617be2ca0a6fd877]::panicking::default_hook
[INFO] [stdout]    5:     0x60ccf337d450 - test[aada8e7e76ba119b]::test_main_inner::{closure#0}
[INFO] [stdout]    6:     0x60ccf37c6e32 - std[617be2ca0a6fd877]::panicking::panic_with_hook
[INFO] [stdout]    7:     0x60ccf37a8b12 - std[617be2ca0a6fd877]::panicking::panic_handler::{closure#0}
[INFO] [stdout]    8:     0x60ccf37a0f89 - std[617be2ca0a6fd877]::sys::backtrace::__rust_end_short_backtrace::<std[617be2ca0a6fd877]::panicking::panic_handler::{closure#0}, !>
[INFO] [stdout]    9:     0x60ccf37a9a1d - __rustc[ea4f61d10b84890b]::rust_begin_unwind
[INFO] [stdout]   10:     0x60ccf37e8abc - core[a373ad73a504971]::panicking::panic_fmt
[INFO] [stdout]   11:     0x60ccf37e8892 - core[a373ad73a504971]::result::unwrap_failed
[INFO] [stdout]   12:     0x60ccf3318a9c - end_to_end[b2e0e55b1862d41c]::postgres::test_filter_in_operator::{closure#0}
[INFO] [stdout]   13:     0x60ccf3353fd5 - <tokio[b73627b1649ca97e]::runtime::scheduler::current_thread::CurrentThread>::block_on::<core[a373ad73a504971]::pin::Pin<&mut dyn core[a373ad73a504971]::future::future::Future<Output = ()>>>
[INFO] [stdout]   14:     0x60ccf32c4852 - <tokio[b73627b1649ca97e]::runtime::runtime::Runtime>::block_on::<core[a373ad73a504971]::pin::Pin<&mut dyn core[a373ad73a504971]::future::future::Future<Output = ()>>>
[INFO] [stdout]   15:     0x60ccf332458c - <end_to_end[b2e0e55b1862d41c]::postgres::test_filter_in_operator::{closure#0} as core[a373ad73a504971]::ops::function::FnOnce<()>>::call_once
[INFO] [stdout]   16:     0x60ccf337089b - test[aada8e7e76ba119b]::__rust_begin_short_backtrace::<core[a373ad73a504971]::result::Result<(), alloc[2e1b2a31b91974c5]::string::String>, fn() -> core[a373ad73a504971]::result::Result<(), alloc[2e1b2a31b91974c5]::string::String>>
[INFO] [stdout]   17:     0x60ccf337da75 - test[aada8e7e76ba119b]::run_test::{closure#0}
[INFO] [stdout]   18:     0x60ccf3377364 - std[617be2ca0a6fd877]::sys::backtrace::__rust_begin_short_backtrace::<test[aada8e7e76ba119b]::run_test::{closure#1}, ()>
[INFO] [stdout]   19:     0x60ccf3380b02 - <std[617be2ca0a6fd877]::thread::lifecycle::spawn_unchecked<test[aada8e7e76ba119b]::run_test::{closure#1}, ()>::{closure#1} as core[a373ad73a504971]::ops::function::FnOnce<()>>::call_once::{shim:vtable#0}
[INFO] [stdout]   20:     0x60ccf37ce50f - <std[617be2ca0a6fd877]::sys::thread::unix::Thread>::new::thread_start
[INFO] [stdout]   21:     0x7c12d2e64dfa - <unknown>
[INFO] [stdout]   22:     0x7c12d2ef83d4 - clone
[INFO] [stdout]   23:                0x0 - <unknown>
[INFO] [stdout] 
[INFO] [stdout] ---- postgres::test_basic_pagination stdout ----
[INFO] [stdout] 
[INFO] [stdout] thread 'postgres::test_basic_pagination' (4966) panicked at tests/end_to_end/postgres.rs:218:52:
[INFO] [stdout] called `Result::unwrap()` on an `Err` value: failed to initialize a docker client: Socket not found: /var/run/docker.sock
[INFO] [stdout] 
[INFO] [stdout] Stack backtrace:
[INFO] [stdout]    0: <anyhow::Error as core::convert::From<testcontainers::core::error::TestcontainersError>>::from
[INFO] [stdout]    1: end_to_end::postgres::setup_test_db::{closure#0}
[INFO] [stdout]    2: end_to_end::postgres::test_basic_pagination::{closure#0}
[INFO] [stdout]    3: <tokio::runtime::scheduler::current_thread::CurrentThread>::block_on::<core::pin::Pin<&mut dyn core::future::future::Future<Output = ()>>>
[INFO] [stdout]    4: <tokio::runtime::runtime::Runtime>::block_on::<core::pin::Pin<&mut dyn core::future::future::Future<Output = ()>>>
[INFO] [stdout]    5: <end_to_end::postgres::test_basic_pagination::{closure#0} as core::ops::function::FnOnce<()>>::call_once
[INFO] [stdout]    6: test::__rust_begin_short_backtrace::<core::result::Result<(), alloc::string::String>, fn() -> core::result::Result<(), alloc::string::String>>
[INFO] [stdout]    7: test::run_test::{closure#0}
[INFO] [stdout]    8: std::sys::backtrace::__rust_begin_short_backtrace::<test::run_test::{closure#1}, ()>
[INFO] [stdout]    9: <std::thread::lifecycle::spawn_unchecked<test::run_test::{closure#1}, ()>::{closure#1} as core::ops::function::FnOnce<()>>::call_once::{shim:vtable#0}
[INFO] [stdout]   10: <std::sys::thread::unix::Thread>::new::thread_start
[INFO] [stdout]   11: <unknown>
[INFO] [stdout]   12: clone
[INFO] [stdout] stack backtrace:
[INFO] [stdout]    0:     0x60ccf37cf6d1 - <<std[617be2ca0a6fd877]::sys::backtrace::BacktraceLock>::print::DisplayBacktrace as core[a373ad73a504971]::fmt::Display>::fmt
[INFO] [stdout]    1:     0x60ccf37e82da - core[a373ad73a504971]::fmt::write
[INFO] [stdout]    2:     0x60ccf37d496c - <alloc[2e1b2a31b91974c5]::vec::Vec<u8> as core[a373ad73a504971]::io::write::Write>::write_fmt
[INFO] [stdout]    3:     0x60ccf37a8a66 - std[617be2ca0a6fd877]::panicking::default_hook::{closure#0}
[INFO] [stdout]    4:     0x60ccf37c6b09 - std[617be2ca0a6fd877]::panicking::default_hook
[INFO] [stdout]    5:     0x60ccf337d450 - test[aada8e7e76ba119b]::test_main_inner::{closure#0}
[INFO] [stdout]    6:     0x60ccf37c6e32 - std[617be2ca0a6fd877]::panicking::panic_with_hook
[INFO] [stdout]    7:     0x60ccf37a8b12 - std[617be2ca0a6fd877]::panicking::panic_handler::{closure#0}
[INFO] [stdout]    8:     0x60ccf37a0f89 - std[617be2ca0a6fd877]::sys::backtrace::__rust_end_short_backtrace::<std[617be2ca0a6fd877]::panicking::panic_handler::{closure#0}, !>
[INFO] [stdout]    9:     0x60ccf37a9a1d - __rustc[ea4f61d10b84890b]::rust_begin_unwind
[INFO] [stdout]   10:     0x60ccf37e8abc - core[a373ad73a504971]::panicking::panic_fmt
[INFO] [stdout]   11:     0x60ccf37e8892 - core[a373ad73a504971]::result::unwrap_failed
[INFO] [stdout]   12:     0x60ccf331500e - end_to_end[b2e0e55b1862d41c]::postgres::test_basic_pagination::{closure#0}
[INFO] [stdout]   13:     0x60ccf3353fd5 - <tokio[b73627b1649ca97e]::runtime::scheduler::current_thread::CurrentThread>::block_on::<core[a373ad73a504971]::pin::Pin<&mut dyn core[a373ad73a504971]::future::future::Future<Output = ()>>>
[INFO] [stdout]   14:     0x60ccf32c4852 - <tokio[b73627b1649ca97e]::runtime::runtime::Runtime>::block_on::<core[a373ad73a504971]::pin::Pin<&mut dyn core[a373ad73a504971]::future::future::Future<Output = ()>>>
[INFO] [stdout]   15:     0x60ccf3323fcc - <end_to_end[b2e0e55b1862d41c]::postgres::test_basic_pagination::{closure#0} as core[a373ad73a504971]::ops::function::FnOnce<()>>::call_once
[INFO] [stdout]   16:     0x60ccf337089b - test[aada8e7e76ba119b]::__rust_begin_short_backtrace::<core[a373ad73a504971]::result::Result<(), alloc[2e1b2a31b91974c5]::string::String>, fn() -> core[a373ad73a504971]::result::Result<(), alloc[2e1b2a31b91974c5]::string::String>>
[INFO] [stdout]   17:     0x60ccf337da75 - test[aada8e7e76ba119b]::run_test::{closure#0}
[INFO] [stdout]   18:     0x60ccf3377364 - std[617be2ca0a6fd877]::sys::backtrace::__rust_begin_short_backtrace::<test[aada8e7e76ba119b]::run_test::{closure#1}, ()>
[INFO] [stdout]   19:     0x60ccf3380b02 - <std[617be2ca0a6fd877]::thread::lifecycle::spawn_unchecked<test[aada8e7e76ba119b]::run_test::{closure#1}, ()>::{closure#1} as core[a373ad73a504971]::ops::function::FnOnce<()>>::call_once::{shim:vtable#0}
[INFO] [stdout]   20:     0x60ccf37ce50f - <std[617be2ca0a6fd877]::sys::thread::unix::Thread>::new::thread_start
[INFO] [stdout]   21:     0x7c12d2e64dfa - <unknown>
[INFO] [stdout]   22:     0x7c12d2ef83d4 - clone
[INFO] [stdout]   23:                0x0 - <unknown>
[INFO] [stdout] 
[INFO] [stdout] ---- postgres::test_date_range_filter stdout ----
[INFO] [stdout] 
[INFO] [stdout] thread 'postgres::test_date_range_filter' (4969) panicked at tests/end_to_end/postgres.rs:526:52:
[INFO] [stdout] called `Result::unwrap()` on an `Err` value: failed to initialize a docker client: Socket not found: /var/run/docker.sock
[INFO] [stdout] 
[INFO] [stdout] Stack backtrace:
[INFO] [stdout]    0: <anyhow::Error as core::convert::From<testcontainers::core::error::TestcontainersError>>::from
[INFO] [stdout]    1: end_to_end::postgres::setup_test_db::{closure#0}
[INFO] [stdout]    2: end_to_end::postgres::test_date_range_filter::{closure#0}
[INFO] [stdout]    3: <tokio::runtime::scheduler::current_thread::CurrentThread>::block_on::<core::pin::Pin<&mut dyn core::future::future::Future<Output = ()>>>
[INFO] [stdout]    4: <tokio::runtime::runtime::Runtime>::block_on::<core::pin::Pin<&mut dyn core::future::future::Future<Output = ()>>>
[INFO] [stdout]    5: <end_to_end::postgres::test_date_range_filter::{closure#0} as core::ops::function::FnOnce<()>>::call_once
[INFO] [stdout]    6: test::__rust_begin_short_backtrace::<core::result::Result<(), alloc::string::String>, fn() -> core::result::Result<(), alloc::string::String>>
[INFO] [stdout]    7: test::run_test::{closure#0}
[INFO] [stdout]    8: std::sys::backtrace::__rust_begin_short_backtrace::<test::run_test::{closure#1}, ()>
[INFO] [stdout]    9: <std::thread::lifecycle::spawn_unchecked<test::run_test::{closure#1}, ()>::{closure#1} as core::ops::function::FnOnce<()>>::call_once::{shim:vtable#0}
[INFO] [stdout]   10: <std::sys::thread::unix::Thread>::new::thread_start
[INFO] [stdout]   11: <unknown>
[INFO] [stdout]   12: clone
[INFO] [stdout] stack backtrace:
[INFO] [stdout]    0:     0x60ccf37cf6d1 - <<std[617be2ca0a6fd877]::sys::backtrace::BacktraceLock>::print::DisplayBacktrace as core[a373ad73a504971]::fmt::Display>::fmt
[INFO] [stdout]    1:     0x60ccf37e82da - core[a373ad73a504971]::fmt::write
[INFO] [stdout]    2:     0x60ccf37d496c - <alloc[2e1b2a31b91974c5]::vec::Vec<u8> as core[a373ad73a504971]::io::write::Write>::write_fmt
[INFO] [stdout]    3:     0x60ccf37a8a66 - std[617be2ca0a6fd877]::panicking::default_hook::{closure#0}
[INFO] [stdout]    4:     0x60ccf37c6b09 - std[617be2ca0a6fd877]::panicking::default_hook
[INFO] [stdout]    5:     0x60ccf337d450 - test[aada8e7e76ba119b]::test_main_inner::{closure#0}
[INFO] [stdout]    6:     0x60ccf37c6e32 - std[617be2ca0a6fd877]::panicking::panic_with_hook
[INFO] [stdout]    7:     0x60ccf37a8b12 - std[617be2ca0a6fd877]::panicking::panic_handler::{closure#0}
[INFO] [stdout]    8:     0x60ccf37a0f89 - std[617be2ca0a6fd877]::sys::backtrace::__rust_end_short_backtrace::<std[617be2ca0a6fd877]::panicking::panic_handler::{closure#0}, !>
[INFO] [stdout]    9:     0x60ccf37a9a1d - __rustc[ea4f61d10b84890b]::rust_begin_unwind
[INFO] [stdout]   10:     0x60ccf37e8abc - core[a373ad73a504971]::panicking::panic_fmt
[INFO] [stdout]   11:     0x60ccf37e8892 - core[a373ad73a504971]::result::unwrap_failed
[INFO] [stdout]   12:     0x60ccf3316457 - end_to_end[b2e0e55b1862d41c]::postgres::test_date_range_filter::{closure#0}
[INFO] [stdout]   13:     0x60ccf3353fd5 - <tokio[b73627b1649ca97e]::runtime::scheduler::current_thread::CurrentThread>::block_on::<core[a373ad73a504971]::pin::Pin<&mut dyn core[a373ad73a504971]::future::future::Future<Output = ()>>>
[INFO] [stdout]   14:     0x60ccf32c4852 - <tokio[b73627b1649ca97e]::runtime::runtime::Runtime>::block_on::<core[a373ad73a504971]::pin::Pin<&mut dyn core[a373ad73a504971]::future::future::Future<Output = ()>>>
[INFO] [stdout]   15:     0x60ccf33242ac - <end_to_end[b2e0e55b1862d41c]::postgres::test_date_range_filter::{closure#0} as core[a373ad73a504971]::ops::function::FnOnce<()>>::call_once
[INFO] [stdout]   16:     0x60ccf337089b - test[aada8e7e76ba119b]::__rust_begin_short_backtrace::<core[a373ad73a504971]::result::Result<(), alloc[2e1b2a31b91974c5]::string::String>, fn() -> core[a373ad73a504971]::result::Result<(), alloc[2e1b2a31b91974c5]::string::String>>
[INFO] [stdout]   17:     0x60ccf337da75 - test[aada8e7e76ba119b]::run_test::{closure#0}
[INFO] [stdout]   18:     0x60ccf3377364 - std[617be2ca0a6fd877]::sys::backtrace::__rust_begin_short_backtrace::<test[aada8e7e76ba119b]::run_test::{closure#1}, ()>
[INFO] [stdout]   19:     0x60ccf3380b02 - <std[617be2ca0a6fd877]::thread::lifecycle::spawn_unchecked<test[aada8e7e76ba119b]::run_test::{closure#1}, ()>::{closure#1} as core[a373ad73a504971]::ops::function::FnOnce<()>>::call_once::{shim:vtable#0}
[INFO] [stdout]   20:     0x60ccf37ce50f - <std[617be2ca0a6fd877]::sys::thread::unix::Thread>::new::thread_start
[INFO] [stdout]   21:     0x7c12d2e64dfa - <unknown>
[INFO] [stdout]   22:     0x7c12d2ef83d4 - clone
[INFO] [stdout]   23:                0x0 - <unknown>
[INFO] [stdout] 
[INFO] [stdout] ---- postgres::test_complex_filtering_scenario stdout ----
[INFO] [stdout] 
[INFO] [stdout] thread 'postgres::test_complex_filtering_scenario' (4968) panicked at tests/end_to_end/postgres.rs:589:52:
[INFO] [stdout] called `Result::unwrap()` on an `Err` value: failed to initialize a docker client: Socket not found: /var/run/docker.sock
[INFO] [stdout] 
[INFO] [stdout] Stack backtrace:
[INFO] [stdout]    0: <anyhow::Error as core::convert::From<testcontainers::core::error::TestcontainersError>>::from
[INFO] [stdout]    1: end_to_end::postgres::setup_test_db::{closure#0}
[INFO] [stdout]    2: end_to_end::postgres::test_complex_filtering_scenario::{closure#0}
[INFO] [stdout]    3: <tokio::runtime::scheduler::current_thread::CurrentThread>::block_on::<core::pin::Pin<&mut dyn core::future::future::Future<Output = ()>>>
[INFO] [stdout]    4: <tokio::runtime::runtime::Runtime>::block_on::<core::pin::Pin<&mut dyn core::future::future::Future<Output = ()>>>
[INFO] [stdout]    5: <end_to_end::postgres::test_complex_filtering_scenario::{closure#0} as core::ops::function::FnOnce<()>>::call_once
[INFO] [stdout]    6: test::__rust_begin_short_backtrace::<core::result::Result<(), alloc::string::String>, fn() -> core::result::Result<(), alloc::string::String>>
[INFO] [stdout]    7: test::run_test::{closure#0}
[INFO] [stdout]    8: std::sys::backtrace::__rust_begin_short_backtrace::<test::run_test::{closure#1}, ()>
[INFO] [stdout]    9: <std::thread::lifecycle::spawn_unchecked<test::run_test::{closure#1}, ()>::{closure#1} as core::ops::function::FnOnce<()>>::call_once::{shim:vtable#0}
[INFO] [stdout]   10: <std::sys::thread::unix::Thread>::new::thread_start
[INFO] [stdout]   11: <unknown>
[INFO] [stdout]   12: clone
[INFO] [stdout] stack backtrace:
[INFO] [stdout]    0:     0x60ccf37cf6d1 - <<std[617be2ca0a6fd877]::sys::backtrace::BacktraceLock>::print::DisplayBacktrace as core[a373ad73a504971]::fmt::Display>::fmt
[INFO] [stdout]    1:     0x60ccf37e82da - core[a373ad73a504971]::fmt::write
[INFO] [stdout]    2:     0x60ccf37d496c - <alloc[2e1b2a31b91974c5]::vec::Vec<u8> as core[a373ad73a504971]::io::write::Write>::write_fmt
[INFO] [stdout]    3:     0x60ccf37a8a66 - std[617be2ca0a6fd877]::panicking::default_hook::{closure#0}
[INFO] [stdout]    4:     0x60ccf37c6b09 - std[617be2ca0a6fd877]::panicking::default_hook
[INFO] [stdout]    5:     0x60ccf337d450 - test[aada8e7e76ba119b]::test_main_inner::{closure#0}
[INFO] [stdout]    6:     0x60ccf37c6e32 - std[617be2ca0a6fd877]::panicking::panic_with_hook
[INFO] [stdout]    7:     0x60ccf37a8b12 - std[617be2ca0a6fd877]::panicking::panic_handler::{closure#0}
[INFO] [stdout]    8:     0x60ccf37a0f89 - std[617be2ca0a6fd877]::sys::backtrace::__rust_end_short_backtrace::<std[617be2ca0a6fd877]::panicking::panic_handler::{closure#0}, !>
[INFO] [stdout]    9:     0x60ccf37a9a1d - __rustc[ea4f61d10b84890b]::rust_begin_unwind
[INFO] [stdout]   10:     0x60ccf37e8abc - core[a373ad73a504971]::panicking::panic_fmt
[INFO] [stdout]   11:     0x60ccf37e8892 - core[a373ad73a504971]::result::unwrap_failed
[INFO] [stdout]   12:     0x60ccf331cfd1 - end_to_end[b2e0e55b1862d41c]::postgres::test_complex_filtering_scenario::{closure#0}
[INFO] [stdout]   13:     0x60ccf3353fd5 - <tokio[b73627b1649ca97e]::runtime::scheduler::current_thread::CurrentThread>::block_on::<core[a373ad73a504971]::pin::Pin<&mut dyn core[a373ad73a504971]::future::future::Future<Output = ()>>>
[INFO] [stdout]   14:     0x60ccf32c4852 - <tokio[b73627b1649ca97e]::runtime::runtime::Runtime>::block_on::<core[a373ad73a504971]::pin::Pin<&mut dyn core[a373ad73a504971]::future::future::Future<Output = ()>>>
[INFO] [stdout]   15:     0x60ccf332510c - <end_to_end[b2e0e55b1862d41c]::postgres::test_complex_filtering_scenario::{closure#0} as core[a373ad73a504971]::ops::function::FnOnce<()>>::call_once
[INFO] [stdout]   16:     0x60ccf337089b - test[aada8e7e76ba119b]::__rust_begin_short_backtrace::<core[a373ad73a504971]::result::Result<(), alloc[2e1b2a31b91974c5]::string::String>, fn() -> core[a373ad73a504971]::result::Result<(), alloc[2e1b2a31b91974c5]::string::String>>
[INFO] [stdout]   17:     0x60ccf337da75 - test[aada8e7e76ba119b]::run_test::{closure#0}
[INFO] [stdout]   18:     0x60ccf3377364 - std[617be2ca0a6fd877]::sys::backtrace::__rust_begin_short_backtrace::<test[aada8e7e76ba119b]::run_test::{closure#1}, ()>
[INFO] [stdout]   19:     0x60ccf3380b02 - <std[617be2ca0a6fd877]::thread::lifecycle::spawn_unchecked<test[aada8e7e76ba119b]::run_test::{closure#1}, ()>::{closure#1} as core[a373ad73a504971]::ops::function::FnOnce<()>>::call_once::{shim:vtable#0}
[INFO] [stdout]   20:     0x60ccf37ce50f - <std[617be2ca0a6fd877]::sys::thread::unix::Thread>::new::thread_start
[INFO] [stdout]   21:     0x7c12d2e64dfa - <unknown>
[INFO] [stdout]   22:     0x7c12d2ef83d4 - clone
[INFO] [stdout]   23:                0x0 - <unknown>
[INFO] [stdout] 
[INFO] [stdout] ---- postgres::test_pagination_second_page stdout ----
[INFO] [stdout] 
[INFO] [stdout] thread 'postgres::test_pagination_second_page' (4979) panicked at tests/end_to_end/postgres.rs:241:52:
[INFO] [stdout] called `Result::unwrap()` on an `Err` value: failed to initialize a docker client: Socket not found: /var/run/docker.sock
[INFO] [stdout] 
[INFO] [stdout] Stack backtrace:
[INFO] [stdout]    0: <anyhow::Error as core::convert::From<testcontainers::core::error::TestcontainersError>>::from
[INFO] [stdout]    1: end_to_end::postgres::setup_test_db::{closure#0}
[INFO] [stdout]    2: end_to_end::postgres::test_pagination_second_page::{closure#0}
[INFO] [stdout]    3: <tokio::runtime::scheduler::current_thread::CurrentThread>::block_on::<core::pin::Pin<&mut dyn core::future::future::Future<Output = ()>>>
[INFO] [stdout]    4: <tokio::runtime::runtime::Runtime>::block_on::<core::pin::Pin<&mut dyn core::future::future::Future<Output = ()>>>
[INFO] [stdout]    5: <end_to_end::postgres::test_pagination_second_page::{closure#0} as core::ops::function::FnOnce<()>>::call_once
[INFO] [stdout]    6: test::__rust_begin_short_backtrace::<core::result::Result<(), alloc::string::String>, fn() -> core::result::Result<(), alloc::string::String>>
[INFO] [stdout]    7: test::run_test::{closure#0}
[INFO] [stdout]    8: std::sys::backtrace::__rust_begin_short_backtrace::<test::run_test::{closure#1}, ()>
[INFO] [stdout]    9: <std::thread::lifecycle::spawn_unchecked<test::run_test::{closure#1}, ()>::{closure#1} as core::ops::function::FnOnce<()>>::call_once::{shim:vtable#0}
[INFO] [stdout]   10: <std::sys::thread::unix::Thread>::new::thread_start
[INFO] [stdout]   11: <unknown>
[INFO] [stdout]   12: clone
[INFO] [stdout] stack backtrace:
[INFO] [stdout]    0:     0x60ccf37cf6d1 - <<std[617be2ca0a6fd877]::sys::backtrace::BacktraceLock>::print::DisplayBacktrace as core[a373ad73a504971]::fmt::Display>::fmt
[INFO] [stdout]    1:     0x60ccf37e82da - core[a373ad73a504971]::fmt::write
[INFO] [stdout]    2:     0x60ccf37d496c - <alloc[2e1b2a31b91974c5]::vec::Vec<u8> as core[a373ad73a504971]::io::write::Write>::write_fmt
[INFO] [stdout]    3:     0x60ccf37a8a66 - std[617be2ca0a6fd877]::panicking::default_hook::{closure#0}
[INFO] [stdout]    4:     0x60ccf37c6b09 - std[617be2ca0a6fd877]::panicking::default_hook
[INFO] [stdout]    5:     0x60ccf337d450 - test[aada8e7e76ba119b]::test_main_inner::{closure#0}
[INFO] [stdout]    6:     0x60ccf37c6e32 - std[617be2ca0a6fd877]::panicking::panic_with_hook
[INFO] [stdout]    7:     0x60ccf37a8b12 - std[617be2ca0a6fd877]::panicking::panic_handler::{closure#0}
[INFO] [stdout]    8:     0x60ccf37a0f89 - std[617be2ca0a6fd877]::sys::backtrace::__rust_end_short_backtrace::<std[617be2ca0a6fd877]::panicking::panic_handler::{closure#0}, !>
[INFO] [stdout]    9:     0x60ccf37a9a1d - __rustc[ea4f61d10b84890b]::rust_begin_unwind
[INFO] [stdout]   10:     0x60ccf37e8abc - core[a373ad73a504971]::panicking::panic_fmt
[INFO] [stdout]   11:     0x60ccf37e8892 - core[a373ad73a504971]::result::unwrap_failed
[INFO] [stdout]   12:     0x60ccf331acde - end_to_end[b2e0e55b1862d41c]::postgres::test_pagination_second_page::{closure#0}
[INFO] [stdout]   13:     0x60ccf3353fd5 - <tokio[b73627b1649ca97e]::runtime::scheduler::current_thread::CurrentThread>::block_on::<core[a373ad73a504971]::pin::Pin<&mut dyn core[a373ad73a504971]::future::future::Future<Output = ()>>>
[INFO] [stdout]   14:     0x60ccf32c4852 - <tokio[b73627b1649ca97e]::runtime::runtime::Runtime>::block_on::<core[a373ad73a504971]::pin::Pin<&mut dyn core[a373ad73a504971]::future::future::Future<Output = ()>>>
[INFO] [stdout]   15:     0x60ccf3324cbc - <end_to_end[b2e0e55b1862d41c]::postgres::test_pagination_second_page::{closure#0} as core[a373ad73a504971]::ops::function::FnOnce<()>>::call_once
[INFO] [stdout]   16:     0x60ccf337089b - test[aada8e7e76ba119b]::__rust_begin_short_backtrace::<core[a373ad73a504971]::result::Result<(), alloc[2e1b2a31b91974c5]::string::String>, fn() -> core[a373ad73a504971]::result::Result<(), alloc[2e1b2a31b91974c5]::string::String>>
[INFO] [stdout]   17:     0x60ccf337da75 - test[aada8e7e76ba119b]::run_test::{closure#0}
[INFO] [stdout]   18:     0x60ccf3377364 - std[617be2ca0a6fd877]::sys::backtrace::__rust_begin_short_backtrace::<test[aada8e7e76ba119b]::run_test::{closure#1}, ()>
[INFO] [stdout]   19:     0x60ccf3380b02 - <std[617be2ca0a6fd877]::thread::lifecycle::spawn_unchecked<test[aada8e7e76ba119b]::run_test::{closure#1}, ()>::{closure#1} as core[a373ad73a504971]::ops::function::FnOnce<()>>::call_once::{shim:vtable#0}
[INFO] [stdout]   20:     0x60ccf37ce50f - <std[617be2ca0a6fd877]::sys::thread::unix::Thread>::new::thread_start
[INFO] [stdout]   21:     0x7c12d2e64dfa - <unknown>
[INFO] [stdout]   22:     0x7c12d2ef83d4 - clone
[INFO] [stdout]   23:                0x0 - <unknown>
[INFO] [stdout] 
[INFO] [stdout] ---- postgres::test_search_multiple_columns stdout ----
[INFO] [stdout] 
[INFO] [stdout] thread 'postgres::test_search_multiple_columns' (4981) panicked at tests/end_to_end/postgres.rs:336:52:
[INFO] [stdout] called `Result::unwrap()` on an `Err` value: failed to initialize a docker client: Socket not found: /var/run/docker.sock
[INFO] [stdout] 
[INFO] [stdout] Stack backtrace:
[INFO] [stdout]    0: <anyhow::Error as core::convert::From<testcontainers::core::error::TestcontainersError>>::from
[INFO] [stdout]    1: end_to_end::postgres::setup_test_db::{closure#0}
[INFO] [stdout]    2: end_to_end::postgres::test_search_multiple_columns::{closure#0}
[INFO] [stdout]    3: <tokio::runtime::scheduler::current_thread::CurrentThread>::block_on::<core::pin::Pin<&mut dyn core::future::future::Future<Output = ()>>>
[INFO] [stdout]    4: <tokio::runtime::runtime::Runtime>::block_on::<core::pin::Pin<&mut dyn core::future::future::Future<Output = ()>>>
[INFO] [stdout]    5: <end_to_end::postgres::test_search_multiple_columns::{closure#0} as core::ops::function::FnOnce<()>>::call_once
[INFO] [stdout]    6: test::__rust_begin_short_backtrace::<core::result::Result<(), alloc::string::String>, fn() -> core::result::Result<(), alloc::string::String>>
[INFO] [stdout]    7: test::run_test::{closure#0}
[INFO] [stdout]    8: std::sys::backtrace::__rust_begin_short_backtrace::<test::run_test::{closure#1}, ()>
[INFO] [stdout]    9: <std::thread::lifecycle::spawn_unchecked<test::run_test::{closure#1}, ()>::{closure#1} as core::ops::function::FnOnce<()>>::call_once::{shim:vtable#0}
[INFO] [stdout]   10: <std::sys::thread::unix::Thread>::new::thread_start
[INFO] [stdout]   11: <unknown>
[INFO] [stdout]   12: clone
[INFO] [stdout] stack backtrace:
[INFO] [stdout]    0:     0x60ccf37cf6d1 - <<std[617be2ca0a6fd877]::sys::backtrace::BacktraceLock>::print::DisplayBacktrace as core[a373ad73a504971]::fmt::Display>::fmt
[INFO] [stdout]    1:     0x60ccf37e82da - core[a373ad73a504971]::fmt::write
[INFO] [stdout]    2:     0x60ccf37d496c - <alloc[2e1b2a31b91974c5]::vec::Vec<u8> as core[a373ad73a504971]::io::write::Write>::write_fmt
[INFO] [stdout]    3:     0x60ccf37a8a66 - std[617be2ca0a6fd877]::panicking::default_hook::{closure#0}
[INFO] [stdout]    4:     0x60ccf37c6b09 - std[617be2ca0a6fd877]::panicking::default_hook
[INFO] [stdout]    5:     0x60ccf337d450 - test[aada8e7e76ba119b]::test_main_inner::{closure#0}
[INFO] [stdout]    6:     0x60ccf37c6e32 - std[617be2ca0a6fd877]::panicking::panic_with_hook
[INFO] [stdout]    7:     0x60ccf37a8b12 - std[617be2ca0a6fd877]::panicking::panic_handler::{closure#0}
[INFO] [stdout]    8:     0x60ccf37a0f89 - std[617be2ca0a6fd877]::sys::backtrace::__rust_end_short_backtrace::<std[617be2ca0a6fd877]::panicking::panic_handler::{closure#0}, !>
[INFO] [stdout]    9:     0x60ccf37a9a1d - __rustc[ea4f61d10b84890b]::rust_begin_unwind
[INFO] [stdout]   10:     0x60ccf37e8abc - core[a373ad73a504971]::panicking::panic_fmt
[INFO] [stdout]   11:     0x60ccf37e8892 - core[a373ad73a504971]::result::unwrap_failed
[INFO] [stdout]   12:     0x60ccf331c6ad - end_to_end[b2e0e55b1862d41c]::postgres::test_search_multiple_columns::{closure#0}
[INFO] [stdout]   13:     0x60ccf3353fd5 - <tokio[b73627b1649ca97e]::runtime::scheduler::current_thread::CurrentThread>::block_on::<core[a373ad73a504971]::pin::Pin<&mut dyn core[a373ad73a504971]::future::future::Future<Output = ()>>>
[INFO] [stdout]   14:     0x60ccf32c4852 - <tokio[b73627b1649ca97e]::runtime::runtime::Runtime>::block_on::<core[a373ad73a504971]::pin::Pin<&mut dyn core[a373ad73a504971]::future::future::Future<Output = ()>>>
[INFO] [stdout]   15:     0x60ccf3324f9c - <end_to_end[b2e0e55b1862d41c]::postgres::test_search_multiple_columns::{closure#0} as core[a373ad73a504971]::ops::function::FnOnce<()>>::call_once
[INFO] [stdout]   16:     0x60ccf337089b - test[aada8e7e76ba119b]::__rust_begin_short_backtrace::<core[a373ad73a504971]::result::Result<(), alloc[2e1b2a31b91974c5]::string::String>, fn() -> core[a373ad73a504971]::result::Result<(), alloc[2e1b2a31b91974c5]::string::String>>
[INFO] [stdout]   17:     0x60ccf337da75 - test[aada8e7e76ba119b]::run_test::{closure#0}
[INFO] [stdout]   18:     0x60ccf3377364 - std[617be2ca0a6fd877]::sys::backtrace::__rust_begin_short_backtrace::<test[aada8e7e76ba119b]::run_test::{closure#1}, ()>
[INFO] [stdout]   19:     0x60ccf3380b02 - <std[617be2ca0a6fd877]::thread::lifecycle::spawn_unchecked<test[aada8e7e76ba119b]::run_test::{closure#1}, ()>::{closure#1} as core[a373ad73a504971]::ops::function::FnOnce<()>>::call_once::{shim:vtable#0}
[INFO] [stdout]   20:     0x60ccf37ce50f - <std[617be2ca0a6fd877]::sys::thread::unix::Thread>::new::thread_start
[INFO] [stdout]   21:     0x7c12d2e64dfa - <unknown>
[INFO] [stdout]   22:     0x7c12d2ef83d4 - clone
[INFO] [stdout]   23:                0x0 - <unknown>
[INFO] [stdout] 
[INFO] [stdout] ---- postgres::test_sort_ascending stdout ----
[INFO] [stdout] 
[INFO] [stdout] thread 'postgres::test_sort_ascending' (4984) panicked at tests/end_to_end/postgres.rs:276:52:
[INFO] [stdout] called `Result::unwrap()` on an `Err` value: failed to initialize a docker client: Socket not found: /var/run/docker.sock
[INFO] [stdout] 
[INFO] [stdout] Stack backtrace:
[INFO] [stdout]    0: <anyhow::Error as core::convert::From<testcontainers::core::error::TestcontainersError>>::from
[INFO] [stdout]    1: end_to_end::postgres::setup_test_db::{closure#0}
[INFO] [stdout]    2: end_to_end::postgres::test_sort_ascending::{closure#0}
[INFO] [stdout]    3: <tokio::runtime::scheduler::current_thread::CurrentThread>::block_on::<core::pin::Pin<&mut dyn core::future::future::Future<Output = ()>>>
[INFO] [stdout]    4: <tokio::runtime::runtime::Runtime>::block_on::<core::pin::Pin<&mut dyn core::future::future::Future<Output = ()>>>
[INFO] [stdout]    5: <end_to_end::postgres::test_sort_ascending::{closure#0} as core::ops::function::FnOnce<()>>::call_once
[INFO] [stdout]    6: test::__rust_begin_short_backtrace::<core::result::Result<(), alloc::string::String>, fn() -> core::result::Result<(), alloc::string::String>>
[INFO] [stdout]    7: test::run_test::{closure#0}
[INFO] [stdout]    8: std::sys::backtrace::__rust_begin_short_backtrace::<test::run_test::{closure#1}, ()>
[INFO] [stdout]    9: <std::thread::lifecycle::spawn_unchecked<test::run_test::{closure#1}, ()>::{closure#1} as core::ops::function::FnOnce<()>>::call_once::{shim:vtable#0}
[INFO] [stdout]   10: <std::sys::thread::unix::Thread>::new::thread_start
[INFO] [stdout]   11: <unknown>
[INFO] [stdout]   12: clone
[INFO] [stdout] stack backtrace:
[INFO] [stdout]    0:     0x60ccf37cf6d1 - <<std[617be2ca0a6fd877]::sys::backtrace::BacktraceLock>::print::DisplayBacktrace as core[a373ad73a504971]::fmt::Display>::fmt
[INFO] [stdout]    1:     0x60ccf37e82da - core[a373ad73a504971]::fmt::write
[INFO] [stdout]    2:     0x60ccf37d496c - <alloc[2e1b2a31b91974c5]::vec::Vec<u8> as core[a373ad73a504971]::io::write::Write>::write_fmt
[INFO] [stdout]    3:     0x60ccf37a8a66 - std[617be2ca0a6fd877]::panicking::default_hook::{closure#0}
[INFO] [stdout]    4:     0x60ccf37c6b09 - std[617be2ca0a6fd877]::panicking::default_hook
[INFO] [stdout]    5:     0x60ccf337d450 - test[aada8e7e76ba119b]::test_main_inner::{closure#0}
[INFO] [stdout]    6:     0x60ccf37c6e32 - std[617be2ca0a6fd877]::panicking::panic_with_hook
[INFO] [stdout]    7:     0x60ccf37a8b12 - std[617be2ca0a6fd877]::panicking::panic_handler::{closure#0}
[INFO] [stdout]    8:     0x60ccf37a0f89 - std[617be2ca0a6fd877]::sys::backtrace::__rust_end_short_backtrace::<std[617be2ca0a6fd877]::panicking::panic_handler::{closure#0}, !>
[INFO] [stdout]    9:     0x60ccf37a9a1d - __rustc[ea4f61d10b84890b]::rust_begin_unwind
[INFO] [stdout]   10:     0x60ccf37e8abc - core[a373ad73a504971]::panicking::panic_fmt
[INFO] [stdout]   11:     0x60ccf37e8892 - core[a373ad73a504971]::result::unwrap_failed
[INFO] [stdout]   12:     0x60ccf3313445 - end_to_end[b2e0e55b1862d41c]::postgres::test_sort_ascending::{closure#0}
[INFO] [stdout]   13:     0x60ccf3353fd5 - <tokio[b73627b1649ca97e]::runtime::scheduler::current_thread::CurrentThread>::block_on::<core[a373ad73a504971]::pin::Pin<&mut dyn core[a373ad73a504971]::future::future::Future<Output = ()>>>
[INFO] [stdout]   14:     0x60ccf32c4852 - <tokio[b73627b1649ca97e]::runtime::runtime::Runtime>::block_on::<core[a373ad73a504971]::pin::Pin<&mut dyn core[a373ad73a504971]::future::future::Future<Output = ()>>>
[INFO] [stdout]   15:     0x60ccf3323b7c - <end_to_end[b2e0e55b1862d41c]::postgres::test_sort_ascending::{closure#0} as core[a373ad73a504971]::ops::function::FnOnce<()>>::call_once
[INFO] [stdout]   16:     0x60ccf337089b - test[aada8e7e76ba119b]::__rust_begin_short_backtrace::<core[a373ad73a504971]::result::Result<(), alloc[2e1b2a31b91974c5]::string::String>, fn() -> core[a373ad73a504971]::result::Result<(), alloc[2e1b2a31b91974c5]::string::String>>
[INFO] [stdout]   17:     0x60ccf337da75 - test[aada8e7e76ba119b]::run_test::{closure#0}
[INFO] [stdout]   18:     0x60ccf3377364 - std[617be2ca0a6fd877]::sys::backtrace::__rust_begin_short_backtrace::<test[aada8e7e76ba119b]::run_test::{closure#1}, ()>
[INFO] [stdout]   19:     0x60ccf3380b02 - <std[617be2ca0a6fd877]::thread::lifecycle::spawn_unchecked<test[aada8e7e76ba119b]::run_test::{closure#1}, ()>::{closure#1} as core[a373ad73a504971]::ops::function::FnOnce<()>>::call_once::{shim:vtable#0}
[INFO] [stdout]   20:     0x60ccf37ce50f - <std[617be2ca0a6fd877]::sys::thread::unix::Thread>::new::thread_start
[INFO] [stdout]   21:     0x7c12d2e64dfa - <unknown>
[INFO] [stdout]   22:     0x7c12d2ef83d4 - clone
[INFO] [stdout]   23:                0x0 - <unknown>
[INFO] [stdout] 
[INFO] [stdout] ---- postgres::test_sort_descending stdout ----
[INFO] [stdout] 
[INFO] [stdout] thread 'postgres::test_sort_descending' (4987) panicked at tests/end_to_end/postgres.rs:296:52:
[INFO] [stdout] called `Result::unwrap()` on an `Err` value: failed to initialize a docker client: Socket not found: /var/run/docker.sock
[INFO] [stdout] 
[INFO] [stdout] Stack backtrace:
[INFO] [stdout]    0: <anyhow::Error as core::convert::From<testcontainers::core::error::TestcontainersError>>::from
[INFO] [stdout]    1: end_to_end::postgres::setup_test_db::{closure#0}
[INFO] [stdout]    2: end_to_end::postgres::test_sort_descending::{closure#0}
[INFO] [stdout]    3: <tokio::runtime::scheduler::current_thread::CurrentThread>::block_on::<core::pin::Pin<&mut dyn core::future::future::Future<Output = ()>>>
[INFO] [stdout]    4: <tokio::runtime::runtime::Runtime>::block_on::<core::pin::Pin<&mut dyn core::future::future::Future<Output = ()>>>
[INFO] [stdout]    5: <end_to_end::postgres::test_sort_descending::{closure#0} as core::ops::function::FnOnce<()>>::call_once
[INFO] [stdout]    6: test::__rust_begin_short_backtrace::<core::result::Result<(), alloc::string::String>, fn() -> core::result::Result<(), alloc::string::String>>
[INFO] [stdout]    7: test::run_test::{closure#0}
[INFO] [stdout]    8: std::sys::backtrace::__rust_begin_short_backtrace::<test::run_test::{closure#1}, ()>
[INFO] [stdout]    9: <std::thread::lifecycle::spawn_unchecked<test::run_test::{closure#1}, ()>::{closure#1} as core::ops::function::FnOnce<()>>::call_once::{shim:vtable#0}
[INFO] [stdout]   10: <std::sys::thread::unix::Thread>::new::thread_start
[INFO] [stdout]   11: <unknown>
[INFO] [stdout]   12: clone
[INFO] [stdout] stack backtrace:
[INFO] [stdout]    0:     0x60ccf37cf6d1 - <<std[617be2ca0a6fd877]::sys::backtrace::BacktraceLock>::print::DisplayBacktrace as core[a373ad73a504971]::fmt::Display>::fmt
[INFO] [stdout]    1:     0x60ccf37e82da - core[a373ad73a504971]::fmt::write
[INFO] [stdout]    2:     0x60ccf37d496c - <alloc[2e1b2a31b91974c5]::vec::Vec<u8> as core[a373ad73a504971]::io::write::Write>::write_fmt
[INFO] [stdout]    3:     0x60ccf37a8a66 - std[617be2ca0a6fd877]::panicking::default_hook::{closure#0}
[INFO] [stdout]    4:     0x60ccf37c6b09 - std[617be2ca0a6fd877]::panicking::default_hook
[INFO] [stdout]    5:     0x60ccf337d450 - test[aada8e7e76ba119b]::test_main_inner::{closure#0}
[INFO] [stdout]    6:     0x60ccf37c6e32 - std[617be2ca0a6fd877]::panicking::panic_with_hook
[INFO] [stdout]    7:     0x60ccf37a8b12 - std[617be2ca0a6fd877]::panicking::panic_handler::{closure#0}
[INFO] [stdout]    8:     0x60ccf37a0f89 - std[617be2ca0a6fd877]::sys::backtrace::__rust_end_short_backtrace::<std[617be2ca0a6fd877]::panicking::panic_handler::{closure#0}, !>
[INFO] [stdout]    9:     0x60ccf37a9a1d - __rustc[ea4f61d10b84890b]::rust_begin_unwind
[INFO] [stdout]   10:     0x60ccf37e8abc - core[a373ad73a504971]::panicking::panic_fmt
[INFO] [stdout]   11:     0x60ccf37e8892 - core[a373ad73a504971]::result::unwrap_failed
[INFO] [stdout]   12:     0x60ccf3314545 - end_to_end[b2e0e55b1862d41c]::postgres::test_sort_descending::{closure#0}
[INFO] [stdout]   13:     0x60ccf3353fd5 - <tokio[b73627b1649ca97e]::runtime::scheduler::current_thread::CurrentThread>::block_on::<core[a373ad73a504971]::pin::Pin<&mut dyn core[a373ad73a504971]::future::future::Future<Output = ()>>>
[INFO] [stdout]   14:     0x60ccf32c4852 - <tokio[b73627b1649ca97e]::runtime::runtime::Runtime>::block_on::<core[a373ad73a504971]::pin::Pin<&mut dyn core[a373ad73a504971]::future::future::Future<Output = ()>>>
[INFO] [stdout]   15:     0x60ccf3323e5c - <end_to_end[b2e0e55b1862d41c]::postgres::test_sort_descending::{closure#0} as core[a373ad73a504971]::ops::function::FnOnce<()>>::call_once
[INFO] [stdout]   16:     0x60ccf337089b - test[aada8e7e76ba119b]::__rust_begin_short_backtrace::<core[a373ad73a504971]::result::Result<(), alloc[2e1b2a31b91974c5]::string::String>, fn() -> core[a373ad73a504971]::result::Result<(), alloc[2e1b2a31b91974c5]::string::String>>
[INFO] [stdout]   17:     0x60ccf337da75 - test[aada8e7e76ba119b]::run_test::{closure#0}
[INFO] [stdout]   18:     0x60ccf3377364 - std[617be2ca0a6fd877]::sys::backtrace::__rust_begin_short_backtrace::<test[aada8e7e76ba119b]::run_test::{closure#1}, ()>
[INFO] [stdout]   19:     0x60ccf3380b02 - <std[617be2ca0a6fd877]::thread::lifecycle::spawn_unchecked<test[aada8e7e76ba119b]::run_test::{closure#1}, ()>::{closure#1} as core[a373ad73a504971]::ops::function::FnOnce<()>>::call_once::{shim:vtable#0}
[INFO] [stdout]   20:     0x60ccf37ce50f - <std[617be2ca0a6fd877]::sys::thread::unix::Thread>::new::thread_start
[INFO] [stdout]   21:     0x7c12d2e64dfa - <unknown>
[INFO] [stdout]   22:     0x7c12d2ef83d4 - clone
[INFO] [stdout]   23:                0x0 - <unknown>
[INFO] [stdout] 
[INFO] [stdout] ---- postgres::test_sql_injection_attempt_in_filter stdout ----
[INFO] [stdout] 
[INFO] [stdout] thread 'postgres::test_sql_injection_attempt_in_filter' (4989) panicked at tests/end_to_end/postgres.rs:649:52:
[INFO] [stdout] called `Result::unwrap()` on an `Err` value: failed to initialize a docker client: Socket not found: /var/run/docker.sock
[INFO] [stdout] 
[INFO] [stdout] Stack backtrace:
[INFO] [stdout]    0: <anyhow::Error as core::convert::From<testcontainers::core::error::TestcontainersError>>::from
[INFO] [stdout]    1: end_to_end::postgres::setup_test_db::{closure#0}
[INFO] [stdout]    2: end_to_end::postgres::test_sql_injection_attempt_in_filter::{closure#0}
[INFO] [stdout]    3: <tokio::runtime::scheduler::current_thread::CurrentThread>::block_on::<core::pin::Pin<&mut dyn core::future::future::Future<Output = ()>>>
[INFO] [stdout]    4: <tokio::runtime::runtime::Runtime>::block_on::<core::pin::Pin<&mut dyn core::future::future::Future<Output = ()>>>
[INFO] [stdout]    5: <end_to_end::postgres::test_sql_injection_attempt_in_filter::{closure#0} as core::ops::function::FnOnce<()>>::call_once
[INFO] [stdout]    6: test::__rust_begin_short_backtrace::<core::result::Result<(), alloc::string::String>, fn() -> core::result::Result<(), alloc::string::String>>
[INFO] [stdout]    7: test::run_test::{closure#0}
[INFO] [stdout]    8: std::sys::backtrace::__rust_begin_short_backtrace::<test::run_test::{closure#1}, ()>
[INFO] [stdout]    9: <std::thread::lifecycle::spawn_unchecked<test::run_test::{closure#1}, ()>::{closure#1} as core::ops::function::FnOnce<()>>::call_once::{shim:vtable#0}
[INFO] [stdout]   10: <std::sys::thread::unix::Thread>::new::thread_start
[INFO] [stdout]   11: <unknown>
[INFO] [stdout]   12: clone
[INFO] [stdout] stack backtrace:
[INFO] [stdout]    0:     0x60ccf37cf6d1 - <<std[617be2ca0a6fd877]::sys::backtrace::BacktraceLock>::print::DisplayBacktrace as core[a373ad73a504971]::fmt::Display>::fmt
[INFO] [stdout]    1:     0x60ccf37e82da - core[a373ad73a504971]::fmt::write
[INFO] [stdout]    2:     0x60ccf37d496c - <alloc[2e1b2a31b91974c5]::vec::Vec<u8> as core[a373ad73a504971]::io::write::Write>::write_fmt
[INFO] [stdout]    3:     0x60ccf37a8a66 - std[617be2ca0a6fd877]::panicking::default_hook::{closure#0}
[INFO] [stdout]    4:     0x60ccf37c6b09 - std[617be2ca0a6fd877]::panicking::default_hook
[INFO] [stdout]    5:     0x60ccf337d450 - test[aada8e7e76ba119b]::test_main_inner::{closure#0}
[INFO] [stdout]    6:     0x60ccf37c6e32 - std[617be2ca0a6fd877]::panicking::panic_with_hook
[INFO] [stdout]    7:     0x60ccf37a8b12 - std[617be2ca0a6fd877]::panicking::panic_handler::{closure#0}
[INFO] [stdout]    8:     0x60ccf37a0f89 - std[617be2ca0a6fd877]::sys::backtrace::__rust_end_short_backtrace::<std[617be2ca0a6fd877]::panicking::panic_handler::{closure#0}, !>
[INFO] [stdout]    9:     0x60ccf37a9a1d - __rustc[ea4f61d10b84890b]::rust_begin_unwind
[INFO] [stdout]   10:     0x60ccf37e8abc - core[a373ad73a504971]::panicking::panic_fmt
[INFO] [stdout]   11:     0x60ccf37e8892 - core[a373ad73a504971]::result::unwrap_failed
[INFO] [stdout]   12:     0x60ccf331d6fc - end_to_end[b2e0e55b1862d41c]::postgres::test_sql_injection_attempt_in_filter::{closure#0}
[INFO] [stdout]   13:     0x60ccf3353fd5 - <tokio[b73627b1649ca97e]::runtime::scheduler::current_thread::CurrentThread>::block_on::<core[a373ad73a504971]::pin::Pin<&mut dyn core[a373ad73a504971]::future::future::Future<Output = ()>>>
[INFO] [stdout]   14:     0x60ccf32c4852 - <tokio[b73627b1649ca97e]::runtime::runtime::Runtime>::block_on::<core[a373ad73a504971]::pin::Pin<&mut dyn core[a373ad73a504971]::future::future::Future<Output = ()>>>
[INFO] [stdout]   15:     0x60ccf332527c - <end_to_end[b2e0e55b1862d41c]::postgres::test_sql_injection_attempt_in_filter::{closure#0} as core[a373ad73a504971]::ops::function::FnOnce<()>>::call_once
[INFO] [stdout]   16:     0x60ccf337089b - test[aada8e7e76ba119b]::__rust_begin_short_backtrace::<core[a373ad73a504971]::result::Result<(), alloc[2e1b2a31b91974c5]::string::String>, fn() -> core[a373ad73a504971]::result::Result<(), alloc[2e1b2a31b91974c5]::string::String>>
[INFO] [stdout]   17:     0x60ccf337da75 - test[aada8e7e76ba119b]::run_test::{closure#0}
[INFO] [stdout]   18:     0x60ccf3377364 - std[617be2ca0a6fd877]::sys::backtrace::__rust_begin_short_backtrace::<test[aada8e7e76ba119b]::run_test::{closure#1}, ()>
[INFO] [stdout]   19:     0x60ccf3380b02 - <std[617be2ca0a6fd877]::thread::lifecycle::spawn_unchecked<test[aada8e7e76ba119b]::run_test::{closure#1}, ()>::{closure#1} as core[a373ad73a504971]::ops::function::FnOnce<()>>::call_once::{shim:vtable#0}
[INFO] [stdout]   20:     0x60ccf37ce50f - <std[617be2ca0a6fd877]::sys::thread::unix::Thread>::new::thread_start
[INFO] [stdout]   21:     0x7c12d2e64dfa - <unknown>
[INFO] [stdout]   22:     0x7c12d2ef83d4 - clone
[INFO] [stdout]   23:                0x0 - <unknown>
[INFO] [stdout] 
[INFO] [stdout] ---- postgres::test_search_case_insensitive stdout ----
[INFO] [stdout] 
[INFO] [stdout] thread 'postgres::test_search_case_insensitive' (4980) panicked at tests/end_to_end/postgres.rs:363:52:
[INFO] [stdout] called `Result::unwrap()` on an `Err` value: failed to initialize a docker client: Socket not found: /var/run/docker.sock
[INFO] [stdout] 
[INFO] [stdout] Stack backtrace:
[INFO] [stdout]    0: <anyhow::Error as core::convert::From<testcontainers::core::error::TestcontainersError>>::from
[INFO] [stdout]    1: end_to_end::postgres::setup_test_db::{closure#0}
[INFO] [stdout]    2: end_to_end::postgres::test_search_case_insensitive::{closure#0}
[INFO] [stdout]    3: <tokio::runtime::scheduler::current_thread::CurrentThread>::block_on::<core::pin::Pin<&mut dyn core::future::future::Future<Output = ()>>>
[INFO] [stdout]    4: <tokio::runtime::runtime::Runtime>::block_on::<core::pin::Pin<&mut dyn core::future::future::Future<Output = ()>>>
[INFO] [stdout]    5: <end_to_end::postgres::test_search_case_insensitive::{closure#0} as core::ops::function::FnOnce<()>>::call_once
[INFO] [stdout]    6: test::__rust_begin_short_backtrace::<core::result::Result<(), alloc::string::String>, fn() -> core::result::Result<(), alloc::string::String>>
[INFO] [stdout]    7: test::run_test::{closure#0}
[INFO] [stdout]    8: std::sys::backtrace::__rust_begin_short_backtrace::<test::run_test::{closure#1}, ()>
[INFO] [stdout]    9: <std::thread::lifecycle::spawn_unchecked<test::run_test::{closure#1}, ()>::{closure#1} as core::ops::function::FnOnce<()>>::call_once::{shim:vtable#0}
[INFO] [stdout]   10: <std::sys::thread::unix::Thread>::new::thread_start
[INFO] [stdout]   11: <unknown>
[INFO] [stdout]   12: clone
[INFO] [stdout] stack backtrace:
[INFO] [stdout]    0:     0x60ccf37cf6d1 - <<std[617be2ca0a6fd877]::sys::backtrace::BacktraceLock>::print::DisplayBacktrace as core[a373ad73a504971]::fmt::Display>::fmt
[INFO] [stdout]    1:     0x60ccf37e82da - core[a373ad73a504971]::fmt::write
[INFO] [stdout]    2:     0x60ccf37d496c - <alloc[2e1b2a31b91974c5]::vec::Vec<u8> as core[a373ad73a504971]::io::write::Write>::write_fmt
[INFO] [stdout]    3:     0x60ccf37a8a66 - std[617be2ca0a6fd877]::panicking::default_hook::{closure#0}
[INFO] [stdout]    4:     0x60ccf37c6b09 - std[617be2ca0a6fd877]::panicking::default_hook
[INFO] [stdout]    5:     0x60ccf337d450 - test[aada8e7e76ba119b]::test_main_inner::{closure#0}
[INFO] [stdout]    6:     0x60ccf37c6e32 - std[617be2ca0a6fd877]::panicking::panic_with_hook
[INFO] [stdout]    7:     0x60ccf37a8b12 - std[617be2ca0a6fd877]::panicking::panic_handler::{closure#0}
[INFO] [stdout]    8:     0x60ccf37a0f89 - std[617be2ca0a6fd877]::sys::backtrace::__rust_end_short_backtrace::<std[617be2ca0a6fd877]::panicking::panic_handler::{closure#0}, !>
[INFO] [stdout]    9:     0x60ccf37a9a1d - __rustc[ea4f61d10b84890b]::rust_begin_unwind
[INFO] [stdout]   10:     0x60ccf37e8abc - core[a373ad73a504971]::panicking::panic_fmt
[INFO] [stdout]   11:     0x60ccf37e8892 - core[a373ad73a504971]::result::unwrap_failed
[INFO] [stdout]   12:     0x60ccf331bee0 - end_to_end[b2e0e55b1862d41c]::postgres::test_search_case_insensitive::{closure#0}
[INFO] [stdout]   13:     0x60ccf3353fd5 - <tokio[b73627b1649ca97e]::runtime::scheduler::current_thread::CurrentThread>::block_on::<core[a373ad73a504971]::pin::Pin<&mut dyn core[a373ad73a504971]::future::future::Future<Output = ()>>>
[INFO] [stdout]   14:     0x60ccf32c4852 - <tokio[b73627b1649ca97e]::runtime::runtime::Runtime>::block_on::<core[a373ad73a504971]::pin::Pin<&mut dyn core[a373ad73a504971]::future::future::Future<Output = ()>>>
[INFO] [stdout]   15:     0x60ccf3324e2c - <end_to_end[b2e0e55b1862d41c]::postgres::test_search_case_insensitive::{closure#0} as core[a373ad73a504971]::ops::function::FnOnce<()>>::call_once
[INFO] [stdout]   16:     0x60ccf337089b - test[aada8e7e76ba119b]::__rust_begin_short_backtrace::<core[a373ad73a504971]::result::Result<(), alloc[2e1b2a31b91974c5]::string::String>, fn() -> core[a373ad73a504971]::result::Result<(), alloc[2e1b2a31b91974c5]::string::String>>
[INFO] [stdout]   17:     0x60ccf337da75 - test[aada8e7e76ba119b]::run_test::{closure#0}
[INFO] [stdout]   18:     0x60ccf3377364 - std[617be2ca0a6fd877]::sys::backtrace::__rust_begin_short_backtrace::<test[aada8e7e76ba119b]::run_test::{closure#1}, ()>
[INFO] [stdout]   19:     0x60ccf3380b02 - <std[617be2ca0a6fd877]::thread::lifecycle::spawn_unchecked<test[aada8e7e76ba119b]::run_test::{closure#1}, ()>::{closure#1} as core[a373ad73a504971]::ops::function::FnOnce<()>>::call_once::{shim:vtable#0}
[INFO] [stdout]   20:     0x60ccf37ce50f - <std[617be2ca0a6fd877]::sys::thread::unix::Thread>::new::thread_start
[INFO] [stdout]   21:     0x7c12d2e64dfa - <unknown>
[INFO] [stdout]   22:     0x7c12d2ef83d4 - clone
[INFO] [stdout]   23:                0x0 - <unknown>
[INFO] [stdout] 
[INFO] [stdout] ---- postgres::test_search_single_column stdout ----
[INFO] [stdout] 
[INFO] [stdout] thread 'postgres::test_search_single_column' (4982) panicked at tests/end_to_end/postgres.rs:316:52:
[INFO] [stdout] called `Result::unwrap()` on an `Err` value: failed to initialize a docker client: Socket not found: /var/run/docker.sock
[INFO] [stdout] 
[INFO] [stdout] Stack backtrace:
[INFO] [stdout]    0: <anyhow::Error as core::convert::From<testcontainers::core::error::TestcontainersError>>::from
[INFO] [stdout]    1: end_to_end::postgres::setup_test_db::{closure#0}
[INFO] [stdout]    2: end_to_end::postgres::test_search_single_column::{closure#0}
[INFO] [stdout]    3: <tokio::runtime::scheduler::current_thread::CurrentThread>::block_on::<core::pin::Pin<&mut dyn core::future::future::Future<Output = ()>>>
[INFO] [stdout]    4: <tokio::runtime::runtime::Runtime>::block_on::<core::pin::Pin<&mut dyn core::future::future::Future<Output = ()>>>
[INFO] [stdout]    5: <end_to_end::postgres::test_search_single_column::{closure#0} as core::ops::function::FnOnce<()>>::call_once
[INFO] [stdout]    6: test::__rust_begin_short_backtrace::<core::result::Result<(), alloc::string::String>, fn() -> core::result::Result<(), alloc::string::String>>
[INFO] [stdout]    7: test::run_test::{closure#0}
[INFO] [stdout]    8: std::sys::backtrace::__rust_begin_short_backtrace::<test::run_test::{closure#1}, ()>
[INFO] [stdout]    9: <std::thread::lifecycle::spawn_unchecked<test::run_test::{closure#1}, ()>::{closure#1} as core::ops::function::FnOnce<()>>::call_once::{shim:vtable#0}
[INFO] [stdout]   10: <std::sys::thread::unix::Thread>::new::thread_start
[INFO] [stdout]   11: <unknown>
[INFO] [stdout]   12: clone
[INFO] [stdout] stack backtrace:
[INFO] [stdout]    0:     0x60ccf37cf6d1 - <<std[617be2ca0a6fd877]::sys::backtrace::BacktraceLock>::print::DisplayBacktrace as core[a373ad73a504971]::fmt::Display>::fmt
[INFO] [stdout]    1:     0x60ccf37e82da - core[a373ad73a504971]::fmt::write
[INFO] [stdout]    2:     0x60ccf37d496c - <alloc[2e1b2a31b91974c5]::vec::Vec<u8> as core[a373ad73a504971]::io::write::Write>::write_fmt
[INFO] [stdout]    3:     0x60ccf37a8a66 - std[617be2ca0a6fd877]::panicking::default_hook::{closure#0}
[INFO] [stdout]    4:     0x60ccf37c6b09 - std[617be2ca0a6fd877]::panicking::default_hook
[INFO] [stdout]    5:     0x60ccf337d450 - test[aada8e7e76ba119b]::test_main_inner::{closure#0}
[INFO] [stdout]    6:     0x60ccf37c6e32 - std[617be2ca0a6fd877]::panicking::panic_with_hook
[INFO] [stdout]    7:     0x60ccf37a8b12 - std[617be2ca0a6fd877]::panicking::panic_handler::{closure#0}
[INFO] [stdout]    8:     0x60ccf37a0f89 - std[617be2ca0a6fd877]::sys::backtrace::__rust_end_short_backtrace::<std[617be2ca0a6fd877]::panicking::panic_handler::{closure#0}, !>
[INFO] [stdout]    9:     0x60ccf37a9a1d - __rustc[ea4f61d10b84890b]::rust_begin_unwind
[INFO] [stdout]   10:     0x60ccf37e8abc - core[a373ad73a504971]::panicking::panic_fmt
[INFO] [stdout]   11:     0x60ccf37e8892 - core[a373ad73a504971]::result::unwrap_failed
[INFO] [stdout]   12:     0x60ccf331a93d - end_to_end[b2e0e55b1862d41c]::postgres::test_search_single_column::{closure#0}
[INFO] [stdout]   13:     0x60ccf3353fd5 - <tokio[b73627b1649ca97e]::runtime::scheduler::current_thread::CurrentThread>::block_on::<core[a373ad73a504971]::pin::Pin<&mut dyn core[a373ad73a504971]::future::future::Future<Output = ()>>>
[INFO] [stdout]   14:     0x60ccf32c4852 - <tokio[b73627b1649ca97e]::runtime::runtime::Runtime>::block_on::<core[a373ad73a504971]::pin::Pin<&mut dyn core[a373ad73a504971]::future::future::Future<Output = ()>>>
[INFO] [stdout]   15:     0x60ccf3324b4c - <end_to_end[b2e0e55b1862d41c]::postgres::test_search_single_column::{closure#0} as core[a373ad73a504971]::ops::function::FnOnce<()>>::call_once
[INFO] [stdout]   16:     0x60ccf337089b - test[aada8e7e76ba119b]::__rust_begin_short_backtrace::<core[a373ad73a504971]::result::Result<(), alloc[2e1b2a31b91974c5]::string::String>, fn() -> core[a373ad73a504971]::result::Result<(), alloc[2e1b2a31b91974c5]::string::String>>
[INFO] [stdout]   17:     0x60ccf337da75 - test[aada8e7e76ba119b]::run_test::{closure#0}
[INFO] [stdout]   18:     0x60ccf3377364 - std[617be2ca0a6fd877]::sys::backtrace::__rust_begin_short_backtrace::<test[aada8e7e76ba119b]::run_test::{closure#1}, ()>
[INFO] [stdout]   19:     0x60ccf3380b02 - <std[617be2ca0a6fd877]::thread::lifecycle::spawn_unchecked<test[aada8e7e76ba119b]::run_test::{closure#1}, ()>::{closure#1} as core[a373ad73a504971]::ops::function::FnOnce<()>>::call_once::{shim:vtable#0}
[INFO] [stdout]   20:     0x60ccf37ce50f - <std[617be2ca0a6fd877]::sys::thread::unix::Thread>::new::thread_start
[INFO] [stdout]   21:     0x7c12d2e64dfa - <unknown>
[INFO] [stdout]   22:     0x7c12d2ef83d4 - clone
[INFO] [stdout]   23:                0x0 - <unknown>
[INFO] [stdout] 
[INFO] [stdout] ---- postgres::test_sql_injection_attempt_in_search stdout ----
[INFO] [stdout] 
[INFO] [stdout] thread 'postgres::test_sql_injection_attempt_in_search' (4990) panicked at tests/end_to_end/postgres.rs:623:52:
[INFO] [stdout] called `Result::unwrap()` on an `Err` value: failed to initialize a docker client: Socket not found: /var/run/docker.sock
[INFO] [stdout] 
[INFO] [stdout] Stack backtrace:
[INFO] [stdout]    0: <anyhow::Error as core::convert::From<testcontainers::core::error::TestcontainersError>>::from
[INFO] [stdout]    1: end_to_end::postgres::setup_test_db::{closure#0}
[INFO] [stdout]    2: end_to_end::postgres::test_sql_injection_attempt_in_search::{closure#0}
[INFO] [stdout]    3: <tokio::runtime::scheduler::current_thread::CurrentThread>::block_on::<core::pin::Pin<&mut dyn core::future::future::Future<Output = ()>>>
[INFO] [stdout]    4: <tokio::runtime::runtime::Runtime>::block_on::<core::pin::Pin<&mut dyn core::future::future::Future<Output = ()>>>
[INFO] [stdout]    5: <end_to_end::postgres::test_sql_injection_attempt_in_search::{closure#0} as core::ops::function::FnOnce<()>>::call_once
[INFO] [stdout]    6: test::__rust_begin_short_backtrace::<core::result::Result<(), alloc::string::String>, fn() -> core::result::Result<(), alloc::string::String>>
[INFO] [stdout]    7: test::run_test::{closure#0}
[INFO] [stdout]    8: std::sys::backtrace::__rust_begin_short_backtrace::<test::run_test::{closure#1}, ()>
[INFO] [stdout]    9: <std::thread::lifecycle::spawn_unchecked<test::run_test::{closure#1}, ()>::{closure#1} as core::ops::function::FnOnce<()>>::call_once::{shim:vtable#0}
[INFO] [stdout]   10: <std::sys::thread::unix::Thread>::new::thread_start
[INFO] [stderr] error: test failed, to rerun pass `--test end_to_end`
[INFO] [stdout]   11: <unknown>
[INFO] [stdout]   12: clone
[INFO] [stdout] stack backtrace:
[INFO] [stdout]    0:     0x60ccf37cf6d1 - <<std[617be2ca0a6fd877]::sys::backtrace::BacktraceLock>::print::DisplayBacktrace as core[a373ad73a504971]::fmt::Display>::fmt
[INFO] [stdout]    1:     0x60ccf37e82da - core[a373ad73a504971]::fmt::write
[INFO] [stdout]    2:     0x60ccf37d496c - <alloc[2e1b2a31b91974c5]::vec::Vec<u8> as core[a373ad73a504971]::io::write::Write>::write_fmt
[INFO] [stdout]    3:     0x60ccf37a8a66 - std[617be2ca0a6fd877]::panicking::default_hook::{closure#0}
[INFO] [stdout]    4:     0x60ccf37c6b09 - std[617be2ca0a6fd877]::panicking::default_hook
[INFO] [stdout]    5:     0x60ccf337d450 - test[aada8e7e76ba119b]::test_main_inner::{closure#0}
[INFO] [stdout]    6:     0x60ccf37c6e32 - std[617be2ca0a6fd877]::panicking::panic_with_hook
[INFO] [stdout]    7:     0x60ccf37a8b12 - std[617be2ca0a6fd877]::panicking::panic_handler::{closure#0}
[INFO] [stdout]    8:     0x60ccf37a0f89 - std[617be2ca0a6fd877]::sys::backtrace::__rust_end_short_backtrace::<std[617be2ca0a6fd877]::panicking::panic_handler::{closure#0}, !>
[INFO] [stdout]    9:     0x60ccf37a9a1d - __rustc[ea4f61d10b84890b]::rust_begin_unwind
[INFO] [stdout]   10:     0x60ccf37e8abc - core[a373ad73a504971]::panicking::panic_fmt
[INFO] [stdout]   11:     0x60ccf37e8892 - core[a373ad73a504971]::result::unwrap_failed
[INFO] [stdout]   12:     0x60ccf331e24e - end_to_end[b2e0e55b1862d41c]::postgres::test_sql_injection_attempt_in_search::{closure#0}
[INFO] [stdout]   13:     0x60ccf3353fd5 - <tokio[b73627b1649ca97e]::runtime::scheduler::current_thread::CurrentThread>::block_on::<core[a373ad73a504971]::pin::Pin<&mut dyn core[a373ad73a504971]::future::future::Future<Output = ()>>>
[INFO] [stdout]   14:     0x60ccf32c4852 - <tokio[b73627b1649ca97e]::runtime::runtime::Runtime>::block_on::<core[a373ad73a504971]::pin::Pin<&mut dyn core[a373ad73a504971]::future::future::Future<Output = ()>>>
[INFO] [stdout]   15:     0x60ccf33253ec - <end_to_end[b2e0e55b1862d41c]::postgres::test_sql_injection_attempt_in_search::{closure#0} as core[a373ad73a504971]::ops::function::FnOnce<()>>::call_once
[INFO] [stdout]   16:     0x60ccf337089b - test[aada8e7e76ba119b]::__rust_begin_short_backtrace::<core[a373ad73a504971]::result::Result<(), alloc[2e1b2a31b91974c5]::string::String>, fn() -> core[a373ad73a504971]::result::Result<(), alloc[2e1b2a31b91974c5]::string::String>>
[INFO] [stdout]   17:     0x60ccf337da75 - test[aada8e7e76ba119b]::run_test::{closure#0}
[INFO] [stdout]   18:     0x60ccf3377364 - std[617be2ca0a6fd877]::sys::backtrace::__rust_begin_short_backtrace::<test[aada8e7e76ba119b]::run_test::{closure#1}, ()>
[INFO] [stdout]   19:     0x60ccf3380b02 - <std[617be2ca0a6fd877]::thread::lifecycle::spawn_unchecked<test[aada8e7e76ba119b]::run_test::{closure#1}, ()>::{closure#1} as core[a373ad73a504971]::ops::function::FnOnce<()>>::call_once::{shim:vtable#0}
[INFO] [stdout]   20:     0x60ccf37ce50f - <std[617be2ca0a6fd877]::sys::thread::unix::Thread>::new::thread_start
[INFO] [stdout]   21:     0x7c12d2e64dfa - <unknown>
[INFO] [stdout]   22:     0x7c12d2ef83d4 - clone
[INFO] [stdout]   23:                0x0 - <unknown>
[INFO] [stdout] 
[INFO] [stdout] 
[INFO] [stdout] failures:
[INFO] [stdout]     postgres::test_basic_pagination
[INFO] [stdout]     postgres::test_combined_search_filter_sort_pagination
[INFO] [stdout]     postgres::test_complex_filtering_scenario
[INFO] [stdout]     postgres::test_date_range_filter
[INFO] [stdout]     postgres::test_disable_totals_count
[INFO] [stdout]     postgres::test_empty_table
[INFO] [stdout]     postgres::test_filter_between_range
[INFO] [stdout]     postgres::test_filter_equality
[INFO] [stdout]     postgres::test_filter_greater_than
[INFO] [stdout]     postgres::test_filter_in_operator
[INFO] [stdout]     postgres::test_filter_null_check
[INFO] [stdout]     postgres::test_large_result_set
[INFO] [stdout]     postgres::test_pagination_second_page
[INFO] [stdout]     postgres::test_search_case_insensitive
[INFO] [stdout]     postgres::test_search_multiple_columns
[INFO] [stdout]     postgres::test_search_single_column
[INFO] [stdout]     postgres::test_sort_ascending
[INFO] [stdout]     postgres::test_sort_descending
[INFO] [stdout]     postgres::test_sql_injection_attempt_in_filter
[INFO] [stdout]     postgres::test_sql_injection_attempt_in_search
[INFO] [stdout] 
[INFO] [stdout] test result: FAILED. 0 passed; 20 failed; 0 ignored; 0 measured; 0 filtered out; finished in 0.04s
[INFO] [stdout] 
[INFO] running `Command { std: "docker" "inspect" "ea7c5f23527b90a02fe1c3dd90922c3383fcfd787681cf54be9fd6ccdf49bce5", kill_on_drop: false }`
[INFO] running `Command { std: "docker" "rm" "-f" "ea7c5f23527b90a02fe1c3dd90922c3383fcfd787681cf54be9fd6ccdf49bce5", kill_on_drop: false }`
[INFO] [stdout] ea7c5f23527b90a02fe1c3dd90922c3383fcfd787681cf54be9fd6ccdf49bce5
