[INFO] fetching crate souchy-tauri-specta 2.0.1...
[INFO] testing souchy-tauri-specta-2.0.1 against 1.100.0-beta.1+cargoflags=--release for beta-release-1.100-2
[INFO] extracting crate souchy-tauri-specta 2.0.1 into /workspace/builds/worker-0-tc2/source
[INFO] started tweaking crates.io crate souchy-tauri-specta 2.0.1
[INFO] finished tweaking crates.io crate souchy-tauri-specta 2.0.1
[INFO] tweaked toml for crates.io crate souchy-tauri-specta 2.0.1 written to /workspace/builds/worker-0-tc2/source/Cargo.toml
[INFO] validating manifest of crates.io crate souchy-tauri-specta 2.0.1 on toolchain 1.100.0-beta.1
[INFO] running `Command { std: CARGO_HOME="/workspace/cargo-home" RUSTUP_HOME="/workspace/rustup-home" "/workspace/cargo-home/bin/cargo" "+1.100.0-beta.1" "metadata" "--manifest-path" "Cargo.toml" "--no-deps", kill_on_drop: false }`
[INFO] crate crates.io crate souchy-tauri-specta 2.0.1 already has a lockfile, it will not be regenerated
[INFO] running `Command { std: CARGO_HOME="/workspace/cargo-home" RUSTUP_HOME="/workspace/rustup-home" "/workspace/cargo-home/bin/cargo" "+1.100.0-beta.1" "fetch" "--manifest-path" "Cargo.toml", kill_on_drop: false }`
[INFO] running `Command { std: "docker" "create" "-v" "/var/lib/crater-agent-workspace/builds/worker-0-tc2/source:/opt/rustwide/workdir:ro,Z" "-v" "/var/lib/crater-agent-workspace/builds/worker-0-tc2/target:/opt/rustwide/target:rw,Z" "-v" "/var/lib/crater-agent-workspace/cargo-home:/opt/rustwide/cargo-home:ro,Z" "-v" "/var/lib/crater-agent-workspace/rustup-home:/opt/rustwide/rustup-home:ro,Z" "-m" "1610612736" "--network" "none" "ghcr.io/rust-lang/crates-build-env/linux@sha256:77db811e55d90add9212f6832c23229e3de5f1c1f9905e8cb07319ea15df73ac" "sleep" "infinity", kill_on_drop: false }`
[INFO] [stdout] 7778ff580b5146645927577930dfcf3518b47a861d41f0ef1e7cd8fdec8ef1b7
[INFO] running `Command { std: "docker" "start" "7778ff580b5146645927577930dfcf3518b47a861d41f0ef1e7cd8fdec8ef1b7", kill_on_drop: false }`
[INFO] running `Command { std: "docker" "inspect" "7778ff580b5146645927577930dfcf3518b47a861d41f0ef1e7cd8fdec8ef1b7", kill_on_drop: false }`
[INFO] running `Command { std: "docker" "exec" "-e" "SOURCE_DIR=/opt/rustwide/workdir" "-e" "CARGO_HOME=/opt/rustwide/cargo-home" "-e" "RUSTUP_HOME=/opt/rustwide/rustup-home" "-e" "CARGO_TARGET_DIR=/opt/rustwide/target" "-w" "/opt/rustwide/workdir" "--user" "0:0" "7778ff580b5146645927577930dfcf3518b47a861d41f0ef1e7cd8fdec8ef1b7" "/opt/rustwide/cargo-home/bin/cargo" "+1.100.0-beta.1" "metadata" "--no-deps" "--format-version=1", kill_on_drop: false }`
[INFO] running `Command { std: "docker" "inspect" "7778ff580b5146645927577930dfcf3518b47a861d41f0ef1e7cd8fdec8ef1b7", kill_on_drop: false }`
[INFO] running `Command { std: "docker" "exec" "-e" "SOURCE_DIR=/opt/rustwide/workdir" "-e" "CARGO_HOME=/opt/rustwide/cargo-home" "-e" "RUSTUP_HOME=/opt/rustwide/rustup-home" "-e" "CARGO_TARGET_DIR=/opt/rustwide/target" "-e" "CARGO_INCREMENTAL=0" "-e" "RUST_BACKTRACE=full" "-e" "RUSTFLAGS=--cap-lints=warn" "-e" "RUSTDOCFLAGS=--cap-lints=warn" "-w" "/opt/rustwide/workdir" "--user" "0:0" "7778ff580b5146645927577930dfcf3518b47a861d41f0ef1e7cd8fdec8ef1b7" "/opt/rustwide/cargo-home/bin/cargo" "+1.100.0-beta.1" "build" "--frozen" "--message-format=json" "--release", kill_on_drop: false }`
[INFO] [stderr]    Compiling proc-macro2 v1.0.92
[INFO] [stderr]    Compiling smallvec v1.13.2
[INFO] [stderr]    Compiling hashbrown v0.15.2
[INFO] [stderr]    Compiling pkg-config v0.3.31
[INFO] [stderr]    Compiling target-lexicon v0.12.16
[INFO] [stderr]    Compiling winnow v0.6.22
[INFO] [stderr]    Compiling version-compare v0.2.0
[INFO] [stderr]    Compiling libc v0.2.169
[INFO] [stderr]    Compiling syn v1.0.109
[INFO] [stderr]    Compiling siphasher v0.3.11
[INFO] [stderr]    Compiling semver v1.0.24
[INFO] [stderr]    Compiling stable_deref_trait v1.2.0
[INFO] [stderr]    Compiling once_cell v1.20.2
[INFO] [stderr]    Compiling futures-channel v0.3.31
[INFO] [stderr]    Compiling getrandom v0.1.16
[INFO] [stderr]    Compiling phf_shared v0.10.0
[INFO] [stderr]    Compiling typeid v1.0.2
[INFO] [stderr]    Compiling thiserror v2.0.10
[INFO] [stderr]    Compiling gio v0.18.4
[INFO] [stderr]    Compiling icu_locid_transform_data v1.5.0
[INFO] [stderr]    Compiling phf_shared v0.8.0
[INFO] [stderr]    Compiling anyhow v1.0.95
[INFO] [stderr]    Compiling icu_properties_data v1.5.0
[INFO] [stderr]    Compiling parking_lot_core v0.9.10
[INFO] [stderr]    Compiling memoffset v0.9.1
[INFO] [stderr]    Compiling utf16_iter v1.0.5
[INFO] [stderr]    Compiling serde_json v1.0.135
[INFO] [stderr]    Compiling write16 v1.0.0
[INFO] [stderr]    Compiling icu_normalizer_data v1.5.0
[INFO] [stderr]    Compiling new_debug_unreachable v1.0.6
[INFO] [stderr]    Compiling lock_api v0.4.12
[INFO] [stderr]    Compiling ryu v1.0.18
[INFO] [stderr]    Compiling precomputed-hash v0.1.1
[INFO] [stderr]    Compiling mac v0.1.1
[INFO] [stderr]    Compiling futf v0.1.5
[INFO] [stderr]    Compiling toml_parser v1.0.3
[INFO] [stderr]    Compiling serde_spanned v1.0.2
[INFO] [stderr]    Compiling toml_datetime v0.7.2
[INFO] [stderr]    Compiling utf-8 v0.7.6
[INFO] [stderr]    Compiling log v0.4.22
[INFO] [stderr]    Compiling percent-encoding v2.3.1
[INFO] [stderr]    Compiling bitflags v1.3.2
[INFO] [stderr]    Compiling dtoa v1.0.9
[INFO] [stderr]    Compiling toml_writer v1.0.3
[INFO] [stderr]    Compiling getrandom v0.2.15
[INFO] [stderr]    Compiling dtoa-short v0.3.5
[INFO] [stderr]    Compiling form_urlencoded v1.2.1
[INFO] [stderr]    Compiling tendril v0.4.3
[INFO] [stderr]    Compiling indexmap v1.9.3
[INFO] [stderr]    Compiling gtk v0.18.2
[INFO] [stderr]    Compiling matches v0.1.10
[INFO] [stderr]    Compiling nodrop v0.1.14
[INFO] [stderr]    Compiling unic-char-range v0.9.0
[INFO] [stderr]    Compiling rand_core v0.5.1
[INFO] [stderr]    Compiling indexmap v2.11.4
[INFO] [stderr]    Compiling unic-common v0.9.0
[INFO] [stderr]    Compiling alloc-no-stdlib v2.0.4
[INFO] [stderr]    Compiling unic-ucd-version v0.9.0
[INFO] [stderr]    Compiling typenum v1.17.0
[INFO] [stderr]    Compiling servo_arc v0.2.0
[INFO] [stderr]    Compiling cfg-expr v0.15.8
[INFO] [stderr]    Compiling rand_core v0.6.4
[INFO] [stderr]    Compiling rand_pcg v0.2.1
[INFO] [stderr]    Compiling parking_lot v0.12.3
[INFO] [stderr]    Compiling alloc-stdlib v0.2.2
[INFO] [stderr]    Compiling unic-char-property v0.9.0
[INFO] [stderr]    Compiling phf v0.8.0
[INFO] [stderr]    Compiling toml v0.9.7
[INFO] [stderr]    Compiling fxhash v0.2.1
[INFO] [stderr]    Compiling hashbrown v0.12.3
[INFO] [stderr]    Compiling schemars v0.8.21
[INFO] [stderr]    Compiling brotli-decompressor v5.0.0
[INFO] [stderr]    Compiling unic-ucd-ident v0.9.0
[INFO] [stderr]    Compiling x11 v2.21.0
[INFO] [stderr]    Compiling quote v1.0.38
[INFO] [stderr]    Compiling bytes v1.9.0
[INFO] [stderr]    Compiling simd-adler32 v0.3.7
[INFO] [stderr]    Compiling dyn-clone v1.0.17
[INFO] [stderr]    Compiling adler2 v2.0.0
[INFO] [stderr]    Compiling time-macros v0.2.19
[INFO] [stderr]    Compiling syn v2.0.96
[INFO] [stderr]    Compiling miniz_oxide v0.8.2
[INFO] [stderr]    Compiling proc-macro-error-attr v1.0.4
[INFO] [stderr]    Compiling cc v1.2.7
[INFO] [stderr]    Compiling deranged v0.3.11
[INFO] [stderr]    Compiling x11-dl v2.21.0
[INFO] [stderr]    Compiling cookie v0.18.1
[INFO] [stderr]    Compiling crc32fast v1.4.2
[INFO] [stderr]    Compiling winnow v0.7.13
[INFO] [stderr]    Compiling http v1.2.0
[INFO] [stderr]    Compiling generic-array v0.14.7
[INFO] [stderr]    Compiling option-ext v0.2.0
[INFO] [stderr]    Compiling dirs-sys v0.5.0
[INFO] [stderr]    Compiling phf_shared v0.11.3
[INFO] [stderr]    Compiling flate2 v1.0.35
[INFO] [stderr]    Compiling brotli v8.0.2
[INFO] [stderr]    Compiling crossbeam-channel v0.5.14
[INFO] [stderr]    Compiling fdeflate v0.3.7
[INFO] [stderr]    Compiling crypto-common v0.1.6
[INFO] [stderr]    Compiling block-buffer v0.10.4
[INFO] [stderr]    Compiling time v0.3.37
[INFO] [stderr]    Compiling digest v0.10.7
[INFO] [stderr]    Compiling png v0.17.16
[INFO] [stderr]    Compiling dirs v6.0.0
[INFO] [stderr]    Compiling libloading v0.7.4
[INFO] [stderr]    Compiling wry v0.53.3
[INFO] [stderr]    Compiling cpufeatures v0.2.16
[INFO] [stderr]    Compiling tauri-runtime v2.8.0
[INFO] [stderr]    Compiling dunce v1.0.5
[INFO] [stderr]    Compiling sha2 v0.10.8
[INFO] [stderr]    Compiling getrandom v0.3.3
[INFO] [stderr]    Compiling Inflector v0.11.4
[INFO] [stderr]    Compiling tauri-runtime-wry v2.8.1
[INFO] [stderr]    Compiling tokio v1.43.0
[INFO] [stderr]    Compiling heck v0.5.0
[INFO] [stderr]    Compiling ico v0.4.0
[INFO] [stderr]    Compiling proc-macro-error v1.0.4
[INFO] [stderr]    Compiling synstructure v0.13.1
[INFO] [stderr]    Compiling darling_core v0.20.10
[INFO] [stderr]    Compiling serde_derive_internals v0.29.1
[INFO] [stderr]    Compiling cssparser v0.29.6
[INFO] [stderr]    Compiling serde_derive v1.0.228
[INFO] [stderr]    Compiling zerocopy-derive v0.7.35
[INFO] [stderr]    Compiling zerovec-derive v0.10.3
[INFO] [stderr]    Compiling displaydoc v0.2.5
[INFO] [stderr]    Compiling thiserror-impl v1.0.69
[INFO] [stderr]    Compiling icu_provider_macros v1.5.0
[INFO] [stderr]    Compiling futures-macro v0.3.31
[INFO] [stderr]    Compiling thiserror-impl v2.0.10
[INFO] [stderr]    Compiling zerofrom-derive v0.1.5
[INFO] [stderr]    Compiling yoke-derive v0.7.5
[INFO] [stderr]    Compiling ctor v0.2.9
[INFO] [stderr]    Compiling cssparser-macros v0.6.1
[INFO] [stderr]    Compiling zerocopy v0.7.35
[INFO] [stderr]    Compiling futures-util v0.3.31
[INFO] [stderr]    Compiling derive_more v0.99.18
[INFO] [stderr]    Compiling match_token v0.1.0
[INFO] [stderr]    Compiling schemars_derive v0.8.21
[INFO] [stderr]    Compiling dlopen2_derive v0.4.0
[INFO] [stderr]    Compiling thiserror v1.0.69
[INFO] [stderr]    Compiling specta-macros v2.0.0-rc.18
[INFO] [stderr]    Compiling serialize-to-javascript-impl v0.1.2
[INFO] [stderr]    Compiling zerofrom v0.1.5
[INFO] [stderr]    Compiling ppv-lite86 v0.2.20
[INFO] [stderr]    Compiling yoke v0.7.5
[INFO] [stderr]    Compiling serde_repr v0.1.19
[INFO] [stderr]    Compiling dlopen2 v0.8.0
[INFO] [stderr]    Compiling zerovec v0.10.4
[INFO] [stderr]    Compiling rand_chacha v0.3.1
[INFO] [stderr]    Compiling rand_chacha v0.2.2
[INFO] [stderr]    Compiling rand v0.8.5
[INFO] [stderr]    Compiling rand v0.7.3
[INFO] [stderr]    Compiling specta v2.0.0-rc.22
[INFO] [stderr]    Compiling darling_macro v0.20.10
[INFO] [stderr]    Compiling darling v0.20.10
[INFO] [stderr]    Compiling serde_with_macros v3.12.0
[INFO] [stderr]    Compiling serde v1.0.228
[INFO] [stderr]    Compiling phf_generator v0.11.3
[INFO] [stderr]    Compiling futures-executor v0.3.31
[INFO] [stderr]    Compiling phf_generator v0.10.0
[INFO] [stderr]    Compiling tinystr v0.7.6
[INFO] [stderr]    Compiling icu_collections v1.5.0
[INFO] [stderr]    Compiling phf_codegen v0.11.3
[INFO] [stderr]    Compiling phf_generator v0.8.0
[INFO] [stderr]    Compiling phf_macros v0.11.3
[INFO] [stderr]    Compiling string_cache_codegen v0.5.2
[INFO] [stderr]    Compiling icu_locid v1.5.0
[INFO] [stderr]    Compiling phf_codegen v0.8.0
[INFO] [stderr]    Compiling phf_macros v0.10.0
[INFO] [stderr]    Compiling toml_datetime v0.6.8
[INFO] [stderr]    Compiling serde_spanned v0.6.8
[INFO] [stderr]    Compiling selectors v0.24.0
[INFO] [stderr]    Compiling string_cache v0.8.7
[INFO] [stderr]    Compiling uuid v1.11.1
[INFO] [stderr]    Compiling erased-serde v0.4.5
[INFO] [stderr]    Compiling markup5ever v0.14.1
[INFO] [stderr]    Compiling toml_edit v0.22.22
[INFO] [stderr]    Compiling toml_edit v0.20.7
[INFO] [stderr]    Compiling bitflags v2.7.0
[INFO] [stderr]    Compiling rustc_version v0.4.1
[INFO] [stderr]    Compiling toml_edit v0.19.15
[INFO] [stderr]    Compiling cargo-platform v0.1.9
[INFO] [stderr]    Compiling phf v0.11.3
[INFO] [stderr]    Compiling field-offset v0.3.6
[INFO] [stderr]    Compiling icu_provider v1.5.0
[INFO] [stderr]    Compiling cfb v0.7.3
[INFO] [stderr]    Compiling camino v1.1.9
[INFO] [stderr]    Compiling phf v0.10.1
[INFO] [stderr]    Compiling serde-untagged v0.1.6
[INFO] [stderr]    Compiling dpi v0.1.1
[INFO] [stderr]    Compiling infer v0.19.0
[INFO] [stderr]    Compiling serde_with v3.12.0
[INFO] [stderr]    Compiling icu_locid_transform v1.5.0
[INFO] [stderr]    Compiling embed-resource v3.0.6
[INFO] [stderr]    Compiling jsonptr v0.6.3
[INFO] [stderr]    Compiling cargo_metadata v0.19.1
[INFO] [stderr]    Compiling tauri-winres v0.3.3
[INFO] [stderr]    Compiling json-patch v3.0.1
[INFO] [stderr]    Compiling icu_properties v1.5.1
[INFO] [stderr]    Compiling cargo_toml v0.22.3
[INFO] [stderr]    Compiling toml v0.8.19
[INFO] [stderr]    Compiling html5ever v0.29.1
[INFO] [stderr]    Compiling keyboard-types v0.7.0
[INFO] [stderr]    Compiling proc-macro-crate v2.0.0
[INFO] [stderr]    Compiling system-deps v6.2.2
[INFO] [stderr]    Compiling proc-macro-crate v1.3.1
[INFO] [stderr]    Compiling serialize-to-javascript v0.1.2
[INFO] [stderr]    Compiling glib-macros v0.18.5
[INFO] [stderr]    Compiling gtk3-macros v0.18.2
[INFO] [stderr]    Compiling kuchikiki v0.8.8-speedreader
[INFO] [stderr]    Compiling glib-sys v0.18.1
[INFO] [stderr]    Compiling gobject-sys v0.18.0
[INFO] [stderr]    Compiling gio-sys v0.18.1
[INFO] [stderr]    Compiling gdk-sys v0.18.2
[INFO] [stderr]    Compiling cairo-sys-rs v0.18.2
[INFO] [stderr]    Compiling pango-sys v0.18.0
[INFO] [stderr]    Compiling gdk-pixbuf-sys v0.18.0
[INFO] [stderr]    Compiling atk-sys v0.18.2
[INFO] [stderr]    Compiling gtk-sys v0.18.2
[INFO] [stderr]    Compiling icu_normalizer v1.5.0
[INFO] [stderr]    Compiling javascriptcore-rs-sys v1.1.1
[INFO] [stderr]    Compiling soup3-sys v0.5.0
[INFO] [stderr]    Compiling webkit2gtk-sys v2.0.1
[INFO] [stderr]    Compiling gdkx11-sys v0.18.2
[INFO] [stderr]    Compiling idna_adapter v1.2.0
[INFO] [stderr]    Compiling idna v1.0.3
[INFO] [stderr]    Compiling url v2.5.4
[INFO] [stderr]    Compiling glib v0.18.5
[INFO] [stderr]    Compiling urlpattern v0.3.0
[INFO] [stderr]    Compiling gdkwayland-sys v0.18.2
[INFO] [stderr]    Compiling tauri-utils v2.7.0
[INFO] [stderr]    Compiling libappindicator-sys v0.9.0
[INFO] [stderr]    Compiling cairo-rs v0.18.5
[INFO] [stderr]    Compiling atk v0.18.2
[INFO] [stderr]    Compiling javascriptcore-rs v1.1.2
[INFO] [stderr]    Compiling tauri-build v2.4.1
[INFO] [stderr]    Compiling tauri-codegen v2.4.0
[INFO] [stderr]    Compiling tauri v2.8.5
[INFO] [stderr]    Compiling tauri-macros v2.4.0
[INFO] [stderr]    Compiling gdk-pixbuf v0.18.5
[INFO] [stderr]    Compiling pango v0.18.3
[INFO] [stderr]    Compiling soup3 v0.5.0
[INFO] [stderr]    Compiling gdk v0.18.2
[INFO] [stderr]    Compiling gdkx11 v0.18.2
[INFO] [stderr]    Compiling webkit2gtk v2.0.1
[INFO] [stderr]    Compiling muda v0.17.1
[INFO] [stderr]    Compiling tao v0.34.3
[INFO] [stderr]    Compiling libappindicator v0.9.0
[INFO] [stderr]    Compiling tray-icon v0.21.1
[INFO] [stderr]    Compiling souchy-tauri-specta v2.0.1 (/opt/rustwide/workdir)
[INFO] [stdout] warning: unused import: `fmt::format`
[INFO] [stdout]  --> src/builder.rs:2:62
[INFO] [stdout]   |
[INFO] [stdout] 2 |     borrow::Cow, collections::{BTreeMap, BTreeSet, HashSet}, fmt::format, fs::{self, File}, io::Write, path::Path
[INFO] [stdout]   |                                                              ^^^^^^^^^^^
[INFO] [stdout]   |
[INFO] [stdout]   = note: `#[warn(unused_imports)]` (part of `#[warn(unused)]`) on by default
[INFO] [stdout] 
[INFO] [stdout] 
[INFO] [stderr]     Finished `release` profile [optimized] target(s) in 4m 31s
[INFO] running `Command { std: "docker" "inspect" "7778ff580b5146645927577930dfcf3518b47a861d41f0ef1e7cd8fdec8ef1b7", kill_on_drop: false }`
[INFO] running `Command { std: "docker" "exec" "-e" "SOURCE_DIR=/opt/rustwide/workdir" "-e" "CARGO_HOME=/opt/rustwide/cargo-home" "-e" "RUSTUP_HOME=/opt/rustwide/rustup-home" "-e" "CARGO_TARGET_DIR=/opt/rustwide/target" "-e" "CARGO_INCREMENTAL=0" "-e" "RUST_BACKTRACE=full" "-e" "RUSTFLAGS=--cap-lints=warn" "-e" "RUSTDOCFLAGS=--cap-lints=warn" "-w" "/opt/rustwide/workdir" "--user" "0:0" "7778ff580b5146645927577930dfcf3518b47a861d41f0ef1e7cd8fdec8ef1b7" "/opt/rustwide/cargo-home/bin/cargo" "+1.100.0-beta.1" "test" "--frozen" "--no-run" "--message-format=json" "--release", kill_on_drop: false }`
[INFO] [stdout] warning: unused import: `fmt::format`
[INFO] [stdout]  --> src/builder.rs:2:62
[INFO] [stdout]   |
[INFO] [stdout] 2 |     borrow::Cow, collections::{BTreeMap, BTreeSet, HashSet}, fmt::format, fs::{self, File}, io::Write, path::Path
[INFO] [stdout]   |                                                              ^^^^^^^^^^^
[INFO] [stdout]   |
[INFO] [stdout]   = note: `#[warn(unused_imports)]` (part of `#[warn(unused)]`) on by default
[INFO] [stdout] 
[INFO] [stdout] 
[INFO] [stderr]    Compiling souchy-tauri-specta v2.0.1 (/opt/rustwide/workdir)
[INFO] [stdout] warning: unused import: `fmt::format`
[INFO] [stdout]  --> src/builder.rs:2:62
[INFO] [stdout]   |
[INFO] [stdout] 2 |     borrow::Cow, collections::{BTreeMap, BTreeSet, HashSet}, fmt::format, fs::{self, File}, io::Write, path::Path
[INFO] [stdout]   |                                                              ^^^^^^^^^^^
[INFO] [stdout]   |
[INFO] [stdout]   = note: `#[warn(unused_imports)]` (part of `#[warn(unused)]`) on by default
[INFO] [stdout] 
[INFO] [stdout] 
[INFO] [stderr]     Finished `release` profile [optimized] target(s) in 2.72s
[INFO] running `Command { std: "docker" "inspect" "7778ff580b5146645927577930dfcf3518b47a861d41f0ef1e7cd8fdec8ef1b7", kill_on_drop: false }`
[INFO] running `Command { std: "docker" "exec" "-e" "SOURCE_DIR=/opt/rustwide/workdir" "-e" "CARGO_HOME=/opt/rustwide/cargo-home" "-e" "RUSTUP_HOME=/opt/rustwide/rustup-home" "-e" "CARGO_TARGET_DIR=/opt/rustwide/target" "-e" "CARGO_INCREMENTAL=0" "-e" "RUST_BACKTRACE=full" "-e" "RUSTFLAGS=--cap-lints=warn" "-e" "RUSTDOCFLAGS=--cap-lints=warn" "-w" "/opt/rustwide/workdir" "--user" "0:0" "7778ff580b5146645927577930dfcf3518b47a861d41f0ef1e7cd8fdec8ef1b7" "/opt/rustwide/cargo-home/bin/cargo" "+1.100.0-beta.1" "test" "--frozen" "--release", kill_on_drop: false }`
[INFO] [stderr] warning: unused import: `fmt::format`
[INFO] [stderr]  --> src/builder.rs:2:62
[INFO] [stderr]   |
[INFO] [stderr] 2 |     borrow::Cow, collections::{BTreeMap, BTreeSet, HashSet}, fmt::format, fs::{self, File}, io::Write, path::Path
[INFO] [stderr]   |                                                              ^^^^^^^^^^^
[INFO] [stderr]   |
[INFO] [stderr]   = note: `#[warn(unused_imports)]` (part of `#[warn(unused)]`) on by default
[INFO] [stderr] 
[INFO] [stderr] warning: `souchy-tauri-specta` (lib) generated 1 warning (run `cargo fix --lib -p souchy-tauri-specta` to apply 1 suggestion)
[INFO] [stderr] warning: `souchy-tauri-specta` (lib test) generated 1 warning (1 duplicate)
[INFO] [stderr]     Finished `release` profile [optimized] target(s) in 0.36s
[INFO] [stderr]      Running unittests src/lib.rs (/opt/rustwide/target/release/build/souchy-tauri-specta/aad539214566fdad/out/souchy_tauri_specta-aad539214566fdad)
[INFO] [stdout] 
[INFO] [stdout] running 0 tests
[INFO] [stderr]    Doc-tests souchy_tauri_specta
[INFO] [stdout] 
[INFO] [stdout] test result: ok. 0 passed; 0 failed; 0 ignored; 0 measured; 0 filtered out; finished in 0.00s
[INFO] [stdout] 
[INFO] [stdout] 
[INFO] [stdout] running 16 tests
[INFO] [stdout] test src/builder.rs - builder::Builder (line 25) ... ignored
[INFO] [stdout] test src/builder.rs - builder::Builder (line 53) ... ignored
[INFO] [stdout] test src/builder.rs - builder::Builder<R>::mount_events (line 272) ... ignored
[INFO] [stdout] test src/lib.rs - (line 40) ... ignored
[INFO] [stdout] test src/builder.rs - builder::Builder<R>::events (line 166) ... FAILED
[INFO] [stdout] test src/macros.rs - macros::collect_events (line 58) ... FAILED
[INFO] [stdout] test src/lib.rs - (line 86) ... FAILED
[INFO] [stdout] test src/builder.rs - builder::Builder<R>::export (line 341) ... FAILED
[INFO] [stdout] test src/builder.rs - builder::Builder<R>::export_str (line 306) ... FAILED
[INFO] [stdout] test src/event.rs - event::Event (line 82) ... FAILED
[INFO] [stdout] test src/lib.rs - (line 123) ... FAILED
[INFO] [stdout] test src/builder.rs - builder::Builder<R>::typ (line 212) ... ok
[INFO] [stdout] test src/builder.rs - builder::Builder<R>::constant (line 236) ... ok
[INFO] [stdout] test src/lib.rs - (line 106) ... ok
[INFO] [stdout] test src/builder.rs - builder::Builder<R>::commands (line 132) ... ok
[INFO] [stdout] test src/macros.rs - macros::collect_commands (line 7) ... ok
[INFO] [stdout] 
[INFO] [stdout] failures:
[INFO] [stdout] 
[INFO] [stdout] ---- src/builder.rs - builder::Builder<R>::events (line 166) stdout ----
[INFO] [stdout] error: cannot find derive macro `Event` in this scope
[INFO] [stdout]    --> src/builder.rs:172:54
[INFO] [stdout]     |
[INFO] [stdout] 172 | #[derive(Serialize, Deserialize, Debug, Clone, Type, Event)]
[INFO] [stdout]     |                                                      ^^^^^
[INFO] [stdout]     |
[INFO] [stdout] note: `Event` is a trait, not a derive macro
[INFO] [stdout]    --> src/event.rs:99:1
[INFO] [stdout]     |
[INFO] [stdout]  99 | pub trait Event: NamedType {
[INFO] [stdout]     | ^^^^^^^^^^^^^^^^^^^^^^^^^^
[INFO] [stdout]     = help: consider implementing `Event` for your type manually
[INFO] [stdout] 
[INFO] [stdout] error[E0277]: the trait bound `DemoEvent: souchy_tauri_specta::Event` is not satisfied
[INFO] [stdout]    --> src/builder.rs:175:55
[INFO] [stdout]     |
[INFO] [stdout] 175 | let mut builder = Builder::<tauri::Wry>::new().events(collect_events![DemoEvent]);
[INFO] [stdout]     |                                                       ^^^^^^^^^^^^^^^^^^^^^^^^^^ unsatisfied trait bound
[INFO] [stdout]     |
[INFO] [stdout] help: the trait `souchy_tauri_specta::Event` is not implemented for `DemoEvent`
[INFO] [stdout]    --> src/builder.rs:173:1
[INFO] [stdout]     |
[INFO] [stdout] 173 | pub struct DemoEvent(String);
[INFO] [stdout]     | ^^^^^^^^^^^^^^^^^^^^
[INFO] [stdout] note: required by a bound in `souchy_tauri_specta::internal::register_event`
[INFO] [stdout]    --> src/lib.rs:385:30
[INFO] [stdout]     |
[INFO] [stdout] 385 |     pub fn register_event<E: Event>(Events(events): &mut Events) {
[INFO] [stdout]     |                              ^^^^^ required by this bound in `register_event`
[INFO] [stdout]     = note: this error originates in the macro `collect_events` (in Nightly builds, run with -Z macro-backtrace for more info)
[INFO] [stdout] 
[INFO] [stdout] error: aborting due to 2 previous errors
[INFO] [stdout] 
[INFO] [stdout] For more information about this error, try `rustc --explain E0277`.
[INFO] [stdout] Couldn't compile the test.
[INFO] [stdout] ---- src/macros.rs - macros::collect_events (line 58) stdout ----
[INFO] [stdout] error: cannot find derive macro `Event` in this scope
[INFO] [stdout]   --> src/macros.rs:64:54
[INFO] [stdout]    |
[INFO] [stdout] 64 | #[derive(Debug, Clone, Serialize, Deserialize, Type, Event)]
[INFO] [stdout]    |                                                      ^^^^^
[INFO] [stdout]    |
[INFO] [stdout] note: `Event` is a trait, not a derive macro
[INFO] [stdout]   --> src/event.rs:99:1
[INFO] [stdout]    |
[INFO] [stdout] 99 | pub trait Event: NamedType {
[INFO] [stdout]    | ^^^^^^^^^^^^^^^^^^^^^^^^^^
[INFO] [stdout]    = help: consider implementing `Event` for your type manually
[INFO] [stdout] 
[INFO] [stdout] error: cannot find derive macro `Event` in this scope
[INFO] [stdout]   --> src/macros.rs:67:54
[INFO] [stdout]    |
[INFO] [stdout] 67 | #[derive(Debug, Clone, Serialize, Deserialize, Type, Event)]
[INFO] [stdout]    |                                                      ^^^^^
[INFO] [stdout]    |
[INFO] [stdout] note: `Event` is a trait, not a derive macro
[INFO] [stdout]   --> src/event.rs:99:1
[INFO] [stdout]    |
[INFO] [stdout] 99 | pub trait Event: NamedType {
[INFO] [stdout]    | ^^^^^^^^^^^^^^^^^^^^^^^^^^
[INFO] [stdout]    = help: consider implementing `Event` for your type manually
[INFO] [stdout] 
[INFO] [stdout] error: cannot find derive macro `Event` in this scope
[INFO] [stdout]   --> src/macros.rs:76:58
[INFO] [stdout]    |
[INFO] [stdout] 76 |     #[derive(Debug, Clone, Serialize, Deserialize, Type, Event)]
[INFO] [stdout]    |                                                          ^^^^^
[INFO] [stdout]    |
[INFO] [stdout] note: `Event` is a trait, not a derive macro
[INFO] [stdout]   --> src/event.rs:99:1
[INFO] [stdout]    |
[INFO] [stdout] 99 | pub trait Event: NamedType {
[INFO] [stdout]    | ^^^^^^^^^^^^^^^^^^^^^^^^^^
[INFO] [stdout]    = help: consider implementing `Event` for your type manually
[INFO] [stdout] 
[INFO] [stdout] error[E0277]: the trait bound `MyEvent: souchy_tauri_specta::Event` is not satisfied
[INFO] [stdout]    --> src/macros.rs:81:13
[INFO] [stdout]     |
[INFO] [stdout]  81 |       .events(collect_events![
[INFO] [stdout]     |  _____________^
[INFO] [stdout]  82 | |         // You can pass a struct name.
[INFO] [stdout]  83 | |         MyEvent,
[INFO] [stdout] ...   |
[INFO] [stdout]  87 | |         MyGenericEvent::<String>
[INFO] [stdout]  88 | |     ]);
[INFO] [stdout]     | |_____^ unsatisfied trait bound
[INFO] [stdout]     |
[INFO] [stdout] help: the trait `souchy_tauri_specta::Event` is not implemented for `MyEvent`
[INFO] [stdout]    --> src/macros.rs:65:1
[INFO] [stdout]     |
[INFO] [stdout]  65 | pub struct MyEvent(String);
[INFO] [stdout]     | ^^^^^^^^^^^^^^^^^^
[INFO] [stdout] note: required by a bound in `souchy_tauri_specta::internal::register_event`
[INFO] [stdout]    --> src/lib.rs:385:30
[INFO] [stdout]     |
[INFO] [stdout] 385 |     pub fn register_event<E: Event>(Events(events): &mut Events) {
[INFO] [stdout]     |                              ^^^^^ required by this bound in `register_event`
[INFO] [stdout]     = note: this error originates in the macro `collect_events` (in Nightly builds, run with -Z macro-backtrace for more info)
[INFO] [stdout] 
[INFO] [stdout] error[E0277]: the trait bound `World: souchy_tauri_specta::Event` is not satisfied
[INFO] [stdout]    --> src/macros.rs:81:13
[INFO] [stdout]     |
[INFO] [stdout]  81 |       .events(collect_events![
[INFO] [stdout]     |  _____________^
[INFO] [stdout]  82 | |         // You can pass a struct name.
[INFO] [stdout]  83 | |         MyEvent,
[INFO] [stdout] ...   |
[INFO] [stdout]  87 | |         MyGenericEvent::<String>
[INFO] [stdout]  88 | |     ]);
[INFO] [stdout]     | |_____^ unsatisfied trait bound
[INFO] [stdout]     |
[INFO] [stdout] help: the trait `souchy_tauri_specta::Event` is not implemented for `World`
[INFO] [stdout]    --> src/macros.rs:77:5
[INFO] [stdout]     |
[INFO] [stdout]  77 |     pub struct World(String);
[INFO] [stdout]     |     ^^^^^^^^^^^^^^^^
[INFO] [stdout] note: required by a bound in `souchy_tauri_specta::internal::register_event`
[INFO] [stdout]    --> src/lib.rs:385:30
[INFO] [stdout]     |
[INFO] [stdout] 385 |     pub fn register_event<E: Event>(Events(events): &mut Events) {
[INFO] [stdout]     |                              ^^^^^ required by this bound in `register_event`
[INFO] [stdout]     = note: this error originates in the macro `collect_events` (in Nightly builds, run with -Z macro-backtrace for more info)
[INFO] [stdout] 
[INFO] [stdout] error[E0277]: the trait bound `MyGenericEvent<std::string::String>: souchy_tauri_specta::Event` is not satisfied
[INFO] [stdout]    --> src/macros.rs:81:13
[INFO] [stdout]     |
[INFO] [stdout]  81 |       .events(collect_events![
[INFO] [stdout]     |  _____________^
[INFO] [stdout]  82 | |         // You can pass a struct name.
[INFO] [stdout]  83 | |         MyEvent,
[INFO] [stdout] ...   |
[INFO] [stdout]  87 | |         MyGenericEvent::<String>
[INFO] [stdout]  88 | |     ]);
[INFO] [stdout]     | |_____^ unsatisfied trait bound
[INFO] [stdout]     |
[INFO] [stdout] help: the trait `souchy_tauri_specta::Event` is not implemented for `MyGenericEvent<std::string::String>`
[INFO] [stdout]    --> src/macros.rs:68:1
[INFO] [stdout]     |
[INFO] [stdout]  68 | pub struct MyGenericEvent<T: Type>(T);
[INFO] [stdout]     | ^^^^^^^^^^^^^^^^^^^^^^^^^^^^^^^^^^
[INFO] [stdout] note: required by a bound in `souchy_tauri_specta::internal::register_event`
[INFO] [stdout]    --> src/lib.rs:385:30
[INFO] [stdout]     |
[INFO] [stdout] 385 |     pub fn register_event<E: Event>(Events(events): &mut Events) {
[INFO] [stdout]     |                              ^^^^^ required by this bound in `register_event`
[INFO] [stdout]     = note: this error originates in the macro `collect_events` (in Nightly builds, run with -Z macro-backtrace for more info)
[INFO] [stdout] 
[INFO] [stdout] error: aborting due to 6 previous errors
[INFO] [stdout] 
[INFO] [stdout] For more information about this error, try `rustc --explain E0277`.
[INFO] [stdout] Couldn't compile the test.
[INFO] [stdout] ---- src/lib.rs - (line 86) stdout ----
[INFO] [stdout] error[E0433]: cannot find module or crate `specta_jsdoc` in this scope
[INFO] [stdout]   --> src/lib.rs:92:13
[INFO] [stdout]    |
[INFO] [stdout] 92 |     .export(specta_jsdoc::JSDoc::default(), "../src/bindings.js")
[INFO] [stdout]    |             ^^^^^^^^^^^^ use of unresolved module or unlinked crate `specta_jsdoc`
[INFO] [stdout]    |
[INFO] [stdout]    = help: if you wanted to use a crate named `specta_jsdoc`, use `cargo add specta_jsdoc` to add it to your `Cargo.toml`
[INFO] [stdout] 
[INFO] [stdout] error: aborting due to 1 previous error
[INFO] [stdout] 
[INFO] [stdout] For more information about this error, try `rustc --explain E0433`.
[INFO] [stdout] Couldn't compile the test.
[INFO] [stdout] ---- src/builder.rs - builder::Builder<R>::export (line 341) stdout ----
[INFO] [stdout] error[E0432]: unresolved import `specta_typescript`
[INFO] [stdout]    --> src/builder.rs:344:5
[INFO] [stdout]     |
[INFO] [stdout] 344 | use specta_typescript::Typescript;
[INFO] [stdout]     |     ^^^^^^^^^^^^^^^^^ use of unresolved module or unlinked crate `specta_typescript`
[INFO] [stdout]     |
[INFO] [stdout]     = help: if you wanted to use a crate named `specta_typescript`, use `cargo add specta_typescript` to add it to your `Cargo.toml`
[INFO] [stdout] 
[INFO] [stdout] error: aborting due to 1 previous error
[INFO] [stdout] 
[INFO] [stdout] For more information about this error, try `rustc --explain E0432`.
[INFO] [stdout] Couldn't compile the test.
[INFO] [stdout] ---- src/builder.rs - builder::Builder<R>::export_str (line 306) stdout ----
[INFO] [stdout] error[E0432]: unresolved import `specta_typescript`
[INFO] [stdout]    --> src/builder.rs:312:5
[INFO] [stdout]     |
[INFO] [stdout] 312 | use specta_typescript::Typescript;
[INFO] [stdout]     |     ^^^^^^^^^^^^^^^^^ use of unresolved module or unlinked crate `specta_typescript`
[INFO] [stdout]     |
[INFO] [stdout]     = help: if you wanted to use a crate named `specta_typescript`, use `cargo add specta_typescript` to add it to your `Cargo.toml`
[INFO] [stdout] 
[INFO] [stdout] error: aborting due to 1 previous error
[INFO] [stdout] 
[INFO] [stdout] For more information about this error, try `rustc --explain E0432`.
[INFO] [stdout] Couldn't compile the test.
[INFO] [stdout] ---- src/event.rs - event::Event (line 82) stdout ----
[INFO] [stdout] error: cannot find derive macro `Event` in this scope
[INFO] [stdout]   --> src/event.rs:89:54
[INFO] [stdout]    |
[INFO] [stdout] 89 | #[derive(Debug, Clone, Serialize, Deserialize, Type, Event)]
[INFO] [stdout]    |                                                      ^^^^^
[INFO] [stdout]    |
[INFO] [stdout] note: `Event` is a trait, not a derive macro
[INFO] [stdout]   --> src/event.rs:99:1
[INFO] [stdout]    |
[INFO] [stdout] 99 | pub trait Event: NamedType {
[INFO] [stdout]    | ^^^^^^^^^^^^^^^^^^^^^^^^^^
[INFO] [stdout]    = help: consider implementing `Event` for your type manually
[INFO] [stdout] 
[INFO] [stdout] error[E0599]: no associated function or constant named `listen` found for struct `MyEvent` in the current scope
[INFO] [stdout]   --> src/event.rs:93:14
[INFO] [stdout]    |
[INFO] [stdout] 90 | pub struct MyEvent(String);
[INFO] [stdout]    | ------------------ associated function or constant `listen` not found for this struct
[INFO] [stdout] ...
[INFO] [stdout] 93 |     MyEvent::listen(&app_handle, |event| {
[INFO] [stdout]    |              ^^^^^^ associated function or constant not found in `MyEvent`
[INFO] [stdout]    |
[INFO] [stdout]    = help: items from traits can only be used if the trait is implemented and in scope
[INFO] [stdout]    = note: the following traits define an item `listen`, perhaps you need to implement one of them:
[INFO] [stdout]            candidate #1: `Listener`
[INFO] [stdout]            candidate #2: `gio::auto::socket::SocketExt`
[INFO] [stdout]            candidate #3: `souchy_tauri_specta::Event`
[INFO] [stdout]            candidate #4: `soup::auto::server::ServerExt`
[INFO] [stdout] 
[INFO] [stdout] error[E0599]: no method named `emit` found for struct `MyEvent` in the current scope
[INFO] [stdout]   --> src/event.rs:97:33
[INFO] [stdout]    |
[INFO] [stdout] 90 | pub struct MyEvent(String);
[INFO] [stdout]    | ------------------ method `emit` not found for this struct
[INFO] [stdout] ...
[INFO] [stdout] 97 |     MyEvent("Test".to_string()).emit(&app_handle).ok();
[INFO] [stdout]    |                                 ^^^^ method not found in `MyEvent`
[INFO] [stdout]    |
[INFO] [stdout]    = help: items from traits can only be used if the trait is implemented and in scope
[INFO] [stdout]    = note: the following traits define an item `emit`, perhaps you need to implement one of them:
[INFO] [stdout]            candidate #1: `Emitter`
[INFO] [stdout]            candidate #2: `glib::object::ObjectExt`
[INFO] [stdout]            candidate #3: `souchy_tauri_specta::Event`
[INFO] [stdout] 
[INFO] [stdout] error: aborting due to 3 previous errors
[INFO] [stdout] 
[INFO] [stdout] For more information about this error, try `rustc --explain E0599`.
[INFO] [stdout] Couldn't compile the test.
[INFO] [stdout] ---- src/lib.rs - (line 123) stdout ----
[INFO] [stdout] error: cannot find derive macro `Event` in this scope
[INFO] [stdout]    --> src/lib.rs:130:54
[INFO] [stdout]     |
[INFO] [stdout] 130 | #[derive(Serialize, Deserialize, Debug, Clone, Type, Event)]
[INFO] [stdout]     |                                                      ^^^^^
[INFO] [stdout]     |
[INFO] [stdout] note: `Event` is a trait, not a derive macro
[INFO] [stdout]    --> src/event.rs:99:1
[INFO] [stdout]     |
[INFO] [stdout]  99 | pub trait Event: NamedType {
[INFO] [stdout]     | ^^^^^^^^^^^^^^^^^^^^^^^^^^
[INFO] [stdout]     = help: consider implementing `Event` for your type manually
[INFO] [stdout] 
[INFO] [stdout] error[E0277]: the trait bound `DemoEvent: souchy_tauri_specta::Event` is not satisfied
[INFO] [stdout]    --> src/lib.rs:135:17
[INFO] [stdout]     |
[INFO] [stdout] 135 |         .events(collect_events![DemoEvent]);
[INFO] [stdout]     |                 ^^^^^^^^^^^^^^^^^^^^^^^^^^ unsatisfied trait bound
[INFO] [stdout]     |
[INFO] [stdout] help: the trait `souchy_tauri_specta::Event` is not implemented for `DemoEvent`
[INFO] [stdout]    --> src/lib.rs:131:1
[INFO] [stdout]     |
[INFO] [stdout] 131 | pub struct DemoEvent(String);
[INFO] [stdout]     | ^^^^^^^^^^^^^^^^^^^^
[INFO] [stdout] note: required by a bound in `souchy_tauri_specta::internal::register_event`
[INFO] [stdout]    --> src/lib.rs:385:30
[INFO] [stdout]     |
[INFO] [stdout] 385 |     pub fn register_event<E: Event>(Events(events): &mut Events) {
[INFO] [stdout]     |                              ^^^^^ required by this bound in `register_event`
[INFO] [stdout]     = note: this error originates in the macro `collect_events` (in Nightly builds, run with -Z macro-backtrace for more info)
[INFO] [stdout] 
[INFO] [stdout] error[E0599]: no associated function or constant named `listen` found for struct `DemoEvent` in the current scope
[INFO] [stdout]    --> src/lib.rs:145:24
[INFO] [stdout]     |
[INFO] [stdout] 131 | pub struct DemoEvent(String);
[INFO] [stdout]     | -------------------- associated function or constant `listen` not found for this struct
[INFO] [stdout] ...
[INFO] [stdout] 145 |             DemoEvent::listen(app, |event| {
[INFO] [stdout]     |                        ^^^^^^ associated function or constant not found in `DemoEvent`
[INFO] [stdout]     |
[INFO] [stdout]     = help: items from traits can only be used if the trait is implemented and in scope
[INFO] [stdout]     = note: the following traits define an item `listen`, perhaps you need to implement one of them:
[INFO] [stdout]             candidate #1: `Listener`
[INFO] [stdout]             candidate #2: `gio::auto::socket::SocketExt`
[INFO] [stdout]             candidate #3: `souchy_tauri_specta::Event`
[INFO] [stdout]             candidate #4: `soup::auto::server::ServerExt`
[INFO] [stdout] 
[INFO] [stdout] error[E0599]: no method named `emit` found for struct `DemoEvent` in the current scope
[INFO] [stdout]    --> src/lib.rs:149:38
[INFO] [stdout]     |
[INFO] [stdout] 131 | pub struct DemoEvent(String);
[INFO] [stdout]     | -------------------- method `emit` not found for this struct
[INFO] [stdout] ...
[INFO] [stdout] 149 |             DemoEvent("Test".into()).emit(app).unwrap();
[INFO] [stdout]     |                                      ^^^^ method not found in `DemoEvent`
[INFO] [stdout]     |
[INFO] [stdout]     = help: items from traits can only be used if the trait is implemented and in scope
[INFO] [stdout]     = note: the following traits define an item `emit`, perhaps you need to implement one of them:
[INFO] [stdout]             candidate #1: `Emitter`
[INFO] [stdout]             candidate #2: `glib::object::ObjectExt`
[INFO] [stdout]             candidate #3: `souchy_tauri_specta::Event`
[INFO] [stdout] 
[INFO] [stdout] error: aborting due to 4 previous errors
[INFO] [stdout] 
[INFO] [stdout] Some errors have detailed explanations: E0277, E0599.
[INFO] [stdout] For more information about an error, try `rustc --explain E0277`.
[INFO] [stdout] Couldn't compile the test.
[INFO] [stdout] 
[INFO] [stdout] failures:
[INFO] [stdout]     src/builder.rs - builder::Builder<R>::events (line 166)
[INFO] [stdout]     src/builder.rs - builder::Builder<R>::export (line 341)
[INFO] [stdout]     src/builder.rs - builder::Builder<R>::export_str (line 306)
[INFO] [stdout]     src/event.rs - event::Event (line 82)
[INFO] [stdout]     src/lib.rs - (line 123)
[INFO] [stdout]     src/lib.rs - (line 86)
[INFO] [stdout]     src/macros.rs - macros::collect_events (line 58)
[INFO] [stdout] 
[INFO] [stdout] test result: FAILED. 5 passed; 7 failed; 4 ignored; 0 measured; 0 filtered out; finished in 1.95s
[INFO] [stdout] 
[INFO] [stderr] error: doctest failed, to rerun pass `--doc`
[INFO] running `Command { std: "docker" "inspect" "7778ff580b5146645927577930dfcf3518b47a861d41f0ef1e7cd8fdec8ef1b7", kill_on_drop: false }`
[INFO] running `Command { std: "docker" "rm" "-f" "7778ff580b5146645927577930dfcf3518b47a861d41f0ef1e7cd8fdec8ef1b7", kill_on_drop: false }`
[INFO] [stdout] 7778ff580b5146645927577930dfcf3518b47a861d41f0ef1e7cd8fdec8ef1b7
