[INFO] fetching crate sockudo-ai-transport 5.1.0...
[INFO] testing sockudo-ai-transport-5.1.0 against 1.100.0-beta.1+cargoflags=--release for beta-release-1.100-2
[INFO] extracting crate sockudo-ai-transport 5.1.0 into /workspace/builds/worker-1-tc2/source
[INFO] started tweaking crates.io crate sockudo-ai-transport 5.1.0
[INFO] removed 0 missing tests
[INFO] finished tweaking crates.io crate sockudo-ai-transport 5.1.0
[INFO] tweaked toml for crates.io crate sockudo-ai-transport 5.1.0 written to /workspace/builds/worker-1-tc2/source/Cargo.toml
[INFO] validating manifest of crates.io crate sockudo-ai-transport 5.1.0 on toolchain 1.100.0-beta.1
[INFO] running `Command { std: CARGO_HOME="/workspace/cargo-home" RUSTUP_HOME="/workspace/rustup-home" "/workspace/cargo-home/bin/cargo" "+1.100.0-beta.1" "metadata" "--manifest-path" "Cargo.toml" "--no-deps", kill_on_drop: false }`
[INFO] crate crates.io crate sockudo-ai-transport 5.1.0 already has a lockfile, it will not be regenerated
[INFO] running `Command { std: CARGO_HOME="/workspace/cargo-home" RUSTUP_HOME="/workspace/rustup-home" "/workspace/cargo-home/bin/cargo" "+1.100.0-beta.1" "fetch" "--manifest-path" "Cargo.toml", kill_on_drop: false }`
[INFO] running `Command { std: "docker" "create" "-v" "/var/lib/crater-agent-workspace/builds/worker-1-tc2/source:/opt/rustwide/workdir:ro,Z" "-v" "/var/lib/crater-agent-workspace/builds/worker-1-tc2/target:/opt/rustwide/target:rw,Z" "-v" "/var/lib/crater-agent-workspace/cargo-home:/opt/rustwide/cargo-home:ro,Z" "-v" "/var/lib/crater-agent-workspace/rustup-home:/opt/rustwide/rustup-home:ro,Z" "-m" "1610612736" "--network" "none" "ghcr.io/rust-lang/crates-build-env/linux@sha256:77db811e55d90add9212f6832c23229e3de5f1c1f9905e8cb07319ea15df73ac" "sleep" "infinity", kill_on_drop: false }`
[INFO] [stdout] 82cc8d2a46cdba1311c53ed24a93ea51a3eb69349fa06f8b53efd3d39f9a0cf2
[INFO] running `Command { std: "docker" "start" "82cc8d2a46cdba1311c53ed24a93ea51a3eb69349fa06f8b53efd3d39f9a0cf2", kill_on_drop: false }`
[INFO] running `Command { std: "docker" "inspect" "82cc8d2a46cdba1311c53ed24a93ea51a3eb69349fa06f8b53efd3d39f9a0cf2", kill_on_drop: false }`
[INFO] running `Command { std: "docker" "exec" "-e" "SOURCE_DIR=/opt/rustwide/workdir" "-e" "CARGO_HOME=/opt/rustwide/cargo-home" "-e" "RUSTUP_HOME=/opt/rustwide/rustup-home" "-e" "CARGO_TARGET_DIR=/opt/rustwide/target" "-w" "/opt/rustwide/workdir" "--user" "0:0" "82cc8d2a46cdba1311c53ed24a93ea51a3eb69349fa06f8b53efd3d39f9a0cf2" "/opt/rustwide/cargo-home/bin/cargo" "+1.100.0-beta.1" "metadata" "--no-deps" "--format-version=1", kill_on_drop: false }`
[INFO] running `Command { std: "docker" "inspect" "82cc8d2a46cdba1311c53ed24a93ea51a3eb69349fa06f8b53efd3d39f9a0cf2", kill_on_drop: false }`
[INFO] running `Command { std: "docker" "exec" "-e" "SOURCE_DIR=/opt/rustwide/workdir" "-e" "CARGO_HOME=/opt/rustwide/cargo-home" "-e" "RUSTUP_HOME=/opt/rustwide/rustup-home" "-e" "CARGO_TARGET_DIR=/opt/rustwide/target" "-e" "CARGO_INCREMENTAL=0" "-e" "RUST_BACKTRACE=full" "-e" "RUSTFLAGS=--cap-lints=warn" "-e" "RUSTDOCFLAGS=--cap-lints=warn" "-w" "/opt/rustwide/workdir" "--user" "0:0" "82cc8d2a46cdba1311c53ed24a93ea51a3eb69349fa06f8b53efd3d39f9a0cf2" "/opt/rustwide/cargo-home/bin/cargo" "+1.100.0-beta.1" "build" "--frozen" "--message-format=json" "--release", kill_on_drop: false }`
[INFO] [stderr]    Compiling smallvec v1.16.1
[INFO] [stderr]    Compiling num-traits v0.2.19
[INFO] [stderr]    Compiling serde_json v1.0.151
[INFO] [stderr]    Compiling zerocopy v0.8.57
[INFO] [stderr]    Compiling find-msvc-tools v0.1.12
[INFO] [stderr]    Compiling syn v3.0.5
[INFO] [stderr]    Compiling syn v2.0.119
[INFO] [stderr]    Compiling hybrid-array v0.4.15
[INFO] [stderr]    Compiling cpufeatures v0.3.1
[INFO] [stderr]    Compiling serde_core v1.0.229
[INFO] [stderr]    Compiling zmij v1.0.23
[INFO] [stderr]    Compiling cmov v0.5.4
[INFO] [stderr]    Compiling ahash v0.8.12
[INFO] [stderr]    Compiling anyhow v1.0.104
[INFO] [stderr]    Compiling ref-cast v1.0.27
[INFO] [stderr]    Compiling simdutf8 v0.1.5
[INFO] [stderr]    Compiling deunicode v1.6.2
[INFO] [stderr]    Compiling memchr v2.8.3
[INFO] [stderr]    Compiling either v1.18.0
[INFO] [stderr]    Compiling sync_wrapper v1.0.2
[INFO] [stderr]    Compiling portable-atomic v1.15.0
[INFO] [stderr]    Compiling slug v0.1.6
[INFO] [stderr]    Compiling itertools v0.14.0
[INFO] [stderr]    Compiling cc v1.4.6
[INFO] [stderr]    Compiling parking_lot_core v0.9.12
[INFO] [stderr]    Compiling chacha20 v0.10.2
[INFO] [stderr]    Compiling parking_lot v0.12.5
[INFO] [stderr]    Compiling ctutils v0.4.2
[INFO] [stderr]    Compiling http-body-util v0.1.5
[INFO] [stderr]    Compiling crypto-common v0.2.2
[INFO] [stderr]    Compiling block-buffer v0.12.1
[INFO] [stderr]    Compiling num-integer v0.1.47
[INFO] [stderr]    Compiling sonic-simd v0.1.4
[INFO] [stderr]    Compiling sonic-number v0.1.3
[INFO] [stderr]    Compiling bumpalo v3.20.3
[INFO] [stderr]    Compiling aws-lc-rs v1.18.1
[INFO] [stderr]    Compiling zlib-rs v0.6.8
[INFO] [stderr]    Compiling time v0.3.55
[INFO] [stderr]    Compiling raw-cpuid v11.6.0
[INFO] [stderr]    Compiling indexmap v2.14.2
[INFO] [stderr]    Compiling rmp v0.8.15
[INFO] [stderr]    Compiling digest v0.11.3
[INFO] [stderr]    Compiling num-bigint v0.4.8
[INFO] [stderr]    Compiling ordered-float v2.10.1
[INFO] [stderr]    Compiling rand v0.10.2
[INFO] [stderr]    Compiling serde_path_to_error v0.1.20
[INFO] [stderr]    Compiling cmake v0.1.58
[INFO] [stderr]    Compiling matchit v0.8.4
[INFO] [stderr]    Compiling hashbrown v0.14.5
[INFO] [stderr]    Compiling untrusted v0.7.1
[INFO] [stderr]    Compiling pem v3.0.6
[INFO] [stderr]    Compiling chrono v0.4.45
[INFO] [stderr]    Compiling aws-lc-sys v0.45.0
[INFO] [stderr]    Compiling uuid v1.26.1
[INFO] [stderr]    Compiling sha1 v0.11.0
[INFO] [stderr]    Compiling seize v0.5.1
[INFO] [stderr]    Compiling fastrand v2.5.0
[INFO] [stderr]    Compiling pointers v0.1.0
[INFO] [stderr]    Compiling papaya v0.2.5
[INFO] [stderr]    Compiling regex v1.13.1
[INFO] [stderr]    Compiling jmespath v0.5.0
[INFO] [stderr]    Compiling sha2 v0.11.0
[INFO] [stderr]    Compiling hmac v0.13.0
[INFO] [stderr]    Compiling dashmap v6.2.1
[INFO] [stderr]    Compiling urlencoding v2.1.3
[INFO] [stderr]    Compiling md5 v0.8.1
[INFO] [stderr]    Compiling quanta v0.13.0
[INFO] [stderr]    Compiling serde_derive v1.0.229
[INFO] [stderr]    Compiling zerovec-derive v0.11.6
[INFO] [stderr]    Compiling displaydoc v0.2.7
[INFO] [stderr]    Compiling tokio-macros v2.7.2
[INFO] [stderr]    Compiling thiserror-impl v2.0.20
[INFO] [stderr]    Compiling ref-cast-impl v1.0.27
[INFO] [stderr]    Compiling futures-macro v0.3.34
[INFO] [stderr]    Compiling flate2 v1.1.10
[INFO] [stderr]    Compiling libz-rs-sys v0.6.8
[INFO] [stderr]    Compiling async-trait v0.1.92
[INFO] [stderr]    Compiling tokio v1.53.1
[INFO] [stderr]    Compiling synstructure v0.13.2
[INFO] [stderr]    Compiling futures-util v0.3.34
[INFO] [stderr]    Compiling thiserror v2.0.20
[INFO] [stderr]    Compiling simple_asn1 v0.6.4
[INFO] [stderr]    Compiling ppv-lite86 v0.2.21
[INFO] [stderr]    Compiling zerofrom-derive v0.1.7
[INFO] [stderr]    Compiling yoke-derive v0.8.2
[INFO] [stderr]    Compiling tracing-attributes v0.1.31
[INFO] [stderr]    Compiling zeroize_derive v1.5.0
[INFO] [stderr]    Compiling prost-derive v0.14.4
[INFO] [stderr]    Compiling zeroize v1.9.0
[INFO] [stderr]    Compiling rand_chacha v0.9.0
[INFO] [stderr]    Compiling serde v1.0.229
[INFO] [stderr]    Compiling rand v0.9.5
[INFO] [stderr]    Compiling zerofrom v0.1.8
[INFO] [stderr]    Compiling yoke v0.8.3
[INFO] [stderr]    Compiling tracing v0.1.44
[INFO] [stderr]    Compiling zerovec v0.11.8
[INFO] [stderr]    Compiling zerotrie v0.2.5
[INFO] [stderr]    Compiling faststr v0.2.34
[INFO] [stderr]    Compiling toml_datetime v0.6.11
[INFO] [stderr]    Compiling serde_spanned v0.6.9
[INFO] [stderr]    Compiling serde_urlencoded v0.7.1
[INFO] [stderr]    Compiling axum-core v0.5.6
[INFO] [stderr]    Compiling rmp-serde v1.3.1
[INFO] [stderr]    Compiling toml_edit v0.22.27
[INFO] [stderr]    Compiling sonic-rs v0.5.10
[INFO] [stderr]    Compiling prost v0.14.4
[INFO] [stderr]    Compiling serde-value v0.7.0
[INFO] [stderr]    Compiling tinystr v0.8.4
[INFO] [stderr]    Compiling potential_utf v0.1.6
[INFO] [stderr]    Compiling icu_locale_core v2.3.0
[INFO] [stderr]    Compiling serde-aux v4.7.0
[INFO] [stderr]    Compiling icu_collections v2.3.0
[INFO] [stderr]    Compiling icu_provider v2.3.1
[INFO] [stderr]    Compiling icu_normalizer v2.3.0
[INFO] [stderr]    Compiling icu_properties v2.3.0
[INFO] [stderr]    Compiling sockudo-protocol v5.1.0
[INFO] [stderr]    Compiling sockudo-filter v5.1.0
[INFO] [stderr]    Compiling toml v0.8.23
[INFO] [stderr]    Compiling hyper v1.11.1
[INFO] [stderr]    Compiling idna_adapter v1.2.2
[INFO] [stderr]    Compiling tower v0.5.3
[INFO] [stderr]    Compiling tokio-util v0.7.19
[INFO] [stderr]    Compiling idna v1.1.0
[INFO] [stderr]    Compiling crossfire v3.1.20
[INFO] [stderr]    Compiling url v2.5.8
[INFO] [stderr]    Compiling hyper-util v0.1.20
[INFO] [stderr]    Compiling axum v0.8.9
[INFO] [stderr]    Compiling sockudo-ws v3.0.0
[INFO] [stderr]    Compiling jsonwebtoken v11.0.0
[INFO] [stderr]    Compiling sockudo-core v5.1.0
[INFO] [stderr]    Compiling sockudo-ai-transport v5.1.0 (/opt/rustwide/workdir)
[INFO] [stderr]     Finished `release` profile [optimized] target(s) in 3m 30s
[INFO] running `Command { std: "docker" "inspect" "82cc8d2a46cdba1311c53ed24a93ea51a3eb69349fa06f8b53efd3d39f9a0cf2", kill_on_drop: false }`
[INFO] running `Command { std: "docker" "exec" "-e" "SOURCE_DIR=/opt/rustwide/workdir" "-e" "CARGO_HOME=/opt/rustwide/cargo-home" "-e" "RUSTUP_HOME=/opt/rustwide/rustup-home" "-e" "CARGO_TARGET_DIR=/opt/rustwide/target" "-e" "CARGO_INCREMENTAL=0" "-e" "RUST_BACKTRACE=full" "-e" "RUSTFLAGS=--cap-lints=warn" "-e" "RUSTDOCFLAGS=--cap-lints=warn" "-w" "/opt/rustwide/workdir" "--user" "0:0" "82cc8d2a46cdba1311c53ed24a93ea51a3eb69349fa06f8b53efd3d39f9a0cf2" "/opt/rustwide/cargo-home/bin/cargo" "+1.100.0-beta.1" "test" "--frozen" "--no-run" "--message-format=json" "--release", kill_on_drop: false }`
[INFO] [stderr]    Compiling zerocopy v0.8.57
[INFO] [stderr]    Compiling zerocopy-derive v0.8.57
[INFO] [stderr]    Compiling num-integer v0.1.47
[INFO] [stderr]    Compiling ordered-float v2.10.1
[INFO] [stderr]    Compiling rmp v0.8.15
[INFO] [stderr]    Compiling chrono v0.4.45
[INFO] [stderr]    Compiling clap_builder v4.6.7
[INFO] [stderr]    Compiling itertools v0.13.0
[INFO] [stderr]    Compiling plotters v0.3.7
[INFO] [stderr]    Compiling tinytemplate v1.2.1
[INFO] [stderr]    Compiling rmp-serde v1.3.1
[INFO] [stderr]    Compiling num-bigint v0.4.8
[INFO] [stderr]    Compiling serde-value v0.7.0
[INFO] [stderr]    Compiling serde-aux v4.7.0
[INFO] [stderr]    Compiling criterion-plot v0.6.0
[INFO] [stderr]    Compiling simple_asn1 v0.6.4
[INFO] [stderr]    Compiling jsonwebtoken v11.0.0
[INFO] [stderr]    Compiling clap v4.6.7
[INFO] [stderr]    Compiling ahash v0.8.12
[INFO] [stderr]    Compiling ppv-lite86 v0.2.21
[INFO] [stderr]    Compiling half v2.7.1
[INFO] [stderr]    Compiling sonic-rs v0.5.10
[INFO] [stderr]    Compiling ciborium-ll v0.2.2
[INFO] [stderr]    Compiling rand_chacha v0.9.0
[INFO] [stderr]    Compiling ciborium v0.2.2
[INFO] [stderr]    Compiling rand v0.9.5
[INFO] [stderr]    Compiling criterion v0.7.0
[INFO] [stderr]    Compiling sockudo-filter v5.1.0
[INFO] [stderr]    Compiling sockudo-protocol v5.1.0
[INFO] [stderr]    Compiling sockudo-core v5.1.0
[INFO] [stderr]    Compiling sockudo-ai-transport v5.1.0 (/opt/rustwide/workdir)
[INFO] [stderr]     Finished `release` profile [optimized] target(s) in 2m 00s
[INFO] running `Command { std: "docker" "inspect" "82cc8d2a46cdba1311c53ed24a93ea51a3eb69349fa06f8b53efd3d39f9a0cf2", kill_on_drop: false }`
[INFO] running `Command { std: "docker" "exec" "-e" "SOURCE_DIR=/opt/rustwide/workdir" "-e" "CARGO_HOME=/opt/rustwide/cargo-home" "-e" "RUSTUP_HOME=/opt/rustwide/rustup-home" "-e" "CARGO_TARGET_DIR=/opt/rustwide/target" "-e" "CARGO_INCREMENTAL=0" "-e" "RUST_BACKTRACE=full" "-e" "RUSTFLAGS=--cap-lints=warn" "-e" "RUSTDOCFLAGS=--cap-lints=warn" "-w" "/opt/rustwide/workdir" "--user" "0:0" "82cc8d2a46cdba1311c53ed24a93ea51a3eb69349fa06f8b53efd3d39f9a0cf2" "/opt/rustwide/cargo-home/bin/cargo" "+1.100.0-beta.1" "test" "--frozen" "--release", kill_on_drop: false }`
[INFO] [stderr]     Finished `release` profile [optimized] target(s) in 0.49s
[INFO] [stderr]      Running unittests src/lib.rs (/opt/rustwide/target/release/build/sockudo-ai-transport/3a6978beecaea0aa/out/sockudo_ai_transport-3a6978beecaea0aa)
[INFO] [stdout] 
[INFO] [stdout] running 18 tests
[INFO] [stdout] test observability::tests::malformed_headers_are_counted_but_do_not_block_observation ... ok
[INFO] [stdout] test observability::tests::expires_streams_that_never_receive_a_terminal_event ... ok
[INFO] [stdout] test observability::tests::tracks_stream_duration_and_bytes ... ok
[INFO] [stdout] test observability::tests::treats_empty_run_client_id_as_absent_for_derived_observability ... ok
[INFO] [stdout] test tests::first_append_delivers_immediately_and_arms_window ... ok
[INFO] [stdout] test tests::terminal_append_flushes_pending_before_terminal ... ok
[INFO] [stdout] test tests::terminal_append_does_not_redeliver_the_immediate_first_append ... ok
[INFO] [stdout] test observability::tests::run_end_reason_is_bounded ... ok
[INFO] [stdout] test tests::orphan_sweep_drops_first_only_state_without_duplicate_delivery ... ok
[INFO] [stdout] test tests::orphan_sweep_flushes_and_removes_state ... ok
[INFO] [stdout] test tests::coalesced_appends_preserve_combined_append_fragment ... ok
[INFO] [stdout] test tests::allowed_window_values_match_wire_contract ... ok
[INFO] [stdout] test observability::tests::legacy_turn_suspend_maps_to_run_suspended_signal ... ok
[INFO] [stdout] test observability::tests::classifies_run_and_cancel_events_without_legacy_turn_labels_for_metrics ... ok
[INFO] [stdout] test tests::active_stream_cap_bypasses_new_rollup_state ... ok
[INFO] [stdout] test tests::update_flushes_pending_before_terminal ... ok
[INFO] [stdout] test tests::appends_within_window_are_coalesced_until_deadline ... ok
[INFO] [stdout] test tests::zero_window_bypasses_rollup ... ok
[INFO] [stderr]      Running tests/ait_s_conformance.rs (/opt/rustwide/target/release/build/sockudo-ai-transport/03ab4c2eda379859/out/ait_s_conformance-03ab4c2eda379859)
[INFO] [stdout] 
[INFO] [stdout] test result: ok. 18 passed; 0 failed; 0 ignored; 0 measured; 0 filtered out; finished in 0.02s
[INFO] [stdout] 
[INFO] [stdout] 
[INFO] [stdout] running 11 tests
[INFO] [stdout] test ait_s006_to_s010_version_chain_and_replay_validation_fail_closed ... ok
[INFO] [stdout] test ait_s004_005_serial_newtypes_reject_empty_whitespace_and_overlong_values ... ok
[INFO] [stdout] test ait_s084_085_presence_timeout_defaults_off_and_can_be_configured ... ok
[INFO] [stdout] test ait_s026_to_s030_history_cursor_and_bounds_validation_are_strict ... ok
[INFO] [stdout] test ait_s001_002_message_actions_and_v2_event_names_match_spec ... ok
[INFO] [stdout] test ait_s055_to_s064_ai_event_and_header_rules_match_registry ... ok
[INFO] [stdout] test ait_s053_054_ai_feature_and_runtime_channel_gate_defaults_are_closed ... ok
[INFO] [stdout] test ait_s003_versioned_realtime_message_flattens_payload_and_validates_serials ... ok
[INFO] [stdout] test ait_s011_012_memory_version_store_projects_latest_visible_state ... ok
[INFO] [stdout] test ait_s069_to_s073_rollup_table_and_reduced_state_are_deterministic ... ok
[INFO] [stdout] test ait_s094_runtime_metadata_tracks_terminal_append_status ... ok
[INFO] [stderr]      Running tests/ait_s_coverage.rs (/opt/rustwide/target/release/build/sockudo-ai-transport/a10108a9d5489a19/out/ait_s_coverage-a10108a9d5489a19)
[INFO] [stdout] 
[INFO] [stdout] test result: ok. 11 passed; 0 failed; 0 ignored; 0 measured; 0 filtered out; finished in 0.02s
[INFO] [stdout] 
[INFO] [stdout] 
[INFO] [stdout] running 1 test
[INFO] [stdout] test every_ait_s_assertion_maps_to_a_present_test_file_and_command ... FAILED
[INFO] [stdout] 
[INFO] [stdout] failures:
[INFO] [stdout] 
[INFO] [stdout] ---- every_ait_s_assertion_maps_to_a_present_test_file_and_command stdout ----
[INFO] [stdout] 
[INFO] [stdout] thread 'every_ait_s_assertion_maps_to_a_present_test_file_and_command' (4479) panicked at tests/ait_s_coverage.rs:355:37:
[INFO] [stdout] missing mapped test file /opt/rustwide/workdir/../../crates/sockudo-ai-transport/tests/ait_s_conformance.rs: No such file or directory (os error 2)
[INFO] [stdout] stack backtrace:
[INFO] [stdout]    0:     0x5a1da778cfa1 - <<std[617be2ca0a6fd877]::sys::backtrace::BacktraceLock>::print::DisplayBacktrace as core[a373ad73a504971]::fmt::Display>::fmt
[INFO] [stdout]    1:     0x5a1da77a103a - core[a373ad73a504971]::fmt::write
[INFO] [stdout]    2:     0x5a1da77911dc - <alloc[2e1b2a31b91974c5]::vec::Vec<u8> as core[a373ad73a504971]::io::write::Write>::write_fmt
[INFO] [stdout]    3:     0x5a1da7768f16 - std[617be2ca0a6fd877]::panicking::default_hook::{closure#0}
[INFO] [stdout]    4:     0x5a1da77852d9 - std[617be2ca0a6fd877]::panicking::default_hook
[INFO] [stdout]    5:     0x5a1da77212a0 - test[aada8e7e76ba119b]::test_main_inner::{closure#0}
[INFO] [stdout]    6:     0x5a1da7785492 - std[617be2ca0a6fd877]::panicking::panic_with_hook
[INFO] [stdout]    7:     0x5a1da7768fc2 - std[617be2ca0a6fd877]::panicking::panic_handler::{closure#0}
[INFO] [stdout]    8:     0x5a1da7761b49 - std[617be2ca0a6fd877]::sys::backtrace::__rust_end_short_backtrace::<std[617be2ca0a6fd877]::panicking::panic_handler::{closure#0}, !>
[INFO] [stdout]    9:     0x5a1da7769bcd - __rustc[ea4f61d10b84890b]::rust_begin_unwind
[INFO] [stdout]   10:     0x5a1da77a176c - core[a373ad73a504971]::panicking::panic_fmt
[INFO] [stdout]   11:     0x5a1da7713459 - ait_s_coverage[160a61801ef2d74e]::every_ait_s_assertion_maps_to_a_present_test_file_and_command::{closure#0}
[INFO] [stdout]   12:     0x5a1da77144e5 - <ait_s_coverage[160a61801ef2d74e]::every_ait_s_assertion_maps_to_a_present_test_file_and_command::{closure#0} as core[a373ad73a504971]::ops::function::FnOnce<()>>::call_once
[INFO] [stdout]   13:     0x5a1da77146eb - test[aada8e7e76ba119b]::__rust_begin_short_backtrace::<core[a373ad73a504971]::result::Result<(), alloc[2e1b2a31b91974c5]::string::String>, fn() -> core[a373ad73a504971]::result::Result<(), alloc[2e1b2a31b91974c5]::string::String>>
[INFO] [stdout]   14:     0x5a1da77218c5 - test[aada8e7e76ba119b]::run_test::{closure#0}
[INFO] [stdout]   15:     0x5a1da771b1b4 - std[617be2ca0a6fd877]::sys::backtrace::__rust_begin_short_backtrace::<test[aada8e7e76ba119b]::run_test::{closure#1}, ()>
[INFO] [stdout]   16:     0x5a1da7724952 - <std[617be2ca0a6fd877]::thread::lifecycle::spawn_unchecked<test[aada8e7e76ba119b]::run_test::{closure#1}, ()>::{closure#1} as core[a373ad73a504971]::ops::function::FnOnce<()>>::call_once::{shim:vtable#0}
[INFO] [stdout]   17:     0x5a1da778c49f - <std[617be2ca0a6fd877]::sys::thread::unix::Thread>::new::thread_start
[INFO] [stdout]   18:     0x7a6a63750dfa - <unknown>
[INFO] [stdout]   19:     0x7a6a637e43d4 - clone
[INFO] [stdout]   20:                0x0 - <unknown>
[INFO] [stdout] 
[INFO] [stdout] 
[INFO] [stdout] failures:
[INFO] [stdout]     every_ait_s_assertion_maps_to_a_present_test_file_and_command
[INFO] [stdout] 
[INFO] [stdout] test result: FAILED. 0 passed; 1 failed; 0 ignored; 0 measured; 0 filtered out; finished in 0.02s
[INFO] [stdout] 
[INFO] [stderr] error: test failed, to rerun pass `--test ait_s_coverage`
[INFO] running `Command { std: "docker" "inspect" "82cc8d2a46cdba1311c53ed24a93ea51a3eb69349fa06f8b53efd3d39f9a0cf2", kill_on_drop: false }`
[INFO] running `Command { std: "docker" "rm" "-f" "82cc8d2a46cdba1311c53ed24a93ea51a3eb69349fa06f8b53efd3d39f9a0cf2", kill_on_drop: false }`
[INFO] [stdout] 82cc8d2a46cdba1311c53ed24a93ea51a3eb69349fa06f8b53efd3d39f9a0cf2
