[INFO] fetching crate shakenfist-spice-webrtc 0.1.7...
[INFO] testing shakenfist-spice-webrtc-0.1.7 against 1.100.0-beta.1+cargoflags=--release for beta-release-1.100-2
[INFO] extracting crate shakenfist-spice-webrtc 0.1.7 into /workspace/builds/worker-1-tc2/source
[INFO] started tweaking crates.io crate shakenfist-spice-webrtc 0.1.7
[INFO] removed 0 missing tests
[INFO] finished tweaking crates.io crate shakenfist-spice-webrtc 0.1.7
[INFO] tweaked toml for crates.io crate shakenfist-spice-webrtc 0.1.7 written to /workspace/builds/worker-1-tc2/source/Cargo.toml
[INFO] validating manifest of crates.io crate shakenfist-spice-webrtc 0.1.7 on toolchain 1.100.0-beta.1
[INFO] running `Command { std: CARGO_HOME="/workspace/cargo-home" RUSTUP_HOME="/workspace/rustup-home" "/workspace/cargo-home/bin/cargo" "+1.100.0-beta.1" "metadata" "--manifest-path" "Cargo.toml" "--no-deps", kill_on_drop: false }`
[INFO] crate crates.io crate shakenfist-spice-webrtc 0.1.7 already has a lockfile, it will not be regenerated
[INFO] running `Command { std: CARGO_HOME="/workspace/cargo-home" RUSTUP_HOME="/workspace/rustup-home" "/workspace/cargo-home/bin/cargo" "+1.100.0-beta.1" "fetch" "--manifest-path" "Cargo.toml", kill_on_drop: false }`
[INFO] running `Command { std: "docker" "create" "-v" "/var/lib/crater-agent-workspace/builds/worker-1-tc2/source:/opt/rustwide/workdir:ro,Z" "-v" "/var/lib/crater-agent-workspace/builds/worker-1-tc2/target:/opt/rustwide/target:rw,Z" "-v" "/var/lib/crater-agent-workspace/cargo-home:/opt/rustwide/cargo-home:ro,Z" "-v" "/var/lib/crater-agent-workspace/rustup-home:/opt/rustwide/rustup-home:ro,Z" "-m" "1610612736" "--network" "none" "ghcr.io/rust-lang/crates-build-env/linux@sha256:77db811e55d90add9212f6832c23229e3de5f1c1f9905e8cb07319ea15df73ac" "sleep" "infinity", kill_on_drop: false }`
[INFO] [stdout] 461bff1bc6b3f954f72c2a2368c8573eaa59ec67668c7408e2a74a71a24ad4cd
[INFO] running `Command { std: "docker" "start" "461bff1bc6b3f954f72c2a2368c8573eaa59ec67668c7408e2a74a71a24ad4cd", kill_on_drop: false }`
[INFO] running `Command { std: "docker" "inspect" "461bff1bc6b3f954f72c2a2368c8573eaa59ec67668c7408e2a74a71a24ad4cd", kill_on_drop: false }`
[INFO] running `Command { std: "docker" "exec" "-e" "SOURCE_DIR=/opt/rustwide/workdir" "-e" "CARGO_HOME=/opt/rustwide/cargo-home" "-e" "RUSTUP_HOME=/opt/rustwide/rustup-home" "-e" "CARGO_TARGET_DIR=/opt/rustwide/target" "-w" "/opt/rustwide/workdir" "--user" "0:0" "461bff1bc6b3f954f72c2a2368c8573eaa59ec67668c7408e2a74a71a24ad4cd" "/opt/rustwide/cargo-home/bin/cargo" "+1.100.0-beta.1" "metadata" "--no-deps" "--format-version=1", kill_on_drop: false }`
[INFO] running `Command { std: "docker" "inspect" "461bff1bc6b3f954f72c2a2368c8573eaa59ec67668c7408e2a74a71a24ad4cd", kill_on_drop: false }`
[INFO] running `Command { std: "docker" "exec" "-e" "SOURCE_DIR=/opt/rustwide/workdir" "-e" "CARGO_HOME=/opt/rustwide/cargo-home" "-e" "RUSTUP_HOME=/opt/rustwide/rustup-home" "-e" "CARGO_TARGET_DIR=/opt/rustwide/target" "-e" "CARGO_INCREMENTAL=0" "-e" "RUST_BACKTRACE=full" "-e" "RUSTFLAGS=--cap-lints=warn" "-e" "RUSTDOCFLAGS=--cap-lints=warn" "-w" "/opt/rustwide/workdir" "--user" "0:0" "461bff1bc6b3f954f72c2a2368c8573eaa59ec67668c7408e2a74a71a24ad4cd" "/opt/rustwide/cargo-home/bin/cargo" "+1.100.0-beta.1" "build" "--frozen" "--message-format=json" "--release", kill_on_drop: false }`
[INFO] [stderr]    Compiling libc v0.2.187
[INFO] [stderr]    Compiling zeroize_derive v1.4.3
[INFO] [stderr]    Compiling displaydoc v0.2.5
[INFO] [stderr]    Compiling num-traits v0.2.19
[INFO] [stderr]    Compiling spin v0.9.9
[INFO] [stderr]    Compiling syn v3.0.2
[INFO] [stderr]    Compiling memoffset v0.7.1
[INFO] [stderr]    Compiling lazy_static v1.5.0
[INFO] [stderr]    Compiling num-conv v0.2.1
[INFO] [stderr]    Compiling rusticata-macros v4.1.0
[INFO] [stderr]    Compiling time-macros v0.2.27
[INFO] [stderr]    Compiling asn1-rs-impl v0.2.0
[INFO] [stderr]    Compiling tinystr v0.8.3
[INFO] [stderr]    Compiling zerotrie v0.2.4
[INFO] [stderr]    Compiling zeroize v1.8.2
[INFO] [stderr]    Compiling generic-array v0.14.7
[INFO] [stderr]    Compiling der v0.7.10
[INFO] [stderr]    Compiling icu_locale_core v2.2.0
[INFO] [stderr]    Compiling num-integer v0.1.46
[INFO] [stderr]    Compiling time v0.3.47
[INFO] [stderr]    Compiling jobserver v0.1.34
[INFO] [stderr]    Compiling block-buffer v0.10.4
[INFO] [stderr]    Compiling block-padding v0.3.3
[INFO] [stderr]    Compiling icu_collections v2.2.0
[INFO] [stderr]    Compiling cc v1.2.59
[INFO] [stderr]    Compiling inout v0.1.4
[INFO] [stderr]    Compiling nasm-rs v0.3.2
[INFO] [stderr]    Compiling icu_provider v2.2.0
[INFO] [stderr]    Compiling spki v0.7.3
[INFO] [stderr]    Compiling serde_derive v1.0.229
[INFO] [stderr]    Compiling getrandom v0.2.17
[INFO] [stderr]    Compiling parking_lot_core v0.9.12
[INFO] [stderr]    Compiling rand_core v0.6.4
[INFO] [stderr]    Compiling errno v0.3.14
[INFO] [stderr]    Compiling parking_lot v0.12.5
[INFO] [stderr]    Compiling signal-hook-registry v1.4.8
[INFO] [stderr]    Compiling crypto-common v0.1.7
[INFO] [stderr]    Compiling digest v0.10.7
[INFO] [stderr]    Compiling mio v1.2.0
[INFO] [stderr]    Compiling socket2 v0.6.5
[INFO] [stderr]    Compiling getrandom v0.3.4
[INFO] [stderr]    Compiling rand_core v0.9.5
[INFO] [stderr]    Compiling tokio v1.53.0
[INFO] [stderr]    Compiling cmake v0.1.58
[INFO] [stderr]    Compiling rand_chacha v0.9.0
[INFO] [stderr]    Compiling rand v0.9.3
[INFO] [stderr]    Compiling ring v0.17.14
[INFO] [stderr]    Compiling nix v0.26.4
[INFO] [stderr]    Compiling aws-lc-sys v0.39.1
[INFO] [stderr]    Compiling pkcs8 v0.10.2
[INFO] [stderr]    Compiling hmac v0.12.1
[INFO] [stderr]    Compiling cipher v0.4.4
[INFO] [stderr]    Compiling icu_properties v2.2.0
[INFO] [stderr]    Compiling icu_normalizer v2.2.0
[INFO] [stderr]    Compiling rustls-pki-types v1.14.0
[INFO] [stderr]    Compiling serde v1.0.229
[INFO] [stderr]    Compiling universal-hash v0.5.1
[INFO] [stderr]    Compiling num-bigint v0.4.6
[INFO] [stderr]    Compiling sha1 v0.10.7
[INFO] [stderr]    Compiling idna_adapter v1.2.1
[INFO] [stderr]    Compiling idna v1.1.0
[INFO] [stderr]    Compiling signature v2.2.0
[INFO] [stderr]    Compiling ff v0.13.1
[INFO] [stderr]    Compiling thiserror-impl v2.0.19
[INFO] [stderr]    Compiling http v1.4.2
[INFO] [stderr]    Compiling bytemuck v1.25.0
[INFO] [stderr]    Compiling sec1 v0.7.3
[INFO] [stderr]    Compiling thiserror v2.0.19
[INFO] [stderr]    Compiling url v2.5.8
[INFO] [stderr]    Compiling group v0.13.0
[INFO] [stderr]    Compiling hkdf v0.12.4
[INFO] [stderr]    Compiling aead v0.5.2
[INFO] [stderr]    Compiling crypto-bigint v0.5.5
[INFO] [stderr]    Compiling asn1-rs-derive v0.5.1
[INFO] [stderr]    Compiling ptr_meta_derive v0.3.1
[INFO] [stderr]    Compiling rustls v0.23.42
[INFO] [stderr]    Compiling ptr_meta v0.3.1
[INFO] [stderr]    Compiling asn1-rs v0.6.2
[INFO] [stderr]    Compiling webrtc-util v0.17.1
[INFO] [stderr]    Compiling crossbeam-epoch v0.9.20
[INFO] [stderr]    Compiling elliptic-curve v0.13.8
[INFO] [stderr]    Compiling polyval v0.6.2
[INFO] [stderr]    Compiling ctr v0.9.2
[INFO] [stderr]    Compiling asn1-rs-derive v0.6.0
[INFO] [stderr]    Compiling simd-adler32 v0.3.9
[INFO] [stderr]    Compiling rustix v1.1.4
[INFO] [stderr]    Compiling oid-registry v0.7.1
[INFO] [stderr]    Compiling ghash v0.5.1
[INFO] [stderr]    Compiling crossbeam-deque v0.8.6
[INFO] [stderr]    Compiling rancor v0.1.1
[INFO] [stderr]    Compiling curve25519-dalek v4.1.3
[INFO] [stderr]    Compiling asn1-rs v0.7.1
[INFO] [stderr]    Compiling openh264-sys2 v0.9.6
[INFO] [stderr]    Compiling getrandom v0.4.2
[INFO] [stderr]    Compiling http-body v1.0.1
[INFO] [stderr]    Compiling aes v0.8.4
[INFO] [stderr]    Compiling rfc6979 v0.4.0
[INFO] [stderr]    Compiling mozjpeg-sys v2.2.3
[INFO] [stderr]    Compiling rand_chacha v0.3.1
[INFO] [stderr]    Compiling bytecheck_derive v0.8.2
[INFO] [stderr]    Compiling linux-raw-sys v0.12.1
[INFO] [stderr]    Compiling oid-registry v0.8.1
[INFO] [stderr]    Compiling mime_guess v2.0.5
[INFO] [stderr]    Compiling bytecheck v0.8.2
[INFO] [stderr]    Compiling miniz_oxide v0.8.9
[INFO] [stderr]    Compiling rand v0.8.7
[INFO] [stderr]    Compiling aes-gcm v0.10.3
[INFO] [stderr]    Compiling ecdsa v0.16.9
[INFO] [stderr]    Compiling uuid v1.23.0
[INFO] [stderr]    Compiling rayon-core v1.13.0
[INFO] [stderr]    Compiling rtp v0.17.2
[INFO] [stderr]    Compiling primeorder v0.13.6
[INFO] [stderr]    Compiling der-parser v9.0.0
[INFO] [stderr]    Compiling tokio-util v0.7.18
[INFO] [stderr]    Compiling safe_arch v1.0.0
[INFO] [stderr]    Compiling md-5 v0.10.6
[INFO] [stderr]    Compiling sha2 v0.10.9
[INFO] [stderr]    Compiling num-iter v0.1.45
[INFO] [stderr]    Compiling munge_macro v0.4.7
[INFO] [stderr]    Compiling curve25519-dalek-derive v0.1.1
[INFO] [stderr]    Compiling substring v1.4.5
[INFO] [stderr]    Compiling xml v1.2.1
[INFO] [stderr]    Compiling unicase v2.9.0
[INFO] [stderr]    Compiling audiopus_sys v0.2.2
[INFO] [stderr]    Compiling munge v0.4.7
[INFO] [stderr]    Compiling event-listener v5.4.1
[INFO] [stderr]    Compiling rayon v1.11.0
[INFO] [stderr]    Compiling num-bigint-dig v0.8.6
[INFO] [stderr]    Compiling stun v0.17.1
[INFO] [stderr]    Compiling wide v1.5.0
[INFO] [stderr]    Compiling x509-parser v0.16.0
[INFO] [stderr]    Compiling flate2 v1.1.9
[INFO] [stderr]    Compiling serde_json v1.0.150
[INFO] [stderr]    Compiling rend v0.5.3
[INFO] [stderr]    Compiling der-parser v10.0.0
[INFO] [stderr]    Compiling fdeflate v0.3.7
[INFO] [stderr]    Compiling rtcp v0.17.1
[INFO] [stderr]    Compiling waitgroup v0.1.2
[INFO] [stderr]    Compiling headers-core v0.3.0
[INFO] [stderr]    Compiling rgb v0.8.53
[INFO] [stderr]    Compiling poly1305 v0.8.0
[INFO] [stderr]    Compiling chacha20 v0.9.1
[INFO] [stderr]    Compiling pkcs1 v0.7.5
[INFO] [stderr]    Compiling yasna v0.5.2
[INFO] [stderr]    Compiling socket2 v0.5.10
[INFO] [stderr]    Compiling rkyv_derive v0.8.16
[INFO] [stderr]    Compiling pxfm v0.1.28
[INFO] [stderr]    Compiling zune-core v0.5.1
[INFO] [stderr]    Compiling lz4_flex v0.14.0
[INFO] [stderr]    Compiling chrono v0.4.44
[INFO] [stderr]    Compiling zune-jpeg v0.5.15
[INFO] [stderr]    Compiling rkyv v0.8.16
[INFO] [stderr]    Compiling webrtc-mdns v0.17.1
[INFO] [stderr]    Compiling rcgen v0.13.2
[INFO] [stderr]    Compiling moxcms v0.8.1
[INFO] [stderr]    Compiling rsa v0.9.10
[INFO] [stderr]    Compiling webrtc-srtp v0.17.1
[INFO] [stderr]    Compiling mozjpeg v0.10.13
[INFO] [stderr]    Compiling chacha20poly1305 v0.10.1
[INFO] [stderr]    Compiling lru v0.16.3
[INFO] [stderr]    Compiling headers v0.4.1
[INFO] [stderr]    Compiling x509-parser v0.18.1
[INFO] [stderr]    Compiling png v0.18.1
[INFO] [stderr]    Compiling hyper v1.10.1
[INFO] [stderr]    Compiling jpeg-decoder v0.3.2
[INFO] [stderr]    Compiling turn v0.17.1
[INFO] [stderr]    Compiling x25519-dalek v2.0.1
[INFO] [stderr]    Compiling xml-rs v1.0.0
[INFO] [stderr]    Compiling xmltree v0.12.0
[INFO] [stderr]    Compiling event-listener-strategy v0.5.4
[INFO] [stderr]    Compiling p384 v0.13.1
[INFO] [stderr]    Compiling p256 v0.13.2
[INFO] [stderr]    Compiling reflink-copy v0.1.29
[INFO] [stderr]    Compiling webrtc-sctp v0.17.1
[INFO] [stderr]    Compiling http-body-util v0.1.4
[INFO] [stderr]    Compiling ccm v0.5.0
[INFO] [stderr]    Compiling lru v0.18.1
[INFO] [stderr]    Compiling webpki-roots v1.0.9
[INFO] [stderr]    Compiling rustls-pemfile v2.2.0
[INFO] [stderr]    Compiling cbc v0.1.2
[INFO] [stderr]    Compiling libloading v0.9.0
[INFO] [stderr]    Compiling htmlescape v0.3.1
[INFO] [stderr]    Compiling image v0.25.10
[INFO] [stderr]    Compiling webrtc-data v0.17.1
[INFO] [stderr]    Compiling dav-server v0.11.0
[INFO] [stderr]    Compiling async-channel v2.5.0
[INFO] [stderr]    Compiling sdp v0.17.1
[INFO] [stderr]    Compiling webrtc-ice v0.17.1
[INFO] [stderr]    Compiling hyper-util v0.1.20
[INFO] [stderr]    Compiling interceptor v0.17.1
[INFO] [stderr]    Compiling nusb v0.2.5
[INFO] [stderr]    Compiling webrtc-media v0.17.1
[INFO] [stderr]    Compiling shakenfist-spice-usbredir v0.1.7
[INFO] [stderr]    Compiling smol_str v0.2.2
[INFO] [stderr]    Compiling opus v0.3.1
[INFO] [stderr]    Compiling openh264 v0.9.7
[INFO] [stderr]    Compiling shakenfist-spice-compression v0.1.7
[INFO] [stderr]    Compiling aws-lc-rs v1.16.2
[INFO] [stderr]    Compiling rustls-webpki v0.103.13
[INFO] [stderr]    Compiling tokio-rustls v0.26.4
[INFO] [stderr]    Compiling dtls v0.17.1
[INFO] [stderr]    Compiling shakenfist-spice-protocol v0.1.7
[INFO] [stderr]    Compiling shakenfist-spice-renderer v0.1.7
[INFO] [stderr]    Compiling webrtc v0.17.1
[INFO] [stderr]    Compiling shakenfist-spice-webrtc v0.1.7 (/opt/rustwide/workdir)
[INFO] [stderr]     Finished `release` profile [optimized] target(s) in 11m 54s
[INFO] [stderr] warning: the following packages contain code that will be rejected by a future version of Rust: bytecheck v0.8.2, rkyv v0.8.16
[INFO] [stderr] note: to see what the problems were, use the option `--future-incompat-report`, or run `cargo report future-incompatibilities --id 5`
[INFO] running `Command { std: "docker" "inspect" "461bff1bc6b3f954f72c2a2368c8573eaa59ec67668c7408e2a74a71a24ad4cd", kill_on_drop: false }`
[INFO] running `Command { std: "docker" "exec" "-e" "SOURCE_DIR=/opt/rustwide/workdir" "-e" "CARGO_HOME=/opt/rustwide/cargo-home" "-e" "RUSTUP_HOME=/opt/rustwide/rustup-home" "-e" "CARGO_TARGET_DIR=/opt/rustwide/target" "-e" "CARGO_INCREMENTAL=0" "-e" "RUST_BACKTRACE=full" "-e" "RUSTFLAGS=--cap-lints=warn" "-e" "RUSTDOCFLAGS=--cap-lints=warn" "-w" "/opt/rustwide/workdir" "--user" "0:0" "461bff1bc6b3f954f72c2a2368c8573eaa59ec67668c7408e2a74a71a24ad4cd" "/opt/rustwide/cargo-home/bin/cargo" "+1.100.0-beta.1" "test" "--frozen" "--no-run" "--message-format=json" "--release", kill_on_drop: false }`
[INFO] [stderr]    Compiling shakenfist-spice-webrtc v0.1.7 (/opt/rustwide/workdir)
[INFO] [stderr]     Finished `release` profile [optimized] target(s) in 2m 10s
[INFO] [stderr] warning: the following packages contain code that will be rejected by a future version of Rust: bytecheck v0.8.2, rkyv v0.8.16
[INFO] [stderr] note: to see what the problems were, use the option `--future-incompat-report`, or run `cargo report future-incompatibilities --id 5`
[INFO] running `Command { std: "docker" "inspect" "461bff1bc6b3f954f72c2a2368c8573eaa59ec67668c7408e2a74a71a24ad4cd", kill_on_drop: false }`
[INFO] running `Command { std: "docker" "exec" "-e" "SOURCE_DIR=/opt/rustwide/workdir" "-e" "CARGO_HOME=/opt/rustwide/cargo-home" "-e" "RUSTUP_HOME=/opt/rustwide/rustup-home" "-e" "CARGO_TARGET_DIR=/opt/rustwide/target" "-e" "CARGO_INCREMENTAL=0" "-e" "RUST_BACKTRACE=full" "-e" "RUSTFLAGS=--cap-lints=warn" "-e" "RUSTDOCFLAGS=--cap-lints=warn" "-w" "/opt/rustwide/workdir" "--user" "0:0" "461bff1bc6b3f954f72c2a2368c8573eaa59ec67668c7408e2a74a71a24ad4cd" "/opt/rustwide/cargo-home/bin/cargo" "+1.100.0-beta.1" "test" "--frozen" "--release", kill_on_drop: false }`
[INFO] [stderr]     Finished `release` profile [optimized] target(s) in 0.47s
[INFO] [stderr] warning: the following packages contain code that will be rejected by a future version of Rust: bytecheck v0.8.2, rkyv v0.8.16
[INFO] [stderr] note: to see what the problems were, use the option `--future-incompat-report`, or run `cargo report future-incompatibilities --id 5`
[INFO] [stderr]      Running unittests src/lib.rs (/opt/rustwide/target/release/build/shakenfist-spice-webrtc/6ee4d64d3852544b/out/shakenfist_spice_webrtc-6ee4d64d3852544b)
[INFO] [stdout] 
[INFO] [stdout] running 7 tests
[INFO] [stdout] test bridge::tests::bridge_constructs_with_empty_ice_servers ... ok
[INFO] [stdout] test bridge::tests::accept_offer_rejects_malformed_sdp ... ok
[INFO] [stdout] test bridge::tests::audio_pump_forwards_real_opus_packets ... ok
[INFO] [stdout] test bridge::tests::bridge_accept_offer_returns_answer_with_h264_and_opus ... ok
[INFO] [stdout] test bridge::tests::synthetic_audio_pump_emits_packets ... ok
[INFO] [stdout] test bridge::tests::video_pump_runs_without_errors ... ok
[INFO] [stdout] test bridge::tests::control_datachannel_roundtrips_messages ... FAILED
[INFO] [stdout] 
[INFO] [stdout] failures:
[INFO] [stdout] 
[INFO] [stdout] ---- bridge::tests::control_datachannel_roundtrips_messages stdout ----
[INFO] [stdout] 
[INFO] [stdout] thread 'bridge::tests::control_datachannel_roundtrips_messages' (5690) panicked at src/bridge.rs:1175:9:
[INFO] [stdout] PCs did not reach Connected within timeout
[INFO] [stdout] stack backtrace:
[INFO] [stdout]    0:     0x56de22828371 - <<std[617be2ca0a6fd877]::sys::backtrace::BacktraceLock>::print::DisplayBacktrace as core[a373ad73a504971]::fmt::Display>::fmt
[INFO] [stdout]    1:     0x56de22840d7a - core[a373ad73a504971]::fmt::write
[INFO] [stdout]    2:     0x56de2282d11c - <alloc[2e1b2a31b91974c5]::vec::Vec<u8> as core[a373ad73a504971]::io::write::Write>::write_fmt
[INFO] [stdout]    3:     0x56de22803026 - std[617be2ca0a6fd877]::panicking::default_hook::{closure#0}
[INFO] [stdout]    4:     0x56de228201a9 - std[617be2ca0a6fd877]::panicking::default_hook
[INFO] [stdout]    5:     0x56de22316a50 - test[aada8e7e76ba119b]::test_main_inner::{closure#0}
[INFO] [stdout]    6:     0x56de228204d2 - std[617be2ca0a6fd877]::panicking::panic_with_hook
[INFO] [stdout]    7:     0x56de22803104 - std[617be2ca0a6fd877]::panicking::panic_handler::{closure#0}
[INFO] [stdout]    8:     0x56de227fb7a9 - std[617be2ca0a6fd877]::sys::backtrace::__rust_end_short_backtrace::<std[617be2ca0a6fd877]::panicking::panic_handler::{closure#0}, !>
[INFO] [stdout]    9:     0x56de22803fdd - __rustc[ea4f61d10b84890b]::rust_begin_unwind
[INFO] [stdout]   10:     0x56de228414dc - core[a373ad73a504971]::panicking::panic_fmt
[INFO] [stdout]   11:     0x56de221e98f0 - shakenfist_spice_webrtc[b12d3c41bd8588e6]::bridge::tests::control_datachannel_roundtrips_messages::{closure#0}
[INFO] [stdout]   12:     0x56de222badea - <tokio[bc9279e9cd2830af]::runtime::park::CachedParkThread>::block_on::<core[a373ad73a504971]::pin::Pin<&mut dyn core[a373ad73a504971]::future::future::Future<Output = ()>>>
[INFO] [stdout]   13:     0x56de222eefb6 - <tokio[bc9279e9cd2830af]::runtime::runtime::Runtime>::block_on::<core[a373ad73a504971]::pin::Pin<&mut dyn core[a373ad73a504971]::future::future::Future<Output = ()>>>
[INFO] [stdout]   14:     0x56de221ef0d1 - <shakenfist_spice_webrtc[b12d3c41bd8588e6]::bridge::tests::control_datachannel_roundtrips_messages::{closure#0} as core[a373ad73a504971]::ops::function::FnOnce<()>>::call_once
[INFO] [stdout]   15:     0x56de22309e9b - test[aada8e7e76ba119b]::__rust_begin_short_backtrace::<core[a373ad73a504971]::result::Result<(), alloc[2e1b2a31b91974c5]::string::String>, fn() -> core[a373ad73a504971]::result::Result<(), alloc[2e1b2a31b91974c5]::string::String>>
[INFO] [stdout]   16:     0x56de22317075 - test[aada8e7e76ba119b]::run_test::{closure#0}
[INFO] [stdout]   17:     0x56de22310964 - std[617be2ca0a6fd877]::sys::backtrace::__rust_begin_short_backtrace::<test[aada8e7e76ba119b]::run_test::{closure#1}, ()>
[INFO] [stdout]   18:     0x56de2231a102 - <std[617be2ca0a6fd877]::thread::lifecycle::spawn_unchecked<test[aada8e7e76ba119b]::run_test::{closure#1}, ()>::{closure#1} as core[a373ad73a504971]::ops::function::FnOnce<()>>::call_once::{shim:vtable#0}
[INFO] [stdout]   19:     0x56de2282770f - <std[617be2ca0a6fd877]::sys::thread::unix::Thread>::new::thread_start
[INFO] [stdout]   20:     0x7703f84e0dfa - <unknown>
[INFO] [stdout]   21:     0x7703f85743d4 - clone
[INFO] [stdout]   22:                0x0 - <unknown>
[INFO] [stdout] 
[INFO] [stdout] 
[INFO] [stdout] failures:
[INFO] [stdout]     bridge::tests::control_datachannel_roundtrips_messages
[INFO] [stdout] 
[INFO] [stdout] test result: FAILED. 6 passed; 1 failed; 0 ignored; 0 measured; 0 filtered out; finished in 10.02s
[INFO] [stdout] 
[INFO] [stderr] error: test failed, to rerun pass `--lib`
[INFO] running `Command { std: "docker" "inspect" "461bff1bc6b3f954f72c2a2368c8573eaa59ec67668c7408e2a74a71a24ad4cd", kill_on_drop: false }`
[INFO] running `Command { std: "docker" "rm" "-f" "461bff1bc6b3f954f72c2a2368c8573eaa59ec67668c7408e2a74a71a24ad4cd", kill_on_drop: false }`
[INFO] [stdout] 461bff1bc6b3f954f72c2a2368c8573eaa59ec67668c7408e2a74a71a24ad4cd
