[INFO] fetching crate secantus-storage 0.5.3-beta.195...
[INFO] testing secantus-storage-0.5.3-beta.195 against 1.99.0-beta.8+cargoflags=--release for beta-release-1.100-2
[INFO] extracting crate secantus-storage 0.5.3-beta.195 into /workspace/builds/worker-0-tc1/source
[INFO] started tweaking crates.io crate secantus-storage 0.5.3-beta.195
[INFO] removed 0 missing tests
[INFO] finished tweaking crates.io crate secantus-storage 0.5.3-beta.195
[INFO] tweaked toml for crates.io crate secantus-storage 0.5.3-beta.195 written to /workspace/builds/worker-0-tc1/source/Cargo.toml
[INFO] validating manifest of crates.io crate secantus-storage 0.5.3-beta.195 on toolchain 1.99.0-beta.8
[INFO] running `Command { std: CARGO_HOME="/workspace/cargo-home" RUSTUP_HOME="/workspace/rustup-home" "/workspace/cargo-home/bin/cargo" "+1.99.0-beta.8" "metadata" "--manifest-path" "Cargo.toml" "--no-deps", kill_on_drop: false }`
[INFO] crate crates.io crate secantus-storage 0.5.3-beta.195 already has a lockfile, it will not be regenerated
[INFO] running `Command { std: CARGO_HOME="/workspace/cargo-home" RUSTUP_HOME="/workspace/rustup-home" "/workspace/cargo-home/bin/cargo" "+1.99.0-beta.8" "fetch" "--manifest-path" "Cargo.toml", kill_on_drop: false }`
[INFO] [stderr]     Updating crates.io index
[INFO] [stderr]  Downloading crates ...
[INFO] [stderr]   Downloaded icu_locale_fallback v2.3.0
[INFO] [stderr]   Downloaded secantus-wt v0.5.3-beta.195
[INFO] [stderr]   Downloaded approx v0.4.0
[INFO] [stderr]   Downloaded phf_shared v0.12.1
[INFO] [stderr]   Downloaded icu_locale_fallback_data v2.3.0
[INFO] [stderr]   Downloaded float_extras v0.1.6
[INFO] [stderr]   Downloaded bigdecimal v0.3.1
[INFO] [stderr]   Downloaded phf v0.12.1
[INFO] [stderr]   Downloaded rstar v0.12.2
[INFO] [stderr]   Downloaded geographiclib-rs v0.2.7
[INFO] [stderr]   Downloaded geo-types v0.7.20
[INFO] [stderr]   Downloaded cgmath v0.18.0
[INFO] [stderr]   Downloaded heapless v0.8.0
[INFO] [stderr]   Downloaded itertools v0.11.0
[INFO] [stderr]   Downloaded bson v2.15.0
[INFO] [stderr]   Downloaded s2 v0.0.12
[INFO] [stderr]   Downloaded geo v0.28.0
[INFO] [stderr]   Downloaded icu_collator_data v2.3.0
[INFO] [stderr]   Downloaded secantus-core v0.5.3-beta.195
[INFO] [stderr]   Downloaded robust v1.2.0
[INFO] [stderr]   Downloaded spade v2.15.1
[INFO] [stderr]   Downloaded earcutr v0.4.3
[INFO] [stderr]   Downloaded chrono-tz v0.10.4
[INFO] [stderr]   Downloaded icu_collator v2.3.1
[INFO] running `Command { std: "docker" "create" "-v" "/var/lib/crater-agent-workspace/builds/worker-0-tc1/source:/opt/rustwide/workdir:ro,Z" "-v" "/var/lib/crater-agent-workspace/builds/worker-0-tc1/target:/opt/rustwide/target:rw,Z" "-v" "/var/lib/crater-agent-workspace/cargo-home:/opt/rustwide/cargo-home:ro,Z" "-v" "/var/lib/crater-agent-workspace/rustup-home:/opt/rustwide/rustup-home:ro,Z" "-m" "1610612736" "--network" "none" "ghcr.io/rust-lang/crates-build-env/linux@sha256:77db811e55d90add9212f6832c23229e3de5f1c1f9905e8cb07319ea15df73ac" "sleep" "infinity", kill_on_drop: false }`
[INFO] [stdout] 66bed672967d3687292fa40d8a433d7572d76578c967a7ae4ca4cbc4221b6632
[INFO] running `Command { std: "docker" "start" "66bed672967d3687292fa40d8a433d7572d76578c967a7ae4ca4cbc4221b6632", kill_on_drop: false }`
[INFO] running `Command { std: "docker" "inspect" "66bed672967d3687292fa40d8a433d7572d76578c967a7ae4ca4cbc4221b6632", kill_on_drop: false }`
[INFO] running `Command { std: "docker" "exec" "-e" "SOURCE_DIR=/opt/rustwide/workdir" "-e" "CARGO_HOME=/opt/rustwide/cargo-home" "-e" "RUSTUP_HOME=/opt/rustwide/rustup-home" "-e" "CARGO_TARGET_DIR=/opt/rustwide/target" "-w" "/opt/rustwide/workdir" "--user" "0:0" "66bed672967d3687292fa40d8a433d7572d76578c967a7ae4ca4cbc4221b6632" "/opt/rustwide/cargo-home/bin/cargo" "+1.99.0-beta.8" "metadata" "--no-deps" "--format-version=1", kill_on_drop: false }`
[INFO] running `Command { std: "docker" "inspect" "66bed672967d3687292fa40d8a433d7572d76578c967a7ae4ca4cbc4221b6632", kill_on_drop: false }`
[INFO] running `Command { std: "docker" "exec" "-e" "SOURCE_DIR=/opt/rustwide/workdir" "-e" "CARGO_HOME=/opt/rustwide/cargo-home" "-e" "RUSTUP_HOME=/opt/rustwide/rustup-home" "-e" "CARGO_TARGET_DIR=/opt/rustwide/target" "-e" "CARGO_INCREMENTAL=0" "-e" "RUST_BACKTRACE=full" "-e" "RUSTFLAGS=--cap-lints=warn" "-e" "RUSTDOCFLAGS=--cap-lints=warn" "-w" "/opt/rustwide/workdir" "--user" "0:0" "66bed672967d3687292fa40d8a433d7572d76578c967a7ae4ca4cbc4221b6632" "/opt/rustwide/cargo-home/bin/cargo" "+1.99.0-beta.8" "build" "--frozen" "--message-format=json" "--release", kill_on_drop: false }`
[INFO] [stderr]    Compiling libc v0.2.190
[INFO] [stderr]    Compiling serde_core v1.0.229
[INFO] [stderr]    Compiling writeable v0.6.4
[INFO] [stderr]    Compiling getrandom v0.3.4
[INFO] [stderr]    Compiling zerocopy v0.8.63
[INFO] [stderr]    Compiling litemap v0.8.3
[INFO] [stderr]    Compiling num-traits v0.2.19
[INFO] [stderr]    Compiling smallvec v1.16.3
[INFO] [stderr]    Compiling heapless v0.8.0
[INFO] [stderr]    Compiling byteorder v1.5.0
[INFO] [stderr]    Compiling syn v3.0.9
[INFO] [stderr]    Compiling libz-sys v1.1.30
[INFO] [stderr]    Compiling cmake v0.1.58
[INFO] [stderr]    Compiling thiserror v2.0.21
[INFO] [stderr]    Compiling radium v0.7.0
[INFO] [stderr]    Compiling icu_locale_fallback_data v2.3.0
[INFO] [stderr]    Compiling ahash v0.8.12
[INFO] [stderr]    Compiling num-conv v0.2.2
[INFO] [stderr]    Compiling serde_json v1.0.154
[INFO] [stderr]    Compiling icu_collator_data v2.3.0
[INFO] [stderr]    Compiling either v1.19.0
[INFO] [stderr]    Compiling time-core v0.1.9
[INFO] [stderr]    Compiling tap v1.0.1
[INFO] [stderr]    Compiling phf_shared v0.12.1
[INFO] [stderr]    Compiling regex-automata v0.4.18
[INFO] [stderr]    Compiling time-macros v0.2.32
[INFO] [stderr]    Compiling itertools v0.11.0
[INFO] [stderr]    Compiling wyz v0.5.1
[INFO] [stderr]    Compiling hashbrown v0.16.1
[INFO] [stderr]    Compiling hash32 v0.3.1
[INFO] [stderr]    Compiling iana-time-zone v0.1.65
[INFO] [stderr]    Compiling write16 v1.0.0
[INFO] [stderr]    Compiling robust v1.2.0
[INFO] [stderr]    Compiling secantus-wiredtiger-sys v0.5.3-beta.195
[INFO] [stderr]    Compiling cgmath v0.18.0
[INFO] [stderr]    Compiling chrono-tz v0.10.4
[INFO] [stderr]    Compiling funty v2.0.0
[INFO] [stderr]    Compiling crc32fast v1.5.2
[INFO] [stderr]    Compiling deranged v0.5.9
[INFO] [stderr]    Compiling powerfmt v0.2.1
[INFO] [stderr]    Compiling approx v0.5.1
[INFO] [stderr]    Compiling rstar v0.12.2
[INFO] [stderr]    Compiling num-integer v0.1.47
[INFO] [stderr]    Compiling bit-vec v0.8.0
[INFO] [stderr]    Compiling utf16_iter v1.0.5
[INFO] [stderr]    Compiling spade v2.15.1
[INFO] [stderr]    Compiling bitvec v1.1.1
[INFO] [stderr]    Compiling bit-set v0.8.0
[INFO] [stderr]    Compiling num-bigint v0.4.8
[INFO] [stderr]    Compiling chrono v0.4.45
[INFO] [stderr]    Compiling approx v0.4.0
[INFO] [stderr]    Compiling phf v0.12.1
[INFO] [stderr]    Compiling geographiclib-rs v0.2.7
[INFO] [stderr]    Compiling getrandom v0.4.3
[INFO] [stderr]    Compiling secantus-wt v0.5.3-beta.195
[INFO] [stderr]    Compiling rand_core v0.9.5
[INFO] [stderr]    Compiling simd-adler32 v0.3.10
[INFO] [stderr]    Compiling float_next_after v1.0.0
[INFO] [stderr]    Compiling float_extras v0.1.6
[INFO] [stderr]    Compiling filetime v0.2.29
[INFO] [stderr]    Compiling miniz_oxide v0.9.1
[INFO] [stderr]    Compiling time v0.3.55
[INFO] [stderr]    Compiling xattr v1.6.1
[INFO] [stderr]    Compiling earcutr v0.4.3
[INFO] [stderr]    Compiling tempfile v3.27.0
[INFO] [stderr]    Compiling synstructure v0.14.0
[INFO] [stderr]    Compiling flate2 v1.1.10
[INFO] [stderr]    Compiling tar v0.4.46
[INFO] [stderr]    Compiling serde_bytes v0.11.19
[INFO] [stderr]    Compiling zerofrom-derive v0.1.8
[INFO] [stderr]    Compiling yoke-derive v0.8.4
[INFO] [stderr]    Compiling zerovec-derive v0.11.6
[INFO] [stderr]    Compiling displaydoc v0.2.7
[INFO] [stderr]    Compiling serde_derive v1.0.229
[INFO] [stderr]    Compiling thiserror-impl v2.0.21
[INFO] [stderr]    Compiling uuid v1.28.0
[INFO] [stderr]    Compiling zerofrom v0.1.8
[INFO] [stderr]    Compiling yoke v0.8.3
[INFO] [stderr]    Compiling regex v1.13.1
[INFO] [stderr]    Compiling ppv-lite86 v0.2.21
[INFO] [stderr]    Compiling zerotrie v0.2.5
[INFO] [stderr]    Compiling zerovec v0.11.8
[INFO] [stderr]    Compiling fancy-regex v0.14.0
[INFO] [stderr]    Compiling geo-types v0.7.20
[INFO] [stderr]    Compiling rand_chacha v0.9.0
[INFO] [stderr]    Compiling rand v0.9.5
[INFO] [stderr]    Compiling geo v0.28.0
[INFO] [stderr]    Compiling serde v1.0.229
[INFO] [stderr]    Compiling tinystr v0.8.4
[INFO] [stderr]    Compiling potential_utf v0.1.6
[INFO] [stderr]    Compiling icu_collections v2.3.0
[INFO] [stderr]    Compiling icu_locale_core v2.3.0
[INFO] [stderr]    Compiling bigdecimal v0.3.1
[INFO] [stderr]    Compiling bson v2.15.0
[INFO] [stderr]    Compiling s2 v0.0.12
[INFO] [stderr]    Compiling icu_provider v2.3.1
[INFO] [stderr]    Compiling icu_properties v2.3.0
[INFO] [stderr]    Compiling icu_locale_fallback v2.3.0
[INFO] [stderr]    Compiling icu_normalizer v2.3.0
[INFO] [stderr]    Compiling icu_collator v2.3.1
[INFO] [stderr]    Compiling secantus-core v0.5.3-beta.195
[INFO] [stderr] error: could not compile `secantus-core` (lib)
[INFO] [stderr] 
[INFO] [stderr] Caused by:
[INFO] [stderr]   process didn't exit successfully: `/opt/rustwide/rustup-home/toolchains/1.99.0-beta.8-x86_64-unknown-linux-gnu/bin/rustc --crate-name secantus_core --edition=2021 /opt/rustwide/cargo-home/registry/src/index.crates.io-1949cf8c6b5b557f/secantus-core-0.5.3-beta.195/src/lib.rs --error-format=json --json=diagnostic-rendered-ansi,artifacts,future-incompat --crate-type rlib --emit=dep-info,metadata,link -C opt-level=3 -C embed-bitcode=no --check-cfg 'cfg(docsrs,test)' --check-cfg 'cfg(feature, values())' -C metadata=0fdff73563d54e26 -C extra-filename=-5b94416527e195f0 --out-dir /opt/rustwide/target/release/deps -C strip=debuginfo -L dependency=/opt/rustwide/target/release/deps --extern bson=/opt/rustwide/target/release/deps/libbson-bbec9f06b9086a49.rmeta --extern chrono=/opt/rustwide/target/release/deps/libchrono-40eabe0ed0dd3748.rmeta --extern chrono_tz=/opt/rustwide/target/release/deps/libchrono_tz-626849be0103a321.rmeta --extern fancy_regex=/opt/rustwide/target/release/deps/libfancy_regex-47a18ac9ded75f7f.rmeta --extern geo=/opt/rustwide/target/release/deps/libgeo-b3550adb65f1f257.rmeta --extern icu_collator=/opt/rustwide/target/release/deps/libicu_collator-4acd4b189191ea51.rmeta --extern icu_collator_data=/opt/rustwide/target/release/deps/libicu_collator_data-32c782c55350b7fb.rmeta --extern icu_locale_core=/opt/rustwide/target/release/deps/libicu_locale_core-fa434afcb583f143.rmeta --extern icu_normalizer=/opt/rustwide/target/release/deps/libicu_normalizer-dc599b0f30a2fc3d.rmeta --extern icu_provider=/opt/rustwide/target/release/deps/libicu_provider-74275c123828e1ac.rmeta --extern rand=/opt/rustwide/target/release/deps/librand-b28655ada7dea9e0.rmeta --extern regex=/opt/rustwide/target/release/deps/libregex-8f21903beefa3c43.rmeta --extern regex_automata=/opt/rustwide/target/release/deps/libregex_automata-95e37c1c7e8cfc47.rmeta --cap-lints allow --cap-lints=warn` (signal: 9, SIGKILL: kill)
[INFO] [stderr] warning: build failed, waiting for other jobs to finish...
[INFO] [stderr] error: failed to run custom build command for `secantus-wiredtiger-sys v0.5.3-beta.195`
[INFO] [stderr] note: To improve backtraces for build dependencies, set the CARGO_PROFILE_RELEASE_BUILD_OVERRIDE_DEBUG=true environment variable to enable debug information generation.
[INFO] [stderr] 
[INFO] [stderr] Caused by:
[INFO] [stderr]   process didn't exit successfully: `/opt/rustwide/target/release/build/secantus-wiredtiger-sys-68fb8c40783570c2/build-script-build` (exit status: 101)
[INFO] [stderr]   --- stdout
[INFO] [stderr]   cargo:rerun-if-changed=/opt/rustwide/cargo-home/registry/src/index.crates.io-1949cf8c6b5b557f/secantus-wiredtiger-sys-0.5.3-beta.195/lz4/lz4.c
[INFO] [stderr]   cargo:rerun-if-env-changed=CC_FORCE_DISABLE
[INFO] [stderr]   CC_FORCE_DISABLE = None
[INFO] [stderr]   cargo:rerun-if-env-changed=CC_x86_64-unknown-linux-gnu
[INFO] [stderr]   CC_x86_64-unknown-linux-gnu = None
[INFO] [stderr]   cargo:rerun-if-env-changed=CC_x86_64_unknown_linux_gnu
[INFO] [stderr]   CC_x86_64_unknown_linux_gnu = None
[INFO] [stderr]   cargo:rerun-if-env-changed=HOST_CC
[INFO] [stderr]   HOST_CC = None
[INFO] [stderr]   cargo:rerun-if-env-changed=CC
[INFO] [stderr]   CC = None
[INFO] [stderr]   cargo:rerun-if-env-changed=CC_ENABLE_DEBUG_OUTPUT
[INFO] [stderr]   cargo:rerun-if-env-changed=CRATE_CC_NO_DEFAULTS
[INFO] [stderr]   CRATE_CC_NO_DEFAULTS = None
[INFO] [stderr]   cargo:rerun-if-env-changed=CFLAGS
[INFO] [stderr]   CFLAGS = None
[INFO] [stderr]   cargo:rerun-if-env-changed=HOST_CFLAGS
[INFO] [stderr]   HOST_CFLAGS = None
[INFO] [stderr]   cargo:rerun-if-env-changed=CFLAGS_x86_64_unknown_linux_gnu
[INFO] [stderr]   CFLAGS_x86_64_unknown_linux_gnu = None
[INFO] [stderr]   cargo:rerun-if-env-changed=CFLAGS_x86_64-unknown-linux-gnu
[INFO] [stderr]   CFLAGS_x86_64-unknown-linux-gnu = None
[INFO] [stderr]   cargo:rerun-if-env-changed=CC_FORCE_DISABLE
[INFO] [stderr]   CC_FORCE_DISABLE = None
[INFO] [stderr]   cargo:rerun-if-env-changed=AR_x86_64-unknown-linux-gnu
[INFO] [stderr]   AR_x86_64-unknown-linux-gnu = None
[INFO] [stderr]   cargo:rerun-if-env-changed=AR_x86_64_unknown_linux_gnu
[INFO] [stderr]   AR_x86_64_unknown_linux_gnu = None
[INFO] [stderr]   cargo:rerun-if-env-changed=HOST_AR
[INFO] [stderr]   HOST_AR = None
[INFO] [stderr]   cargo:rerun-if-env-changed=AR
[INFO] [stderr]   AR = None
[INFO] [stderr]   cargo:rerun-if-env-changed=ARFLAGS
[INFO] [stderr]   ARFLAGS = None
[INFO] [stderr]   cargo:rerun-if-env-changed=HOST_ARFLAGS
[INFO] [stderr]   HOST_ARFLAGS = None
[INFO] [stderr]   cargo:rerun-if-env-changed=ARFLAGS_x86_64_unknown_linux_gnu
[INFO] [stderr]   ARFLAGS_x86_64_unknown_linux_gnu = None
[INFO] [stderr]   cargo:rerun-if-env-changed=ARFLAGS_x86_64-unknown-linux-gnu
[INFO] [stderr]   ARFLAGS_x86_64-unknown-linux-gnu = None
[INFO] [stderr]   cargo:rerun-if-env-changed=AR_x86_64-unknown-linux-gnu
[INFO] [stderr]   AR_x86_64-unknown-linux-gnu = None
[INFO] [stderr]   cargo:rerun-if-env-changed=AR_x86_64_unknown_linux_gnu
[INFO] [stderr]   AR_x86_64_unknown_linux_gnu = None
[INFO] [stderr]   cargo:rerun-if-env-changed=HOST_AR
[INFO] [stderr]   HOST_AR = None
[INFO] [stderr]   cargo:rerun-if-env-changed=AR
[INFO] [stderr]   AR = None
[INFO] [stderr]   cargo:rerun-if-env-changed=ARFLAGS
[INFO] [stderr]   ARFLAGS = None
[INFO] [stderr]   cargo:rerun-if-env-changed=HOST_ARFLAGS
[INFO] [stderr]   HOST_ARFLAGS = None
[INFO] [stderr]   cargo:rerun-if-env-changed=ARFLAGS_x86_64_unknown_linux_gnu
[INFO] [stderr]   ARFLAGS_x86_64_unknown_linux_gnu = None
[INFO] [stderr]   cargo:rerun-if-env-changed=ARFLAGS_x86_64-unknown-linux-gnu
[INFO] [stderr]   ARFLAGS_x86_64-unknown-linux-gnu = None
[INFO] [stderr]   cargo:rustc-link-lib=static=secantus_lz4
[INFO] [stderr]   cargo:rustc-link-search=native=/opt/rustwide/target/release/build/secantus-wiredtiger-sys-0b5bc2c0c29d84f9/out
[INFO] [stderr]   cargo:rerun-if-env-changed=SECANTUS_WT_INCLUDE
[INFO] [stderr]   cargo:rerun-if-env-changed=SECANTUS_WT_LIB
[INFO] [stderr]   cargo:rerun-if-changed=wiredtiger.sha256
[INFO] [stderr]   CMAKE_TOOLCHAIN_FILE_x86_64-unknown-linux-gnu = None
[INFO] [stderr]   CMAKE_TOOLCHAIN_FILE_x86_64_unknown_linux_gnu = None
[INFO] [stderr]   HOST_CMAKE_TOOLCHAIN_FILE = None
[INFO] [stderr]   CMAKE_TOOLCHAIN_FILE = None
[INFO] [stderr]   CMAKE_GENERATOR_x86_64-unknown-linux-gnu = None
[INFO] [stderr]   CMAKE_GENERATOR_x86_64_unknown_linux_gnu = None
[INFO] [stderr]   HOST_CMAKE_GENERATOR = None
[INFO] [stderr]   CMAKE_GENERATOR = None
[INFO] [stderr]   CMAKE_PREFIX_PATH_x86_64-unknown-linux-gnu = None
[INFO] [stderr]   CMAKE_PREFIX_PATH_x86_64_unknown_linux_gnu = None
[INFO] [stderr]   HOST_CMAKE_PREFIX_PATH = None
[INFO] [stderr]   CMAKE_PREFIX_PATH = None
[INFO] [stderr]   CMAKE_x86_64-unknown-linux-gnu = None
[INFO] [stderr]   CMAKE_x86_64_unknown_linux_gnu = None
[INFO] [stderr]   HOST_CMAKE = None
[INFO] [stderr]   CMAKE = None
[INFO] [stderr]   -- The C compiler identification is GNU 15.2.0
[INFO] [stderr]   -- The CXX compiler identification is GNU 15.2.0
[INFO] [stderr]   -- The ASM compiler identification is GNU
[INFO] [stderr]   -- Found assembler: /usr/bin/cc
[INFO] [stderr]   -- Detecting C compiler ABI info
[INFO] [stderr]   -- Detecting C compiler ABI info - done
[INFO] [stderr]   -- Check for working C compiler: /usr/bin/cc - skipped
[INFO] [stderr]   -- Detecting C compile features
[INFO] [stderr]   -- Detecting C compile features - done
[INFO] [stderr]   -- Detecting CXX compiler ABI info
[INFO] [stderr]   -- Detecting CXX compiler ABI info - done
[INFO] [stderr]   -- Check for working CXX compiler: /usr/bin/c++ - skipped
[INFO] [stderr]   -- Detecting CXX compile features
[INFO] [stderr]   -- Detecting CXX compile features - done
[INFO] [stderr]   -- Performing Test HAVE_BUILD_MODE_C_FLAGS
[INFO] [stderr]   -- Performing Test HAVE_BUILD_MODE_C_FLAGS - Success
[INFO] [stderr]   -- Performing Test HAVE_BUILD_MODE_CXX_FLAGS
[INFO] [stderr]   -- Performing Test HAVE_BUILD_MODE_CXX_FLAGS - Success
[INFO] [stderr]   -- Performing Test HAVE_BUILD_MODE_C_FLAGS
[INFO] [stderr]   -- Performing Test HAVE_BUILD_MODE_C_FLAGS - Success
[INFO] [stderr]   -- Performing Test HAVE_BUILD_MODE_CXX_FLAGS
[INFO] [stderr]   -- Performing Test HAVE_BUILD_MODE_CXX_FLAGS - Success
[INFO] [stderr]   -- Performing Test HAVE_BUILD_MODE_C_FLAGS
[INFO] [stderr]   -- Performing Test HAVE_BUILD_MODE_C_FLAGS - Success
[INFO] [stderr]   -- Performing Test HAVE_BUILD_MODE_CXX_FLAGS
[INFO] [stderr]   -- Performing Test HAVE_BUILD_MODE_CXX_FLAGS - Success
[INFO] [stderr]   -- Performing Test HAVE_BUILD_MODE_C_FLAGS
[INFO] [stderr]   -- Performing Test HAVE_BUILD_MODE_C_FLAGS - Success
[INFO] [stderr]   -- Performing Test HAVE_BUILD_MODE_CXX_FLAGS
[INFO] [stderr]   -- Performing Test HAVE_BUILD_MODE_CXX_FLAGS - Success
[INFO] [stderr]   -- Looking for x86intrin.h
[INFO] [stderr]   -- Looking for x86intrin.h - found
[INFO] [stderr]   -- Looking for sys/types.h
[INFO] [stderr]   -- Looking for sys/types.h - found
[INFO] [stderr]   -- Looking for stdint.h
[INFO] [stderr]   -- Looking for stdint.h - found
[INFO] [stderr]   -- Looking for stddef.h
[INFO] [stderr]   -- Looking for stddef.h - found
[INFO] [stderr]   -- Check size of size_t
[INFO] [stderr]   -- Check size of size_t - done
[INFO] [stderr]   -- Looking for include file sys/types.h
[INFO] [stderr]   -- Looking for include file sys/types.h - found
[INFO] [stderr]   -- Looking for include file inttypes.h
[INFO] [stderr]   -- Looking for include file inttypes.h - found
[INFO] [stderr]   -- Looking for include file stdarg.h
[INFO] [stderr]   -- Looking for include file stdarg.h - found
[INFO] [stderr]   -- Looking for include file stdbool.h
[INFO] [stderr]   -- Looking for include file stdbool.h - found
[INFO] [stderr]   -- Looking for include file stdint.h
[INFO] [stderr]   -- Looking for include file stdint.h - found
[INFO] [stderr]   -- Looking for include file stdlib.h
[INFO] [stderr]   -- Looking for include file stdlib.h - found
[INFO] [stderr]   -- Looking for include file stdio.h
[INFO] [stderr]   -- Looking for include file stdio.h - found
[INFO] [stderr]   -- Looking for include file strings.h
[INFO] [stderr]   -- Looking for include file strings.h - found
[INFO] [stderr]   -- Looking for include file string.h
[INFO] [stderr]   -- Looking for include file string.h - found
[INFO] [stderr]   -- Looking for include file sys/stat.h
[INFO] [stderr]   -- Looking for include file sys/stat.h - found
[INFO] [stderr]   -- Looking for include file unistd.h
[INFO] [stderr]   -- Looking for include file unistd.h - found
[INFO] [stderr]   -- Looking for include file x86intrin.h
[INFO] [stderr]   -- Looking for include file x86intrin.h - found
[INFO] [stderr]   -- Looking for include file dlfcn.h
[INFO] [stderr]   -- Looking for include file dlfcn.h - found
[INFO] [stderr]   -- Looking for include file memory.h
[INFO] [stderr]   -- Looking for include file memory.h - found
[INFO] [stderr]   -- Looking for clock_gettime
[INFO] [stderr]   -- Looking for clock_gettime - found
[INFO] [stderr]   -- Looking for fallocate
[INFO] [stderr]   -- Looking for fallocate - found
[INFO] [stderr]   -- Looking for fdatasync
[INFO] [stderr]   -- Looking for fdatasync - found
[INFO] [stderr]   -- Looking for ftruncate
[INFO] [stderr]   -- Looking for ftruncate - found
[INFO] [stderr]   -- Looking for gettimeofday
[INFO] [stderr]   -- Looking for gettimeofday - found
[INFO] [stderr]   -- Looking for posix_fadvise
[INFO] [stderr]   -- Looking for posix_fadvise - found
[INFO] [stderr]   -- Looking for posix_fallocate
[INFO] [stderr]   -- Looking for posix_fallocate - found
[INFO] [stderr]   -- Looking for posix_madvise
[INFO] [stderr]   -- Looking for posix_madvise - found
[INFO] [stderr]   -- Looking for posix_memalign
[INFO] [stderr]   -- Looking for posix_memalign - found
[INFO] [stderr]   -- Looking for setrlimit
[INFO] [stderr]   -- Looking for setrlimit - found
[INFO] [stderr]   -- Looking for strtouq
[INFO] [stderr]   -- Looking for strtouq - found
[INFO] [stderr]   -- Looking for sync_file_range
[INFO] [stderr]   -- Looking for sync_file_range - found
[INFO] [stderr]   -- Looking for timer_create
[INFO] [stderr]   -- Looking for timer_create - found
[INFO] [stderr]   -- Configuring done (20.7s)
[INFO] [stderr]   -- Generating done (0.2s)
[INFO] [stderr]   -- Build files have been written to: /opt/rustwide/target/release/build/secantus-wiredtiger-sys-0b5bc2c0c29d84f9/out/build
[INFO] [stderr]   [  0%] Building C object ext/compressors/zlib/CMakeFiles/wiredtiger_zlib.dir/zlib_compress.c.o
[INFO] [stderr]   [  0%] Building C object CMakeFiles/wt_objs.dir/src/block/block_ckpt_scan.c.o
[INFO] [stderr]   [  1%] Building C object ext/compressors/lz4/CMakeFiles/wiredtiger_lz4.dir/lz4_compress.c.o
[INFO] [stderr]   [  2%] Building C object CMakeFiles/wt_objs.dir/src/block/block_session.c.o
[INFO] [stderr]   [  3%] Building C object CMakeFiles/wt_objs.dir/src/block/block_open.c.o
[INFO] [stderr]   [  3%] Building C object CMakeFiles/wt_objs.dir/src/block_cache/block_cache.c.o
[INFO] [stderr]   [  4%] Building C object CMakeFiles/wt_objs.dir/src/block_cache/block_io.c.o
[INFO] [stderr]   [  5%] Building C object CMakeFiles/wt_objs.dir/src/block/block_write.c.o
[INFO] [stderr]   [  5%] Building C object CMakeFiles/wt_objs.dir/src/block/block_slvg.c.o
[INFO] [stderr]   [  5%] Building C object CMakeFiles/wt_objs.dir/src/block/block_addr.c.o
[INFO] [stderr]   [  6%] Building C object CMakeFiles/wt_objs.dir/src/block/block_ext.c.o
[INFO] [stderr]   [  7%] Building C object CMakeFiles/wt_objs.dir/src/block/block_compact.c.o
[INFO] [stderr]   [  7%] Building C object CMakeFiles/wt_objs.dir/src/block/block_read.c.o
[INFO] [stderr]   [  7%] Building C object CMakeFiles/wt_objs.dir/src/block/block_ckpt.c.o
[INFO] [stderr]   [  7%] Building C object CMakeFiles/wt_objs.dir/src/block/block_vrfy.c.o
[INFO] [stderr]   [  7%] Built target wiredtiger_zlib
[INFO] [stderr]   [  7%] Building C object CMakeFiles/wt_objs.dir/src/block_cache/block_map.c.o
[INFO] [stderr]   [  7%] Built target wiredtiger_lz4
[INFO] [stderr]   [  8%] Building C object CMakeFiles/wt_objs.dir/src/block_cache/block_mgr.c.o
[INFO] [stderr]   [  8%] Building C object CMakeFiles/wt_objs.dir/src/block_cache/block_tier.c.o
[INFO] [stderr] 
[INFO] [stderr]   --- stderr
[INFO] [stderr]   running: cd "/opt/rustwide/target/release/build/secantus-wiredtiger-sys-0b5bc2c0c29d84f9/out/build" && CMAKE_PREFIX_PATH="" LC_ALL="C" "cmake" "/opt/rustwide/cargo-home/registry/src/index.crates.io-1949cf8c6b5b557f/secantus-wiredtiger-sys-0.5.3-beta.195/wiredtiger" "-B" "/opt/rustwide/target/release/build/secantus-wiredtiger-sys-0b5bc2c0c29d84f9/out/build" "-DCMAKE_POSITION_INDEPENDENT_CODE=ON" "-DENABLE_STATIC=ON" "-DENABLE_SHARED=OFF" "-DENABLE_PYTHON=OFF" "-DENABLE_CPPSUITE=OFF" "-DENABLE_LLVM=OFF" "-DENABLE_SNAPPY=OFF" "-DENABLE_ZSTD=OFF" "-DENABLE_SODIUM=OFF" "-DENABLE_TCMALLOC=OFF" "-DENABLE_MEMKIND=OFF" "-DENABLE_ZLIB=OFF" "-DHAVE_BUILTIN_EXTENSION_ZLIB=ON" "-DHAVE_LIBZ=/usr/include/zlib.h" "-DHAVE_LIBZ_INCLUDES=/usr/include" "-DENABLE_LZ4=OFF" "-DHAVE_BUILTIN_EXTENSION_LZ4=ON" "-DHAVE_LIBLZ4=/opt/rustwide/cargo-home/registry/src/index.crates.io-1949cf8c6b5b557f/secantus-wiredtiger-sys-0.5.3-beta.195/lz4/lz4.h" "-DHAVE_LIBLZ4_INCLUDES=/opt/rustwide/cargo-home/registry/src/index.crates.io-1949cf8c6b5b557f/secantus-wiredtiger-sys-0.5.3-beta.195/lz4" "-DCMAKE_INSTALL_PREFIX=/opt/rustwide/target/release/build/secantus-wiredtiger-sys-0b5bc2c0c29d84f9/out" "-DCMAKE_C_FLAGS= -ffunction-sections -fdata-sections -fPIC -m64 -w" "-DCMAKE_C_COMPILER=/usr/bin/cc" "-DCMAKE_CXX_FLAGS= -ffunction-sections -fdata-sections -fPIC -m64 -w" "-DCMAKE_CXX_COMPILER=/usr/bin/c++" "-DCMAKE_ASM_FLAGS= -ffunction-sections -fdata-sections -fPIC -m64 -w" "-DCMAKE_ASM_COMPILER=/usr/bin/cc" "-DCMAKE_BUILD_TYPE=Release"
[INFO] [stderr]   -- Looking for library memkind
[INFO] [stderr]   -- Looking for library memkind: NOT found
[INFO] [stderr]   -- Looking for library pthread
[INFO] [stderr]   -- Looking for library pthread: found /usr/lib/x86_64-linux-gnu/libpthread.a
[INFO] [stderr]   -- Looking for library rt
[INFO] [stderr]   -- Looking for library rt: found /usr/lib/x86_64-linux-gnu/librt.a
[INFO] [stderr]   -- Looking for library dl
[INFO] [stderr]   -- Looking for library dl: found /usr/lib/x86_64-linux-gnu/libdl.a
[INFO] [stderr]   -- Looking for library lz4
[INFO] [stderr]   -- Looking for library lz4: found /usr/lib/x86_64-linux-gnu/liblz4.so, include path /usr/include
[INFO] [stderr]   -- Looking for library snappy
[INFO] [stderr]   -- Looking for library snappy: found /usr/lib/x86_64-linux-gnu/libsnappy.so, include path /usr/include
[INFO] [stderr]   -- Looking for library z
[INFO] [stderr]   -- Looking for library z: found /usr/lib/x86_64-linux-gnu/libz.so, include path /usr/include
[INFO] [stderr]   -- Looking for library zstd
[INFO] [stderr]   -- Looking for library zstd: found /usr/lib/x86_64-linux-gnu/libzstd.so, include path /usr/include
[INFO] [stderr]   -- Looking for library sodium
[INFO] [stderr]   -- Looking for library sodium: found /usr/lib/x86_64-linux-gnu/libsodium.so, include path /usr/include
[INFO] [stderr]   -- Looking for library tcmalloc
[INFO] [stderr]   -- Looking for library tcmalloc: NOT found
[INFO] [stderr]   CMake Warning (dev) at cmake/helpers.cmake:44 (cmake_parse_arguments):
[INFO] [stderr]     The DEFAULT keyword was followed by an empty string or no value at all.
[INFO] [stderr]     Policy CMP0174 is not set, so cmake_parse_arguments() will unset the
[INFO] [stderr]     CONFIG_STR_DEFAULT variable rather than setting it to an empty string.
[INFO] [stderr]   Call Stack (most recent call first):
[INFO] [stderr]     cmake/configs/base.cmake:175 (config_string)
[INFO] [stderr]     CMakeLists.txt:49 (include)
[INFO] [stderr]   This warning is for project developers.  Use -Wno-dev to suppress it.
[INFO] [stderr] 
[INFO] [stderr]   running: cd "/opt/rustwide/target/release/build/secantus-wiredtiger-sys-0b5bc2c0c29d84f9/out/build" && LC_ALL="C" MAKEFLAGS="-j --jobserver-fds=4,5 --jobserver-auth=4,5" "cmake" "--build" "/opt/rustwide/target/release/build/secantus-wiredtiger-sys-0b5bc2c0c29d84f9/out/build" "--target" "wiredtiger_static" "--config" "Release"
[INFO] [stderr]   cc: fatal error: Killed signal terminated program cc1
[INFO] [stderr]   compilation terminated.
[INFO] [stderr]   gmake[3]: *** [CMakeFiles/wt_objs.dir/build.make:275: CMakeFiles/wt_objs.dir/src/block_cache/block_mgr.c.o] Error 1
[INFO] [stderr]   gmake[3]: *** Waiting for unfinished jobs....
[INFO] [stderr]   cc: fatal error: Killed signal terminated program cc1
[INFO] [stderr]   compilation terminated.
[INFO] [stderr]   gmake[3]: *** [CMakeFiles/wt_objs.dir/build.make:219: CMakeFiles/wt_objs.dir/src/block/block_write.c.o] Error 1
[INFO] [stderr]   gmake[2]: *** [CMakeFiles/Makefile2:407: CMakeFiles/wt_objs.dir/all] Error 2
[INFO] [stderr]   gmake[1]: *** [CMakeFiles/Makefile2:448: CMakeFiles/wiredtiger_static.dir/rule] Error 2
[INFO] [stderr]   gmake: *** [Makefile:192: wiredtiger_static] Error 2
[INFO] [stderr] 
[INFO] [stderr]   thread 'main' (760) panicked at /opt/rustwide/cargo-home/registry/src/index.crates.io-1949cf8c6b5b557f/cmake-0.1.58/src/lib.rs:1132:5:
[INFO] [stderr] 
[INFO] [stderr]   command did not execute successfully, got: exit status: 2
[INFO] [stderr] 
[INFO] [stderr]   build script failed, must exit now
[INFO] [stderr]   stack backtrace:
[INFO] [stderr]      0:     0x59337ac03dc1 - <<std[70759c8f55707aa4]::sys::backtrace::BacktraceLock>::print::DisplayBacktrace as core[df12db4294e9bfd3]::fmt::Display>::fmt
[INFO] [stderr]      1:     0x59337ac18bba - core[df12db4294e9bfd3]::fmt::write
[INFO] [stderr]      2:     0x59337ac099bc - <std[70759c8f55707aa4]::sys::stdio::unix::Stderr as core[df12db4294e9bfd3]::io::write::Write>::write_fmt
[INFO] [stderr]      3:     0x59337abe0e76 - std[70759c8f55707aa4]::panicking::default_hook::{closure#0}
[INFO] [stderr]      4:     0x59337abfdb61 - std[70759c8f55707aa4]::panicking::default_hook
[INFO] [stderr]      5:     0x59337abfdd1b - std[70759c8f55707aa4]::panicking::panic_with_hook
[INFO] [stderr]      6:     0x59337abe0f22 - std[70759c8f55707aa4]::panicking::panic_handler::{closure#0}
[INFO] [stderr]      7:     0x59337abd9ad9 - std[70759c8f55707aa4]::sys::backtrace::__rust_end_short_backtrace::<std[70759c8f55707aa4]::panicking::panic_handler::{closure#0}, !>
[INFO] [stderr]      8:     0x59337abe182d - __rustc[8fa7c3cbc660c2b3]::rust_begin_unwind
[INFO] [stderr]      9:     0x59337ac1932c - core[df12db4294e9bfd3]::panicking::panic_fmt
[INFO] [stderr]     10:     0x59337ab39f77 - cmake[7e771a39bb3c34a8]::fail
[INFO] [stderr]     11:     0x59337ab39c03 - cmake[7e771a39bb3c34a8]::run
[INFO] [stderr]     12:     0x59337ab3fc95 - <cmake[7e771a39bb3c34a8]::Config>::build
[INFO] [stderr]     13:     0x59337ab2ff30 - build_script_build[ffe5c534473ddb6a]::main
[INFO] [stderr]     14:     0x59337ab32143 - <fn() as core[df12db4294e9bfd3]::ops::function::FnOnce<()>>::call_once
[INFO] [stderr]     15:     0x59337ab2b3ee - std[70759c8f55707aa4]::sys::backtrace::__rust_begin_short_backtrace::<fn(), ()>
[INFO] [stderr]     16:     0x59337ab2e139 - std[70759c8f55707aa4]::rt::lang_start::<()>::{closure#0}
[INFO] [stderr]     17:     0x59337abfca89 - std[70759c8f55707aa4]::rt::lang_start_internal
[INFO] [stderr]     18:     0x59337ab2ad31 - std[70759c8f55707aa4]::rt::lang_start::<()>
[INFO] [stderr]     19:     0x59337ab32305 - main
[INFO] [stderr]     20:     0x74e515d67601 - <unknown>
[INFO] [stderr]     21:     0x74e515d67718 - __libc_start_main
[INFO] [stderr]     22:     0x59337ab29645 - _start
[INFO] [stderr]     23:                0x0 - <unknown>
[INFO] running `Command { std: "docker" "inspect" "66bed672967d3687292fa40d8a433d7572d76578c967a7ae4ca4cbc4221b6632", kill_on_drop: false }`
[INFO] running `Command { std: "docker" "rm" "-f" "66bed672967d3687292fa40d8a433d7572d76578c967a7ae4ca4cbc4221b6632", kill_on_drop: false }`
[INFO] [stdout] 66bed672967d3687292fa40d8a433d7572d76578c967a7ae4ca4cbc4221b6632
