[INFO] fetching crate sdc-parser 0.1.1...
[INFO] testing sdc-parser-0.1.1 against 1.100.0-beta.1+cargoflags=--release for beta-release-1.100-2
[INFO] extracting crate sdc-parser 0.1.1 into /workspace/builds/worker-5-tc2/source
[INFO] started tweaking crates.io crate sdc-parser 0.1.1
[INFO] finished tweaking crates.io crate sdc-parser 0.1.1
[INFO] tweaked toml for crates.io crate sdc-parser 0.1.1 written to /workspace/builds/worker-5-tc2/source/Cargo.toml
[INFO] validating manifest of crates.io crate sdc-parser 0.1.1 on toolchain 1.100.0-beta.1
[INFO] running `Command { std: CARGO_HOME="/workspace/cargo-home" RUSTUP_HOME="/workspace/rustup-home" "/workspace/cargo-home/bin/cargo" "+1.100.0-beta.1" "metadata" "--manifest-path" "Cargo.toml" "--no-deps", kill_on_drop: false }`
[INFO] running `Command { std: CARGO_HOME="/workspace/cargo-home" RUSTUP_HOME="/workspace/rustup-home" "/workspace/cargo-home/bin/cargo" "+1.100.0-beta.1" "generate-lockfile" "--manifest-path" "Cargo.toml", kill_on_drop: false }`
[INFO] [stderr]     Updating crates.io index
[INFO] [stderr]      Locking 56 packages to highest compatible versions
[INFO] [stderr]       Adding combine v3.8.1 (available: v4.6.9)
[INFO] [stderr]       Adding skeptic v0.13.7 (available: v0.14.1)
[INFO] running `Command { std: CARGO_HOME="/workspace/cargo-home" RUSTUP_HOME="/workspace/rustup-home" "/workspace/cargo-home/bin/cargo" "+1.100.0-beta.1" "fetch" "--manifest-path" "Cargo.toml", kill_on_drop: false }`
[INFO] [stderr]     Blocking waiting for file lock on package cache
[INFO] running `Command { std: "docker" "create" "-v" "/var/lib/crater-agent-workspace/builds/worker-5-tc2/source:/opt/rustwide/workdir:ro,Z" "-v" "/var/lib/crater-agent-workspace/builds/worker-5-tc2/target:/opt/rustwide/target:rw,Z" "-v" "/var/lib/crater-agent-workspace/cargo-home:/opt/rustwide/cargo-home:ro,Z" "-v" "/var/lib/crater-agent-workspace/rustup-home:/opt/rustwide/rustup-home:ro,Z" "-m" "1610612736" "--network" "none" "ghcr.io/rust-lang/crates-build-env/linux@sha256:77db811e55d90add9212f6832c23229e3de5f1c1f9905e8cb07319ea15df73ac" "sleep" "infinity", kill_on_drop: false }`
[INFO] [stdout] a616bbb2cd5cb2e5a14c99d10d0ca7f09566fc99ab34e239259348918763ba6e
[INFO] running `Command { std: "docker" "start" "a616bbb2cd5cb2e5a14c99d10d0ca7f09566fc99ab34e239259348918763ba6e", kill_on_drop: false }`
[INFO] running `Command { std: "docker" "inspect" "a616bbb2cd5cb2e5a14c99d10d0ca7f09566fc99ab34e239259348918763ba6e", kill_on_drop: false }`
[INFO] running `Command { std: "docker" "exec" "-e" "SOURCE_DIR=/opt/rustwide/workdir" "-e" "CARGO_HOME=/opt/rustwide/cargo-home" "-e" "RUSTUP_HOME=/opt/rustwide/rustup-home" "-e" "CARGO_TARGET_DIR=/opt/rustwide/target" "-w" "/opt/rustwide/workdir" "--user" "0:0" "a616bbb2cd5cb2e5a14c99d10d0ca7f09566fc99ab34e239259348918763ba6e" "/opt/rustwide/cargo-home/bin/cargo" "+1.100.0-beta.1" "metadata" "--no-deps" "--format-version=1", kill_on_drop: false }`
[INFO] running `Command { std: "docker" "inspect" "a616bbb2cd5cb2e5a14c99d10d0ca7f09566fc99ab34e239259348918763ba6e", kill_on_drop: false }`
[INFO] running `Command { std: "docker" "exec" "-e" "SOURCE_DIR=/opt/rustwide/workdir" "-e" "CARGO_HOME=/opt/rustwide/cargo-home" "-e" "RUSTUP_HOME=/opt/rustwide/rustup-home" "-e" "CARGO_TARGET_DIR=/opt/rustwide/target" "-e" "CARGO_INCREMENTAL=0" "-e" "RUST_BACKTRACE=full" "-e" "RUSTFLAGS=--cap-lints=warn" "-e" "RUSTDOCFLAGS=--cap-lints=warn" "-w" "/opt/rustwide/workdir" "--user" "0:0" "a616bbb2cd5cb2e5a14c99d10d0ca7f09566fc99ab34e239259348918763ba6e" "/opt/rustwide/cargo-home/bin/cargo" "+1.100.0-beta.1" "build" "--frozen" "--message-format=json" "--release", kill_on_drop: false }`
[INFO] [stderr]    Compiling libc v0.2.191
[INFO] [stderr]    Compiling serde_json v1.0.154
[INFO] [stderr]    Compiling camino v1.2.6
[INFO] [stderr]    Compiling memchr v2.8.3
[INFO] [stderr]    Compiling rustix v1.1.5
[INFO] [stderr]    Compiling getrandom v0.4.3
[INFO] [stderr]    Compiling pulldown-cmark v0.9.6
[INFO] [stderr]    Compiling serde_core v1.0.229
[INFO] [stderr]    Compiling zmij v1.0.23
[INFO] [stderr]    Compiling serde v1.0.229
[INFO] [stderr]    Compiling error-chain v0.12.4
[INFO] [stderr]    Compiling syn v1.0.109
[INFO] [stderr]    Compiling itoa v1.0.18
[INFO] [stderr]    Compiling cfg-if v1.0.5
[INFO] [stderr]    Compiling once_cell v1.21.4
[INFO] [stderr]    Compiling object v0.37.3
[INFO] [stderr]    Compiling unicase v2.10.0
[INFO] [stderr]    Compiling fastrand v2.5.0
[INFO] [stderr]    Compiling failure_derive v0.1.8
[INFO] [stderr]    Compiling glob v0.3.4
[INFO] [stderr]    Compiling gimli v0.32.3
[INFO] [stderr]    Compiling bytecount v0.6.9
[INFO] [stderr]    Compiling miniz_oxide v0.8.9
[INFO] [stderr]    Compiling rustc-demangle v0.1.28
[INFO] [stderr]    Compiling void v1.0.2
[INFO] [stderr]    Compiling unreachable v1.0.0
[INFO] [stderr]    Compiling byteorder v1.5.0
[INFO] [stderr]    Compiling ascii v0.9.3
[INFO] [stderr]    Compiling combine v3.8.1
[INFO] [stderr]    Compiling tempfile v3.27.0
[INFO] [stderr]    Compiling synstructure v0.12.6
[INFO] [stderr]    Compiling semver v1.0.28
[INFO] [stderr]    Compiling addr2line v0.25.1
[INFO] [stderr]    Compiling cargo-platform v0.1.9
[INFO] [stderr]    Compiling cargo_metadata v0.14.2
[INFO] [stderr]    Compiling skeptic v0.13.7
[INFO] [stderr]    Compiling sdc-parser v0.1.1 (/opt/rustwide/workdir)
[INFO] [stderr]    Compiling backtrace v0.3.76
[INFO] [stderr]    Compiling failure v0.1.8
[INFO] [stdout] warning: trait objects without an explicit `dyn` are deprecated
[INFO] [stdout]    --> src/lib.rs:108:32
[INFO] [stdout]     |
[INFO] [stdout] 108 |     fn cause(&self) -> Option<&Fail> {
[INFO] [stdout]     |                                ^^^^
[INFO] [stdout]     |
[INFO] [stdout]     = warning: this is accepted in the current edition (Rust 2018) but is a hard error in Rust 2021!
[INFO] [stdout]     = note: for more information, see <https://doc.rust-lang.org/edition-guide/rust-2021/warnings-promoted-to-error.html>
[INFO] [stdout]     = note: `#[warn(bare_trait_objects)]` (part of `#[warn(rust_2021_compatibility)]`) on by default
[INFO] [stdout] help: if this is a dyn-compatible trait, use `dyn`
[INFO] [stdout]     |
[INFO] [stdout] 108 |     fn cause(&self) -> Option<&dyn Fail> {
[INFO] [stdout]     |                                +++
[INFO] [stdout] 
[INFO] [stdout] 
[INFO] [stdout] warning: non-local `impl` definition, `impl` blocks should be written at the same level as their item
[INFO] [stdout]   --> src/lib.rs:80:10
[INFO] [stdout]    |
[INFO] [stdout] 80 | #[derive(Fail, Debug)]
[INFO] [stdout]    |          ^---
[INFO] [stdout]    |          |
[INFO] [stdout]    |          `Fail` is not local
[INFO] [stdout]    |          move the `impl` block outside of this constant `_DERIVE_failure_Fail_FOR_ErrorKind`
[INFO] [stdout] 81 | pub enum ErrorKind {
[INFO] [stdout]    |          --------- `ErrorKind` is not local
[INFO] [stdout]    |
[INFO] [stdout]    = note: the derive macro `Fail` defines the non-local `impl`, and may need to be changed
[INFO] [stdout]    = note: the derive macro `Fail` may come from an old version of the `failure_derive` crate, try updating your dependency with `cargo update -p failure_derive`
[INFO] [stdout]    = note: an `impl` is never scoped, even when it is nested inside an item, as it may impact type checking outside of that item, which can be the case if neither the trait or the self type are at the same nesting level as the `impl`
[INFO] [stdout]    = note: items in an anonymous const item (`const _: () = { ... }`) are treated as in the same scope as the anonymous const's declaration for the purpose of this lint
[INFO] [stdout]    = note: `#[warn(non_local_definitions)]` on by default
[INFO] [stdout]    = note: this warning originates in the derive macro `Fail` (in Nightly builds, run with -Z macro-backtrace for more info)
[INFO] [stdout] 
[INFO] [stdout] 
[INFO] [stdout] warning: non-local `impl` definition, `impl` blocks should be written at the same level as their item
[INFO] [stdout]   --> src/lib.rs:80:10
[INFO] [stdout]    |
[INFO] [stdout] 80 | #[derive(Fail, Debug)]
[INFO] [stdout]    |          ^---
[INFO] [stdout]    |          |
[INFO] [stdout]    |          `Display` is not local
[INFO] [stdout]    |          move the `impl` block outside of this constant `_DERIVE_failure_core_fmt_Display_FOR_ErrorKind`
[INFO] [stdout] 81 | pub enum ErrorKind {
[INFO] [stdout]    |          --------- `ErrorKind` is not local
[INFO] [stdout]    |
[INFO] [stdout]    = note: the derive macro `Fail` defines the non-local `impl`, and may need to be changed
[INFO] [stdout]    = note: the derive macro `Fail` may come from an old version of the `failure_derive` crate, try updating your dependency with `cargo update -p failure_derive`
[INFO] [stdout]    = note: an `impl` is never scoped, even when it is nested inside an item, as it may impact type checking outside of that item, which can be the case if neither the trait or the self type are at the same nesting level as the `impl`
[INFO] [stdout]    = note: items in an anonymous const item (`const _: () = { ... }`) are treated as in the same scope as the anonymous const's declaration for the purpose of this lint
[INFO] [stdout]    = note: this warning originates in the derive macro `Fail` (in Nightly builds, run with -Z macro-backtrace for more info)
[INFO] [stdout] 
[INFO] [stdout] 
[INFO] [stderr]     Finished `release` profile [optimized] target(s) in 2m 21s
[INFO] running `Command { std: "docker" "inspect" "a616bbb2cd5cb2e5a14c99d10d0ca7f09566fc99ab34e239259348918763ba6e", kill_on_drop: false }`
[INFO] running `Command { std: "docker" "exec" "-e" "SOURCE_DIR=/opt/rustwide/workdir" "-e" "CARGO_HOME=/opt/rustwide/cargo-home" "-e" "RUSTUP_HOME=/opt/rustwide/rustup-home" "-e" "CARGO_TARGET_DIR=/opt/rustwide/target" "-e" "CARGO_INCREMENTAL=0" "-e" "RUST_BACKTRACE=full" "-e" "RUSTFLAGS=--cap-lints=warn" "-e" "RUSTDOCFLAGS=--cap-lints=warn" "-w" "/opt/rustwide/workdir" "--user" "0:0" "a616bbb2cd5cb2e5a14c99d10d0ca7f09566fc99ab34e239259348918763ba6e" "/opt/rustwide/cargo-home/bin/cargo" "+1.100.0-beta.1" "test" "--frozen" "--no-run" "--message-format=json" "--release", kill_on_drop: false }`
[INFO] [stderr]    Compiling rustix v1.1.5
[INFO] [stderr]    Compiling camino v1.2.6
[INFO] [stderr]    Compiling serde_json v1.0.154
[INFO] [stderr]    Compiling getrandom v0.4.3
[INFO] [stderr]    Compiling serde v1.0.229
[INFO] [stderr]    Compiling error-chain v0.12.4
[INFO] [stderr]    Compiling semver v1.0.28
[INFO] [stderr]    Compiling pulldown-cmark v0.9.6
[INFO] [stderr]    Compiling once_cell v1.21.4
[INFO] [stderr]    Compiling unicase v2.10.0
[INFO] [stderr]    Compiling fastrand v2.5.0
[INFO] [stdout] warning: trait objects without an explicit `dyn` are deprecated
[INFO] [stdout]    --> src/lib.rs:108:32
[INFO] [stdout]     |
[INFO] [stdout] 108 |     fn cause(&self) -> Option<&Fail> {
[INFO] [stdout]     |                                ^^^^
[INFO] [stdout]     |
[INFO] [stdout]     = warning: this is accepted in the current edition (Rust 2018) but is a hard error in Rust 2021!
[INFO] [stdout]     = note: for more information, see <https://doc.rust-lang.org/edition-guide/rust-2021/warnings-promoted-to-error.html>
[INFO] [stdout]     = note: `#[warn(bare_trait_objects)]` (part of `#[warn(rust_2021_compatibility)]`) on by default
[INFO] [stdout] help: if this is a dyn-compatible trait, use `dyn`
[INFO] [stdout]     |
[INFO] [stdout] 108 |     fn cause(&self) -> Option<&dyn Fail> {
[INFO] [stdout]     |                                +++
[INFO] [stdout] 
[INFO] [stdout] 
[INFO] [stdout] warning: non-local `impl` definition, `impl` blocks should be written at the same level as their item
[INFO] [stdout]   --> src/lib.rs:80:10
[INFO] [stdout]    |
[INFO] [stdout] 80 | #[derive(Fail, Debug)]
[INFO] [stdout]    |          ^---
[INFO] [stdout]    |          |
[INFO] [stdout]    |          `Fail` is not local
[INFO] [stdout]    |          move the `impl` block outside of this constant `_DERIVE_failure_Fail_FOR_ErrorKind`
[INFO] [stdout] 81 | pub enum ErrorKind {
[INFO] [stdout]    |          --------- `ErrorKind` is not local
[INFO] [stdout]    |
[INFO] [stdout]    = note: the derive macro `Fail` defines the non-local `impl`, and may need to be changed
[INFO] [stdout]    = note: the derive macro `Fail` may come from an old version of the `failure_derive` crate, try updating your dependency with `cargo update -p failure_derive`
[INFO] [stdout]    = note: an `impl` is never scoped, even when it is nested inside an item, as it may impact type checking outside of that item, which can be the case if neither the trait or the self type are at the same nesting level as the `impl`
[INFO] [stdout]    = note: items in an anonymous const item (`const _: () = { ... }`) are treated as in the same scope as the anonymous const's declaration for the purpose of this lint
[INFO] [stdout]    = note: `#[warn(non_local_definitions)]` on by default
[INFO] [stdout]    = note: this warning originates in the derive macro `Fail` (in Nightly builds, run with -Z macro-backtrace for more info)
[INFO] [stdout] 
[INFO] [stdout] 
[INFO] [stdout] warning: non-local `impl` definition, `impl` blocks should be written at the same level as their item
[INFO] [stdout]   --> src/lib.rs:80:10
[INFO] [stdout]    |
[INFO] [stdout] 80 | #[derive(Fail, Debug)]
[INFO] [stdout]    |          ^---
[INFO] [stdout]    |          |
[INFO] [stdout]    |          `Display` is not local
[INFO] [stdout]    |          move the `impl` block outside of this constant `_DERIVE_failure_core_fmt_Display_FOR_ErrorKind`
[INFO] [stdout] 81 | pub enum ErrorKind {
[INFO] [stdout]    |          --------- `ErrorKind` is not local
[INFO] [stdout]    |
[INFO] [stdout]    = note: the derive macro `Fail` defines the non-local `impl`, and may need to be changed
[INFO] [stdout]    = note: the derive macro `Fail` may come from an old version of the `failure_derive` crate, try updating your dependency with `cargo update -p failure_derive`
[INFO] [stdout]    = note: an `impl` is never scoped, even when it is nested inside an item, as it may impact type checking outside of that item, which can be the case if neither the trait or the self type are at the same nesting level as the `impl`
[INFO] [stdout]    = note: items in an anonymous const item (`const _: () = { ... }`) are treated as in the same scope as the anonymous const's declaration for the purpose of this lint
[INFO] [stdout]    = note: this warning originates in the derive macro `Fail` (in Nightly builds, run with -Z macro-backtrace for more info)
[INFO] [stdout] 
[INFO] [stdout] 
[INFO] [stderr]    Compiling glob v0.3.4
[INFO] [stderr]    Compiling bytecount v0.6.9
[INFO] [stderr]    Compiling cargo-platform v0.1.9
[INFO] [stderr]    Compiling cargo_metadata v0.14.2
[INFO] [stderr]    Compiling tempfile v3.27.0
[INFO] [stderr]    Compiling skeptic v0.13.7
[INFO] [stderr]    Compiling sdc-parser v0.1.1 (/opt/rustwide/workdir)
[INFO] [stdout] warning: trait objects without an explicit `dyn` are deprecated
[INFO] [stdout]    --> src/lib.rs:108:32
[INFO] [stdout]     |
[INFO] [stdout] 108 |     fn cause(&self) -> Option<&Fail> {
[INFO] [stdout]     |                                ^^^^
[INFO] [stdout]     |
[INFO] [stdout]     = warning: this is accepted in the current edition (Rust 2018) but is a hard error in Rust 2021!
[INFO] [stdout]     = note: for more information, see <https://doc.rust-lang.org/edition-guide/rust-2021/warnings-promoted-to-error.html>
[INFO] [stdout]     = note: `#[warn(bare_trait_objects)]` (part of `#[warn(rust_2021_compatibility)]`) on by default
[INFO] [stdout] help: if this is a dyn-compatible trait, use `dyn`
[INFO] [stdout]     |
[INFO] [stdout] 108 |     fn cause(&self) -> Option<&dyn Fail> {
[INFO] [stdout]     |                                +++
[INFO] [stdout] 
[INFO] [stdout] 
[INFO] [stdout] warning: non-local `impl` definition, `impl` blocks should be written at the same level as their item
[INFO] [stdout]   --> src/lib.rs:80:10
[INFO] [stdout]    |
[INFO] [stdout] 80 | #[derive(Fail, Debug)]
[INFO] [stdout]    |          ^---
[INFO] [stdout]    |          |
[INFO] [stdout]    |          `Fail` is not local
[INFO] [stdout]    |          move the `impl` block outside of this constant `_DERIVE_failure_Fail_FOR_ErrorKind`
[INFO] [stdout] 81 | pub enum ErrorKind {
[INFO] [stdout]    |          --------- `ErrorKind` is not local
[INFO] [stdout]    |
[INFO] [stdout]    = note: the derive macro `Fail` defines the non-local `impl`, and may need to be changed
[INFO] [stdout]    = note: the derive macro `Fail` may come from an old version of the `failure_derive` crate, try updating your dependency with `cargo update -p failure_derive`
[INFO] [stdout]    = note: an `impl` is never scoped, even when it is nested inside an item, as it may impact type checking outside of that item, which can be the case if neither the trait or the self type are at the same nesting level as the `impl`
[INFO] [stdout]    = note: items in an anonymous const item (`const _: () = { ... }`) are treated as in the same scope as the anonymous const's declaration for the purpose of this lint
[INFO] [stdout]    = note: `#[warn(non_local_definitions)]` on by default
[INFO] [stdout]    = note: this warning originates in the derive macro `Fail` (in Nightly builds, run with -Z macro-backtrace for more info)
[INFO] [stdout] 
[INFO] [stdout] 
[INFO] [stdout] warning: non-local `impl` definition, `impl` blocks should be written at the same level as their item
[INFO] [stdout]   --> src/lib.rs:80:10
[INFO] [stdout]    |
[INFO] [stdout] 80 | #[derive(Fail, Debug)]
[INFO] [stdout]    |          ^---
[INFO] [stdout]    |          |
[INFO] [stdout]    |          `Display` is not local
[INFO] [stdout]    |          move the `impl` block outside of this constant `_DERIVE_failure_core_fmt_Display_FOR_ErrorKind`
[INFO] [stdout] 81 | pub enum ErrorKind {
[INFO] [stdout]    |          --------- `ErrorKind` is not local
[INFO] [stdout]    |
[INFO] [stdout]    = note: the derive macro `Fail` defines the non-local `impl`, and may need to be changed
[INFO] [stdout]    = note: the derive macro `Fail` may come from an old version of the `failure_derive` crate, try updating your dependency with `cargo update -p failure_derive`
[INFO] [stdout]    = note: an `impl` is never scoped, even when it is nested inside an item, as it may impact type checking outside of that item, which can be the case if neither the trait or the self type are at the same nesting level as the `impl`
[INFO] [stdout]    = note: items in an anonymous const item (`const _: () = { ... }`) are treated as in the same scope as the anonymous const's declaration for the purpose of this lint
[INFO] [stdout]    = note: this warning originates in the derive macro `Fail` (in Nightly builds, run with -Z macro-backtrace for more info)
[INFO] [stdout] 
[INFO] [stdout] 
[INFO] [stderr]     Finished `release` profile [optimized] target(s) in 5m 05s
[INFO] running `Command { std: "docker" "inspect" "a616bbb2cd5cb2e5a14c99d10d0ca7f09566fc99ab34e239259348918763ba6e", kill_on_drop: false }`
[INFO] running `Command { std: "docker" "exec" "-e" "SOURCE_DIR=/opt/rustwide/workdir" "-e" "CARGO_HOME=/opt/rustwide/cargo-home" "-e" "RUSTUP_HOME=/opt/rustwide/rustup-home" "-e" "CARGO_TARGET_DIR=/opt/rustwide/target" "-e" "CARGO_INCREMENTAL=0" "-e" "RUST_BACKTRACE=full" "-e" "RUSTFLAGS=--cap-lints=warn" "-e" "RUSTDOCFLAGS=--cap-lints=warn" "-w" "/opt/rustwide/workdir" "--user" "0:0" "a616bbb2cd5cb2e5a14c99d10d0ca7f09566fc99ab34e239259348918763ba6e" "/opt/rustwide/cargo-home/bin/cargo" "+1.100.0-beta.1" "test" "--frozen" "--release", kill_on_drop: false }`
[INFO] [stderr] warning: trait objects without an explicit `dyn` are deprecated
[INFO] [stderr]    --> src/lib.rs:108:32
[INFO] [stderr]     |
[INFO] [stderr] 108 |     fn cause(&self) -> Option<&Fail> {
[INFO] [stderr]     |                                ^^^^
[INFO] [stderr]     |
[INFO] [stderr]     = warning: this is accepted in the current edition (Rust 2018) but is a hard error in Rust 2021!
[INFO] [stderr]     = note: for more information, see <https://doc.rust-lang.org/edition-guide/rust-2021/warnings-promoted-to-error.html>
[INFO] [stderr]     = note: `#[warn(bare_trait_objects)]` (part of `#[warn(rust_2021_compatibility)]`) on by default
[INFO] [stderr] help: if this is a dyn-compatible trait, use `dyn`
[INFO] [stderr]     |
[INFO] [stderr] 108 |     fn cause(&self) -> Option<&dyn Fail> {
[INFO] [stderr]     |                                +++
[INFO] [stderr] 
[INFO] [stderr] warning: non-local `impl` definition, `impl` blocks should be written at the same level as their item
[INFO] [stderr]   --> src/lib.rs:80:10
[INFO] [stderr]    |
[INFO] [stderr] 80 | #[derive(Fail, Debug)]
[INFO] [stderr]    |          ^---
[INFO] [stderr]    |          |
[INFO] [stderr]    |          `Fail` is not local
[INFO] [stderr]    |          move the `impl` block outside of this constant `_DERIVE_failure_Fail_FOR_ErrorKind`
[INFO] [stderr] 81 | pub enum ErrorKind {
[INFO] [stderr]    |          --------- `ErrorKind` is not local
[INFO] [stderr]    |
[INFO] [stderr]    = note: the derive macro `Fail` defines the non-local `impl`, and may need to be changed
[INFO] [stderr]    = note: the derive macro `Fail` may come from an old version of the `failure_derive` crate, try updating your dependency with `cargo update -p failure_derive`
[INFO] [stderr]    = note: an `impl` is never scoped, even when it is nested inside an item, as it may impact type checking outside of that item, which can be the case if neither the trait or the self type are at the same nesting level as the `impl`
[INFO] [stderr]    = note: items in an anonymous const item (`const _: () = { ... }`) are treated as in the same scope as the anonymous const's declaration for the purpose of this lint
[INFO] [stderr]    = note: `#[warn(non_local_definitions)]` on by default
[INFO] [stderr]    = note: this warning originates in the derive macro `Fail` (in Nightly builds, run with -Z macro-backtrace for more info)
[INFO] [stderr] 
[INFO] [stderr] warning: non-local `impl` definition, `impl` blocks should be written at the same level as their item
[INFO] [stderr]   --> src/lib.rs:80:10
[INFO] [stderr]    |
[INFO] [stderr] 80 | #[derive(Fail, Debug)]
[INFO] [stderr]    |          ^---
[INFO] [stderr]    |          |
[INFO] [stderr]    |          `Display` is not local
[INFO] [stderr]    |          move the `impl` block outside of this constant `_DERIVE_failure_core_fmt_Display_FOR_ErrorKind`
[INFO] [stderr] 81 | pub enum ErrorKind {
[INFO] [stderr]    |          --------- `ErrorKind` is not local
[INFO] [stderr]    |
[INFO] [stderr]    = note: the derive macro `Fail` defines the non-local `impl`, and may need to be changed
[INFO] [stderr]    = note: the derive macro `Fail` may come from an old version of the `failure_derive` crate, try updating your dependency with `cargo update -p failure_derive`
[INFO] [stderr]    = note: an `impl` is never scoped, even when it is nested inside an item, as it may impact type checking outside of that item, which can be the case if neither the trait or the self type are at the same nesting level as the `impl`
[INFO] [stderr]    = note: items in an anonymous const item (`const _: () = { ... }`) are treated as in the same scope as the anonymous const's declaration for the purpose of this lint
[INFO] [stderr]    = note: this warning originates in the derive macro `Fail` (in Nightly builds, run with -Z macro-backtrace for more info)
[INFO] [stderr] 
[INFO] [stderr] warning: `sdc-parser` (lib) generated 3 warnings (run `cargo fix --lib -p sdc-parser` to apply 1 suggestion)
[INFO] [stderr] warning: `sdc-parser` (lib test) generated 3 warnings (3 duplicates)
[INFO] [stderr]     Finished `release` profile [optimized] target(s) in 0.12s
[INFO] [stderr]      Running unittests src/lib.rs (/opt/rustwide/target/release/build/sdc-parser/f9e25f8b5fa4aeee/out/sdc_parser-f9e25f8b5fa4aeee)
[INFO] [stdout] 
[INFO] [stdout] running 74 tests
[INFO] [stdout] test object::test_all_clocks ... ok
[INFO] [stdout] test object::test_get_lib_pins ... ok
[INFO] [stdout] test sdc::test_create_clock ... ok
[INFO] [stdout] test object::test_get_lib_cells ... ok
[INFO] [stdout] test object::test_current_design ... ok
[INFO] [stdout] test sdc::test_create_generated_clock ... ok
[INFO] [stdout] test object::test_all_registers ... ok
[INFO] [stdout] test object::test_all_outputs ... ok
[INFO] [stdout] test object::test_get_libs ... ok
[INFO] [stdout] test object::test_get_clocks ... ok
[INFO] [stdout] test object::test_get_nets ... ok
[INFO] [stdout] test sdc::test_set_clock_gating_check ... ok
[INFO] [stdout] test sdc::test_set_clock_groups ... ok
[INFO] [stdout] test object::test_get_pins ... ok
[INFO] [stdout] test object::test_get_ports ... ok
[INFO] [stdout] test object::test_string ... ok
[INFO] [stdout] test object::test_list ... ok
[INFO] [stdout] test sdc::test_current_instance ... ok
[INFO] [stdout] test sdc::test_set_drive ... ok
[INFO] [stdout] test sdc::test_set_clock_sense ... ok
[INFO] [stdout] test sdc::test_set_clock_latency ... ok
[INFO] [stdout] test sdc::test_set_fanout_load ... ok
[INFO] [stdout] test sdc::test_set_clock_transition ... ok
[INFO] [stdout] test sdc::test_set_data_check ... ok
[INFO] [stdout] test sdc::test_set_ideal_latency ... ok
[INFO] [stdout] test sdc::test_set_level_shifter_strategy ... ok
[INFO] [stdout] test sdc::test_set_driving_cell ... ok
[INFO] [stdout] test sdc::test_set_input_delay ... ok
[INFO] [stdout] test sdc::test_set_load ... ok
[INFO] [stdout] test sdc::test_set_logic_one ... ok
[INFO] [stdout] test sdc::test_set_logic_zero ... ok
[INFO] [stdout] test sdc::test_set_level_shifter_threshold ... ok
[INFO] [stdout] test sdc::test_set_logic_dc ... ok
[INFO] [stdout] test sdc::test_set_clock_uncertainty ... ok
[INFO] [stdout] test sdc::test_set_disable_timing ... ok
[INFO] [stdout] test sdc::test_set_false_path ... ok
[INFO] [stdout] test sdc::test_set_max_dynamic_power ... ok
[INFO] [stdout] test sdc::test_set_input_transition ... ok
[INFO] [stdout] test sdc::test_set_max_leakage_power ... ok
[INFO] [stdout] test sdc::test_set_max_capacitance ... ok
[INFO] [stdout] test sdc::test_set_max_time_borrow ... ok
[INFO] [stdout] test sdc::test_set_ideal_network ... ok
[INFO] [stdout] test sdc::test_set_max_delay ... ok
[INFO] [stdout] test sdc::test_set_ideal_transition ... ok
[INFO] [stdout] test sdc::test_set_max_fanout ... ok
[INFO] [stdout] test sdc::test_set_max_transition ... ok
[INFO] [stdout] test sdc::test_set_min_delay ... ok
[INFO] [stdout] test sdc::test_set_min_porosity ... ok
[INFO] [stdout] test sdc::test_set_min_capacitance ... ok
[INFO] [stdout] test object::test_all_inputs ... ok
[INFO] [stdout] test sdc::test_set ... ok
[INFO] [stdout] test sdc::test_set_min_pulse_width ... ok
[INFO] [stdout] test sdc::test_set_multicycle_path ... ok
[INFO] [stdout] test sdc::test_set_operating_conditions ... ok
[INFO] [stdout] test sdc::test_set_port_fanout_number ... ok
[INFO] [stdout] test sdc::test_set_output_delay ... ok
[INFO] [stdout] test sdc::test_set_propagated_clock ... ok
[INFO] [stdout] test sdc::test_set_wire_load_selection_group ... ok
[INFO] [stdout] test object::test_get_cells ... ok
[INFO] [stdout] test sdc::test_set_max_area ... ok
[INFO] [stdout] test sdc::test_create_voltage_area ... ok
[INFO] [stdout] test sdc::test_group_path ... ok
[INFO] [stdout] test sdc::test_set_resistance ... ok
[INFO] [stdout] test sdc::test_set_wire_load_mode ... ok
[INFO] [stdout] test sdc::test_set_case_analysis ... ok
[INFO] [stdout] test sdc::test_set_wire_load_model ... ok
[INFO] [stdout] test sdc::test_set_units ... ok
[INFO] [stdout] test sdc::test_set_wire_load_min_block_size ... ok
[INFO] [stdout] test sdc::test_set_sdc_version ... ok
[INFO] [stdout] test sdc::test_set_voltage ... ok
[INFO] [stdout] test sdc::test_set_sense ... ok
[INFO] [stdout] test sdc::test_set_timing_derate ... ok
[INFO] [stdout] test test::test_parse ... ok
[INFO] [stdout] test test::test_by_testcase ... ok
[INFO] [stdout] 
[INFO] [stdout] test result: ok. 74 passed; 0 failed; 0 ignored; 0 measured; 0 filtered out; finished in 0.05s
[INFO] [stdout] 
[INFO] [stderr]      Running tests/skeptic.rs (/opt/rustwide/target/release/build/sdc-parser/68c91decf1d83a83/out/skeptic-68c91decf1d83a83)
[INFO] [stdout] 
[INFO] [stdout] running 1 test
[INFO] [stdout] test readme_sect_example_line_18 ... FAILED
[INFO] [stderr] error: test failed, to rerun pass `--test skeptic`
[INFO] [stdout] 
[INFO] [stdout] failures:
[INFO] [stdout] 
[INFO] [stdout] ---- readme_sect_example_line_18 stdout ----
[INFO] [stdout] error[E0432]: unresolved import `sdc_parser`
[INFO] [stdout]  --> /tmp/rust-skeptictI9sUJ/test.rs:2:5
[INFO] [stdout]   |
[INFO] [stdout] 2 | use sdc_parser::{self, sdc};
[INFO] [stdout]   |     ^^^^^^^^^^ use of unresolved module or unlinked crate `sdc_parser`
[INFO] [stdout]   |
[INFO] [stdout]   = help: you might be missing a crate named `sdc_parser`
[INFO] [stdout] 
[INFO] [stdout] error: aborting due to 1 previous error
[INFO] [stdout] 
[INFO] [stdout] For more information about this error, try `rustc --explain E0432`.
[INFO] [stdout] 
[INFO] [stdout] thread 'readme_sect_example_line_18' (1385) panicked at /opt/rustwide/cargo-home/registry/src/index.crates.io-1949cf8c6b5b557f/skeptic-0.13.7/src/rt.rs:127:9:
[INFO] [stdout] Command failed:
[INFO] [stdout] "rustc" "/tmp/rust-skeptictI9sUJ/test.rs" "--verbose" "--crate-type=bin" "--edition=2024" "-L" "/opt/rustwide/target/release/build" "-L" "/opt/rustwide/target/release/build/deps" "--target" "x86_64-unknown-linux-gnu" "-o" "/tmp/rust-skeptictI9sUJ/out.exe"
[INFO] [stdout] stack backtrace:
[INFO] [stdout]    0:     0x623fdb3ff251 - <<std[617be2ca0a6fd877]::sys::backtrace::BacktraceLock>::print::DisplayBacktrace as core[a373ad73a504971]::fmt::Display>::fmt
[INFO] [stdout]    1:     0x623fdb41529a - core[a373ad73a504971]::fmt::write
[INFO] [stdout]    2:     0x623fdb4049ec - <alloc[2e1b2a31b91974c5]::vec::Vec<u8> as core[a373ad73a504971]::io::write::Write>::write_fmt
[INFO] [stdout]    3:     0x623fdb3d9656 - std[617be2ca0a6fd877]::panicking::default_hook::{closure#0}
[INFO] [stdout]    4:     0x623fdb3f6bd9 - std[617be2ca0a6fd877]::panicking::default_hook
[INFO] [stdout]    5:     0x623fdb350570 - test[aada8e7e76ba119b]::test_main_inner::{closure#0}
[INFO] [stdout]    6:     0x623fdb3f6d92 - std[617be2ca0a6fd877]::panicking::panic_with_hook
[INFO] [stdout]    7:     0x623fdb3d9702 - std[617be2ca0a6fd877]::panicking::panic_handler::{closure#0}
[INFO] [stdout]    8:     0x623fdb3d2259 - std[617be2ca0a6fd877]::sys::backtrace::__rust_end_short_backtrace::<std[617be2ca0a6fd877]::panicking::panic_handler::{closure#0}, !>
[INFO] [stdout]    9:     0x623fdb3da30d - __rustc[ea4f61d10b84890b]::rust_begin_unwind
[INFO] [stdout]   10:     0x623fdb4159cc - core[a373ad73a504971]::panicking::panic_fmt
[INFO] [stdout]   11:     0x623fdb388e0a - skeptic[85a223076763d94b]::rt::interpret_output
[INFO] [stdout]   12:     0x623fdb388105 - skeptic[85a223076763d94b]::rt::handle_test
[INFO] [stdout]   13:     0x623fdb388f4a - skeptic[85a223076763d94b]::rt::run_test
[INFO] [stdout]   14:     0x623fdb3438fc - <skeptic[fbcb3714945c4523]::readme_sect_example_line_18::{closure#0} as core[a373ad73a504971]::ops::function::FnOnce<()>>::call_once
[INFO] [stdout]   15:     0x623fdb3439bb - test[aada8e7e76ba119b]::__rust_begin_short_backtrace::<core[a373ad73a504971]::result::Result<(), alloc[2e1b2a31b91974c5]::string::String>, fn() -> core[a373ad73a504971]::result::Result<(), alloc[2e1b2a31b91974c5]::string::String>>
[INFO] [stdout]   16:     0x623fdb350b95 - test[aada8e7e76ba119b]::run_test::{closure#0}
[INFO] [stdout]   17:     0x623fdb34a484 - std[617be2ca0a6fd877]::sys::backtrace::__rust_begin_short_backtrace::<test[aada8e7e76ba119b]::run_test::{closure#1}, ()>
[INFO] [stdout]   18:     0x623fdb353c22 - <std[617be2ca0a6fd877]::thread::lifecycle::spawn_unchecked<test[aada8e7e76ba119b]::run_test::{closure#1}, ()>::{closure#1} as core[a373ad73a504971]::ops::function::FnOnce<()>>::call_once::{shim:vtable#0}
[INFO] [stdout]   19:     0x623fdb3fe84f - <std[617be2ca0a6fd877]::sys::thread::unix::Thread>::new::thread_start
[INFO] [stdout]   20:     0x7a21a8b9ddfa - <unknown>
[INFO] [stdout]   21:     0x7a21a8c313d4 - clone
[INFO] [stdout]   22:                0x0 - <unknown>
[INFO] [stdout] 
[INFO] [stdout] 
[INFO] [stdout] failures:
[INFO] [stdout]     readme_sect_example_line_18
[INFO] [stdout] 
[INFO] [stdout] test result: FAILED. 0 passed; 1 failed; 0 ignored; 0 measured; 0 filtered out; finished in 0.23s
[INFO] [stdout] 
[INFO] running `Command { std: "docker" "inspect" "a616bbb2cd5cb2e5a14c99d10d0ca7f09566fc99ab34e239259348918763ba6e", kill_on_drop: false }`
[INFO] running `Command { std: "docker" "rm" "-f" "a616bbb2cd5cb2e5a14c99d10d0ca7f09566fc99ab34e239259348918763ba6e", kill_on_drop: false }`
[INFO] [stdout] a616bbb2cd5cb2e5a14c99d10d0ca7f09566fc99ab34e239259348918763ba6e
