[INFO] fetching crate schemaorg-validate 0.3.0...
[INFO] testing schemaorg-validate-0.3.0 against 1.99.0-beta.8+cargoflags=--release for beta-release-1.100-2
[INFO] extracting crate schemaorg-validate 0.3.0 into /workspace/builds/worker-0-tc1/source
[INFO] started tweaking crates.io crate schemaorg-validate 0.3.0
[INFO] removed 0 missing tests
[INFO] finished tweaking crates.io crate schemaorg-validate 0.3.0
[INFO] tweaked toml for crates.io crate schemaorg-validate 0.3.0 written to /workspace/builds/worker-0-tc1/source/Cargo.toml
[INFO] validating manifest of crates.io crate schemaorg-validate 0.3.0 on toolchain 1.99.0-beta.8
[INFO] running `Command { std: CARGO_HOME="/workspace/cargo-home" RUSTUP_HOME="/workspace/rustup-home" "/workspace/cargo-home/bin/cargo" "+1.99.0-beta.8" "metadata" "--manifest-path" "Cargo.toml" "--no-deps", kill_on_drop: false }`
[INFO] crate crates.io crate schemaorg-validate 0.3.0 already has a lockfile, it will not be regenerated
[INFO] running `Command { std: CARGO_HOME="/workspace/cargo-home" RUSTUP_HOME="/workspace/rustup-home" "/workspace/cargo-home/bin/cargo" "+1.99.0-beta.8" "fetch" "--manifest-path" "Cargo.toml", kill_on_drop: false }`
[INFO] [stderr]  Downloading crates ...
[INFO] [stderr]   Downloaded wasm-bindgen-test-shared v0.2.121
[INFO] [stderr]   Downloaded wasm-bindgen-test-macro v0.3.71
[INFO] [stderr]   Downloaded wasm-bindgen-test v0.3.71
[INFO] [stderr]   Downloaded scraper v0.20.0
[INFO] [stderr]   Downloaded servo_arc v0.3.0
[INFO] [stderr]   Downloaded selectors v0.25.0
[INFO] [stderr]   Downloaded cssparser v0.31.2
[INFO] [stderr]   Downloaded html5ever v0.27.0
[INFO] [stderr]   Downloaded markup5ever v0.12.1
[INFO] [stderr]   Downloaded ego-tree v0.6.3
[INFO] running `Command { std: "docker" "create" "-v" "/var/lib/crater-agent-workspace/builds/worker-0-tc1/source:/opt/rustwide/workdir:ro,Z" "-v" "/var/lib/crater-agent-workspace/builds/worker-0-tc1/target:/opt/rustwide/target:rw,Z" "-v" "/var/lib/crater-agent-workspace/cargo-home:/opt/rustwide/cargo-home:ro,Z" "-v" "/var/lib/crater-agent-workspace/rustup-home:/opt/rustwide/rustup-home:ro,Z" "-m" "1610612736" "--network" "none" "ghcr.io/rust-lang/crates-build-env/linux@sha256:77db811e55d90add9212f6832c23229e3de5f1c1f9905e8cb07319ea15df73ac" "sleep" "infinity", kill_on_drop: false }`
[INFO] [stdout] be22badc6f1100f895eb17da1405a8c718f313be11c34c8cff36afb9ae88fe0e
[INFO] running `Command { std: "docker" "start" "be22badc6f1100f895eb17da1405a8c718f313be11c34c8cff36afb9ae88fe0e", kill_on_drop: false }`
[INFO] running `Command { std: "docker" "inspect" "be22badc6f1100f895eb17da1405a8c718f313be11c34c8cff36afb9ae88fe0e", kill_on_drop: false }`
[INFO] running `Command { std: "docker" "exec" "-e" "SOURCE_DIR=/opt/rustwide/workdir" "-e" "CARGO_HOME=/opt/rustwide/cargo-home" "-e" "RUSTUP_HOME=/opt/rustwide/rustup-home" "-e" "CARGO_TARGET_DIR=/opt/rustwide/target" "-w" "/opt/rustwide/workdir" "--user" "0:0" "be22badc6f1100f895eb17da1405a8c718f313be11c34c8cff36afb9ae88fe0e" "/opt/rustwide/cargo-home/bin/cargo" "+1.99.0-beta.8" "metadata" "--no-deps" "--format-version=1", kill_on_drop: false }`
[INFO] running `Command { std: "docker" "inspect" "be22badc6f1100f895eb17da1405a8c718f313be11c34c8cff36afb9ae88fe0e", kill_on_drop: false }`
[INFO] running `Command { std: "docker" "exec" "-e" "SOURCE_DIR=/opt/rustwide/workdir" "-e" "CARGO_HOME=/opt/rustwide/cargo-home" "-e" "RUSTUP_HOME=/opt/rustwide/rustup-home" "-e" "CARGO_TARGET_DIR=/opt/rustwide/target" "-e" "CARGO_INCREMENTAL=0" "-e" "RUST_BACKTRACE=full" "-e" "RUSTFLAGS=--cap-lints=warn" "-e" "RUSTDOCFLAGS=--cap-lints=warn" "-w" "/opt/rustwide/workdir" "--user" "0:0" "be22badc6f1100f895eb17da1405a8c718f313be11c34c8cff36afb9ae88fe0e" "/opt/rustwide/cargo-home/bin/cargo" "+1.99.0-beta.8" "build" "--frozen" "--message-format=json" "--release", kill_on_drop: false }`
[INFO] [stderr]    Compiling proc-macro2 v1.0.106
[INFO] [stderr]    Compiling unicode-ident v1.0.24
[INFO] [stderr]    Compiling quote v1.0.45
[INFO] [stderr]    Compiling zerocopy v0.8.42
[INFO] [stderr]    Compiling libc v0.2.183
[INFO] [stderr]    Compiling cfg-if v1.0.4
[INFO] [stderr]    Compiling serde_core v1.0.228
[INFO] [stderr]    Compiling siphasher v1.0.2
[INFO] [stderr]    Compiling serde v1.0.228
[INFO] [stderr]    Compiling zmij v1.0.21
[INFO] [stderr]    Compiling phf_shared v0.11.3
[INFO] [stderr]    Compiling smallvec v1.15.1
[INFO] [stderr]    Compiling new_debug_unreachable v1.0.6
[INFO] [stderr]    Compiling siphasher v0.3.11
[INFO] [stderr]    Compiling parking_lot_core v0.9.12
[INFO] [stderr]    Compiling serde_json v1.0.149
[INFO] [stderr]    Compiling scopeguard v1.2.0
[INFO] [stderr]    Compiling lock_api v0.4.14
[INFO] [stderr]    Compiling precomputed-hash v0.1.1
[INFO] [stderr]    Compiling phf_shared v0.10.0
[INFO] [stderr]    Compiling mac v0.1.1
[INFO] [stderr]    Compiling futf v0.1.5
[INFO] [stderr]    Compiling itoa v1.0.17
[INFO] [stderr]    Compiling dtoa v1.0.11
[INFO] [stderr]    Compiling syn v2.0.117
[INFO] [stderr]    Compiling log v0.4.29
[INFO] [stderr]    Compiling getrandom v0.3.4
[INFO] [stderr]    Compiling utf-8 v0.7.6
[INFO] [stderr]    Compiling tendril v0.4.3
[INFO] [stderr]    Compiling ahash v0.8.12
[INFO] [stderr]    Compiling getrandom v0.2.17
[INFO] [stderr]    Compiling dtoa-short v0.3.5
[INFO] [stderr]    Compiling rand_core v0.6.4
[INFO] [stderr]    Compiling parking_lot v0.12.5
[INFO] [stderr]    Compiling memchr v2.8.0
[INFO] [stderr]    Compiling byteorder v1.5.0
[INFO] [stderr]    Compiling stable_deref_trait v1.2.1
[INFO] [stderr]    Compiling servo_arc v0.3.0
[INFO] [stderr]    Compiling fxhash v0.2.1
[INFO] [stderr]    Compiling phf v0.10.1
[INFO] [stderr]    Compiling bitflags v2.11.0
[INFO] [stderr]    Compiling once_cell v1.21.4
[INFO] [stderr]    Compiling thiserror v1.0.69
[INFO] [stderr]    Compiling hashbrown v0.16.1
[INFO] [stderr]    Compiling ego-tree v0.6.3
[INFO] [stderr]    Compiling equivalent v1.0.2
[INFO] [stderr]    Compiling indexmap v2.13.0
[INFO] [stderr]    Compiling ppv-lite86 v0.2.21
[INFO] [stderr]    Compiling rand_chacha v0.3.1
[INFO] [stderr]    Compiling serde_derive v1.0.228
[INFO] [stderr]    Compiling cssparser-macros v0.6.1
[INFO] [stderr]    Compiling html5ever v0.27.0
[INFO] [stderr]    Compiling derive_more v0.99.20
[INFO] [stderr]    Compiling thiserror-impl v1.0.69
[INFO] [stderr]    Compiling rand v0.8.5
[INFO] [stderr]    Compiling phf_generator v0.11.3
[INFO] [stderr]    Compiling phf_generator v0.10.0
[INFO] [stderr]    Compiling phf_codegen v0.10.0
[INFO] [stderr]    Compiling phf_codegen v0.11.3
[INFO] [stderr]    Compiling string_cache_codegen v0.5.4
[INFO] [stderr]    Compiling selectors v0.25.0
[INFO] [stderr]    Compiling phf_macros v0.11.3
[INFO] [stderr]    Compiling markup5ever v0.12.1
[INFO] [stderr]    Compiling phf v0.11.3
[INFO] [stderr]    Compiling cssparser v0.31.2
[INFO] [stderr]    Compiling schemaorg-validate v0.3.0 (/opt/rustwide/workdir)
[INFO] [stderr]    Compiling string_cache v0.8.9
[INFO] [stderr]    Compiling scraper v0.20.0
[INFO] [stderr]     Finished `release` profile [optimized] target(s) in 1m 03s
[INFO] running `Command { std: "docker" "inspect" "be22badc6f1100f895eb17da1405a8c718f313be11c34c8cff36afb9ae88fe0e", kill_on_drop: false }`
[INFO] running `Command { std: "docker" "exec" "-e" "SOURCE_DIR=/opt/rustwide/workdir" "-e" "CARGO_HOME=/opt/rustwide/cargo-home" "-e" "RUSTUP_HOME=/opt/rustwide/rustup-home" "-e" "CARGO_TARGET_DIR=/opt/rustwide/target" "-e" "CARGO_INCREMENTAL=0" "-e" "RUST_BACKTRACE=full" "-e" "RUSTFLAGS=--cap-lints=warn" "-e" "RUSTDOCFLAGS=--cap-lints=warn" "-w" "/opt/rustwide/workdir" "--user" "0:0" "be22badc6f1100f895eb17da1405a8c718f313be11c34c8cff36afb9ae88fe0e" "/opt/rustwide/cargo-home/bin/cargo" "+1.99.0-beta.8" "test" "--frozen" "--no-run" "--message-format=json" "--release", kill_on_drop: false }`
[INFO] [stderr]    Compiling syn v2.0.117
[INFO] [stderr]    Compiling cfg-if v1.0.4
[INFO] [stderr]    Compiling wasm-bindgen-shared v0.2.121
[INFO] [stderr]    Compiling serde_core v1.0.228
[INFO] [stderr]    Compiling libc v0.2.183
[INFO] [stderr]    Compiling smallvec v1.15.1
[INFO] [stderr]    Compiling siphasher v1.0.2
[INFO] [stderr]    Compiling rustversion v1.0.22
[INFO] [stderr]    Compiling new_debug_unreachable v1.0.6
[INFO] [stderr]    Compiling scopeguard v1.2.0
[INFO] [stderr]    Compiling once_cell v1.21.4
[INFO] [stderr]    Compiling lock_api v0.4.14
[INFO] [stderr]    Compiling phf_shared v0.11.3
[INFO] [stderr]    Compiling mac v0.1.1
[INFO] [stderr]    Compiling itoa v1.0.17
[INFO] [stderr]    Compiling bumpalo v3.20.2
[INFO] [stderr]    Compiling precomputed-hash v0.1.1
[INFO] [stderr]    Compiling futf v0.1.5
[INFO] [stderr]    Compiling utf-8 v0.7.6
[INFO] [stderr]    Compiling log v0.4.29
[INFO] [stderr]    Compiling dtoa v1.0.11
[INFO] [stderr]    Compiling wasm-bindgen v0.2.121
[INFO] [stderr]    Compiling siphasher v0.3.11
[INFO] [stderr]    Compiling unicode-ident v1.0.24
[INFO] [stderr]    Compiling dtoa-short v0.3.5
[INFO] [stderr]    Compiling tendril v0.4.3
[INFO] [stderr]    Compiling phf_shared v0.10.0
[INFO] [stderr]    Compiling libm v0.2.16
[INFO] [stderr]    Compiling byteorder v1.5.0
[INFO] [stderr]    Compiling serde_json v1.0.149
[INFO] [stderr]    Compiling slab v0.4.12
[INFO] [stderr]    Compiling futures-core v0.3.32
[INFO] [stderr]    Compiling parking_lot_core v0.9.12
[INFO] [stderr]    Compiling pin-project-lite v0.2.17
[INFO] [stderr]    Compiling autocfg v1.5.0
[INFO] [stderr]    Compiling futures-task v0.3.32
[INFO] [stderr]    Compiling stable_deref_trait v1.2.1
[INFO] [stderr]    Compiling fxhash v0.2.1
[INFO] [stderr]    Compiling servo_arc v0.3.0
[INFO] [stderr]    Compiling getrandom v0.3.4
[INFO] [stderr]    Compiling futures-util v0.3.32
[INFO] [stderr]    Compiling phf v0.10.1
[INFO] [stderr]    Compiling zerocopy v0.8.42
[INFO] [stderr]    Compiling parking_lot v0.12.5
[INFO] [stderr]    Compiling zmij v1.0.21
[INFO] [stderr]    Compiling num-traits v0.2.19
[INFO] [stderr]    Compiling bitflags v2.11.0
[INFO] [stderr]    Compiling memchr v2.8.0
[INFO] [stderr]    Compiling ego-tree v0.6.3
[INFO] [stderr]    Compiling equivalent v1.0.2
[INFO] [stderr]    Compiling hashbrown v0.16.1
[INFO] [stderr]    Compiling oorandom v11.1.5
[INFO] [stderr]    Compiling cast v0.3.0
[INFO] [stderr]    Compiling wasm-bindgen-test-shared v0.2.121
[INFO] [stderr]    Compiling yansi v1.0.1
[INFO] [stderr]    Compiling nu-ansi-term v0.50.3
[INFO] [stderr]    Compiling diff v0.1.13
[INFO] [stderr]    Compiling pretty_assertions v1.4.1
[INFO] [stderr]    Compiling indexmap v2.13.0
[INFO] [stderr]    Compiling wasm-bindgen-macro-support v0.2.121
[INFO] [stderr]    Compiling serde_derive v1.0.228
[INFO] [stderr]    Compiling phf_macros v0.11.3
[INFO] [stderr]    Compiling html5ever v0.27.0
[INFO] [stderr]    Compiling cssparser-macros v0.6.1
[INFO] [stderr]    Compiling derive_more v0.99.20
[INFO] [stderr]    Compiling thiserror-impl v1.0.69
[INFO] [stderr]    Compiling wasm-bindgen-test-macro v0.3.71
[INFO] [stderr]    Compiling phf v0.11.3
[INFO] [stderr]    Compiling async-trait v0.1.89
[INFO] [stderr]    Compiling cssparser v0.31.2
[INFO] [stderr]    Compiling thiserror v1.0.69
[INFO] [stderr]    Compiling ahash v0.8.12
[INFO] [stderr]    Compiling selectors v0.25.0
[INFO] [stderr]    Compiling serde v1.0.228
[INFO] [stderr]    Compiling wasm-bindgen-macro v0.2.121
[INFO] [stderr]    Compiling schemaorg-validate v0.3.0 (/opt/rustwide/workdir)
[INFO] [stderr]    Compiling string_cache v0.8.9
[INFO] [stderr]    Compiling markup5ever v0.12.1
[INFO] [stderr]    Compiling js-sys v0.3.98
[INFO] [stderr]    Compiling scraper v0.20.0
[INFO] [stderr]    Compiling wasm-bindgen-futures v0.4.71
[INFO] [stderr]    Compiling wasm-bindgen-test v0.3.71
[INFO] [stderr]     Finished `release` profile [optimized] target(s) in 2m 15s
[INFO] running `Command { std: "docker" "inspect" "be22badc6f1100f895eb17da1405a8c718f313be11c34c8cff36afb9ae88fe0e", kill_on_drop: false }`
[INFO] running `Command { std: "docker" "exec" "-e" "SOURCE_DIR=/opt/rustwide/workdir" "-e" "CARGO_HOME=/opt/rustwide/cargo-home" "-e" "RUSTUP_HOME=/opt/rustwide/rustup-home" "-e" "CARGO_TARGET_DIR=/opt/rustwide/target" "-e" "CARGO_INCREMENTAL=0" "-e" "RUST_BACKTRACE=full" "-e" "RUSTFLAGS=--cap-lints=warn" "-e" "RUSTDOCFLAGS=--cap-lints=warn" "-w" "/opt/rustwide/workdir" "--user" "0:0" "be22badc6f1100f895eb17da1405a8c718f313be11c34c8cff36afb9ae88fe0e" "/opt/rustwide/cargo-home/bin/cargo" "+1.99.0-beta.8" "test" "--frozen" "--release", kill_on_drop: false }`
[INFO] [stderr]     Finished `release` profile [optimized] target(s) in 0.19s
[INFO] [stderr]      Running unittests src/lib.rs (/opt/rustwide/target/release/deps/schemaorg_rs-831d65b7728d3997)
[INFO] [stdout] 
[INFO] [stdout] running 112 tests
[INFO] [stdout] test extraction::common_tests::strip_schema_prefixes ... ok
[INFO] [stdout] test extraction::jsonld::tests::array_property_values ... ok
[INFO] [stdout] test extraction::jsonld::tests::array_type ... ok
[INFO] [stdout] test extraction::jsonld::tests::boolean_and_number_values ... ok
[INFO] [stdout] test extraction::jsonld::tests::circular_id_references_do_not_loop ... ok
[INFO] [stdout] test extraction::jsonld::tests::empty_id_string ... ok
[INFO] [stdout] test extraction::jsonld::tests::duplicate_id_first_definition_wins ... ok
[INFO] [stdout] test extraction::common_tests::classify_text_values ... ok
[INFO] [stdout] test extraction::jsonld::tests::deeply_nested_objects ... ok
[INFO] [stdout] test extraction::jsonld::tests::array_context ... ok
[INFO] [stdout] test extraction::jsonld::tests::basic_product ... ok
[INFO] [stdout] test extraction::jsonld::tests::html_entities_in_script_content ... ok
[INFO] [stdout] test extraction::jsonld::tests::external_uri_id_no_warning ... ok
[INFO] [stdout] test extraction::jsonld::tests::find_script_offsets ... ok
[INFO] [stdout] test extraction::jsonld::tests::graph_context_inherited_by_children ... ok
[INFO] [stdout] test extraction::jsonld::tests::graph_extraction ... ok
[INFO] [stdout] test extraction::jsonld::tests::id_cross_reference ... ok
[INFO] [stdout] test extraction::jsonld::tests::integer_numbers ... ok
[INFO] [stdout] test extraction::jsonld::tests::json_root_is_number_warns ... ok
[INFO] [stdout] test extraction::jsonld::tests::json_root_is_string_warns ... ok
[INFO] [stdout] test extraction::jsonld::tests::line_index_positions ... ok
[INFO] [stdout] test extraction::jsonld::tests::malformed_json_is_warning ... ok
[INFO] [stdout] test extraction::common_tests::iso_datetime_detection ... ok
[INFO] [stdout] test extraction::jsonld::tests::empty_script_tag ... ok
[INFO] [stdout] test extraction::jsonld::tests::duplicate_id_warns ... ok
[INFO] [stdout] test extraction::jsonld::tests::json_ld_with_trailing_comma ... ok
[INFO] [stdout] test extraction::jsonld::tests::nesting_beyond_max_depth_warns ... ok
[INFO] [stdout] test extraction::jsonld::tests::multiple_types_with_uri_prefix ... ok
[INFO] [stdout] test extraction::jsonld::tests::no_context_with_full_uri_type ... ok
[INFO] [stdout] test extraction::jsonld::tests::non_schema_org_context_still_extracts ... ok
[INFO] [stdout] test extraction::jsonld::tests::multiple_references_to_same_id ... ok
[INFO] [stdout] test extraction::jsonld::tests::multiple_script_tags ... ok
[INFO] [stdout] test extraction::jsonld::tests::null_values_are_skipped ... ok
[INFO] [stdout] test extraction::jsonld::tests::schema_node_id_accessor ... ok
[INFO] [stdout] test extraction::jsonld::tests::top_level_array ... ok
[INFO] [stdout] test extraction::jsonld::tests::nested_object ... ok
[INFO] [stdout] test extraction::jsonld::tests::self_referencing_id_does_not_loop ... ok
[INFO] [stdout] test extraction::jsonld::tests::source_location_is_set ... ok
[INFO] [stdout] test extraction::jsonld::tests::nesting_at_exactly_max_depth_succeeds ... ok
[INFO] [stdout] test extraction::jsonld::tests::type_array_with_mixed_values ... ok
[INFO] [stdout] test extraction::jsonld::tests::type_empty_array ... ok
[INFO] [stdout] test extraction::jsonld::tests::type_is_number_ignored ... ok
[INFO] [stdout] test extraction::jsonld::tests::no_structured_data ... ok
[INFO] [stdout] test extraction::jsonld::tests::type_is_object_ignored ... ok
[INFO] [stdout] test extraction::microdata::tests::basic_product ... ok
[INFO] [stdout] test extraction::jsonld::tests::unresolvable_reference_warns ... ok
[INFO] [stdout] test extraction::microdata::tests::data_value_attribute ... ok
[INFO] [stdout] test extraction::microdata::tests::deeply_nested_scopes ... ok
[INFO] [stdout] test extraction::jsonld::tests::whitespace_only_script ... ok
[INFO] [stdout] test extraction::microdata::tests::circular_itemref_does_not_loop ... ok
[INFO] [stdout] test extraction::microdata::tests::embed_element_src_attribute ... ok
[INFO] [stdout] test extraction::microdata::tests::empty_itemprop_attribute_skipped ... ok
[INFO] [stdout] test extraction::microdata::tests::empty_itemtype_attribute ... ok
[INFO] [stdout] test extraction::microdata::tests::depth_exceeding_max_warns ... ok
[INFO] [stdout] test extraction::microdata::tests::http_prefix_stripped ... ok
[INFO] [stdout] test extraction::microdata::tests::img_empty_src_gives_empty_text ... ok
[INFO] [stdout] test extraction::microdata::tests::itemref_multiple_ids ... ok
[INFO] [stdout] test extraction::microdata::tests::itemref_to_element_with_itemprop ... ok
[INFO] [stdout] test extraction::microdata::tests::itemscope_without_itemtype_warns ... ok
[INFO] [stdout] test extraction::microdata::tests::link_href_as_url ... ok
[INFO] [stdout] test extraction::microdata::tests::meta_content ... ok
[INFO] [stdout] test extraction::microdata::tests::link_without_href_uses_text ... ok
[INFO] [stdout] test extraction::microdata::tests::meter_non_numeric_value_fallback ... ok
[INFO] [stdout] test extraction::microdata::tests::img_src_as_url ... ok
[INFO] [stdout] test extraction::microdata::tests::itemid_becomes_at_id ... ok
[INFO] [stdout] test extraction::microdata::tests::itemprop_in_wrapper_div ... ok
[INFO] [stdout] test extraction::microdata::tests::itemref_collects_external_properties ... ok
[INFO] [stdout] test extraction::microdata::tests::itemref_missing_target_warns ... ok
[INFO] [stdout] test extraction::microdata::tests::meter_value_as_number ... ok
[INFO] [stdout] test extraction::microdata::tests::multiple_itemtypes ... ok
[INFO] [stdout] test extraction::microdata::tests::multiple_top_level_items ... ok
[INFO] [stdout] test extraction::microdata::tests::multiple_values_same_property ... ok
[INFO] [stdout] test extraction::microdata::tests::nested_offer ... ok
[INFO] [stdout] test extraction::microdata::tests::no_microdata ... ok
[INFO] [stdout] test extraction::microdata::tests::object_element_data_attribute ... ok
[INFO] [stdout] test extraction::microdata::tests::self_referencing_itemref ... ok
[INFO] [stdout] test extraction::microdata::tests::source_element_src_attribute ... ok
[INFO] [stdout] test extraction::microdata::tests::space_separated_itemprop ... ok
[INFO] [stdout] test extraction::microdata::tests::time_datetime ... ok
[INFO] [stdout] test extraction::microdata::tests::time_without_datetime_uses_text ... ok
[INFO] [stdout] test extraction::microdata::tests::unicode_preserved_in_values ... ok
[INFO] [stdout] test extraction::microdata::tests::object_empty_data_gives_empty_text ... ok
[INFO] [stdout] test extraction::rdfa::tests::basic_product ... ok
[INFO] [stdout] test extraction::rdfa::tests::depth_exceeding_max_truncates_silently ... ok
[INFO] [stdout] test extraction::rdfa::tests::empty_typeof_warns ... ok
[INFO] [stdout] test extraction::rdfa::tests::content_attribute_with_url_value ... ok
[INFO] [stdout] test extraction::rdfa::tests::empty_vocab_resets_vocabulary ... ok
[INFO] [stdout] test extraction::rdfa::tests::data_element_with_value ... ok
[INFO] [stdout] test extraction::rdfa::tests::href_as_url ... ok
[INFO] [stdout] test extraction::rdfa::tests::content_attribute ... ok
[INFO] [stdout] test extraction::rdfa::tests::deep_nesting ... ok
[INFO] [stdout] test extraction::rdfa::tests::independent_typeof_nested_in_typed_node ... ok
[INFO] [stdout] test extraction::rdfa::tests::http_vocab ... ok
[INFO] [stdout] test extraction::rdfa::tests::multiple_top_level_items ... ok
[INFO] [stdout] test extraction::rdfa::tests::multiple_types ... ok
[INFO] [stdout] test extraction::rdfa::tests::img_src_as_url ... ok
[INFO] [stdout] test extraction::rdfa::tests::nested_typed_property ... ok
[INFO] [stdout] test extraction::rdfa::tests::nested_prefix_declarations ... ok
[INFO] [stdout] test extraction::rdfa::tests::no_rdfa ... ok
[INFO] [stdout] test extraction::rdfa::tests::parse_prefix_attr_works ... ok
[INFO] [stdout] test extraction::rdfa::tests::property_with_empty_text ... ok
[INFO] [stdout] test extraction::rdfa::tests::prefix_resolution ... ok
[INFO] [stdout] test extraction::rdfa::tests::resource_as_id ... ok
[INFO] [stdout] test extraction::rdfa::tests::property_in_wrapper_div ... ok
[INFO] [stdout] test graph::tests::extract_all_empty_html ... ok
[INFO] [stdout] test extraction::rdfa::tests::resource_on_nested_property ... ok
[INFO] [stdout] test extraction::rdfa::tests::vocab_inheritance ... ok
[INFO] [stdout] test extraction::rdfa::tests::time_element_without_datetime ... ok
[INFO] [stdout] test extraction::rdfa::tests::time_datetime ... ok
[INFO] [stdout] test extraction::rdfa::tests::typeof_without_vocab ... ok
[INFO] [stdout] test extraction::rdfa::tests::unicode_preserved_in_values ... ok
[INFO] [stdout] test graph::tests::extract_all_jsonld ... ok
[INFO] [stdout] 
[INFO] [stdout] test result: ok. 112 passed; 0 failed; 0 ignored; 0 measured; 0 filtered out; finished in 0.03s
[INFO] [stdout] 
[INFO] [stderr]      Running tests/cli_tests.rs (/opt/rustwide/target/release/deps/cli_tests-cfedf1bc688bbf4c)
[INFO] [stdout] 
[INFO] [stdout] running 0 tests
[INFO] [stdout] 
[INFO] [stdout] test result: ok. 0 passed; 0 failed; 0 ignored; 0 measured; 0 filtered out; finished in 0.00s
[INFO] [stdout] 
[INFO] [stderr]      Running tests/codegen_tests.rs (/opt/rustwide/target/release/deps/codegen_tests-a7ba8ff5de4e0d2e)
[INFO] [stdout] 
[INFO] [stdout] running 0 tests
[INFO] [stdout] 
[INFO] [stdout] test result: ok. 0 passed; 0 failed; 0 ignored; 0 measured; 0 filtered out; finished in 0.00s
[INFO] [stdout] 
[INFO] [stderr]      Running tests/extraction_unified.rs (/opt/rustwide/target/release/deps/extraction_unified-7c6c42a71c7392b7)
[INFO] [stdout] 
[INFO] [stdout] running 17 tests
[INFO] [stdout] test cross_format_event_name ... ok
[INFO] [stdout] test cross_format_product_name ... ok
[INFO] [stdout] test cross_format_nested_types ... ok
[INFO] [stdout] test cross_format_product_url ... ok
[INFO] [stdout] test empty_document ... ok
[INFO] [stdout] test cross_format_source_format_differs ... ok
[INFO] [stdout] test cross_format_product_types ... ok
[INFO] [stdout] test extraction_error_display ... ok
[INFO] [stdout] test extract_all_combined_document ... ok
[INFO] [stdout] test extract_all_no_structured_data ... ok
[INFO] [stdout] test malformed_html_still_extracts ... ok
[INFO] [stdout] test thread_safety_send_sync ... ok
[INFO] [stdout] test source_format_display ... ok
[INFO] [stdout] test multiple_formats_same_type ... ok
[INFO] [stdout] test schema_value_display ... ok
[INFO] [stdout] test unicode_emoji_in_json_ld ... ok
[INFO] [stdout] test warning_code_display_all_variants ... ok
[INFO] [stdout] 
[INFO] [stdout] test result: ok. 17 passed; 0 failed; 0 ignored; 0 measured; 0 filtered out; finished in 0.01s
[INFO] [stdout] 
[INFO] [stderr]      Running tests/profile_integration.rs (/opt/rustwide/target/release/deps/profile_integration-0ab65b599b0d399a)
[INFO] [stdout] 
[INFO] [stdout] running 0 tests
[INFO] [stdout] 
[INFO] [stdout] test result: ok. 0 passed; 0 failed; 0 ignored; 0 measured; 0 filtered out; finished in 0.00s
[INFO] [stdout] 
[INFO] [stderr]      Running tests/profile_tests.rs (/opt/rustwide/target/release/deps/profile_tests-b6db1cc09b893d22)
[INFO] [stdout] 
[INFO] [stdout] running 0 tests
[INFO] [stdout] 
[INFO] [stdout] test result: ok. 0 passed; 0 failed; 0 ignored; 0 measured; 0 filtered out; finished in 0.00s
[INFO] [stdout] 
[INFO] [stderr]      Running tests/validation_tests.rs (/opt/rustwide/target/release/deps/validation_tests-2e225abb5601cb90)
[INFO] [stdout] 
[INFO] [stdout] running 0 tests
[INFO] [stdout] 
[INFO] [stdout] test result: ok. 0 passed; 0 failed; 0 ignored; 0 measured; 0 filtered out; finished in 0.00s
[INFO] [stdout] 
[INFO] [stderr]    Doc-tests schemaorg_rs
[INFO] [stdout] 
[INFO] [stdout] running 20 tests
[INFO] [stdout] test src/extraction/mod.rs - extraction::ExtractionOutput (line 54) ... FAILED
[INFO] [stdout] test src/error.rs - error (line 20) ... FAILED
[INFO] [stdout] test src/error.rs - error::ExtractionWarning (line 77) ... ok
[INFO] [stdout] test src/error.rs - error::WarningCode (line 105) ... ok
[INFO] [stdout] test src/extraction/jsonld.rs - extraction::jsonld::JsonLdExtractor (line 52) ... ok
[INFO] [stdout] test src/error.rs - error::ExtractionError (line 47) ... ok
[INFO] [stdout] test src/extraction/mod.rs - extraction (line 17) ... ok
[INFO] [stdout] test src/extraction/microdata.rs - extraction::microdata::MicrodataExtractor (line 40) ... ok
[INFO] [stdout] test src/lib.rs - (line 14) - compile ... ok
[INFO] [stdout] test src/extraction/rdfa.rs - extraction::rdfa::RdfaLiteExtractor (line 46) ... ok
[INFO] [stdout] test src/extraction/mod.rs - extraction::Extractor (line 80) ... ok
[INFO] [stdout] test src/graph.rs - graph::StructuredDataGraph (line 47) ... ok
[INFO] [stdout] test src/types.rs - types::SchemaNode (line 137) ... ok
[INFO] [stdout] test src/types.rs - types::SchemaNode::id (line 170) ... ok
[INFO] [stdout] test src/graph.rs - graph (line 16) ... ok
[INFO] [stdout] test src/graph.rs - graph::extract_all (line 80) ... ok
[INFO] [stdout] test src/types.rs - types (line 23) ... ok
[INFO] [stdout] test src/types.rs - types::SchemaValue (line 104) ... ok
[INFO] [stdout] test src/types.rs - types::SourceFormat (line 51) ... ok
[INFO] [stdout] test src/types.rs - types::SourceLocation (line 75) ... ok
[INFO] [stdout] 
[INFO] [stdout] failures:
[INFO] [stdout] 
[INFO] [stdout] ---- src/extraction/mod.rs - extraction::ExtractionOutput (line 54) stdout ----
[INFO] [stdout] Couldn't compile the test.
[INFO] [stdout] ---- src/error.rs - error (line 20) stdout ----
[INFO] [stdout] Couldn't compile the test.
[INFO] [stdout] 
[INFO] [stdout] failures:
[INFO] [stdout]     src/error.rs - error (line 20)
[INFO] [stdout]     src/extraction/mod.rs - extraction::ExtractionOutput (line 54)
[INFO] [stdout] 
[INFO] [stdout] test result: FAILED. 18 passed; 2 failed; 0 ignored; 0 measured; 0 filtered out; finished in 62.60s
[INFO] [stdout] 
[INFO] [stderr] error: doctest failed, to rerun pass `--doc`
[INFO] running `Command { std: "docker" "inspect" "be22badc6f1100f895eb17da1405a8c718f313be11c34c8cff36afb9ae88fe0e", kill_on_drop: false }`
[INFO] running `Command { std: "docker" "rm" "-f" "be22badc6f1100f895eb17da1405a8c718f313be11c34c8cff36afb9ae88fe0e", kill_on_drop: false }`
[INFO] [stdout] be22badc6f1100f895eb17da1405a8c718f313be11c34c8cff36afb9ae88fe0e
