[INFO] fetching crate scalo 2.14.15...
[INFO] testing scalo-2.14.15 against 1.100.0-beta.1+cargoflags=--release for beta-release-1.100-2
[INFO] extracting crate scalo 2.14.15 into /workspace/builds/worker-1-tc2/source
[INFO] removed /workspace/builds/worker-1-tc2/source/.cargo/config.toml
[INFO] started tweaking crates.io crate scalo 2.14.15
[INFO] removed 0 missing tests
[INFO] finished tweaking crates.io crate scalo 2.14.15
[INFO] tweaked toml for crates.io crate scalo 2.14.15 written to /workspace/builds/worker-1-tc2/source/Cargo.toml
[INFO] validating manifest of crates.io crate scalo 2.14.15 on toolchain 1.100.0-beta.1
[INFO] running `Command { std: CARGO_HOME="/workspace/cargo-home" RUSTUP_HOME="/workspace/rustup-home" "/workspace/cargo-home/bin/cargo" "+1.100.0-beta.1" "metadata" "--manifest-path" "Cargo.toml" "--no-deps", kill_on_drop: false }`
[INFO] crate crates.io crate scalo 2.14.15 already has a lockfile, it will not be regenerated
[INFO] running `Command { std: CARGO_HOME="/workspace/cargo-home" RUSTUP_HOME="/workspace/rustup-home" "/workspace/cargo-home/bin/cargo" "+1.100.0-beta.1" "fetch" "--manifest-path" "Cargo.toml", kill_on_drop: false }`
[INFO] running `Command { std: "docker" "create" "-v" "/var/lib/crater-agent-workspace/builds/worker-1-tc2/source:/opt/rustwide/workdir:ro,Z" "-v" "/var/lib/crater-agent-workspace/builds/worker-1-tc2/target:/opt/rustwide/target:rw,Z" "-v" "/var/lib/crater-agent-workspace/cargo-home:/opt/rustwide/cargo-home:ro,Z" "-v" "/var/lib/crater-agent-workspace/rustup-home:/opt/rustwide/rustup-home:ro,Z" "-m" "1610612736" "--network" "none" "ghcr.io/rust-lang/crates-build-env/linux@sha256:77db811e55d90add9212f6832c23229e3de5f1c1f9905e8cb07319ea15df73ac" "sleep" "infinity", kill_on_drop: false }`
[INFO] [stdout] b627ab7233da6e9bb2b2564bc04ae15199e0795906d1045647782f5db00411c4
[INFO] running `Command { std: "docker" "start" "b627ab7233da6e9bb2b2564bc04ae15199e0795906d1045647782f5db00411c4", kill_on_drop: false }`
[INFO] running `Command { std: "docker" "inspect" "b627ab7233da6e9bb2b2564bc04ae15199e0795906d1045647782f5db00411c4", kill_on_drop: false }`
[INFO] running `Command { std: "docker" "exec" "-e" "SOURCE_DIR=/opt/rustwide/workdir" "-e" "CARGO_HOME=/opt/rustwide/cargo-home" "-e" "RUSTUP_HOME=/opt/rustwide/rustup-home" "-e" "CARGO_TARGET_DIR=/opt/rustwide/target" "-w" "/opt/rustwide/workdir" "--user" "0:0" "b627ab7233da6e9bb2b2564bc04ae15199e0795906d1045647782f5db00411c4" "/opt/rustwide/cargo-home/bin/cargo" "+1.100.0-beta.1" "metadata" "--no-deps" "--format-version=1", kill_on_drop: false }`
[INFO] running `Command { std: "docker" "inspect" "b627ab7233da6e9bb2b2564bc04ae15199e0795906d1045647782f5db00411c4", kill_on_drop: false }`
[INFO] running `Command { std: "docker" "exec" "-e" "SOURCE_DIR=/opt/rustwide/workdir" "-e" "CARGO_HOME=/opt/rustwide/cargo-home" "-e" "RUSTUP_HOME=/opt/rustwide/rustup-home" "-e" "CARGO_TARGET_DIR=/opt/rustwide/target" "-e" "CARGO_INCREMENTAL=0" "-e" "RUST_BACKTRACE=full" "-e" "RUSTFLAGS=--cap-lints=warn" "-e" "RUSTDOCFLAGS=--cap-lints=warn" "-w" "/opt/rustwide/workdir" "--user" "0:0" "b627ab7233da6e9bb2b2564bc04ae15199e0795906d1045647782f5db00411c4" "/opt/rustwide/cargo-home/bin/cargo" "+1.100.0-beta.1" "build" "--frozen" "--message-format=json" "--release", kill_on_drop: false }`
[INFO] [stderr]    Compiling libc v0.2.190
[INFO] [stderr]    Compiling syn v2.0.119
[INFO] [stderr]    Compiling proc-macro2-diagnostics v0.10.1
[INFO] [stderr]    Compiling encoding_rs v0.8.42
[INFO] [stderr]    Compiling serde v1.0.229
[INFO] [stderr]    Compiling regex-automata v0.4.18
[INFO] [stderr]    Compiling serde_json v1.0.154
[INFO] [stderr]    Compiling uncased v0.9.10
[INFO] [stderr]    Compiling toml_write v0.1.2
[INFO] [stderr]    Compiling powerfmt v0.2.1
[INFO] [stderr]    Compiling deranged v0.5.9
[INFO] [stderr]    Compiling multiversion_no_op v1.0.0
[INFO] [stderr]    Compiling winnow v0.7.15
[INFO] [stderr]    Compiling simdutf8 v0.1.5
[INFO] [stderr]    Compiling core_detect v1.0.0
[INFO] [stderr]    Compiling serde_spanned v0.6.9
[INFO] [stderr]    Compiling toml_datetime v0.6.11
[INFO] [stderr]    Compiling tracing-serde v0.2.0
[INFO] [stderr]    Compiling sharded-slab v0.1.7
[INFO] [stderr]    Compiling time v0.3.55
[INFO] [stderr]    Compiling getrandom v0.3.4
[INFO] [stderr]    Compiling parking_lot_core v0.9.12
[INFO] [stderr]    Compiling tracing-log v0.2.0
[INFO] [stderr]    Compiling figment v0.10.19
[INFO] [stderr]    Compiling thread_local v1.1.10
[INFO] [stderr]    Compiling anstyle v1.0.14
[INFO] [stderr]    Compiling inlinable_string v0.1.15
[INFO] [stderr]    Compiling toml_edit v0.22.27
[INFO] [stderr]    Compiling arraydeque v0.5.1
[INFO] [stderr]    Compiling matchers v0.2.0
[INFO] [stderr]    Compiling annotate-snippets v0.12.16
[INFO] [stderr]    Compiling dashmap v6.2.1
[INFO] [stderr]    Compiling granit-parser v2.0.0
[INFO] [stderr]    Compiling dirs-sys v0.5.0
[INFO] [stderr]    Compiling ahash v0.8.12
[INFO] [stderr]    Compiling encoding_rs_io v0.1.8
[INFO] [stderr]    Compiling thiserror-impl v2.0.21
[INFO] [stderr]    Compiling scalo v2.14.15 (/opt/rustwide/workdir)
[INFO] [stderr]    Compiling base64 v0.23.1
[INFO] [stderr]    Compiling serde-saphyr v2.0.0
[INFO] [stderr]    Compiling tracing-attributes v0.1.31
[INFO] [stderr]    Compiling pear_codegen v0.2.9
[INFO] [stderr]    Compiling toml v0.8.23
[INFO] [stderr]    Compiling pear v0.2.9
[INFO] [stderr]    Compiling tracing v0.1.44
[INFO] [stderr]    Compiling thiserror v2.0.21
[INFO] [stderr]    Compiling tracing-subscriber v0.3.23
[INFO] [stderr]    Compiling dirs v7.0.0
[INFO] [stderr]    Compiling serde_ignored v0.1.14
[INFO] [stderr]    Compiling dotenvy v0.15.7
[INFO] [stderr]    Compiling owo-colors v4.4.0
[INFO] [stderr]    Compiling tracing-throttle v0.4.4
[INFO] [stderr]     Finished `release` profile [optimized] target(s) in 2m 10s
[INFO] running `Command { std: "docker" "inspect" "b627ab7233da6e9bb2b2564bc04ae15199e0795906d1045647782f5db00411c4", kill_on_drop: false }`
[INFO] running `Command { std: "docker" "exec" "-e" "SOURCE_DIR=/opt/rustwide/workdir" "-e" "CARGO_HOME=/opt/rustwide/cargo-home" "-e" "RUSTUP_HOME=/opt/rustwide/rustup-home" "-e" "CARGO_TARGET_DIR=/opt/rustwide/target" "-e" "CARGO_INCREMENTAL=0" "-e" "RUST_BACKTRACE=full" "-e" "RUSTFLAGS=--cap-lints=warn" "-e" "RUSTDOCFLAGS=--cap-lints=warn" "-w" "/opt/rustwide/workdir" "--user" "0:0" "b627ab7233da6e9bb2b2564bc04ae15199e0795906d1045647782f5db00411c4" "/opt/rustwide/cargo-home/bin/cargo" "+1.100.0-beta.1" "test" "--frozen" "--no-run" "--message-format=json" "--release", kill_on_drop: false }`
[INFO] [stderr]    Compiling smallvec v1.16.3
[INFO] [stderr]    Compiling libc v0.2.190
[INFO] [stderr]    Compiling syn v3.0.9
[INFO] [stderr]    Compiling syn v2.0.119
[INFO] [stderr]    Compiling hashbrown v0.17.1
[INFO] [stderr]    Compiling errno v0.3.14
[INFO] [stderr]    Compiling socket2 v0.6.5
[INFO] [stderr]    Compiling mio v1.2.4
[INFO] [stderr]    Compiling signal-hook-registry v1.4.8
[INFO] [stderr]    Compiling parking_lot_core v0.9.12
[INFO] [stderr]    Compiling parking_lot v0.12.5
[INFO] [stderr]    Compiling serde_json v1.0.154
[INFO] [stderr]    Compiling futures-channel v0.3.34
[INFO] [stderr]    Compiling zeroize v1.9.1
[INFO] [stderr]    Compiling indexmap v2.14.2
[INFO] [stderr]    Compiling aws-lc-rs v1.18.2
[INFO] [stderr]    Compiling want v0.3.2
[INFO] [stderr]    Compiling rustls-pki-types v1.15.1
[INFO] [stderr]    Compiling getrandom v0.2.17
[INFO] [stderr]    Compiling jobserver v0.1.35
[INFO] [stderr]    Compiling ipnet v2.12.2
[INFO] [stderr]    Compiling getrandom v0.3.4
[INFO] [stderr]    Compiling cc v1.8.0
[INFO] [stderr]    Compiling sync_wrapper v1.0.2
[INFO] [stderr]    Compiling bitflags v2.13.2
[INFO] [stderr]    Compiling rustls v0.23.46
[INFO] [stderr]    Compiling regex-automata v0.4.18
[INFO] [stderr]    Compiling http-body-util v0.1.5
[INFO] [stderr]    Compiling num-integer v0.1.47
[INFO] [stderr]    Compiling deranged v0.5.9
[INFO] [stderr]    Compiling itertools v0.14.0
[INFO] [stderr]    Compiling rustix v1.1.5
[INFO] [stderr]    Compiling num-bigint v0.4.8
[INFO] [stderr]    Compiling cmake v0.1.58
[INFO] [stderr]    Compiling aws-lc-sys v0.46.0
[INFO] [stderr]    Compiling ring v0.17.14
[INFO] [stderr]    Compiling time v0.3.55
[INFO] [stderr]    Compiling synstructure v0.14.0
[INFO] [stderr]    Compiling serde_derive v1.0.229
[INFO] [stderr]    Compiling tracing-attributes v0.1.31
[INFO] [stderr]    Compiling tokio-macros v2.7.2
[INFO] [stderr]    Compiling tokio v1.53.3
[INFO] [stderr]    Compiling tracing v0.1.44
[INFO] [stderr]    Compiling futures-macro v0.3.34
[INFO] [stderr]    Compiling zerofrom-derive v0.1.8
[INFO] [stderr]    Compiling yoke-derive v0.8.4
[INFO] [stderr]    Compiling futures-util v0.3.34
[INFO] [stderr]    Compiling serde v1.0.229
[INFO] [stderr]    Compiling zerofrom v0.1.8
[INFO] [stderr]    Compiling zerocopy-derive v0.8.63
[INFO] [stderr]    Compiling yoke v0.8.3
[INFO] [stderr]    Compiling zerovec-derive v0.11.6
[INFO] [stderr]    Compiling displaydoc v0.2.7
[INFO] [stderr]    Compiling zerotrie v0.2.5
[INFO] [stderr]    Compiling zerovec v0.11.8
[INFO] [stderr]    Compiling serde_urlencoded v0.7.1
[INFO] [stderr]    Compiling axum-core v0.5.6
[INFO] [stderr]    Compiling zerocopy v0.8.63
[INFO] [stderr]    Compiling tinystr v0.8.4
[INFO] [stderr]    Compiling icu_locale_core v2.3.0
[INFO] [stderr]    Compiling potential_utf v0.1.6
[INFO] [stderr]    Compiling icu_collections v2.3.0
[INFO] [stderr]    Compiling icu_provider v2.3.1
[INFO] [stderr]    Compiling icu_normalizer v2.3.0
[INFO] [stderr]    Compiling icu_properties v2.3.0
[INFO] [stderr]    Compiling tokio-util v0.7.20
[INFO] [stderr]    Compiling tokio-stream v0.1.19
[INFO] [stderr]    Compiling h2 v0.4.20
[INFO] [stderr]    Compiling tower v0.5.3
[INFO] [stderr]    Compiling pin-project-internal v1.1.13
[INFO] [stderr]    Compiling prost-derive v0.14.4
[INFO] [stderr]    Compiling pin-project v1.1.13
[INFO] [stderr]    Compiling idna_adapter v1.2.2
[INFO] [stderr]    Compiling async-trait v0.1.92
[INFO] [stderr]    Compiling num-rational v0.4.2
[INFO] [stderr]    Compiling getrandom v0.4.3
[INFO] [stderr]    Compiling num-iter v0.1.46
[INFO] [stderr]    Compiling either v1.19.0
[INFO] [stderr]    Compiling darling_core v0.24.1
[INFO] [stderr]    Compiling prost v0.14.4
[INFO] [stderr]    Compiling num v0.4.3
[INFO] [stderr]    Compiling idna v1.1.0
[INFO] [stderr]    Compiling ureq-proto v0.6.4
[INFO] [stderr]    Compiling bollard-buildkit-proto v0.7.0
[INFO] [stderr]    Compiling chacha20 v0.10.2
[INFO] [stderr]    Compiling libz-sys v1.1.30
[INFO] [stderr]    Compiling rustls-native-certs v0.8.5
[INFO] [stderr]    Compiling hyper v1.12.0
[INFO] [stderr]    Compiling darling_macro v0.24.1
[INFO] [stderr]    Compiling url v2.5.8
[INFO] [stderr]    Compiling prost-types v0.14.4
[INFO] [stderr]    Compiling ahash v0.8.12
[INFO] [stderr]    Compiling ppv-lite86 v0.2.21
[INFO] [stderr]    Compiling regex v1.13.1
[INFO] [stderr]    Compiling structmeta-derive v0.3.0
[INFO] [stderr]    Compiling hyper-util v0.1.21
[INFO] [stderr]    Compiling thiserror-impl v2.0.21
[INFO] [stderr]    Compiling rand_core v0.9.5
[INFO] [stderr]    Compiling ref-cast v1.0.27
[INFO] [stderr]    Compiling proc-macro2-diagnostics v0.10.1
[INFO] [stderr]    Compiling rand_chacha v0.9.0
[INFO] [stderr]    Compiling structmeta v0.3.0
[INFO] [stderr]    Compiling darling v0.24.1
[INFO] [stderr]    Compiling rand v0.10.3
[INFO] [stderr]    Compiling futures-executor v0.3.34
[INFO] [stderr]    Compiling thiserror v2.0.21
[INFO] [stderr]    Compiling serde_spanned v0.6.9
[INFO] [stderr]    Compiling toml_datetime v0.6.11
[INFO] [stderr]    Compiling async-stream-impl v0.3.6
[INFO] [stderr]    Compiling ref-cast-impl v1.0.27
[INFO] [stderr]    Compiling serde_repr v0.1.21
[INFO] [stderr]    Compiling toml_edit v0.22.27
[INFO] [stderr]    Compiling async-stream v0.3.6
[INFO] [stderr]    Compiling axum v0.8.9
[INFO] [stderr]    Compiling hyper-timeout v0.5.2
[INFO] [stderr]    Compiling hyperlocal v0.9.1
[INFO] [stderr]    Compiling futures v0.3.34
[INFO] [stderr]    Compiling parse-display-derive v0.9.1
[INFO] [stderr]    Compiling serde_with_macros v3.24.0
[INFO] [stderr]    Compiling rand v0.9.5
[INFO] [stderr]    Compiling pear_codegen v0.2.9
[INFO] [stderr]    Compiling half v2.7.1
[INFO] [stderr]    Compiling tracing-serde v0.2.0
[INFO] [stderr]    Compiling xattr v1.6.1
[INFO] [stderr]    Compiling matchers v0.2.0
[INFO] [stderr]    Compiling alloca v0.4.0
[INFO] [stderr]    Compiling libgit2-sys v0.18.8+1.9.7
[INFO] [stderr]    Compiling home v0.5.12
[INFO] [stderr]    Compiling jsonschema-value v0.58.6
[INFO] [stderr]    Compiling strum_macros v0.28.0
[INFO] [stderr]    Compiling fluent-uri v0.4.1
[INFO] [stderr]    Compiling pear v0.2.9
[INFO] [stderr]    Compiling toml v0.8.23
[INFO] [stderr]    Compiling granit-parser v2.0.0
[INFO] [stderr]    Compiling ciborium-ll v0.2.2
[INFO] [stderr]    Compiling astral-tokio-tar v0.6.4
[INFO] [stderr]    Compiling tempfile v3.27.0
[INFO] [stderr]    Compiling tonic v0.14.6
[INFO] [stderr]    Compiling dashmap v6.2.1
[INFO] [stderr]    Compiling clap_builder v4.6.7
[INFO] [stderr]    Compiling tracing-subscriber v0.3.23
[INFO] [stderr]    Compiling annotate-snippets v0.12.16
[INFO] [stderr]    Compiling parse-display v0.9.1
[INFO] [stderr]    Compiling tonic-prost v0.14.6
[INFO] [stderr]    Compiling serde_with v3.24.0
[INFO] [stderr]    Compiling ferroid v2.0.0
[INFO] [stderr]    Compiling fraction v0.17.0
[INFO] [stderr]    Compiling itertools v0.13.0
[INFO] [stderr]    Compiling docker_credential v1.4.0
[INFO] [stderr]    Compiling wait-timeout v0.2.1
[INFO] [stderr]    Compiling etcetera v0.11.0
[INFO] [stderr]    Compiling bit-vec v0.10.1
[INFO] [stderr]    Compiling rusty-fork v0.3.1
[INFO] [stderr]    Compiling bit-set v0.11.1
[INFO] [stderr]    Compiling referencing v0.58.6
[INFO] [stderr]    Compiling criterion-plot v0.8.2
[INFO] [stderr]    Compiling serde-saphyr v2.0.0
[INFO] [stderr]    Compiling figment v0.10.19
[INFO] [stderr]    Compiling rayon v1.12.0
[INFO] [stderr]    Compiling clap v4.6.7
[INFO] [stderr]    Compiling tracing-throttle v0.4.4
[INFO] [stderr]    Compiling plotters v0.3.7
[INFO] [stderr]    Compiling strum v0.28.0
[INFO] [stderr]    Compiling fancy-regex v0.19.2
[INFO] [stderr]    Compiling ciborium v0.2.2
[INFO] [stderr]    Compiling tower-http v0.6.11
[INFO] [stderr]    Compiling email_address v0.2.9
[INFO] [stderr]    Compiling tinytemplate v1.2.1
[INFO] [stderr]    Compiling yasna v0.6.0
[INFO] [stderr]    Compiling rand_xorshift v0.5.0
[INFO] [stderr]    Compiling jsonschema-regex v0.58.6
[INFO] [stderr]    Compiling pem v4.0.0
[INFO] [stderr]    Compiling rmp v0.8.15
[INFO] [stderr]    Compiling page_size v0.6.0
[INFO] [stderr]    Compiling data-encoding v2.11.1
[INFO] [stderr]    Compiling proptest v1.12.0
[INFO] [stderr]    Compiling criterion v0.8.2
[INFO] [stderr]    Compiling jsonschema v0.58.6
[INFO] [stderr]    Compiling rmp-serde v1.3.1
[INFO] [stderr]    Compiling rcgen v0.14.10
[INFO] [stderr]    Compiling temp-env v0.3.6
[INFO] [stderr]    Compiling scalo v2.14.15 (/opt/rustwide/workdir)
[INFO] [stderr]    Compiling rustls-webpki v0.103.15
[INFO] [stderr]    Compiling ureq v3.4.2
[INFO] [stderr]    Compiling tokio-rustls v0.26.6
[INFO] [stderr]    Compiling rustls-platform-verifier v0.7.1
[INFO] [stderr]    Compiling hyper-rustls v0.27.10
[INFO] [stderr]    Compiling git2 v0.21.0
[INFO] [stderr]    Compiling reqwest v0.13.5
[INFO] [stderr]    Compiling bollard-stubs v1.52.1-rc.29.1.3
[INFO] [stderr]    Compiling bollard v0.20.2
[INFO] [stderr]    Compiling testcontainers v0.27.3
[INFO] [stderr]    Compiling testcontainers-modules v0.15.0
[INFO] [stderr]     Finished `release` profile [optimized] target(s) in 13m 39s
[INFO] running `Command { std: "docker" "inspect" "b627ab7233da6e9bb2b2564bc04ae15199e0795906d1045647782f5db00411c4", kill_on_drop: false }`
[INFO] running `Command { std: "docker" "exec" "-e" "SOURCE_DIR=/opt/rustwide/workdir" "-e" "CARGO_HOME=/opt/rustwide/cargo-home" "-e" "RUSTUP_HOME=/opt/rustwide/rustup-home" "-e" "CARGO_TARGET_DIR=/opt/rustwide/target" "-e" "CARGO_INCREMENTAL=0" "-e" "RUST_BACKTRACE=full" "-e" "RUSTFLAGS=--cap-lints=warn" "-e" "RUSTDOCFLAGS=--cap-lints=warn" "-w" "/opt/rustwide/workdir" "--user" "0:0" "b627ab7233da6e9bb2b2564bc04ae15199e0795906d1045647782f5db00411c4" "/opt/rustwide/cargo-home/bin/cargo" "+1.100.0-beta.1" "test" "--frozen" "--release", kill_on_drop: false }`
[INFO] [stderr]     Finished `release` profile [optimized] target(s) in 0.76s
[INFO] [stderr]      Running unittests src/lib.rs (/opt/rustwide/target/release/build/scalo/86d9a3ca67cb35b1/out/scalo-86d9a3ca67cb35b1)
[INFO] [stdout] 
[INFO] [stdout] running 284 tests
[INFO] [stdout] test config::env_compat::tests::test_env_var_get_bool ... ok
[INFO] [stdout] test config::env_compat::tests::test_env_var_missing ... ok
[INFO] [stdout] test config::env_compat::tests::test_env_var_legacy_fallback ... ok
[INFO] [stdout] test config::env_compat::tests::test_env_var_get_list ... ok
[INFO] [stdout] test config::env_compat::tests::test_env_var_standard_name ... ok
[INFO] [stdout] test config::env_compat::tests::test_kafka_env_vars ... ok
[INFO] [stdout] test config::env_compat::tests::test_env_var_standard_takes_precedence ... ok
[INFO] [stdout] test config::env_compat::tests::test_postgres_env_vars ... ok
[INFO] [stdout] test config::env_compat::tests::test_postgres_legacy_fallback ... ok
[INFO] [stdout] test config::env_compat::tests::test_vault_openbao_fallback ... ok
[INFO] [stdout] test config::env_compat::tests::test_vault_env_vars ... ok
[INFO] [stdout] test config::flat_env::tests::load_config_reads_the_file_it_is_given ... ok
[INFO] [stdout] test config::env_compat::tests::test_which_name_used ... ok
[INFO] [stdout] test config::flat_env::tests::load_config_refuses_a_path_that_names_no_file ... ok
[INFO] [stdout] test config::flat_env::tests::load_config_applies_flat_env_over_the_file ... ok
[INFO] [stdout] test config::flat_env::tests::load_config_returns_the_parse_error ... ok
[INFO] [stdout] test config::flat_env::tests::test_apply_flat_env_no_override ... ok
[INFO] [stdout] test config::flat_env::tests::test_apply_flat_env_trait ... ok
[INFO] [stdout] test config::flat_env::tests::test_flat_env_list ... ok
[INFO] [stdout] test config::flat_env::tests::test_env_var_doc ... ok
[INFO] [stdout] test config::flat_env::tests::test_env_var_docs_default ... ok
[INFO] [stdout] test config::flat_env::tests::test_flat_env_bool_false_variants ... ok
[INFO] [stdout] test config::flat_env::tests::test_flat_env_bool_invalid ... ok
[INFO] [stdout] test config::flat_env::tests::test_flat_env_bool_missing ... ok
[INFO] [stdout] test config::flat_env::tests::test_flat_env_bool_true_variants ... ok
[INFO] [stdout] test config::flat_env::tests::test_flat_env_parsed_u16 ... ok
[INFO] [stdout] test config::flat_env::tests::test_flat_env_parsed_f64 ... ok
[INFO] [stdout] test config::flat_env::tests::test_flat_env_parsed_u64 ... ok
[INFO] [stdout] test config::flat_env::tests::test_flat_env_parsed_invalid ... ok
[INFO] [stdout] test config::flat_env::tests::test_flat_env_list_with_empty_elements ... ok
[INFO] [stdout] test config::flat_env::tests::test_flat_env_list_missing ... ok
[INFO] [stdout] test config::flat_env::tests::test_flat_env_list_single ... ok
[INFO] [stdout] test config::flat_env::tests::test_flat_env_sensitive ... ok
[INFO] [stdout] test config::flat_env::tests::test_flat_env_parsed_missing ... ok
[INFO] [stdout] test config::flat_env::tests::test_flat_env_sensitive_empty ... ok
[INFO] [stdout] test config::flat_env::tests::test_flat_env_sensitive_missing ... ok
[INFO] [stdout] test config::flat_env::tests::test_normalize_trait_custom ... ok
[INFO] [stdout] test config::flat_env::tests::test_normalize_trait_default ... ok
[INFO] [stdout] test config::flat_env::tests::test_flat_env_string ... ok
[INFO] [stdout] test config::flat_env::tests::test_flat_env_string_empty ... ok
[INFO] [stdout] test config::flat_env::tests::test_flat_env_string_missing ... ok
[INFO] [stdout] test config::load::tests::a_missing_named_file_is_an_error ... ok
[INFO] [stdout] test config::load::tests::a_note_made_before_any_subscriber_is_logged_by_log_deferred ... ok
[INFO] [stdout] test config::load::tests::a_parse_error_is_located_not_defaulted ... ok
[INFO] [stdout] test config::load::tests::a_note_made_with_a_subscriber_is_logged_at_once ... ok
[INFO] [stdout] test config::registry::tests::defaults_dump_also_redacted ... ok
[INFO] [stdout] test config::registry::tests::dump_defaults_returns_default_values ... ok
[INFO] [stdout] test config::registry::tests::dump_effective_redacts_sensitive_fields ... ok
[INFO] [stdout] test config::registry::tests::empty_registry ... ok
[INFO] [stdout] test config::load::tests::file_then_nested_then_flat_then_normalise ... ok
[INFO] [stdout] test config::load::tests::no_path_reads_the_cascade ... ok
[INFO] [stdout] test config::registry::tests::multiple_listeners_on_same_key ... ok
[INFO] [stdout] test config::registry::tests::no_secret_values_in_redacted_dump_string ... ok
[INFO] [stdout] test config::registry::tests::on_change_fires_on_update ... ok
[INFO] [stdout] test config::registry::tests::on_change_only_fires_for_subscribed_key ... ok
[INFO] [stdout] test config::registry::tests::re_register_overwrites ... ok
[INFO] [stdout] test config::registry::tests::on_change_receives_new_value ... ok
[INFO] [stdout] test config::registry::tests::redaction_handles_arrays_with_sensitive_objects ... ok
[INFO] [stdout] test config::registry::tests::redaction_covers_all_sensitive_patterns ... ok
[INFO] [stdout] test config::registry::tests::redaction_is_case_insensitive ... ok
[INFO] [stdout] test config::registry::tests::redaction_handles_deeply_nested_secrets ... ok
[INFO] [stdout] test config::registry::tests::register_and_retrieve ... ok
[INFO] [stdout] test config::registry::tests::sections_returns_sorted ... ok
[INFO] [stdout] test config::registry::tests::skip_serializing_plus_heuristic_double_protection ... ok
[INFO] [stdout] test config::registry::tests::update_also_registers ... ok
[INFO] [stdout] test config::tests::directory_config_path_still_searches_for_base_names ... ok
[INFO] [stdout] test config::tests::cascade_absent_warning_is_one_shot ... FAILED
[INFO] [stdout] test config::tests::dotenv_above_the_project_dir_is_not_loaded ... ok
[INFO] [stdout] test config::tests::nested_env_spelling_reaches_the_key_it_names ... ok
[INFO] [stdout] test config::tests::named_config_file_reaches_the_cascade ... ok
[INFO] [stdout] test config::tests::single_underscore_nesting_still_reaches_its_key ... ok
[INFO] [stdout] test config::tests::dotenv_in_the_project_dir_is_loaded ... ok
[INFO] [stdout] test config::tests::test_config_env_override ... ok
[INFO] [stdout] test config::tests::test_config_hardcoded_defaults ... ok
[INFO] [stdout] test config::tests::test_parse_duration_minutes ... ok
[INFO] [stdout] test config::tests::test_parse_duration_plain_number ... ok
[INFO] [stdout] test config::tests::test_parse_duration_seconds ... ok
[INFO] [stdout] test config::yaml_file::tests::empty_and_missing_files_are_empty_layers ... ok
[INFO] [stdout] test config::yaml_file::tests::malformed_file_fails_with_its_location ... ok
[INFO] [stdout] test config::yaml_file::tests::yaml_11_booleans_stay_text ... ok
[INFO] [stdout] test config::tests::test_config_new ... ok
[INFO] [stdout] test config::tests::test_config_options_default ... ok
[INFO] [stdout] test config::tests::test_parse_duration_hours ... ok
[INFO] [stdout] test config::yaml_file::tests::reads_nested_keys_and_types ... ok
[INFO] [stdout] test env::tests::a_blank_variable_counts_as_unset ... ok
[INFO] [stdout] test crypto::tests::default_is_prod_commercial_floor ... ok
[INFO] [stdout] test env::tests::a_malformed_root_mount_line_is_bare_metal ... ok
[INFO] [stdout] test env::tests::blank_variables_still_warn ... ok
[INFO] [stdout] test crypto::tests::devtest_quietens_warnings_but_keeps_algorithms ... ok
[INFO] [stdout] test crypto::tests::highsec_is_strict ... ok
[INFO] [stdout] test env::tests::an_overlay_root_a_runtime_built_is_a_container ... ok
[INFO] [stdout] test env::tests::default_posture_warns_once_naming_the_variables ... ok
[INFO] [stdout] test env::tests::detect_reads_the_otel_endpoint_and_ignores_a_blank_one ... ok
[INFO] [stdout] test env::tests::a_root_that_is_not_a_container_overlay_is_bare_metal ... ok
[INFO] [stdout] test env::tests::any_set_variable_silences_the_warning ... ok
[INFO] [stdout] test env::tests::a_docker_host_with_host_dirs_and_container_mounts_is_bare_metal ... ok
[INFO] [stdout] test env::tests::get_app_env_arms_the_process_warning ... ok
[INFO] [stdout] test env::tests::get_app_env_trims_the_value ... ok
[INFO] [stdout] test env::tests::container_variables_are_detected ... ok
[INFO] [stdout] test env::tests::default_posture_waits_for_a_subscriber ... ok
[INFO] [stdout] test env::tests::dockerenv_is_docker ... ok
[INFO] [stdout] test env::tests::empty_container_variables_are_bare_metal ... ok
[INFO] [stdout] test env::tests::test_environment_display ... ok
[INFO] [stdout] test env::tests::test_environment_is_bare_metal ... ok
[INFO] [stdout] test env::tests::is_ci_reads_each_runner_variable ... ok
[INFO] [stdout] test env::tests::test_environment_detect_returns_valid ... ok
[INFO] [stdout] test env::tests::is_production_reads_each_variable_in_turn ... ok
[INFO] [stdout] test env::tests::is_production_accepts_only_production_and_prod ... ok
[INFO] [stdout] test env::tests::test_environment_is_container ... ok
[INFO] [stdout] test env::tests::test_read_cgroup_cpu_quota_returns_option ... ok
[INFO] [stdout] test env::tests::missing_proc_files_are_bare_metal ... ok
[INFO] [stdout] test env::tests::test_get_app_env_from_app_env ... ok
[INFO] [stdout] test env::tests::test_runtime_context_bare_metal_has_no_k8s_fields ... ok
[INFO] [stdout] test env::tests::test_environment_is_kubernetes ... ok
[INFO] [stdout] test env::tests::test_runtime_context_global_singleton ... ok
[INFO] [stdout] test env::tests::test_runtime_context_detect_does_not_panic ... ok
[INFO] [stdout] test env::tests::test_read_cgroup_memory_limit_returns_option ... ok
[INFO] [stdout] test env::tests::test_prestop_delay_default_bare_metal ... ok
[INFO] [stdout] test env::tests::test_runtime_context_is_kubernetes_convenience ... ok
[INFO] [stdout] test env::tests::test_runtime_context_is_bare_metal_convenience ... ok
[INFO] [stdout] test env::tests::test_get_app_env_default ... ok
[INFO] [stdout] test env::tests::test_runtime_context_reads_node_name_env ... ok
[INFO] [stdout] test env::tests::test_runtime_context_reads_pod_name_env ... ok
[INFO] [stdout] test env::tests::unset_format_is_json_with_otel_then_text_in_ci_or_on_a_tty ... ok
[INFO] [stdout] test kafka_config::tests::config_from_file_not_found ... ok
[INFO] [stdout] test env::tests::the_service_account_directory_is_kubernetes ... ok
[INFO] [stdout] test env::tests::test_runtime_context_reads_namespace_env ... ok
[INFO] [stdout] test kafka_config::tests::config_from_file_yaml_reads_every_value_as_text ... ok
[INFO] [stdout] test kafka_config::tests::dfe_source_cg_override_wins ... ok
[INFO] [stdout] test kafka_config::tests::config_from_file_unsupported_extension ... ok
[INFO] [stdout] test kafka_config::tests::config_from_file_properties ... ok
[INFO] [stdout] test kafka_config::tests::config_from_file_yaml_refuses_a_null_value ... ok
[INFO] [stdout] test kafka_config::tests::consumer_production_only_non_defaults ... ok
[INFO] [stdout] test kafka_config::tests::dfe_source_cg_universal ... ok
[INFO] [stdout] test kafka_config::tests::dfe_source_cg_transform_default ... ok
[INFO] [stdout] test kafka_config::tests::dfe_source_cg_universal_ignores_pipeline ... ok
[INFO] [stdout] test kafka_config::tests::dfe_source_cg_transform_empty_source_errors ... ok
[INFO] [stdout] test kafka_config::tests::dfe_source_cg_transform_empty_source_pipeline_rescues ... ok
[INFO] [stdout] test kafka_config::tests::dfe_source_custom_suffixes ... ok
[INFO] [stdout] test kafka_config::tests::dfe_source_default_topics ... ok
[INFO] [stdout] test kafka_config::tests::dfe_source_from_topic_load ... ok
[INFO] [stdout] test kafka_config::tests::dfe_source_from_topic_unknown ... ok
[INFO] [stdout] test kafka_config::tests::dfe_source_from_topic_edge_cases ... ok
[INFO] [stdout] test kafka_config::tests::dfe_source_from_topic_land ... ok
[INFO] [stdout] test kafka_config::tests::dfe_source_cg_override_wins_universal ... ok
[INFO] [stdout] test kafka_config::tests::kafka_source_group_prefix_leads_every_derived_group ... ok
[INFO] [stdout] test kafka_config::tests::kafka_source_group_prefix_shows_in_the_refusal ... ok
[INFO] [stdout] test kafka_config::tests::dfe_source_cg_transform_with_pipeline ... ok
[INFO] [stdout] test kafka_config::tests::kafka_source_has_no_group_prefix_by_default ... ok
[INFO] [stdout] test kafka_config::tests::merge_empty_overrides_returns_profile ... ok
[INFO] [stdout] test kafka_config::tests::merge_empty_profile_returns_overrides ... ok
[INFO] [stdout] test kafka_config::tests::merge_user_overrides_win ... ok
[INFO] [stdout] test kafka_config::tests::kafka_source_group_prefix_skips_an_override ... ok
[INFO] [stdout] test kafka_config::tests::producer_production_only_non_defaults ... ok
[INFO] [stdout] test logger::credential::tests::a_name_starting_with_a_digit_runs_to_its_close_and_no_pass_replaces_it ... ok
[INFO] [stdout] test logger::credential::tests::a_parent_qualifies_only_a_bare_name ... ok
[INFO] [stdout] test logger::credential::tests::a_quoted_value_closes_at_its_first_unescaped_quote_else_its_next ... ok
[INFO] [stdout] test env::tests::container_cgroups_are_containers ... ok
[INFO] [stdout] test kafka_config::tests::properties_str_basic ... ok
[INFO] [stdout] test kafka_config::tests::properties_str_empty_and_whitespace ... ok
[INFO] [stdout] test kafka_config::tests::properties_str_value_with_equals ... ok
[INFO] [stdout] test logger::credential::tests::a_wrapper_closes_at_its_own_parenthesis ... ok
[INFO] [stdout] test logger::credential::tests::a_single_quoted_value_an_escape_leaves_open_masks_to_its_next_quote ... ok
[INFO] [stdout] test logger::credential::tests::a_spelling_holding_a_shorter_one_is_dropped ... ok
[INFO] [stdout] test logger::credential::tests::a_wrapper_that_never_closes_runs_to_the_end_of_the_text ... ok
[INFO] [stdout] test logger::credential::tests::a_string_with_no_unescaped_close_closes_at_its_next_quote_and_no_pass_replaces_it ... ok
[INFO] [stdout] test logger::credential::tests::a_wrapped_value_closes_within_4096_bytes ... ok
[INFO] [stdout] test logger::credential::tests::the_last_closable_quote_has_an_even_run_of_backslashes_before_it ... ok
[INFO] [stdout] test logger::credential::tests::words_split_on_case_digits_and_separators ... ok
[INFO] [stdout] test logger::credential::tests::unchanged_text_is_not_copied ... ok
[INFO] [stdout] test logger::credential::tests::bearer_needs_a_word_boundary_space_and_token ... ok
[INFO] [stdout] test logger::helpers::tests::test_debounced_first_call ... ok
[INFO] [stdout] test logger::format::tests::test_coloured_formatter_builder ... ok
[INFO] [stdout] test logger::credential::tests::digit_groups_stop_at_a_word ... ok
[INFO] [stdout] test logger::format::tests::test_level_style_returns_distinct_styles ... ok
[INFO] [stdout] test logger::helpers::tests::test_state_change_transitions ... ok
[INFO] [stdout] test logger::credential::tests::an_empty_matcher_names_nothing ... ok
[INFO] [stdout] test logger::masking::tests::a_coloured_text_line_is_masked_and_a_clean_one_keeps_its_colour ... ok
[INFO] [stdout] test logger::masking::tests::a_json_line_with_masking_off_keeps_its_strings ... ok
[INFO] [stdout] test logger::helpers::tests::test_debounced_within_interval ... ok
[INFO] [stdout] test logger::masking::tests::a_line_that_is_not_json_is_masked_as_text ... ok
[INFO] [stdout] test logger::masking::tests::a_debug_dump_masks_wrapped_and_multi_line_values ... ok
[INFO] [stdout] test logger::masking::tests::a_log_target_path_is_not_a_key ... ok
[INFO] [stdout] test logger::helpers::tests::test_sampled_first_and_nth ... ok
[INFO] [stdout] test logger::helpers::tests::test_sampled_rate_1 ... ok
[INFO] [stdout] test logger::masking::tests::a_json_message_is_masked_as_text ... ok
[INFO] [stdout] test logger::masking::tests::ansi_sequences_are_stripped_whole ... ok
[INFO] [stdout] test logger::masking::tests::an_added_field_is_matched_in_any_spelling ... ok
[INFO] [stdout] test logger::masking::tests::an_escaped_quote_does_not_end_a_value ... ok
[INFO] [stdout] test logger::masking::tests::structured_cases_match_the_shared_corpus ... ok
[INFO] [stdout] test logger::masking::tests::test_mask_sensitive_string ... ok
[INFO] [stdout] test logger::masking::tests::test_masking_layer_add_fields ... ok
[INFO] [stdout] test logger::masking::tests::test_masking_layer_should_mask ... ok
[INFO] [stdout] test logger::masking::tests::test_masking_writer_passthrough_when_empty ... ok
[INFO] [stdout] test logger::masking::tests::test_masking_writer_redacts_json_on_drop ... ok
[INFO] [stdout] test logger::masking::tests::test_masking_writer_redacts_text_on_drop ... ok
[INFO] [stdout] test logger::masking::tests::test_redact_json_line_invalid_json_passthrough ... ok
[INFO] [stdout] test logger::masking::tests::test_redact_json_line_nested ... ok
[INFO] [stdout] test logger::masking::tests::test_redact_json_line_preserves_non_sensitive ... ok
[INFO] [stdout] test logger::masking::tests::test_redact_json_line_sensitive_field ... ok
[INFO] [stdout] test logger::masking::tests::test_redact_text_line_case_insensitive ... ok
[INFO] [stdout] test logger::masking::tests::test_redact_text_line_multiple_sensitive ... ok
[INFO] [stdout] test logger::masking::tests::test_masking_layer_custom_fields ... ok
[INFO] [stdout] test logger::masking::tests::test_redact_text_line_no_sensitive_fields ... ok
[INFO] [stdout] test logger::masking::tests::a_text_writer_masks_key_colon_value ... ok
[INFO] [stdout] test logger::masking::tests::test_redact_text_line_unquoted_value ... ok
[INFO] [stdout] test logger::security::tests::test_convenience_functions ... ok
[INFO] [stdout] test logger::masking::tests::test_redact_text_line_quoted_value ... ok
[INFO] [stdout] test logger::security::tests::test_error_outcome_event ... ok
[INFO] [stdout] test logger::security::tests::test_ipv6_source ... ok
[INFO] [stdout] test logger::security::tests::test_minimal_event ... ok
[INFO] [stdout] test logger::security::tests::test_outcome_display ... ok
[INFO] [stdout] test logger::security::tests::test_security_event_builder ... ok
[INFO] [stdout] test logger::masking::tests::test_default_sensitive_fields ... ok
[INFO] [stdout] test logger::security::tests::the_convenience_functions_keep_their_detail ... ok
[INFO] [stdout] test logger::security::tests::every_outcome_logs_its_reason_and_detail ... ok
[INFO] [stdout] test logger::security::tests::test_no_source_ip ... ok
[INFO] [stdout] test logger::tests::auto_is_json_off_a_terminal_and_text_on_one ... ok
[INFO] [stdout] test logger::security::tests::test_outcome_as_str ... ok
[INFO] [stdout] test logger::tests::auto_is_json_with_an_otel_endpoint_even_on_a_terminal ... ok
[INFO] [stdout] test logger::tests::auto_is_text_in_ci_even_when_piped ... ok
[INFO] [stdout] test logger::tests::a_string_color_leaves_level_and_format_intact ... ok
[INFO] [stdout] test logger::tests::colour_follows_the_terminal_when_nothing_is_set ... ok
[INFO] [stdout] test logger::tests::config_outranks_the_terminal ... ok
[INFO] [stdout] test logger::tests::log_color_outranks_everything ... ok
[INFO] [stdout] test logger::tests::logger_color_reads_bools_numbers_and_strings ... ok
[INFO] [stdout] test logger::tests::no_color_outranks_config_and_the_terminal ... ok
[INFO] [stdout] test logger::tests::test_is_no_color ... ok
[INFO] [stdout] test logger::tests::test_log_format_from_str ... ok
[INFO] [stdout] test logger::tests::test_log_format_resolve ... ok
[INFO] [stdout] test logger::tests::test_logger_options_default ... ok
[INFO] [stdout] test logger::tests::the_first_concrete_selector_wins ... ok
[INFO] [stdout] test runner::the_suite_runs_one_test_per_process_under_cargo_nextest ... FAILED
[INFO] [stdout] test logger::credential::tests::a_wrapped_value_ends_where_a_character_scan_ends_it ... ok
[INFO] [stdout] test sensitive::tests::debug_is_redacted ... ok
[INFO] [stdout] test env::tests::host_service_cgroups_are_bare_metal ... ok
[INFO] [stdout] test sensitive::tests::expose_during_nests_correctly ... ok
[INFO] [stdout] test sensitive::tests::default_is_empty ... ok
[INFO] [stdout] test sensitive::tests::deserialize_reads_actual_value ... ok
[INFO] [stdout] test sensitive::tests::deserialize_reads_null_as_empty ... ok
[INFO] [stdout] test sensitive::tests::deserialize_refuses_a_sequence ... ok
[INFO] [stdout] test sensitive::tests::display_is_redacted ... ok
[INFO] [stdout] test sensitive::tests::round_trip_inside_expose_during_preserves_value ... ok
[INFO] [stdout] test sensitive::tests::expose_returns_actual_value ... ok
[INFO] [stdout] test sensitive::tests::expose_flag_is_thread_local ... ok
[INFO] [stdout] test sensitive::tests::no_leak_through_any_serialisation_path ... ok
[INFO] [stdout] test sensitive::tests::sensitive_names_match_case_insensitively_by_fragment ... ok
[INFO] [stdout] test sensitive::tests::round_trip_outside_expose_during_redacts ... ok
[INFO] [stdout] test sensitive::tests::serialize_always_redacted ... ok
[INFO] [stdout] test sensitive::tests::struct_with_sensitive_field_deserialises_correctly ... ok
[INFO] [stdout] test sensitive::tests::struct_with_sensitive_field_serialises_safely ... ok
[INFO] [stdout] test yaml::lint::tests::lint_messages_never_quote_the_value ... ok
[INFO] [stdout] test sensitive::tests::struct_round_trip_inside_expose_during_preserves_values ... ok
[INFO] [stdout] test yaml::lint::tests::profiles_choose_their_passes ... ok
[INFO] [stdout] test yaml::lint::tests::number_shapes_skips_keys_quoted_and_tagged_values ... ok
[INFO] [stdout] test yaml::lint::tests::odd_indentation_reports_line_and_spaces ... ok
[INFO] [stdout] test yaml::tests::binary_tag_into_string_keeps_the_text ... ok
[INFO] [stdout] test sensitive::tests::expose_during_restores_after_body ... ok
[INFO] [stdout] test sensitive::tests::expose_during_restores_after_panic ... ok
[INFO] [stdout] test sensitive::tests::from_string ... ok
[INFO] [stdout] test yaml::tests::errors_and_loaded_values_cross_threads ... ok
[INFO] [stdout] test yaml::lint::tests::number_shape_flags_leading_zero_and_underscore_only ... ok
[INFO] [stdout] test yaml::tests::duplicate_keys_are_refused_in_structs_maps_and_values ... ok
[INFO] [stdout] test yaml::tests::empty_and_comment_only_documents_read_as_default ... ok
[INFO] [stdout] test yaml::tests::more_than_one_document_is_refused ... ok
[INFO] [stdout] test yaml::tests::merge_keys_are_merged ... ok
[INFO] [stdout] test yaml::tests::non_finite_floats_are_refused_untyped_and_read_typed ... ok
[INFO] [stdout] test yaml::tests::null_into_string_is_a_located_error ... ok
[INFO] [stdout] test yaml::tests::errors_carry_origin_line_and_column_and_no_neighbour_value ... ok
[INFO] [stdout] test yaml::tests::leading_zero_and_underscore_numbers_by_target ... ok
[INFO] [stdout] test yaml::tests::render_snippet_masks_under_a_secret_parent ... ok
[INFO] [stdout] test yaml::tests::render_snippet_shows_one_line_and_masks_secrets ... ok
[INFO] [stdout] test yaml::tests::only_true_and_false_are_booleans ... ok
[INFO] [stdout] test yaml::tests::render_snippet_is_empty_without_a_line ... ok
[INFO] [stdout] test yaml::tests::reporting_lists_unknown_keys_and_lints ... ok
[INFO] [stdout] test yaml::tests::to_string_refuses_what_does_not_read_back ... ok
[INFO] [stdout] test yaml::tests::sensitive_string_reads_null_as_empty ... ok
[INFO] [stdout] test yaml::tests::to_string_accepts_f32_rounding ... ok
[INFO] [stdout] test yaml::tests::to_string_reads_back_and_empties_whitespace_lines ... ok
[INFO] [stdout] test yaml::tests::from_path_names_the_file ... ok
[INFO] [stdout] test yaml::tests::config_budget_refuses_deep_nesting_and_big_input ... ok
[INFO] [stdout] test yaml::tests::trusted_profile_has_no_byte_limit ... ok
[INFO] [stdout] test logger::helpers::tests::test_debounced_lets_exactly_one_concurrent_caller_through ... ok
[INFO] [stdout] test yaml::tests::data_budget_takes_a_40k_row_table ... ok
[INFO] [stdout] 
[INFO] [stdout] failures:
[INFO] [stdout] 
[INFO] [stdout] ---- config::tests::cascade_absent_warning_is_one_shot stdout ----
[INFO] [stdout] 
[INFO] [stdout] thread 'config::tests::cascade_absent_warning_is_one_shot' (7233) panicked at src/config/mod.rs:653:9:
[INFO] [stdout] the flag must stay armed, so the warning cannot repeat
[INFO] [stdout] stack backtrace:
[INFO] [stdout]    0:     0x6417d0b316a1 - <<std[617be2ca0a6fd877]::sys::backtrace::BacktraceLock>::print::DisplayBacktrace as core[a373ad73a504971]::fmt::Display>::fmt
[INFO] [stdout]    1:     0x6417d0b4a58a - core[a373ad73a504971]::fmt::write
[INFO] [stdout]    2:     0x6417d0b3605c - <alloc[2e1b2a31b91974c5]::vec::Vec<u8> as core[a373ad73a504971]::io::write::Write>::write_fmt
[INFO] [stdout]    3:     0x6417d0b0ae76 - std[617be2ca0a6fd877]::panicking::default_hook::{closure#0}
[INFO] [stdout]    4:     0x6417d0b28a59 - std[617be2ca0a6fd877]::panicking::default_hook
[INFO] [stdout]    5:     0x6417d09b7470 - test[aada8e7e76ba119b]::test_main_inner::{closure#0}
[INFO] [stdout]    6:     0x6417d0b28d82 - std[617be2ca0a6fd877]::panicking::panic_with_hook
[INFO] [stdout]    7:     0x6417d0b0af54 - std[617be2ca0a6fd877]::panicking::panic_handler::{closure#0}
[INFO] [stdout]    8:     0x6417d0b037c9 - std[617be2ca0a6fd877]::sys::backtrace::__rust_end_short_backtrace::<std[617be2ca0a6fd877]::panicking::panic_handler::{closure#0}, !>
[INFO] [stdout]    9:     0x6417d0b0bd4d - __rustc[ea4f61d10b84890b]::rust_begin_unwind
[INFO] [stdout]   10:     0x6417d0b4acec - core[a373ad73a504971]::panicking::panic_fmt
[INFO] [stdout]   11:     0x6417d0949d92 - <scalo[f84afb847f0871e4]::config::tests::cascade_absent_warning_is_one_shot::{closure#0} as core[a373ad73a504971]::ops::function::FnOnce<()>>::call_once
[INFO] [stdout]   12:     0x6417d09aa8bb - test[aada8e7e76ba119b]::__rust_begin_short_backtrace::<core[a373ad73a504971]::result::Result<(), alloc[2e1b2a31b91974c5]::string::String>, fn() -> core[a373ad73a504971]::result::Result<(), alloc[2e1b2a31b91974c5]::string::String>>
[INFO] [stdout]   13:     0x6417d09b7a95 - test[aada8e7e76ba119b]::run_test::{closure#0}
[INFO] [stdout]   14:     0x6417d09b1384 - std[617be2ca0a6fd877]::sys::backtrace::__rust_begin_short_backtrace::<test[aada8e7e76ba119b]::run_test::{closure#1}, ()>
[INFO] [stdout]   15:     0x6417d09bab22 - <std[617be2ca0a6fd877]::thread::lifecycle::spawn_unchecked<test[aada8e7e76ba119b]::run_test::{closure#1}, ()>::{closure#1} as core[a373ad73a504971]::ops::function::FnOnce<()>>::call_once::{shim:vtable#0}
[INFO] [stdout]   16:     0x6417d0b3097f - <std[617be2ca0a6fd877]::sys::thread::unix::Thread>::new::thread_start
[INFO] [stdout]   17:     0x7b835ff46dfa - <unknown>
[INFO] [stdout]   18:     0x7b835ffda3d4 - clone
[INFO] [stdout]   19:                0x0 - <unknown>
[INFO] [stdout] 
[INFO] [stdout] ---- runner::the_suite_runs_one_test_per_process_under_cargo_nextest stdout ----
[INFO] [stdout] 
[INFO] [stdout] thread 'runner::the_suite_runs_one_test_per_process_under_cargo_nextest' (7427) panicked at src/lib.rs:491:9:
[INFO] [stdout] assertion `left == right` failed: scalo's tests share process-global state (the config cascade, the metrics recorder, the health registry, the heap-source hook, the environment), so they run one test per process: use `cargo nextest run`, as CI does. Under plain `cargo test` other tests fail for that reason rather than their own.
[INFO] [stdout]   left: Err(NotPresent)
[INFO] [stdout]  right: Ok("process-per-test")
[INFO] [stdout] stack backtrace:
[INFO] [stdout]    0:     0x6417d0b316a1 - <<std[617be2ca0a6fd877]::sys::backtrace::BacktraceLock>::print::DisplayBacktrace as core[a373ad73a504971]::fmt::Display>::fmt
[INFO] [stdout]    1:     0x6417d0b4a58a - core[a373ad73a504971]::fmt::write
[INFO] [stdout]    2:     0x6417d0b3605c - <alloc[2e1b2a31b91974c5]::vec::Vec<u8> as core[a373ad73a504971]::io::write::Write>::write_fmt
[INFO] [stdout]    3:     0x6417d0b0ae76 - std[617be2ca0a6fd877]::panicking::default_hook::{closure#0}
[INFO] [stdout]    4:     0x6417d0b28a59 - std[617be2ca0a6fd877]::panicking::default_hook
[INFO] [stdout]    5:     0x6417d09b7470 - test[aada8e7e76ba119b]::test_main_inner::{closure#0}
[INFO] [stdout]    6:     0x6417d0b28d82 - std[617be2ca0a6fd877]::panicking::panic_with_hook
[INFO] [stdout]    7:     0x6417d0b0af22 - std[617be2ca0a6fd877]::panicking::panic_handler::{closure#0}
[INFO] [stdout]    8:     0x6417d0b037c9 - std[617be2ca0a6fd877]::sys::backtrace::__rust_end_short_backtrace::<std[617be2ca0a6fd877]::panicking::panic_handler::{closure#0}, !>
[INFO] [stdout]    9:     0x6417d0b0bd4d - __rustc[ea4f61d10b84890b]::rust_begin_unwind
[INFO] [stdout]   10:     0x6417d0b4acec - core[a373ad73a504971]::panicking::panic_fmt
[INFO] [stdout]   11:     0x6417d0b4ac63 - core[a373ad73a504971]::panicking::assert_failed_inner
[INFO] [stdout]   12:     0x6417d0912ec0 - core[a373ad73a504971]::panicking::assert_failed::<core[a373ad73a504971]::result::Result<&str, &std[617be2ca0a6fd877]::env::VarError>, core[a373ad73a504971]::result::Result<&str, &std[617be2ca0a6fd877]::env::VarError>>
[INFO] [stderr] error: test failed, to rerun pass `--lib`
[INFO] [stdout]   13:     0x6417d090f072 - <scalo[f84afb847f0871e4]::runner::the_suite_runs_one_test_per_process_under_cargo_nextest::{closure#0} as core[a373ad73a504971]::ops::function::FnOnce<()>>::call_once
[INFO] [stdout]   14:     0x6417d09aa8bb - test[aada8e7e76ba119b]::__rust_begin_short_backtrace::<core[a373ad73a504971]::result::Result<(), alloc[2e1b2a31b91974c5]::string::String>, fn() -> core[a373ad73a504971]::result::Result<(), alloc[2e1b2a31b91974c5]::string::String>>
[INFO] [stdout]   15:     0x6417d09b7a95 - test[aada8e7e76ba119b]::run_test::{closure#0}
[INFO] [stdout]   16:     0x6417d09b1384 - std[617be2ca0a6fd877]::sys::backtrace::__rust_begin_short_backtrace::<test[aada8e7e76ba119b]::run_test::{closure#1}, ()>
[INFO] [stdout]   17:     0x6417d09bab22 - <std[617be2ca0a6fd877]::thread::lifecycle::spawn_unchecked<test[aada8e7e76ba119b]::run_test::{closure#1}, ()>::{closure#1} as core[a373ad73a504971]::ops::function::FnOnce<()>>::call_once::{shim:vtable#0}
[INFO] [stdout]   18:     0x6417d0b3097f - <std[617be2ca0a6fd877]::sys::thread::unix::Thread>::new::thread_start
[INFO] [stdout]   19:     0x7b835ff46dfa - <unknown>
[INFO] [stdout]   20:     0x7b835ffda3d4 - clone
[INFO] [stdout]   21:                0x0 - <unknown>
[INFO] [stdout] 
[INFO] [stdout] 
[INFO] [stdout] failures:
[INFO] [stdout]     config::tests::cascade_absent_warning_is_one_shot
[INFO] [stdout]     runner::the_suite_runs_one_test_per_process_under_cargo_nextest
[INFO] [stdout] 
[INFO] [stdout] test result: FAILED. 282 passed; 2 failed; 0 ignored; 0 measured; 0 filtered out; finished in 1.46s
[INFO] [stdout] 
[INFO] running `Command { std: "docker" "inspect" "b627ab7233da6e9bb2b2564bc04ae15199e0795906d1045647782f5db00411c4", kill_on_drop: false }`
[INFO] running `Command { std: "docker" "rm" "-f" "b627ab7233da6e9bb2b2564bc04ae15199e0795906d1045647782f5db00411c4", kill_on_drop: false }`
[INFO] [stdout] b627ab7233da6e9bb2b2564bc04ae15199e0795906d1045647782f5db00411c4
