[INFO] fetching crate salvor-engine 0.10.0...
[INFO] testing salvor-engine-0.10.0 against 1.100.0-beta.1+cargoflags=--release for beta-release-1.100-2
[INFO] extracting crate salvor-engine 0.10.0 into /workspace/builds/worker-5-tc2/source
[INFO] started tweaking crates.io crate salvor-engine 0.10.0
[INFO] removed 0 missing tests
[INFO] finished tweaking crates.io crate salvor-engine 0.10.0
[INFO] tweaked toml for crates.io crate salvor-engine 0.10.0 written to /workspace/builds/worker-5-tc2/source/Cargo.toml
[INFO] validating manifest of crates.io crate salvor-engine 0.10.0 on toolchain 1.100.0-beta.1
[INFO] running `Command { std: CARGO_HOME="/workspace/cargo-home" RUSTUP_HOME="/workspace/rustup-home" "/workspace/cargo-home/bin/cargo" "+1.100.0-beta.1" "metadata" "--manifest-path" "Cargo.toml" "--no-deps", kill_on_drop: false }`
[INFO] crate crates.io crate salvor-engine 0.10.0 already has a lockfile, it will not be regenerated
[INFO] running `Command { std: CARGO_HOME="/workspace/cargo-home" RUSTUP_HOME="/workspace/rustup-home" "/workspace/cargo-home/bin/cargo" "+1.100.0-beta.1" "fetch" "--manifest-path" "Cargo.toml", kill_on_drop: false }`
[INFO] running `Command { std: "docker" "create" "-v" "/var/lib/crater-agent-workspace/builds/worker-5-tc2/source:/opt/rustwide/workdir:ro,Z" "-v" "/var/lib/crater-agent-workspace/builds/worker-5-tc2/target:/opt/rustwide/target:rw,Z" "-v" "/var/lib/crater-agent-workspace/cargo-home:/opt/rustwide/cargo-home:ro,Z" "-v" "/var/lib/crater-agent-workspace/rustup-home:/opt/rustwide/rustup-home:ro,Z" "-m" "1610612736" "--network" "none" "ghcr.io/rust-lang/crates-build-env/linux@sha256:77db811e55d90add9212f6832c23229e3de5f1c1f9905e8cb07319ea15df73ac" "sleep" "infinity", kill_on_drop: false }`
[INFO] [stdout] 32d7b214f61d3f4585f674487a165c2b3675bf199e72d2e4a5dacf8bf4ca7c11
[INFO] running `Command { std: "docker" "start" "32d7b214f61d3f4585f674487a165c2b3675bf199e72d2e4a5dacf8bf4ca7c11", kill_on_drop: false }`
[INFO] running `Command { std: "docker" "inspect" "32d7b214f61d3f4585f674487a165c2b3675bf199e72d2e4a5dacf8bf4ca7c11", kill_on_drop: false }`
[INFO] running `Command { std: "docker" "exec" "-e" "SOURCE_DIR=/opt/rustwide/workdir" "-e" "CARGO_HOME=/opt/rustwide/cargo-home" "-e" "RUSTUP_HOME=/opt/rustwide/rustup-home" "-e" "CARGO_TARGET_DIR=/opt/rustwide/target" "-w" "/opt/rustwide/workdir" "--user" "0:0" "32d7b214f61d3f4585f674487a165c2b3675bf199e72d2e4a5dacf8bf4ca7c11" "/opt/rustwide/cargo-home/bin/cargo" "+1.100.0-beta.1" "metadata" "--no-deps" "--format-version=1", kill_on_drop: false }`
[INFO] running `Command { std: "docker" "inspect" "32d7b214f61d3f4585f674487a165c2b3675bf199e72d2e4a5dacf8bf4ca7c11", kill_on_drop: false }`
[INFO] running `Command { std: "docker" "exec" "-e" "SOURCE_DIR=/opt/rustwide/workdir" "-e" "CARGO_HOME=/opt/rustwide/cargo-home" "-e" "RUSTUP_HOME=/opt/rustwide/rustup-home" "-e" "CARGO_TARGET_DIR=/opt/rustwide/target" "-e" "CARGO_INCREMENTAL=0" "-e" "RUST_BACKTRACE=full" "-e" "RUSTFLAGS=--cap-lints=warn" "-e" "RUSTDOCFLAGS=--cap-lints=warn" "-w" "/opt/rustwide/workdir" "--user" "0:0" "32d7b214f61d3f4585f674487a165c2b3675bf199e72d2e4a5dacf8bf4ca7c11" "/opt/rustwide/cargo-home/bin/cargo" "+1.100.0-beta.1" "build" "--frozen" "--message-format=json" "--release", kill_on_drop: false }`
[INFO] [stderr]    Compiling syn v2.0.118
[INFO] [stderr]    Compiling serde_json v1.0.150
[INFO] [stderr]    Compiling parking_lot_core v0.9.12
[INFO] [stderr]    Compiling num-traits v0.2.19
[INFO] [stderr]    Compiling mio v1.2.1
[INFO] [stderr]    Compiling socket2 v0.6.4
[INFO] [stderr]    Compiling cc v1.2.66
[INFO] [stderr]    Compiling http-body v1.0.1
[INFO] [stderr]    Compiling getrandom v0.3.4
[INFO] [stderr]    Compiling rustls-pki-types v1.15.0
[INFO] [stderr]    Compiling getrandom v0.4.3
[INFO] [stderr]    Compiling hashbrown v0.17.1
[INFO] [stderr]    Compiling rustls v0.23.41
[INFO] [stderr]    Compiling nix v0.31.3
[INFO] [stderr]    Compiling time-macros v0.2.31
[INFO] [stderr]    Compiling deranged v0.5.8
[INFO] [stderr]    Compiling http-body-util v0.1.3
[INFO] [stderr]    Compiling uuid v1.23.4
[INFO] [stderr]    Compiling rmcp v2.2.0
[INFO] [stderr]    Compiling parking_lot v0.12.5
[INFO] [stderr]    Compiling regex-automata v0.4.15
[INFO] [stderr]    Compiling rand v0.10.2
[INFO] [stderr]    Compiling webpki-roots v1.0.8
[INFO] [stderr]    Compiling pastey v0.2.3
[INFO] [stderr]    Compiling borrow-or-share v0.2.4
[INFO] [stderr]    Compiling unicode-general-category v1.1.0
[INFO] [stderr]    Compiling bit-vec v0.8.0
[INFO] [stderr]    Compiling sha2 v0.10.9
[INFO] [stderr]    Compiling num-integer v0.1.46
[INFO] [stderr]    Compiling num-bigint v0.4.8
[INFO] [stderr]    Compiling num-iter v0.1.46
[INFO] [stderr]    Compiling num-complex v0.4.6
[INFO] [stderr]    Compiling bit-set v0.8.0
[INFO] [stderr]    Compiling time v0.3.53
[INFO] [stderr]    Compiling num-cmp v0.1.0
[INFO] [stderr]    Compiling bytecount v0.6.9
[INFO] [stderr]    Compiling outref v0.5.2
[INFO] [stderr]    Compiling vsimd v0.8.0
[INFO] [stderr]    Compiling ring v0.17.14
[INFO] [stderr]    Compiling libsqlite3-sys v0.30.1
[INFO] [stderr]    Compiling micromap v0.3.0
[INFO] [stderr]    Compiling indexmap v2.14.0
[INFO] [stderr]    Compiling jsonschema-regex v0.49.2
[INFO] [stderr]    Compiling uuid-simd v0.8.0
[INFO] [stderr]    Compiling num-rational v0.4.2
[INFO] [stderr]    Compiling synstructure v0.13.2
[INFO] [stderr]    Compiling darling_core v0.23.0
[INFO] [stderr]    Compiling serde_derive_internals v0.29.1
[INFO] [stderr]    Compiling num v0.4.3
[INFO] [stderr]    Compiling fraction v0.15.4
[INFO] [stderr]    Compiling serde_derive v1.0.228
[INFO] [stderr]    Compiling zerovec-derive v0.11.3
[INFO] [stderr]    Compiling displaydoc v0.2.6
[INFO] [stderr]    Compiling tokio-macros v2.7.0
[INFO] [stderr]    Compiling futures-macro v0.3.32
[INFO] [stderr]    Compiling tracing-attributes v0.1.31
[INFO] [stderr]    Compiling thiserror-impl v2.0.18
[INFO] [stderr]    Compiling zerofrom-derive v0.1.7
[INFO] [stderr]    Compiling yoke-derive v0.8.2
[INFO] [stderr]    Compiling tokio v1.52.3
[INFO] [stderr]    Compiling futures-util v0.3.32
[INFO] [stderr]    Compiling ref-cast-impl v1.0.25
[INFO] [stderr]    Compiling schemars_derive v1.2.1
[INFO] [stderr]    Compiling ref-cast v1.0.25
[INFO] [stderr]    Compiling async-trait v0.1.89
[INFO] [stderr]    Compiling zerofrom v0.1.8
[INFO] [stderr]    Compiling salvor-tools-macros v0.10.0
[INFO] [stderr]    Compiling strum_macros v0.28.0
[INFO] [stderr]    Compiling regex v1.13.0
[INFO] [stderr]    Compiling fancy-regex v0.18.0
[INFO] [stderr]    Compiling tracing v0.1.44
[INFO] [stderr]    Compiling yoke v0.8.3
[INFO] [stderr]    Compiling thiserror v2.0.18
[INFO] [stderr]    Compiling zerovec v0.11.6
[INFO] [stderr]    Compiling zerotrie v0.2.4
[INFO] [stderr]    Compiling strum v0.28.0
[INFO] [stderr]    Compiling tinystr v0.8.3
[INFO] [stderr]    Compiling potential_utf v0.1.5
[INFO] [stderr]    Compiling darling_macro v0.23.0
[INFO] [stderr]    Compiling icu_collections v2.2.0
[INFO] [stderr]    Compiling darling v0.23.0
[INFO] [stderr]    Compiling icu_locale_core v2.2.0
[INFO] [stderr]    Compiling rmcp-macros v2.2.0
[INFO] [stderr]    Compiling serde v1.0.228
[INFO] [stderr]    Compiling icu_provider v2.2.0
[INFO] [stderr]    Compiling icu_properties v2.2.0
[INFO] [stderr]    Compiling icu_normalizer v2.2.0
[INFO] [stderr]    Compiling ahash v0.8.12
[INFO] [stderr]    Compiling chrono v0.4.45
[INFO] [stderr]    Compiling futures-executor v0.3.32
[INFO] [stderr]    Compiling salvor-replay v0.10.0
[INFO] [stderr]    Compiling hashbrown v0.14.5
[INFO] [stderr]    Compiling serde_urlencoded v0.7.1
[INFO] [stderr]    Compiling sse-stream v0.2.4
[INFO] [stderr]    Compiling fluent-uri v0.4.1
[INFO] [stderr]    Compiling futures v0.3.32
[INFO] [stderr]    Compiling jsonschema-value v0.49.2
[INFO] [stderr]    Compiling email_address v0.2.9
[INFO] [stderr]    Compiling idna_adapter v1.2.2
[INFO] [stderr]    Compiling hashlink v0.9.1
[INFO] [stderr]    Compiling idna v1.1.0
[INFO] [stderr]    Compiling schemars v1.2.1
[INFO] [stderr]    Compiling url v2.5.8
[INFO] [stderr]    Compiling referencing v0.49.2
[INFO] [stderr]    Compiling salvor-core v0.10.0
[INFO] [stderr]    Compiling hyper v1.10.1
[INFO] [stderr]    Compiling tower v0.5.3
[INFO] [stderr]    Compiling tokio-util v0.7.18
[INFO] [stderr]    Compiling tokio-stream v0.1.18
[INFO] [stderr]    Compiling process-wrap v9.1.0
[INFO] [stderr]    Compiling tower-http v0.6.11
[INFO] [stderr]    Compiling jsonschema v0.49.2
[INFO] [stderr]    Compiling salvor-graph v0.10.0
[INFO] [stderr]    Compiling hyper-util v0.1.20
[INFO] [stderr]    Compiling reqwest v0.13.4
[INFO] [stderr]    Compiling rustls-webpki v0.103.13
[INFO] [stderr]    Compiling tokio-rustls v0.26.4
[INFO] [stderr]    Compiling hyper-rustls v0.27.9
[INFO] [stderr]    Compiling reqwest v0.12.28
[INFO] [stderr]    Compiling salvor-llm v0.10.0
[INFO] [stderr]    Compiling salvor-tools v0.10.0
[INFO] [stderr]    Compiling rusqlite v0.32.1
[INFO] [stderr]    Compiling salvor-store v0.10.0
[INFO] [stderr]    Compiling salvor-runtime v0.10.0
[INFO] [stderr]    Compiling salvor-engine v0.10.0 (/opt/rustwide/workdir)
[INFO] [stderr]     Finished `release` profile [optimized] target(s) in 4m 11s
[INFO] [stderr] warning: the following packages contain code that will be rejected by a future version of Rust: nix v0.31.3
[INFO] [stderr] note: to see what the problems were, use the option `--future-incompat-report`, or run `cargo report future-incompatibilities --id 9`
[INFO] running `Command { std: "docker" "inspect" "32d7b214f61d3f4585f674487a165c2b3675bf199e72d2e4a5dacf8bf4ca7c11", kill_on_drop: false }`
[INFO] running `Command { std: "docker" "exec" "-e" "SOURCE_DIR=/opt/rustwide/workdir" "-e" "CARGO_HOME=/opt/rustwide/cargo-home" "-e" "RUSTUP_HOME=/opt/rustwide/rustup-home" "-e" "CARGO_TARGET_DIR=/opt/rustwide/target" "-e" "CARGO_INCREMENTAL=0" "-e" "RUST_BACKTRACE=full" "-e" "RUSTFLAGS=--cap-lints=warn" "-e" "RUSTDOCFLAGS=--cap-lints=warn" "-w" "/opt/rustwide/workdir" "--user" "0:0" "32d7b214f61d3f4585f674487a165c2b3675bf199e72d2e4a5dacf8bf4ca7c11" "/opt/rustwide/cargo-home/bin/cargo" "+1.100.0-beta.1" "test" "--frozen" "--no-run" "--message-format=json" "--release", kill_on_drop: false }`
[INFO] [stderr]    Compiling futures-util v0.3.32
[INFO] [stderr]    Compiling h2 v0.4.15
[INFO] [stderr]    Compiling salvor-replay v0.10.0
[INFO] [stderr]    Compiling num_cpus v1.17.0
[INFO] [stderr]    Compiling assert-json-diff v2.0.2
[INFO] [stderr]    Compiling deadpool v0.12.3
[INFO] [stderr]    Compiling salvor-core v0.10.0
[INFO] [stderr]    Compiling salvor-store v0.10.0
[INFO] [stderr]    Compiling tower v0.5.3
[INFO] [stderr]    Compiling futures-executor v0.3.32
[INFO] [stderr]    Compiling sse-stream v0.2.4
[INFO] [stderr]    Compiling hyper v1.10.1
[INFO] [stderr]    Compiling futures v0.3.32
[INFO] [stderr]    Compiling process-wrap v9.1.0
[INFO] [stderr]    Compiling tower-http v0.6.11
[INFO] [stderr]    Compiling hyper-util v0.1.20
[INFO] [stderr]    Compiling reqwest v0.13.4
[INFO] [stderr]    Compiling hyper-rustls v0.27.9
[INFO] [stderr]    Compiling wiremock v0.6.5
[INFO] [stderr]    Compiling reqwest v0.12.28
[INFO] [stderr]    Compiling rmcp v2.2.0
[INFO] [stderr]    Compiling salvor-llm v0.10.0
[INFO] [stderr]    Compiling salvor-tools v0.10.0
[INFO] [stderr]    Compiling salvor-runtime v0.10.0
[INFO] [stderr]    Compiling salvor-engine v0.10.0 (/opt/rustwide/workdir)
[INFO] [stderr]     Finished `release` profile [optimized] target(s) in 2m 48s
[INFO] [stderr] warning: the following packages contain code that will be rejected by a future version of Rust: nix v0.31.3
[INFO] [stderr] note: to see what the problems were, use the option `--future-incompat-report`, or run `cargo report future-incompatibilities --id 9`
[INFO] running `Command { std: "docker" "inspect" "32d7b214f61d3f4585f674487a165c2b3675bf199e72d2e4a5dacf8bf4ca7c11", kill_on_drop: false }`
[INFO] running `Command { std: "docker" "exec" "-e" "SOURCE_DIR=/opt/rustwide/workdir" "-e" "CARGO_HOME=/opt/rustwide/cargo-home" "-e" "RUSTUP_HOME=/opt/rustwide/rustup-home" "-e" "CARGO_TARGET_DIR=/opt/rustwide/target" "-e" "CARGO_INCREMENTAL=0" "-e" "RUST_BACKTRACE=full" "-e" "RUSTFLAGS=--cap-lints=warn" "-e" "RUSTDOCFLAGS=--cap-lints=warn" "-w" "/opt/rustwide/workdir" "--user" "0:0" "32d7b214f61d3f4585f674487a165c2b3675bf199e72d2e4a5dacf8bf4ca7c11" "/opt/rustwide/cargo-home/bin/cargo" "+1.100.0-beta.1" "test" "--frozen" "--release", kill_on_drop: false }`
[INFO] [stderr]     Finished `release` profile [optimized] target(s) in 0.56s
[INFO] [stderr] warning: the following packages contain code that will be rejected by a future version of Rust: nix v0.31.3
[INFO] [stderr] note: to see what the problems were, use the option `--future-incompat-report`, or run `cargo report future-incompatibilities --id 9`
[INFO] [stderr]      Running unittests src/lib.rs (/opt/rustwide/target/release/build/salvor-engine/3b6874ea31c513a4/out/salvor_engine-3b6874ea31c513a4)
[INFO] [stdout] 
[INFO] [stdout] running 16 tests
[INFO] [stdout] test fork::tests::a_node_the_run_never_entered_is_refused ... ok
[INFO] [stdout] test error::tests::the_permanent_side_is_exactly_the_document_and_log_refusals ... ok
[INFO] [stdout] test fork::tests::a_non_graph_run_is_refused ... ok
[INFO] [stdout] test fork::tests::the_child_prefix_is_byte_identical_modulo_run_id_and_forked_from ... ok
[INFO] [stdout] test walk::tests::a_dangling_edge_is_rejected ... ok
[INFO] [stdout] test error::tests::every_engine_error_variant_is_classified_permanent_or_transient ... ok
[INFO] [stdout] test walk::tests::linear_chain_sorts_to_the_chain ... ok
[INFO] [stdout] test walk::tests::a_cycle_is_rejected ... ok
[INFO] [stdout] test approval::tests::pointers_render_in_the_codebase_path_style ... ok
[INFO] [stdout] test walk::tests::ready_nodes_break_ties_by_id ... ok
[INFO] [stdout] test approval::tests::violations_name_their_paths_and_are_all_reported ... ok
[INFO] [stdout] test approval::tests::the_four_reproduced_inputs_are_violations ... ok
[INFO] [stdout] test approval::tests::an_uncompilable_schema_constrains_nothing ... ok
[INFO] [stdout] test approval::tests::a_schema_that_states_its_own_form_is_left_alone ... ok
[INFO] [stdout] test fork::tests::forking_at_the_write_node_lists_the_write ... ok
[INFO] [stdout] test fork::tests::forking_before_the_write_finds_no_hazard ... ok
[INFO] [stdout] 
[INFO] [stdout] test result: ok. 16 passed; 0 failed; 0 ignored; 0 measured; 0 filtered out; finished in 0.11s
[INFO] [stdout] 
[INFO] [stderr]      Running tests/delay_graph.rs (/opt/rustwide/target/release/build/salvor-engine/138cba5cd65446d6/out/delay_graph-138cba5cd65446d6)
[INFO] [stdout] 
[INFO] [stdout] running 3 tests
[INFO] [stdout] test a_delay_node_parks_on_its_own_timer_and_the_walk_continues ... ok
[INFO] [stdout] test a_delay_run_holds_the_property_at_every_kill_boundary ... ok
[INFO] [stdout] test a_delay_hands_on_exactly_what_reached_it ... ok
[INFO] [stdout] 
[INFO] [stdout] test result: ok. 3 passed; 0 failed; 0 ignored; 0 measured; 0 filtered out; finished in 0.06s
[INFO] [stdout] 
[INFO] [stderr]      Running tests/fold_graph.rs (/opt/rustwide/target/release/build/salvor-engine/3205d54fc6d29896/out/fold_graph-3205d54fc6d29896)
[INFO] [stdout] 
[INFO] [stdout] running 26 tests
[INFO] [stdout] test a_fold_whose_body_is_not_an_agent_or_tool_refuses ... ok
[INFO] [stdout] test best_by_ignores_passes_whose_reference_is_not_comparable ... ok
[INFO] [stdout] test a_transient_refusal_leaves_the_run_recoverable ... ok
[INFO] [stdout] test a_fold_fed_over_an_edge_folds_the_payload_from_pass_zero ... ok
[INFO] [stdout] test a_pass_answering_bare_is_folded_verbatim_beside_one_that_wraps ... ok
[INFO] [stdout] test best_by_breaks_a_tie_to_the_earliest_pass ... ok
[INFO] [stdout] test best_by_with_no_comparable_candidate_refuses_before_converging ... ok
[INFO] [stdout] test a_coincidental_structured_content_field_is_folded_verbatim ... ok
[INFO] [stdout] test an_unwrapped_fold_run_replays_free_and_byte_identical ... ok
[INFO] [stdout] test fold_joins_in_pass_order_and_threads_each_pass_into_the_next ... ok
[INFO] [stdout] test a_fold_folds_the_structured_content_a_tool_result_carries ... ok
[INFO] [stdout] test best_by_picks_the_best_pass_even_in_the_middle ... ok
[INFO] [stdout] test fold_projection_reads_back ... ok
[INFO] [stdout] test a_completed_fold_run_replays_free_and_byte_identical ... ok
[INFO] [stdout] test stop_when_fires_early_and_records_the_predicate_reason ... ok
[INFO] [stdout] test on_bound_fail_refuses_at_the_bound_and_the_run_is_recorded_failed ... ok
[INFO] [stdout] test the_bound_stops_the_loop_and_records_the_bound_reason ... ok
[INFO] [stdout] test on_bound_fail_is_invisible_when_the_predicate_holds_first ... ok
[INFO] [stdout] test a_parked_pass_records_no_join_and_resumes_into_the_same_pass ... ok
[INFO] [stdout] test forking_into_a_fold_pass_is_refused_but_the_fold_node_is_a_boundary ... ok
[INFO] [stdout] test a_fold_with_a_subgraph_body_refuses_with_only_the_head_recorded ... ok
[INFO] [stdout] test the_last_and_all_joins_produce_their_documented_outputs ... ok
[INFO] [stdout] test the_fold_refine_fixture_converges_on_its_best_scoring_pass ... FAILED
[INFO] [stdout] test an_explicit_join_reaches_the_bound_exactly_as_an_absent_on_bound_does ... ok
[INFO] [stdout] test a_kill_between_the_refusal_and_its_terminal_resolves_on_the_next_drive ... ok
[INFO] [stdout] test fold_holds_the_property_at_every_kill_boundary ... ok
[INFO] [stdout] 
[INFO] [stdout] failures:
[INFO] [stdout] 
[INFO] [stdout] ---- the_fold_refine_fixture_converges_on_its_best_scoring_pass stdout ----
[INFO] [stdout] 
[INFO] [stdout] thread 'the_fold_refine_fixture_converges_on_its_best_scoring_pass' (3973) panicked at tests/fold_graph.rs:1424:47:
[INFO] [stdout] the fixture reads: Os { code: 2, kind: NotFound, message: "No such file or directory" }
[INFO] [stdout] stack backtrace:
[INFO] [stdout]    0:     0x589945c78491 - <<std[617be2ca0a6fd877]::sys::backtrace::BacktraceLock>::print::DisplayBacktrace as core[a373ad73a504971]::fmt::Display>::fmt
[INFO] [stdout]    1:     0x589945c9098a - core[a373ad73a504971]::fmt::write
[INFO] [stdout]    2:     0x589945c7d1cc - <alloc[2e1b2a31b91974c5]::vec::Vec<u8> as core[a373ad73a504971]::io::write::Write>::write_fmt
[INFO] [stdout]    3:     0x589945c52876 - std[617be2ca0a6fd877]::panicking::default_hook::{closure#0}
[INFO] [stdout]    4:     0x589945c6fdb9 - std[617be2ca0a6fd877]::panicking::default_hook
[INFO] [stdout]    5:     0x5899454cf340 - test[aada8e7e76ba119b]::test_main_inner::{closure#0}
[INFO] [stdout]    6:     0x589945c700e2 - std[617be2ca0a6fd877]::panicking::panic_with_hook
[INFO] [stdout]    7:     0x589945c52922 - std[617be2ca0a6fd877]::panicking::panic_handler::{closure#0}
[INFO] [stdout]    8:     0x589945c4b3c9 - std[617be2ca0a6fd877]::sys::backtrace::__rust_end_short_backtrace::<std[617be2ca0a6fd877]::panicking::panic_handler::{closure#0}, !>
[INFO] [stdout]    9:     0x589945c5371d - __rustc[ea4f61d10b84890b]::rust_begin_unwind
[INFO] [stdout]   10:     0x589945c9116c - core[a373ad73a504971]::panicking::panic_fmt
[INFO] [stdout]   11:     0x589945c90f42 - core[a373ad73a504971]::result::unwrap_failed
[INFO] [stdout]   12:     0x5899453d3b33 - fold_graph[e0ecf2bdbd076283]::the_fold_refine_fixture_converges_on_its_best_scoring_pass::{closure#0}
[INFO] [stdout]   13:     0x589945434c73 - <tokio[62f76e1aa6bdcf4e]::runtime::scheduler::current_thread::Context>::enter::<core[a373ad73a504971]::task::poll::Poll<()>, <tokio[62f76e1aa6bdcf4e]::runtime::scheduler::current_thread::CoreGuard>::block_on<core[a373ad73a504971]::pin::Pin<&mut core[a373ad73a504971]::pin::Pin<&mut dyn core[a373ad73a504971]::future::future::Future<Output = ()>>>>::{closure#0}::{closure#0}>
[INFO] [stderr] error: test failed, to rerun pass `--test fold_graph`
[INFO] [stdout]   14:     0x58994544ebdc - <tokio[62f76e1aa6bdcf4e]::runtime::context::scoped::Scoped<tokio[62f76e1aa6bdcf4e]::runtime::scheduler::Context>>::set::<<tokio[62f76e1aa6bdcf4e]::runtime::scheduler::current_thread::CoreGuard>::enter<<tokio[62f76e1aa6bdcf4e]::runtime::scheduler::current_thread::CoreGuard>::block_on<core[a373ad73a504971]::pin::Pin<&mut core[a373ad73a504971]::pin::Pin<&mut dyn core[a373ad73a504971]::future::future::Future<Output = ()>>>>::{closure#0}, core[a373ad73a504971]::option::Option<()>>::{closure#0}, (alloc[2e1b2a31b91974c5]::boxed::Box<tokio[62f76e1aa6bdcf4e]::runtime::scheduler::current_thread::Core>, core[a373ad73a504971]::option::Option<()>)>
[INFO] [stdout]   15:     0x589945435a07 - <tokio[62f76e1aa6bdcf4e]::runtime::scheduler::current_thread::CoreGuard>::block_on::<core[a373ad73a504971]::pin::Pin<&mut core[a373ad73a504971]::pin::Pin<&mut dyn core[a373ad73a504971]::future::future::Future<Output = ()>>>>
[INFO] [stdout]   16:     0x589945472ab7 - tokio[62f76e1aa6bdcf4e]::runtime::context::runtime::enter_runtime::<<tokio[62f76e1aa6bdcf4e]::runtime::scheduler::current_thread::CurrentThread>::block_on<core[a373ad73a504971]::pin::Pin<&mut dyn core[a373ad73a504971]::future::future::Future<Output = ()>>>::{closure#0}, ()>
[INFO] [stdout]   17:     0x5899454b8a95 - <tokio[62f76e1aa6bdcf4e]::runtime::runtime::Runtime>::block_on::<core[a373ad73a504971]::pin::Pin<&mut dyn core[a373ad73a504971]::future::future::Future<Output = ()>>>
[INFO] [stdout]   18:     0x5899453f752d - <fold_graph[e0ecf2bdbd076283]::the_fold_refine_fixture_converges_on_its_best_scoring_pass::{closure#0} as core[a373ad73a504971]::ops::function::FnOnce<()>>::call_once
[INFO] [stdout]   19:     0x5899454c278b - test[aada8e7e76ba119b]::__rust_begin_short_backtrace::<core[a373ad73a504971]::result::Result<(), alloc[2e1b2a31b91974c5]::string::String>, fn() -> core[a373ad73a504971]::result::Result<(), alloc[2e1b2a31b91974c5]::string::String>>
[INFO] [stdout]   20:     0x5899454cf965 - test[aada8e7e76ba119b]::run_test::{closure#0}
[INFO] [stdout]   21:     0x5899454c9254 - std[617be2ca0a6fd877]::sys::backtrace::__rust_begin_short_backtrace::<test[aada8e7e76ba119b]::run_test::{closure#1}, ()>
[INFO] [stdout]   22:     0x5899454d29f2 - <std[617be2ca0a6fd877]::thread::lifecycle::spawn_unchecked<test[aada8e7e76ba119b]::run_test::{closure#1}, ()>::{closure#1} as core[a373ad73a504971]::ops::function::FnOnce<()>>::call_once::{shim:vtable#0}
[INFO] [stdout]   23:     0x589945c7738f - <std[617be2ca0a6fd877]::sys::thread::unix::Thread>::new::thread_start
[INFO] [stdout]   24:     0x7982db17cdfa - <unknown>
[INFO] [stdout]   25:     0x7982db2103d4 - clone
[INFO] [stdout]   26:                0x0 - <unknown>
[INFO] [stdout] 
[INFO] [stdout] 
[INFO] [stdout] failures:
[INFO] [stdout]     the_fold_refine_fixture_converges_on_its_best_scoring_pass
[INFO] [stdout] 
[INFO] [stdout] test result: FAILED. 25 passed; 1 failed; 0 ignored; 0 measured; 0 filtered out; finished in 0.09s
[INFO] [stdout] 
[INFO] running `Command { std: "docker" "inspect" "32d7b214f61d3f4585f674487a165c2b3675bf199e72d2e4a5dacf8bf4ca7c11", kill_on_drop: false }`
[INFO] running `Command { std: "docker" "rm" "-f" "32d7b214f61d3f4585f674487a165c2b3675bf199e72d2e4a5dacf8bf4ca7c11", kill_on_drop: false }`
[INFO] [stdout] 32d7b214f61d3f4585f674487a165c2b3675bf199e72d2e4a5dacf8bf4ca7c11
