[INFO] fetching crate salvo-cli 0.4.1...
[INFO] testing salvo-cli-0.4.1 against 1.100.0-beta.1+cargoflags=--release for beta-release-1.100-2
[INFO] extracting crate salvo-cli 0.4.1 into /workspace/builds/worker-3-tc2/source
[INFO] started tweaking crates.io crate salvo-cli 0.4.1
[INFO] finished tweaking crates.io crate salvo-cli 0.4.1
[INFO] tweaked toml for crates.io crate salvo-cli 0.4.1 written to /workspace/builds/worker-3-tc2/source/Cargo.toml
[INFO] validating manifest of crates.io crate salvo-cli 0.4.1 on toolchain 1.100.0-beta.1
[INFO] running `Command { std: CARGO_HOME="/workspace/cargo-home" RUSTUP_HOME="/workspace/rustup-home" "/workspace/cargo-home/bin/cargo" "+1.100.0-beta.1" "metadata" "--manifest-path" "Cargo.toml" "--no-deps", kill_on_drop: false }`
[INFO] crate crates.io crate salvo-cli 0.4.1 already has a lockfile, it will not be regenerated
[INFO] running `Command { std: CARGO_HOME="/workspace/cargo-home" RUSTUP_HOME="/workspace/rustup-home" "/workspace/cargo-home/bin/cargo" "+1.100.0-beta.1" "fetch" "--manifest-path" "Cargo.toml", kill_on_drop: false }`
[INFO] running `Command { std: "docker" "create" "-v" "/var/lib/crater-agent-workspace/builds/worker-3-tc2/source:/opt/rustwide/workdir:ro,Z" "-v" "/var/lib/crater-agent-workspace/builds/worker-3-tc2/target:/opt/rustwide/target:rw,Z" "-v" "/var/lib/crater-agent-workspace/cargo-home:/opt/rustwide/cargo-home:ro,Z" "-v" "/var/lib/crater-agent-workspace/rustup-home:/opt/rustwide/rustup-home:ro,Z" "-m" "1610612736" "--network" "none" "ghcr.io/rust-lang/crates-build-env/linux@sha256:77db811e55d90add9212f6832c23229e3de5f1c1f9905e8cb07319ea15df73ac" "sleep" "infinity", kill_on_drop: false }`
[INFO] [stdout] 86b22adf7f55e551249dd4aa18d21d5229585ecb8a01915a451a0c6af5974998
[INFO] running `Command { std: "docker" "start" "86b22adf7f55e551249dd4aa18d21d5229585ecb8a01915a451a0c6af5974998", kill_on_drop: false }`
[INFO] running `Command { std: "docker" "inspect" "86b22adf7f55e551249dd4aa18d21d5229585ecb8a01915a451a0c6af5974998", kill_on_drop: false }`
[INFO] running `Command { std: "docker" "exec" "-e" "SOURCE_DIR=/opt/rustwide/workdir" "-e" "CARGO_HOME=/opt/rustwide/cargo-home" "-e" "RUSTUP_HOME=/opt/rustwide/rustup-home" "-e" "CARGO_TARGET_DIR=/opt/rustwide/target" "-w" "/opt/rustwide/workdir" "--user" "0:0" "86b22adf7f55e551249dd4aa18d21d5229585ecb8a01915a451a0c6af5974998" "/opt/rustwide/cargo-home/bin/cargo" "+1.100.0-beta.1" "metadata" "--no-deps" "--format-version=1", kill_on_drop: false }`
[INFO] running `Command { std: "docker" "inspect" "86b22adf7f55e551249dd4aa18d21d5229585ecb8a01915a451a0c6af5974998", kill_on_drop: false }`
[INFO] running `Command { std: "docker" "exec" "-e" "SOURCE_DIR=/opt/rustwide/workdir" "-e" "CARGO_HOME=/opt/rustwide/cargo-home" "-e" "RUSTUP_HOME=/opt/rustwide/rustup-home" "-e" "CARGO_TARGET_DIR=/opt/rustwide/target" "-e" "CARGO_INCREMENTAL=0" "-e" "RUST_BACKTRACE=full" "-e" "RUSTFLAGS=--cap-lints=warn" "-e" "RUSTDOCFLAGS=--cap-lints=warn" "-w" "/opt/rustwide/workdir" "--user" "0:0" "86b22adf7f55e551249dd4aa18d21d5229585ecb8a01915a451a0c6af5974998" "/opt/rustwide/cargo-home/bin/cargo" "+1.100.0-beta.1" "build" "--frozen" "--message-format=json" "--release", kill_on_drop: false }`
[INFO] [stderr]    Compiling proc-macro2 v1.0.92
[INFO] [stderr]    Compiling libc v0.2.175
[INFO] [stderr]    Compiling memchr v2.7.4
[INFO] [stderr]    Compiling thiserror v1.0.48
[INFO] [stderr]    Compiling aho-corasick v1.1.1
[INFO] [stderr]    Compiling bitflags v2.4.0
[INFO] [stderr]    Compiling log v0.4.22
[INFO] [stderr]    Compiling regex-syntax v0.7.5
[INFO] [stderr]    Compiling typenum v1.17.0
[INFO] [stderr]    Compiling futures-task v0.3.32
[INFO] [stderr]    Compiling thread_local v1.1.7
[INFO] [stderr]    Compiling tracing-core v0.1.32
[INFO] [stderr]    Compiling lazy_static v1.4.0
[INFO] [stderr]    Compiling either v1.9.0
[INFO] [stderr]    Compiling hashbrown v0.15.2
[INFO] [stderr]    Compiling ucd-trie v0.1.6
[INFO] [stderr]    Compiling futures-util v0.3.32
[INFO] [stderr]    Compiling bitflags v1.3.2
[INFO] [stderr]    Compiling futures-channel v0.3.29
[INFO] [stderr]    Compiling openssl v0.10.60
[INFO] [stderr]    Compiling bstr v1.6.2
[INFO] [stderr]    Compiling ryu v1.0.18
[INFO] [stderr]    Compiling toml_write v0.1.2
[INFO] [stderr]    Compiling time-core v0.1.2
[INFO] [stderr]    Compiling itoa v1.0.14
[INFO] [stderr]    Compiling winnow v0.7.12
[INFO] [stderr]    Compiling time-macros v0.2.19
[INFO] [stderr]    Compiling deranged v0.3.11
[INFO] [stderr]    Compiling serde_json v1.0.145
[INFO] [stderr]    Compiling rustix v0.38.42
[INFO] [stderr]    Compiling indexmap v2.7.0
[INFO] [stderr]    Compiling generic-array v0.14.7
[INFO] [stderr]    Compiling tracing v0.1.40
[INFO] [stderr]    Compiling quote v1.0.38
[INFO] [stderr]    Compiling jobserver v0.1.32
[INFO] [stderr]    Compiling cpufeatures v0.2.9
[INFO] [stderr]    Compiling parking_lot_core v0.9.9
[INFO] [stderr]    Compiling signal-hook-registry v1.4.1
[INFO] [stderr]    Compiling mio v1.0.4
[INFO] [stderr]    Compiling socket2 v0.6.0
[INFO] [stderr]    Compiling syn v2.0.95
[INFO] [stderr]    Compiling cc v1.2.27
[INFO] [stderr]    Compiling parking_lot v0.12.1
[INFO] [stderr]    Compiling regex-automata v0.3.8
[INFO] [stderr]    Compiling crypto-common v0.1.6
[INFO] [stderr]    Compiling block-buffer v0.10.4
[INFO] [stderr]    Compiling digest v0.10.7
[INFO] [stderr]    Compiling arc-swap v1.7.1
[INFO] [stderr]    Compiling unsafe-libyaml v0.2.11
[INFO] [stderr]    Compiling time v0.3.37
[INFO] [stderr]    Compiling sha2 v0.10.7
[INFO] [stderr]    Compiling itertools v0.11.0
[INFO] [stderr]    Compiling anstyle-parse v0.2.1
[INFO] [stderr]    Compiling itertools v0.14.0
[INFO] [stderr]    Compiling base62 v2.0.3
[INFO] [stderr]    Compiling siphasher v1.0.1
[INFO] [stderr]    Compiling anstyle v1.0.11
[INFO] [stderr]    Compiling normpath v1.1.1
[INFO] [stderr]    Compiling anymap2 v0.13.0
[INFO] [stderr]    Compiling unicode-ident v1.0.12
[INFO] [stderr]    Compiling anstream v0.6.20
[INFO] [stderr]    Compiling http-body-util v0.1.2
[INFO] [stderr]    Compiling openssl-sys v0.9.96
[INFO] [stderr]    Compiling libz-sys v1.1.12
[INFO] [stderr]    Compiling libssh2-sys v0.3.0
[INFO] [stderr]    Compiling native-tls v0.2.11
[INFO] [stderr]    Compiling libgit2-sys v0.18.2+1.9.1
[INFO] [stderr]    Compiling rust-embed-utils v8.8.0
[INFO] [stderr]    Compiling getrandom v0.2.15
[INFO] [stderr]    Compiling clap_lex v0.7.5
[INFO] [stderr]    Compiling glob v0.3.1
[INFO] [stderr]    Compiling clap_builder v4.5.49
[INFO] [stderr]    Compiling console v0.16.1
[INFO] [stderr]    Compiling shell-words v1.1.0
[INFO] [stderr]    Compiling rustls-pki-types v1.10.1
[INFO] [stderr]    Compiling unicode-xid v0.2.6
[INFO] [stderr]    Compiling regex v1.9.5
[INFO] [stderr]    Compiling ansi_term v0.12.1
[INFO] [stderr]    Compiling tempfile v3.15.0
[INFO] [stderr]    Compiling synstructure v0.13.2
[INFO] [stderr]    Compiling globset v0.4.13
[INFO] [stderr]    Compiling dialoguer v0.12.0
[INFO] [stderr]    Compiling semver v1.0.27
[INFO] [stderr]    Compiling ignore v0.4.20
[INFO] [stderr]    Compiling globwalk v0.8.1
[INFO] [stderr]    Compiling serde_derive v1.0.228
[INFO] [stderr]    Compiling zerofrom-derive v0.1.6
[INFO] [stderr]    Compiling yoke-derive v0.8.0
[INFO] [stderr]    Compiling zerovec-derive v0.11.1
[INFO] [stderr]    Compiling displaydoc v0.2.5
[INFO] [stderr]    Compiling thiserror-impl v1.0.48
[INFO] [stderr]    Compiling tokio-macros v2.6.0
[INFO] [stderr]    Compiling openssl-macros v0.1.1
[INFO] [stderr]    Compiling zerofrom v0.1.6
[INFO] [stderr]    Compiling liquid-derive v0.26.10
[INFO] [stderr]    Compiling rust-i18n v3.1.5
[INFO] [stderr]    Compiling yoke v0.8.0
[INFO] [stderr]    Compiling strum_macros v0.27.1
[INFO] [stderr]    Compiling rust-embed-impl v8.8.0
[INFO] [stderr]    Compiling tokio v1.48.0
[INFO] [stderr]    Compiling zerovec v0.11.4
[INFO] [stderr]    Compiling zerotrie v0.2.2
[INFO] [stderr]    Compiling pest v2.7.3
[INFO] [stderr]    Compiling clap_derive v4.5.49
[INFO] [stderr]    Compiling rust-embed v8.8.0
[INFO] [stderr]    Compiling pest_meta v2.7.3
[INFO] [stderr]    Compiling tinystr v0.8.1
[INFO] [stderr]    Compiling potential_utf v0.1.2
[INFO] [stderr]    Compiling icu_collections v2.0.0
[INFO] [stderr]    Compiling icu_locale_core v2.0.0
[INFO] [stderr]    Compiling clap v4.5.49
[INFO] [stderr]    Compiling strum v0.27.2
[INFO] [stderr]    Compiling pest_generator v2.7.3
[INFO] [stderr]    Compiling icu_provider v2.0.0
[INFO] [stderr]    Compiling serde v1.0.228
[INFO] [stderr]    Compiling icu_normalizer v2.0.0
[INFO] [stderr]    Compiling icu_properties v2.0.1
[INFO] [stderr]    Compiling pest_derive v2.7.3
[INFO] [stderr]    Compiling toml_datetime v0.6.11
[INFO] [stderr]    Compiling serde_spanned v0.6.9
[INFO] [stderr]    Compiling serde_yaml v0.9.34+deprecated
[INFO] [stderr]    Compiling triomphe v0.1.14
[INFO] [stderr]    Compiling toml_edit v0.22.27
[INFO] [stderr]    Compiling kstring v2.0.2
[INFO] [stderr]    Compiling liquid-core v0.26.11
[INFO] [stderr]    Compiling serde_urlencoded v0.7.1
[INFO] [stderr]    Compiling idna_adapter v1.2.1
[INFO] [stderr]    Compiling idna v1.0.3
[INFO] [stderr]    Compiling url v2.5.4
[INFO] [stderr]    Compiling toml v0.8.23
[INFO] [stderr]    Compiling liquid-lib v0.26.11
[INFO] [stderr]    Compiling rust-i18n-support v3.1.5
[INFO] [stderr]    Compiling tokio-util v0.7.10
[INFO] [stderr]    Compiling tokio-native-tls v0.3.1
[INFO] [stderr]    Compiling tower v0.5.2
[INFO] [stderr]    Compiling rust-i18n-macro v3.1.5
[INFO] [stderr]    Compiling h2 v0.4.7
[INFO] [stderr]    Compiling tower-http v0.6.6
[INFO] [stderr]    Compiling liquid v0.26.11
[INFO] [stderr]    Compiling hyper v1.6.0
[INFO] [stderr]    Compiling hyper-util v0.1.16
[INFO] [stderr]    Compiling hyper-tls v0.6.0
[INFO] [stderr]    Compiling reqwest v0.12.24
[INFO] [stderr]    Compiling git2 v0.20.2
[INFO] [stderr]    Compiling salvo-cli v0.4.1 (/opt/rustwide/workdir)
[INFO] [stderr]     Finished `release` profile [optimized] target(s) in 3m 51s
[INFO] running `Command { std: "docker" "inspect" "86b22adf7f55e551249dd4aa18d21d5229585ecb8a01915a451a0c6af5974998", kill_on_drop: false }`
[INFO] running `Command { std: "docker" "exec" "-e" "SOURCE_DIR=/opt/rustwide/workdir" "-e" "CARGO_HOME=/opt/rustwide/cargo-home" "-e" "RUSTUP_HOME=/opt/rustwide/rustup-home" "-e" "CARGO_TARGET_DIR=/opt/rustwide/target" "-e" "CARGO_INCREMENTAL=0" "-e" "RUST_BACKTRACE=full" "-e" "RUSTFLAGS=--cap-lints=warn" "-e" "RUSTDOCFLAGS=--cap-lints=warn" "-w" "/opt/rustwide/workdir" "--user" "0:0" "86b22adf7f55e551249dd4aa18d21d5229585ecb8a01915a451a0c6af5974998" "/opt/rustwide/cargo-home/bin/cargo" "+1.100.0-beta.1" "test" "--frozen" "--no-run" "--message-format=json" "--release", kill_on_drop: false }`
[INFO] [stderr]    Compiling salvo-cli v0.4.1 (/opt/rustwide/workdir)
[INFO] [stderr]     Finished `release` profile [optimized] target(s) in 31.08s
[INFO] running `Command { std: "docker" "inspect" "86b22adf7f55e551249dd4aa18d21d5229585ecb8a01915a451a0c6af5974998", kill_on_drop: false }`
[INFO] running `Command { std: "docker" "exec" "-e" "SOURCE_DIR=/opt/rustwide/workdir" "-e" "CARGO_HOME=/opt/rustwide/cargo-home" "-e" "RUSTUP_HOME=/opt/rustwide/rustup-home" "-e" "CARGO_TARGET_DIR=/opt/rustwide/target" "-e" "CARGO_INCREMENTAL=0" "-e" "RUST_BACKTRACE=full" "-e" "RUSTFLAGS=--cap-lints=warn" "-e" "RUSTDOCFLAGS=--cap-lints=warn" "-w" "/opt/rustwide/workdir" "--user" "0:0" "86b22adf7f55e551249dd4aa18d21d5229585ecb8a01915a451a0c6af5974998" "/opt/rustwide/cargo-home/bin/cargo" "+1.100.0-beta.1" "test" "--frozen" "--release", kill_on_drop: false }`
[INFO] [stderr]     Finished `release` profile [optimized] target(s) in 0.25s
[INFO] [stderr]      Running unittests src/main.rs (/opt/rustwide/target/release/build/salvo-cli/8e2d7916176b3c3d/out/salvo-8e2d7916176b3c3d)
[INFO] [stdout] 
[INFO] [stdout] running 15 tests
[INFO] [stdout] test updater::tests::parse_skip_update_env_honors_truthy_and_falsy_values ... ok
[INFO] [stdout] test updater::tests::resolve_update_status_rejects_invalid_current_versions ... ok
[INFO] [stdout] test updater::tests::resolve_update_status_detects_newer_release ... ok
[INFO] [stdout] test project::tests::check_name_handles_windows_reserved_names_per_platform ... ok
[INFO] [stdout] test namer::tests::validate_package_name_rejects_invalid_first_characters ... ok
[INFO] [stdout] test namer::tests::validate_package_name_accepts_common_rust_names ... ok
[INFO] [stdout] test git::tests::write_ignore_file_creates_expected_entries ... ok
[INFO] [stdout] test namer::tests::helper_checks_match_expected_names ... ok
[INFO] [stdout] test namer::tests::validate_package_name_rejects_invalid_body_characters ... ok
[INFO] [stdout] test updater::tests::resolve_update_status_treats_equal_or_newer_local_builds_as_up_to_date ... ok
[INFO] [stdout] test project::tests::check_path_accepts_normal_project_paths ... ok
[INFO] [stdout] test tests::test_write_project::tests::test_seaorm_templates_render_project_and_migration_docs_correctly ... FAILED
[INFO] [stdout] test project::tests::check_name_rejects_reserved_names ... ok
[INFO] [stdout] test tests::test_write_project::tests::test_write_project_all_combinations ... FAILED
[INFO] [stdout] test project::tests::join_paths_includes_bad_path_in_error_message ... ok
[INFO] [stdout] 
[INFO] [stdout] failures:
[INFO] [stdout] 
[INFO] [stdout] ---- tests::test_write_project::tests::test_seaorm_templates_render_project_and_migration_docs_correctly stdout ----
[INFO] [stdout] Testing combination: "test_Sqlite_SeaOrm_docs"
[INFO] [stdout] 
[INFO] [stdout] thread 'tests::test_write_project::tests::test_seaorm_templates_render_project_and_migration_docs_correctly' (3916) panicked at src/tests/test_write_project.rs:22:33:
[INFO] [stdout] project 'test_Sqlite_SeaOrm_docs' should render: Read-only file system (os error 30)
[INFO] [stdout] stack backtrace:
[INFO] [stdout]    0:     0x60a117ac7e01 - <<std[617be2ca0a6fd877]::sys::backtrace::BacktraceLock>::print::DisplayBacktrace as core[a373ad73a504971]::fmt::Display>::fmt
[INFO] [stdout]    1:     0x60a117ae022a - core[a373ad73a504971]::fmt::write
[INFO] [stdout]    2:     0x60a117acc9fc - <alloc[2e1b2a31b91974c5]::vec::Vec<u8> as core[a373ad73a504971]::io::write::Write>::write_fmt
[INFO] [stdout]    3:     0x60a117aa2316 - std[617be2ca0a6fd877]::panicking::default_hook::{closure#0}
[INFO] [stdout]    4:     0x60a117abf8a9 - std[617be2ca0a6fd877]::panicking::default_hook
[INFO] [stdout]    5:     0x60a1178ce270 - test[aada8e7e76ba119b]::test_main_inner::{closure#0}
[INFO] [stdout]    6:     0x60a117abfa62 - std[617be2ca0a6fd877]::panicking::panic_with_hook
[INFO] [stdout]    7:     0x60a117aa23c2 - std[617be2ca0a6fd877]::panicking::panic_handler::{closure#0}
[INFO] [stdout]    8:     0x60a117a9a899 - std[617be2ca0a6fd877]::sys::backtrace::__rust_end_short_backtrace::<std[617be2ca0a6fd877]::panicking::panic_handler::{closure#0}, !>
[INFO] [stdout]    9:     0x60a117aa30dd - __rustc[ea4f61d10b84890b]::rust_begin_unwind
[INFO] [stdout]   10:     0x60a117ae0a0c - core[a373ad73a504971]::panicking::panic_fmt
[INFO] [stdout]   11:     0x60a1178b3caa - salvo[b7bfb27497340e41]::tests::test_write_project::tests::render_project::{closure#0}
[INFO] [stdout]   12:     0x60a1178b3e66 - salvo[b7bfb27497340e41]::tests::test_write_project::tests::render_project
[INFO] [stdout]   13:     0x60a1178b4db2 - <salvo[b7bfb27497340e41]::tests::test_write_project::tests::test_seaorm_templates_render_project_and_migration_docs_correctly::{closure#0} as core[a373ad73a504971]::ops::function::FnOnce<()>>::call_once
[INFO] [stdout]   14:     0x60a1178c16bb - test[aada8e7e76ba119b]::__rust_begin_short_backtrace::<core[a373ad73a504971]::result::Result<(), alloc[2e1b2a31b91974c5]::string::String>, fn() -> core[a373ad73a504971]::result::Result<(), alloc[2e1b2a31b91974c5]::string::String>>
[INFO] [stdout]   15:     0x60a1178ce895 - test[aada8e7e76ba119b]::run_test::{closure#0}
[INFO] [stdout]   16:     0x60a1178c8184 - std[617be2ca0a6fd877]::sys::backtrace::__rust_begin_short_backtrace::<test[aada8e7e76ba119b]::run_test::{closure#1}, ()>
[INFO] [stdout]   17:     0x60a1178d1922 - <std[617be2ca0a6fd877]::thread::lifecycle::spawn_unchecked<test[aada8e7e76ba119b]::run_test::{closure#1}, ()>::{closure#1} as core[a373ad73a504971]::ops::function::FnOnce<()>>::call_once::{shim:vtable#0}
[INFO] [stdout]   18:     0x60a117ac72cf - <std[617be2ca0a6fd877]::sys::thread::unix::Thread>::new::thread_start
[INFO] [stdout]   19:     0x70ccb2f40dfa - <unknown>
[INFO] [stdout]   20:     0x70ccb2fd43d4 - clone
[INFO] [stdout]   21:                0x0 - <unknown>
[INFO] [stdout] 
[INFO] [stdout] ---- tests::test_write_project::tests::test_write_project_all_combinations stdout ----
[INFO] [stdout] Testing combination: "test_Sqlite_Sqlx"
[INFO] [stdout] 
[INFO] [stdout] thread 'tests::test_write_project::tests::test_write_project_all_combinations' (3917) panicked at src/tests/test_write_project.rs:22:33:
[INFO] [stdout] project 'test_Sqlite_Sqlx' should render: Read-only file system (os error 30)
[INFO] [stdout] stack backtrace:
[INFO] [stdout]    0:     0x60a117ac7e01 - <<std[617be2ca0a6fd877]::sys::backtrace::BacktraceLock>::print::DisplayBacktrace as core[a373ad73a504971]::fmt::Display>::fmt
[INFO] [stdout]    1:     0x60a117ae022a - core[a373ad73a504971]::fmt::write
[INFO] [stdout]    2:     0x60a117acc9fc - <alloc[2e1b2a31b91974c5]::vec::Vec<u8> as core[a373ad73a504971]::io::write::Write>::write_fmt
[INFO] [stdout]    3:     0x60a117aa2316 - std[617be2ca0a6fd877]::panicking::default_hook::{closure#0}
[INFO] [stdout]    4:     0x60a117abf8a9 - std[617be2ca0a6fd877]::panicking::default_hook
[INFO] [stdout]    5:     0x60a1178ce270 - test[aada8e7e76ba119b]::test_main_inner::{closure#0}
[INFO] [stdout]    6:     0x60a117abfa62 - std[617be2ca0a6fd877]::panicking::panic_with_hook
[INFO] [stdout]    7:     0x60a117aa23c2 - std[617be2ca0a6fd877]::panicking::panic_handler::{closure#0}
[INFO] [stdout]    8:     0x60a117a9a899 - std[617be2ca0a6fd877]::sys::backtrace::__rust_end_short_backtrace::<std[617be2ca0a6fd877]::panicking::panic_handler::{closure#0}, !>
[INFO] [stdout]    9:     0x60a117aa30dd - __rustc[ea4f61d10b84890b]::rust_begin_unwind
[INFO] [stdout]   10:     0x60a117ae0a0c - core[a373ad73a504971]::panicking::panic_fmt
[INFO] [stdout]   11:     0x60a1178b3caa - salvo[b7bfb27497340e41]::tests::test_write_project::tests::render_project::{closure#0}
[INFO] [stdout]   12:     0x60a1178b3e66 - salvo[b7bfb27497340e41]::tests::test_write_project::tests::render_project
[INFO] [stdout]   13:     0x60a1178b497c - <salvo[b7bfb27497340e41]::tests::test_write_project::tests::test_write_project_all_combinations::{closure#0} as core[a373ad73a504971]::ops::function::FnOnce<()>>::call_once
[INFO] [stdout]   14:     0x60a1178c16bb - test[aada8e7e76ba119b]::__rust_begin_short_backtrace::<core[a373ad73a504971]::result::Result<(), alloc[2e1b2a31b91974c5]::string::String>, fn() -> core[a373ad73a504971]::result::Result<(), alloc[2e1b2a31b91974c5]::string::String>>
[INFO] [stdout]   15:     0x60a1178ce895 - test[aada8e7e76ba119b]::run_test::{closure#0}
[INFO] [stdout]   16:     0x60a1178c8184 - std[617be2ca0a6fd877]::sys::backtrace::__rust_begin_short_backtrace::<test[aada8e7e76ba119b]::run_test::{closure#1}, ()>
[INFO] [stdout]   17:     0x60a1178d1922 - <std[617be2ca0a6fd877]::thread::lifecycle::spawn_unchecked<test[aada8e7e76ba119b]::run_test::{closure#1}, ()>::{closure#1} as core[a373ad73a504971]::ops::function::FnOnce<()>>::call_once::{shim:vtable#0}
[INFO] [stdout]   18:     0x60a117ac72cf - <std[617be2ca0a6fd877]::sys::thread::unix::Thread>::new::thread_start
[INFO] [stdout]   19:     0x70ccb2f40dfa - <unknown>
[INFO] [stdout]   20:     0x70ccb2fd43d4 - clone
[INFO] [stdout]   21:                0x0 - <unknown>
[INFO] [stdout] 
[INFO] [stdout] 
[INFO] [stdout] failures:
[INFO] [stdout]     tests::test_write_project::tests::test_seaorm_templates_render_project_and_migration_docs_correctly
[INFO] [stdout]     tests::test_write_project::tests::test_write_project_all_combinations
[INFO] [stdout] 
[INFO] [stdout] test result: FAILED. 13 passed; 2 failed; 0 ignored; 0 measured; 0 filtered out; finished in 0.02s
[INFO] [stdout] 
[INFO] [stderr] error: test failed, to rerun pass `--bin salvo`
[INFO] running `Command { std: "docker" "inspect" "86b22adf7f55e551249dd4aa18d21d5229585ecb8a01915a451a0c6af5974998", kill_on_drop: false }`
[INFO] running `Command { std: "docker" "rm" "-f" "86b22adf7f55e551249dd4aa18d21d5229585ecb8a01915a451a0c6af5974998", kill_on_drop: false }`
[INFO] [stdout] 86b22adf7f55e551249dd4aa18d21d5229585ecb8a01915a451a0c6af5974998
