[INFO] fetching crate ryl 0.24.0...
[INFO] testing ryl-0.24.0 against 1.100.0-beta.1+cargoflags=--release for beta-release-1.100-2
[INFO] extracting crate ryl 0.24.0 into /workspace/builds/worker-1-tc2/source
[INFO] removed /workspace/builds/worker-1-tc2/source/rust-toolchain.toml
[INFO] started tweaking crates.io crate ryl 0.24.0
[INFO] removed 0 missing tests
[INFO] finished tweaking crates.io crate ryl 0.24.0
[INFO] tweaked toml for crates.io crate ryl 0.24.0 written to /workspace/builds/worker-1-tc2/source/Cargo.toml
[INFO] validating manifest of crates.io crate ryl 0.24.0 on toolchain 1.100.0-beta.1
[INFO] running `Command { std: CARGO_HOME="/workspace/cargo-home" RUSTUP_HOME="/workspace/rustup-home" "/workspace/cargo-home/bin/cargo" "+1.100.0-beta.1" "metadata" "--manifest-path" "Cargo.toml" "--no-deps", kill_on_drop: false }`
[INFO] crate crates.io crate ryl 0.24.0 already has a lockfile, it will not be regenerated
[INFO] running `Command { std: CARGO_HOME="/workspace/cargo-home" RUSTUP_HOME="/workspace/rustup-home" "/workspace/cargo-home/bin/cargo" "+1.100.0-beta.1" "fetch" "--manifest-path" "Cargo.toml", kill_on_drop: false }`
[INFO] running `Command { std: "docker" "create" "-v" "/var/lib/crater-agent-workspace/builds/worker-1-tc2/source:/opt/rustwide/workdir:ro,Z" "-v" "/var/lib/crater-agent-workspace/builds/worker-1-tc2/target:/opt/rustwide/target:rw,Z" "-v" "/var/lib/crater-agent-workspace/cargo-home:/opt/rustwide/cargo-home:ro,Z" "-v" "/var/lib/crater-agent-workspace/rustup-home:/opt/rustwide/rustup-home:ro,Z" "-m" "1610612736" "--network" "none" "ghcr.io/rust-lang/crates-build-env/linux@sha256:77db811e55d90add9212f6832c23229e3de5f1c1f9905e8cb07319ea15df73ac" "sleep" "infinity", kill_on_drop: false }`
[INFO] [stdout] f09308ebadd165e50cab6979dfcbae8294bb9399958ab8499fd1ef538f7eb435
[INFO] running `Command { std: "docker" "start" "f09308ebadd165e50cab6979dfcbae8294bb9399958ab8499fd1ef538f7eb435", kill_on_drop: false }`
[INFO] running `Command { std: "docker" "inspect" "f09308ebadd165e50cab6979dfcbae8294bb9399958ab8499fd1ef538f7eb435", kill_on_drop: false }`
[INFO] running `Command { std: "docker" "exec" "-e" "SOURCE_DIR=/opt/rustwide/workdir" "-e" "CARGO_HOME=/opt/rustwide/cargo-home" "-e" "RUSTUP_HOME=/opt/rustwide/rustup-home" "-e" "CARGO_TARGET_DIR=/opt/rustwide/target" "-w" "/opt/rustwide/workdir" "--user" "0:0" "f09308ebadd165e50cab6979dfcbae8294bb9399958ab8499fd1ef538f7eb435" "/opt/rustwide/cargo-home/bin/cargo" "+1.100.0-beta.1" "metadata" "--no-deps" "--format-version=1", kill_on_drop: false }`
[INFO] running `Command { std: "docker" "inspect" "f09308ebadd165e50cab6979dfcbae8294bb9399958ab8499fd1ef538f7eb435", kill_on_drop: false }`
[INFO] running `Command { std: "docker" "exec" "-e" "SOURCE_DIR=/opt/rustwide/workdir" "-e" "CARGO_HOME=/opt/rustwide/cargo-home" "-e" "RUSTUP_HOME=/opt/rustwide/rustup-home" "-e" "CARGO_TARGET_DIR=/opt/rustwide/target" "-e" "CARGO_INCREMENTAL=0" "-e" "RUST_BACKTRACE=full" "-e" "RUSTFLAGS=--cap-lints=warn" "-e" "RUSTDOCFLAGS=--cap-lints=warn" "-w" "/opt/rustwide/workdir" "--user" "0:0" "f09308ebadd165e50cab6979dfcbae8294bb9399958ab8499fd1ef538f7eb435" "/opt/rustwide/cargo-home/bin/cargo" "+1.100.0-beta.1" "build" "--frozen" "--message-format=json" "--release", kill_on_drop: false }`
[INFO] [stderr]    Compiling unicode-ident v1.0.26
[INFO] [stderr]    Compiling serde_json v1.0.151
[INFO] [stderr]    Compiling hybrid-array v0.4.15
[INFO] [stderr]    Compiling aho-corasick v1.1.5
[INFO] [stderr]    Compiling ref-cast v1.0.27
[INFO] [stderr]    Compiling clap_lex v1.1.1
[INFO] [stderr]    Compiling encoding_rs v0.8.42
[INFO] [stderr]    Compiling bstr v1.13.1
[INFO] [stderr]    Compiling proc-macro2 v1.0.107
[INFO] [stderr]    Compiling hashbrown v0.17.1
[INFO] [stderr]    Compiling clap_builder v4.6.7
[INFO] [stderr]    Compiling fluent-uri v0.1.4
[INFO] [stderr]    Compiling crypto-common v0.2.2
[INFO] [stderr]    Compiling quote v1.0.47
[INFO] [stderr]    Compiling block-buffer v0.12.1
[INFO] [stderr]    Compiling pulldown-cmark v0.13.4
[INFO] [stderr]    Compiling dirs-sys-next v0.1.2
[INFO] [stderr]    Compiling syn v3.0.6
[INFO] [stderr]    Compiling serde_spanned v1.1.1
[INFO] [stderr]    Compiling crossbeam-channel v0.5.17
[INFO] [stderr]    Compiling toml_datetime v1.1.1+spec-1.1.0
[INFO] [stderr]    Compiling tinyvec v1.13.3
[INFO] [stderr]    Compiling regex-automata v0.4.18
[INFO] [stderr]    Compiling digest v0.11.3
[INFO] [stderr]    Compiling cpufeatures v0.3.1
[INFO] [stderr]    Compiling arraydeque v0.5.1
[INFO] [stderr]    Compiling either v1.18.0
[INFO] [stderr]    Compiling core_detect v1.0.0
[INFO] [stderr]    Compiling smallvec v1.16.2
[INFO] [stderr]    Compiling simdutf8 v0.1.5
[INFO] [stderr]    Compiling unicase v2.9.0
[INFO] [stderr]    Compiling multiversion_no_op v1.0.0
[INFO] [stderr]    Compiling granit-parser v1.3.0
[INFO] [stderr]    Compiling toml v1.1.6+spec-1.1.0
[INFO] [stderr]    Compiling serde_derive_internals v0.30.0
[INFO] [stderr]    Compiling rayon v1.12.0
[INFO] [stderr]    Compiling serde_derive v1.0.229
[INFO] [stderr]    Compiling clap_derive v4.6.7
[INFO] [stderr]    Compiling ref-cast-impl v1.0.27
[INFO] [stderr]    Compiling serde_repr v0.1.21
[INFO] [stderr]    Compiling schemars_derive v1.2.2
[INFO] [stderr]    Compiling globset v0.4.20
[INFO] [stderr]    Compiling regex v1.13.1
[INFO] [stderr]    Compiling clap v4.6.7
[INFO] [stderr]    Compiling clap_complete v4.6.11
[INFO] [stderr]    Compiling serde v1.0.229
[INFO] [stderr]    Compiling sha2 v0.11.0
[INFO] [stderr]    Compiling lsp-server v0.10.0
[INFO] [stderr]    Compiling schemars v1.2.2
[INFO] [stderr]    Compiling lsp-types v0.97.0
[INFO] [stderr]    Compiling ignore v0.4.33
[INFO] [stderr]    Compiling unicode-normalization v0.1.25
[INFO] [stderr]    Compiling hashlink v0.12.2
[INFO] [stderr]    Compiling dirs-next v2.0.0
[INFO] [stderr]    Compiling ordered-float v5.5.0
[INFO] [stderr]    Compiling quick-xml v0.42.0
[INFO] [stderr]    Compiling similar v3.2.0
[INFO] [stderr]    Compiling ryl v0.24.0 (/opt/rustwide/workdir)
[INFO] [stderr]     Finished `release` profile [optimized] target(s) in 4m 00s
[INFO] running `Command { std: "docker" "inspect" "f09308ebadd165e50cab6979dfcbae8294bb9399958ab8499fd1ef538f7eb435", kill_on_drop: false }`
[INFO] running `Command { std: "docker" "exec" "-e" "SOURCE_DIR=/opt/rustwide/workdir" "-e" "CARGO_HOME=/opt/rustwide/cargo-home" "-e" "RUSTUP_HOME=/opt/rustwide/rustup-home" "-e" "CARGO_TARGET_DIR=/opt/rustwide/target" "-e" "CARGO_INCREMENTAL=0" "-e" "RUST_BACKTRACE=full" "-e" "RUSTFLAGS=--cap-lints=warn" "-e" "RUSTDOCFLAGS=--cap-lints=warn" "-w" "/opt/rustwide/workdir" "--user" "0:0" "f09308ebadd165e50cab6979dfcbae8294bb9399958ab8499fd1ef538f7eb435" "/opt/rustwide/cargo-home/bin/cargo" "+1.100.0-beta.1" "test" "--frozen" "--no-run" "--message-format=json" "--release", kill_on_drop: false }`
[INFO] [stderr]    Compiling libc v0.2.190
[INFO] [stderr]    Compiling smallvec v1.16.2
[INFO] [stderr]    Compiling syn v3.0.6
[INFO] [stderr]    Compiling mio v1.2.4
[INFO] [stderr]    Compiling socket2 v0.6.5
[INFO] [stderr]    Compiling serde_json v1.0.151
[INFO] [stderr]    Compiling getrandom v0.3.4
[INFO] [stderr]    Compiling zerocopy v0.8.59
[INFO] [stderr]    Compiling regex-automata v0.4.18
[INFO] [stderr]    Compiling futures-util v0.3.34
[INFO] [stderr]    Compiling tokio v1.53.2
[INFO] [stderr]    Compiling indexmap v2.14.2
[INFO] [stderr]    Compiling jobserver v0.1.35
[INFO] [stderr]    Compiling cc v1.6.0
[INFO] [stderr]    Compiling num-rational v0.4.2
[INFO] [stderr]    Compiling cmake v0.1.58
[INFO] [stderr]    Compiling rand_core v0.9.5
[INFO] [stderr]    Compiling aws-lc-sys v0.45.0
[INFO] [stderr]    Compiling base64 v0.23.1
[INFO] [stderr]    Compiling num v0.4.3
[INFO] [stderr]    Compiling parking_lot_core v0.9.12
[INFO] [stderr]    Compiling syn v2.0.119
[INFO] [stderr]    Compiling globset v0.4.20
[INFO] [stderr]    Compiling synstructure v0.14.0
[INFO] [stderr]    Compiling serde_derive_internals v0.30.0
[INFO] [stderr]    Compiling regex v1.13.1
[INFO] [stderr]    Compiling tokio-util v0.7.19
[INFO] [stderr]    Compiling zerofrom-derive v0.1.8
[INFO] [stderr]    Compiling yoke-derive v0.8.4
[INFO] [stderr]    Compiling zerovec-derive v0.11.6
[INFO] [stderr]    Compiling displaydoc v0.2.7
[INFO] [stderr]    Compiling zerofrom v0.1.8
[INFO] [stderr]    Compiling serde_derive v1.0.229
[INFO] [stderr]    Compiling yoke v0.8.3
[INFO] [stderr]    Compiling ref-cast-impl v1.0.27
[INFO] [stderr]    Compiling h2 v0.4.19
[INFO] [stderr]    Compiling zerovec v0.11.8
[INFO] [stderr]    Compiling zerotrie v0.2.5
[INFO] [stderr]    Compiling ref-cast v1.0.27
[INFO] [stderr]    Compiling clap_derive v4.6.7
[INFO] [stderr]    Compiling serde_repr v0.1.21
[INFO] [stderr]    Compiling tinystr v0.8.4
[INFO] [stderr]    Compiling potential_utf v0.1.6
[INFO] [stderr]    Compiling icu_locale_core v2.3.0
[INFO] [stderr]    Compiling icu_collections v2.3.0
[INFO] [stderr]    Compiling schemars_derive v1.2.2
[INFO] [stderr]    Compiling clap v4.6.7
[INFO] [stderr]    Compiling tower v0.5.3
[INFO] [stderr]    Compiling icu_provider v2.3.1
[INFO] [stderr]    Compiling icu_normalizer v2.3.0
[INFO] [stderr]    Compiling serde v1.0.229
[INFO] [stderr]    Compiling icu_properties v2.3.0
[INFO] [stderr]    Compiling borrow-or-share v0.2.4
[INFO] [stderr]    Compiling unicode-general-category v1.1.0
[INFO] [stderr]    Compiling hyper v1.11.1
[INFO] [stderr]    Compiling ahash v0.8.12
[INFO] [stderr]    Compiling lsp-types v0.97.0
[INFO] [stderr]    Compiling lsp-server v0.10.0
[INFO] [stderr]    Compiling fluent-uri v0.4.1
[INFO] [stderr]    Compiling idna_adapter v1.2.2
[INFO] [stderr]    Compiling idna v1.1.0
[INFO] [stderr]    Compiling url v2.5.8
[INFO] [stderr]    Compiling hyper-util v0.1.21
[INFO] [stderr]    Compiling tower-http v0.6.11
[INFO] [stderr]    Compiling schemars v1.2.2
[INFO] [stderr]    Compiling granit-parser v1.3.0
[INFO] [stderr]    Compiling tempfile v3.27.0
[INFO] [stderr]    Compiling pulldown-cmark v0.13.4
[INFO] [stderr]    Compiling clap_complete v4.6.11
[INFO] [stderr]    Compiling strum_macros v0.28.0
[INFO] [stderr]    Compiling ignore v0.4.33
[INFO] [stderr]    Compiling ppv-lite86 v0.2.21
[INFO] [stderr]    Compiling parking_lot v0.12.5
[INFO] [stderr]    Compiling fraction v0.17.0
[INFO] [stderr]    Compiling hashlink v0.12.2
[INFO] [stderr]    Compiling ordered-float v5.5.0
[INFO] [stderr]    Compiling wait-timeout v0.2.1
[INFO] [stderr]    Compiling micromap v0.3.0
[INFO] [stderr]    Compiling vsimd v0.8.0
[INFO] [stderr]    Compiling outref v0.5.2
[INFO] [stderr]    Compiling rusty-fork v0.3.1
[INFO] [stderr]    Compiling uuid-simd v0.8.0
[INFO] [stderr]    Compiling jsonschema-value v0.56.0
[INFO] [stderr]    Compiling referencing v0.56.0
[INFO] [stderr]    Compiling strum v0.28.0
[INFO] [stderr]    Compiling rand_chacha v0.9.0
[INFO] [stderr]    Compiling email_address v0.2.9
[INFO] [stderr]    Compiling fancy-regex v0.19.2
[INFO] [stderr]    Compiling rand_xorshift v0.4.0
[INFO] [stderr]    Compiling rand v0.9.5
[INFO] [stderr]    Compiling jsonschema-regex v0.56.0
[INFO] [stderr]    Compiling diffy v0.5.2
[INFO] [stderr]    Compiling proptest v1.11.0
[INFO] [stderr]    Compiling ryl v0.24.0 (/opt/rustwide/workdir)
[INFO] [stderr]    Compiling aws-lc-rs v1.18.1
[INFO] [stderr]    Compiling rustls v0.23.45
[INFO] [stderr]    Compiling rustls-webpki v0.103.15
[INFO] [stderr]    Compiling tokio-rustls v0.26.6
[INFO] [stderr]    Compiling rustls-platform-verifier v0.7.1
[INFO] [stderr]    Compiling hyper-rustls v0.27.10
[INFO] [stderr]    Compiling reqwest v0.13.5
[INFO] [stderr]    Compiling jsonschema v0.56.0
[INFO] [stderr]     Finished `release` profile [optimized] target(s) in 13m 59s
[INFO] running `Command { std: "docker" "inspect" "f09308ebadd165e50cab6979dfcbae8294bb9399958ab8499fd1ef538f7eb435", kill_on_drop: false }`
[INFO] running `Command { std: "docker" "exec" "-e" "SOURCE_DIR=/opt/rustwide/workdir" "-e" "CARGO_HOME=/opt/rustwide/cargo-home" "-e" "RUSTUP_HOME=/opt/rustwide/rustup-home" "-e" "CARGO_TARGET_DIR=/opt/rustwide/target" "-e" "CARGO_INCREMENTAL=0" "-e" "RUST_BACKTRACE=full" "-e" "RUSTFLAGS=--cap-lints=warn" "-e" "RUSTDOCFLAGS=--cap-lints=warn" "-w" "/opt/rustwide/workdir" "--user" "0:0" "f09308ebadd165e50cab6979dfcbae8294bb9399958ab8499fd1ef538f7eb435" "/opt/rustwide/cargo-home/bin/cargo" "+1.100.0-beta.1" "test" "--frozen" "--release", kill_on_drop: false }`
[INFO] [stderr]     Finished `release` profile [optimized] target(s) in 0.64s
[INFO] [stderr]      Running unittests src/lib.rs (/opt/rustwide/target/release/build/ryl/7489ea4e619e653e/out/ryl-7489ea4e619e653e)
[INFO] [stdout] 
[INFO] [stdout] running 0 tests
[INFO] [stdout] 
[INFO] [stdout] test result: ok. 0 passed; 0 failed; 0 ignored; 0 measured; 0 filtered out; finished in 0.00s
[INFO] [stdout] 
[INFO] [stderr]      Running unittests src/main.rs (/opt/rustwide/target/release/build/ryl/5fbe0c272f18a3a0/out/ryl-5fbe0c272f18a3a0)
[INFO] [stdout] 
[INFO] [stdout] running 0 tests
[INFO] [stdout] 
[INFO] [stdout] test result: ok. 0 passed; 0 failed; 0 ignored; 0 measured; 0 filtered out; finished in 0.00s
[INFO] [stdout] 
[INFO] [stderr]      Running tests/agent_skill_drift_guard.rs (/opt/rustwide/target/release/build/ryl/5ba22af2d6536ec6/out/agent_skill_drift_guard-5ba22af2d6536ec6)
[INFO] [stdout] 
[INFO] [stdout] running 1 test
[INFO] [stdout] test skill_flags_still_exist_in_help ... ok
[INFO] [stdout] 
[INFO] [stderr]      Running tests/agents_skills_guard.rs (/opt/rustwide/target/release/build/ryl/fcfb331b917aec6c/out/agents_skills_guard-fcfb331b917aec6c)
[INFO] [stdout] test result: ok. 1 passed; 0 failed; 0 ignored; 0 measured; 0 filtered out; finished in 0.00s
[INFO] [stdout] 
[INFO] [stdout] 
[INFO] [stdout] running 1 test
[INFO] [stdout] test dev_skill_pointers_match_on_disk ... ok
[INFO] [stdout] 
[INFO] [stderr]      Running tests/brackets_carriage_return.rs (/opt/rustwide/target/release/build/ryl/8e9930b92f498952/out/brackets_carriage_return-8e9930b92f498952)
[INFO] [stdout] test result: ok. 1 passed; 0 failed; 0 ignored; 0 measured; 0 filtered out; finished in 0.00s
[INFO] [stdout] 
[INFO] [stdout] 
[INFO] [stdout] running 14 tests
[INFO] [stdout] test brackets_carriage_return_line_feed_is_ignored ... ok
[INFO] [stdout] test brackets_brace_content_marks_sequence_non_empty ... ok
[INFO] [stdout] test brackets_comment_newline_is_ignored ... ok
[INFO] [stdout] test brackets_comment_without_newline_is_ignored ... ok
[INFO] [stdout] test brackets_comment_carriage_return_is_ignored ... ok
[INFO] [stdout] test brackets_comment_crlf_is_ignored ... ok
[INFO] [stdout] test brackets_carriage_return_without_line_feed_is_retained ... ok
[INFO] [stdout] test brackets_non_scalar_marks_sequence_non_empty ... ok
[INFO] [stdout] test brackets_spacing_ignored_across_newline ... ok
[INFO] [stdout] test brackets_truncated_sequence_skips_spacing_checks ... ok
[INFO] [stdout] test brackets_records_spacing_too_many ... ok
[INFO] [stdout] test brackets_plain_character_marks_sequence_non_empty ... ok
[INFO] [stdout] test brackets_records_spacing_after_open ... ok
[INFO] [stdout] test brackets_unmatched_closing_is_ignored ... ok
[INFO] [stdout] 
[INFO] [stdout] test result: ok. 14 passed; 0 failed; 0 ignored; 0 measured; 0 filtered out; finished in 0.01s
[INFO] [stdout] 
[INFO] [stderr]      Running tests/build_global_cfg_error.rs (/opt/rustwide/target/release/build/ryl/a3a291326c493fbf/out/build_global_cfg_error-a3a291326c493fbf)
[INFO] [stdout] 
[INFO] [stdout] running 1 test
[INFO] [stdout] test config_file_argument_pointing_to_directory_errors ... ok
[INFO] [stdout] 
[INFO] [stdout] test result: ok. 1 passed; 0 failed; 0 ignored; 0 measured; 0 filtered out; finished in 0.02s
[INFO] [stdout] 
[INFO] [stderr]      Running tests/cli_alias_bomb.rs (/opt/rustwide/target/release/build/ryl/f473f7002732bdae/out/cli_alias_bomb-f473f7002732bdae)
[INFO] [stdout] 
[INFO] [stdout] running 6 tests
[INFO] [stdout] test linting_alias_bomb_file_does_not_expand_aliases ... ok
[INFO] [stdout] test linting_alias_bomb_with_check_canonical_stays_bounded ... ok
[INFO] [stdout] test merging_a_wide_anchor_many_times_stays_bounded ... ok
[INFO] [stdout] test deeply_nested_anchored_merges_stay_bounded ... ok
[INFO] [stdout] test config_alias_bomb_is_rejected_instead_of_expanded ... ok
[INFO] [stdout] test merging_a_wide_base_into_many_hosts_stays_bounded ... ok
[INFO] [stdout] 
[INFO] [stdout] test result: ok. 6 passed; 0 failed; 0 ignored; 0 measured; 0 filtered out; finished in 0.87s
[INFO] [stdout] 
[INFO] [stdout] 
[INFO] [stdout] running 9 tests
[INFO] [stderr]      Running tests/cli_anchors_rule.rs (/opt/rustwide/target/release/build/ryl/c0eb30e19b3f5819/out/cli_anchors_rule-c0eb30e19b3f5819)
[INFO] [stdout] test alias_value_with_only_indent_prefix_is_supported ... ok
[INFO] [stdout] test rule_ignore_skips_file ... ok
[INFO] [stdout] test anchors_reports_error ... ok
[INFO] [stdout] test duplicate_anchor_reports_error_when_enabled ... ok
[INFO] [stdout] test ambiguous_anchor_alias_names_report_error_via_toml ... ok
[INFO] [stdout] test ambiguous_anchor_alias_names_rejected_in_yaml_config ... ok
[INFO] [stdout] test malformed_anchor_after_undeclared_alias_reports_syntax_error ... ok
[INFO] [stdout] test unused_anchor_reports_error_when_enabled ... ok
[INFO] [stdout] test warning_level_does_not_fail ... ok
[INFO] [stdout] 
[INFO] [stdout] test result: ok. 9 passed; 0 failed; 0 ignored; 0 measured; 0 filtered out; finished in 0.05s
[INFO] [stdout] 
[INFO] [stderr]      Running tests/cli_block_scalar_chomping_rule.rs (/opt/rustwide/target/release/build/ryl/f35aeaf775b8929a/out/cli_block_scalar_chomping_rule-f35aeaf775b8929a)
[INFO] [stdout] 
[INFO] [stdout] running 17 tests
[INFO] [stdout] test flags_crlf_header ... ok
[INFO] [stdout] test flags_bare_literal_and_folded_clip_headers ... ok
[INFO] [stdout] test disabled_by_default ... ok
[INFO] [stdout] test does_not_treat_header_like_first_content_as_the_header ... ok
[INFO] [stdout] test counts_bare_cr_when_numbering_the_header_line ... ok
[INFO] [stdout] test preserves_hash_characters_that_do_not_start_comments ... ok
[INFO] [stdout] test flags_empty_and_blank_only_block_scalars ... ok
[INFO] [stdout] test flags_header_without_trailing_newline ... ok
[INFO] [stdout] test per_file_ignores_accept_the_rule_name ... ok
[INFO] [stdout] test rule_is_rejected_in_yaml_config ... ok
[INFO] [stdout] test flags_indentation_only_header ... ok
[INFO] [stdout] test recovers_header_on_its_own_line_above_a_blank_gap ... ok
[INFO] [stdout] test reports_char_based_column_after_multibyte_key ... ok
[INFO] [stdout] test treats_bare_cr_as_a_line_break ... ok
[INFO] [stdout] test strips_trailing_comment_after_header ... ok
[INFO] [stdout] test preserves_plain_key_fragments_that_resemble_node_properties ... ok
[INFO] [stderr]      Running tests/cli_check_subcommand.rs (/opt/rustwide/target/release/build/ryl/6dd4c709de32a7d5/out/cli_check_subcommand-6dd4c709de32a7d5)
[INFO] [stdout] test ignores_pipe_inside_quoted_scalar ... ok
[INFO] [stdout] 
[INFO] [stdout] test result: ok. 17 passed; 0 failed; 0 ignored; 0 measured; 0 filtered out; finished in 0.04s
[INFO] [stdout] 
[INFO] [stdout] 
[INFO] [stdout] running 12 tests
[INFO] [stdout] test check_help_lists_every_lint_flag ... ok
[INFO] [stdout] test check_matches_bare_on_diff_without_mutating ... ok
[INFO] [stdout] test check_matches_bare_on_stdin ... ok
[INFO] [stdout] test check_matches_bare_on_list_files ... ok
[INFO] [stdout] test check_matches_bare_on_stdin_filename ... ok
[INFO] [stdout] test completions_include_check_subcommand ... ok
[INFO] [stdout] test check_matches_bare_on_multi_format_outputs ... ok
[INFO] [stdout] test check_matches_bare_on_clean_file ... ok
[INFO] [stdout] test check_fix_matches_bare_fix ... ok
[INFO] [stdout] test no_warnings_suppresses_the_deprecation_warning ... ok
[INFO] [stdout] test top_level_meta_actions_do_not_warn ... ok
[INFO] [stdout] test check_matches_bare_on_violations ... ok
[INFO] [stdout] 
[INFO] [stdout] test result: ok. 12 passed; 0 failed; 0 ignored; 0 measured; 0 filtered out; finished in 0.04s
[INFO] [stdout] 
[INFO] [stderr]      Running tests/cli_colons_rule.rs (/opt/rustwide/target/release/build/ryl/6bc99a21332a2f66/out/cli_colons_rule-6bc99a21332a2f66)
[INFO] [stdout] 
[INFO] [stdout] running 3 tests
[INFO] [stdout] test colons_reports_explicit_key_spacing ... ok
[INFO] [stdout] test colons_reports_spacing_errors ... ok
[INFO] [stderr]      Running tests/cli_commas_rule.rs (/opt/rustwide/target/release/build/ryl/56d69c8798861fca/out/cli_commas_rule-56d69c8798861fca)
[INFO] [stdout] test colons_allows_required_space_for_alias_mapping_key ... ok
[INFO] [stdout] 
[INFO] [stdout] test result: ok. 3 passed; 0 failed; 0 ignored; 0 measured; 0 filtered out; finished in 0.04s
[INFO] [stdout] 
[INFO] [stdout] 
[INFO] [stdout] running 6 tests
[INFO] [stdout] test double_curly_template_is_ignored ... ok
[INFO] [stdout] test rule_ignore_skips_file ... ok
[INFO] [stdout] test warning_level_does_not_fail ... ok
[INFO] [stdout] test fix_leaves_double_curly_template_unchanged ... ok
[INFO] [stdout] test commas_reports_errors ... ok
[INFO] [stderr]      Running tests/cli_comments_indentation_rule.rs (/opt/rustwide/target/release/build/ryl/29e3ae6abbcbefef/out/cli_comments_indentation_rule-29e3ae6abbcbefef)
[INFO] [stdout] test relaxed_spacing_allows_compact_flow ... ok
[INFO] [stdout] 
[INFO] [stdout] test result: ok. 6 passed; 0 failed; 0 ignored; 0 measured; 0 filtered out; finished in 0.02s
[INFO] [stdout] 
[INFO] [stdout] 
[INFO] [stdout] running 4 tests
[INFO] [stdout] test allow_any_open_indent_rejected_in_yaml_config ... ok
[INFO] [stderr]      Running tests/cli_comments_rule.rs (/opt/rustwide/target/release/build/ryl/86f30398bc2e4b87/out/cli_comments_rule-86f30398bc2e4b87)
[INFO] [stdout] test comments_indentation_allows_aligned_comment ... ok
[INFO] [stdout] test comments_indentation_reports_error ... ok
[INFO] [stdout] test allow_any_open_indent_accepts_open_block_level_via_toml ... ok
[INFO] [stdout] 
[INFO] [stdout] test result: ok. 4 passed; 0 failed; 0 ignored; 0 measured; 0 filtered out; finished in 0.01s
[INFO] [stdout] 
[INFO] [stdout] 
[INFO] [stdout] running 3 tests
[INFO] [stdout] test comments_rule_emits_diagnostics ... ok
[INFO] [stdout] test comments_rule_ignores_shebang_when_enabled ... ok
[INFO] [stderr]      Running tests/cli_completions.rs (/opt/rustwide/target/release/build/ryl/a65e888f1b6908d4/out/cli_completions-a65e888f1b6908d4)
[INFO] [stdout] test fix_trims_to_max_spaces_but_honours_disable_line ... ok
[INFO] [stdout] 
[INFO] [stdout] test result: ok. 3 passed; 0 failed; 0 ignored; 0 measured; 0 filtered out; finished in 0.02s
[INFO] [stdout] 
[INFO] [stdout] 
[INFO] [stdout] running 3 tests
[INFO] [stdout] test generate_completions_rejects_being_combined_with_other_args ... ok
[INFO] [stdout] test generate_completions_rejects_unknown_shell ... ok
[INFO] [stdout] test generate_completions_emits_a_script_per_shell ... ok
[INFO] [stderr]      Running tests/cli_config_data_error.rs (/opt/rustwide/target/release/build/ryl/83374adc02fb3487/out/cli_config_data_error-83374adc02fb3487)
[INFO] [stdout] 
[INFO] [stdout] test result: ok. 3 passed; 0 failed; 0 ignored; 0 measured; 0 filtered out; finished in 0.03s
[INFO] [stdout] 
[INFO] [stdout] 
[INFO] [stdout] running 2 tests
[INFO] [stdout] test invalid_inline_config_causes_exit_2 ... ok
[INFO] [stderr]      Running tests/cli_config_discovery_subdir.rs (/opt/rustwide/target/release/build/ryl/d778b962875fbcae/out/cli_config_discovery_subdir-d778b962875fbcae)
[INFO] [stdout] test empty_inline_config_is_rejected_without_panicking ... ok
[INFO] [stdout] 
[INFO] [stdout] test result: ok. 2 passed; 0 failed; 0 ignored; 0 measured; 0 filtered out; finished in 0.00s
[INFO] [stdout] 
[INFO] [stdout] 
[INFO] [stdout] running 1 test
[INFO] [stdout] test relative_input_from_subdirectory_finds_ancestor_config ... ok
[INFO] [stdout] 
[INFO] [stdout] test result: ok. 1 passed; 0 failed; 0 ignored; 0 measured; 0 filtered out; finished in 0.02s
[INFO] [stdout] 
[INFO] [stderr]      Running tests/cli_config_flags.rs (/opt/rustwide/target/release/build/ryl/10d478bfe151da84/out/cli_config_flags-10d478bfe151da84)
[INFO] [stdout] 
[INFO] [stdout] running 4 tests
[INFO] [stdout] test format_strict_no_warnings_are_accepted ... ok
[INFO] [stdout] test config_data_yaml_files_only_lists_dot_yamllint_yml ... ok
[INFO] [stdout] test config_file_ignores_docs_globally ... ok
[INFO] [stdout] test config_enabling_no_rules_is_rejected_loudly ... ok
[INFO] [stdout] 
[INFO] [stdout] test result: ok. 4 passed; 0 failed; 0 ignored; 0 measured; 0 filtered out; finished in 0.02s
[INFO] [stdout] 
[INFO] [stderr]      Running tests/cli_config_migrate.rs (/opt/rustwide/target/release/build/ryl/eec865c360efa1ba/out/cli_config_migrate-eec865c360efa1ba)
[INFO] [stdout] 
[INFO] [stdout] running 18 tests
[INFO] [stdout] test migrate_configs_missing_root_returns_usage_error ... ok
[INFO] [stdout] test migrate_configs_warns_when_multiple_yaml_configs_share_directory ... ok
[INFO] [stdout] test migrate_configs_stdout_prints_generated_toml ... ok
[INFO] [stdout] test migrate_configs_write_with_delete_old_removes_skipped_lower_precedence_files ... ok
[INFO] [stdout] test migrate_configs_empty_default_root_prints_no_configs_message ... ok
[INFO] [stdout] test migrate_combined_reports_absent_user_config_even_when_project_migrates ... ok
[INFO] [stdout] test migrate_configs_dry_run_does_not_write_files ... ok
[INFO] [stdout] test migrate_configs_write_with_rename_flattens_extends ... ok
[INFO] [stdout] test migrate_configs_write_with_delete_old_removes_source ... ok
[INFO] [stdout] test migrate_rename_and_delete_conflict ... ok
[INFO] [stdout] test migrate_options_require_migrate_configs ... ok
[INFO] [stdout] test migrate_user_config_absent_source_reports_message ... ok
[INFO] [stdout] test migrate_user_config_dry_run_previews_without_writing ... ok
[INFO] [stdout] test migrate_delete_old_requires_write ... ok
[INFO] [stdout] test migrate_combined_project_and_user_config_in_one_run ... ok
[INFO] [stdout] test migrate_user_config_write_creates_ryl_toml ... ok
[INFO] [stdout] test migrate_configs_write_with_rename_old_renames_skipped_lower_precedence_files ... ok
[INFO] [stdout] test migrate_rejects_positional_path ... ok
[INFO] [stdout] 
[INFO] [stdout] test result: ok. 18 passed; 0 failed; 0 ignored; 0 measured; 0 filtered out; finished in 0.04s
[INFO] [stdout] 
[INFO] [stderr]      Running tests/cli_config_parse_error_text.rs (/opt/rustwide/target/release/build/ryl/9ecb5889cc8e0750/out/cli_config_parse_error_text-9ecb5889cc8e0750)
[INFO] [stdout] 
[INFO] [stdout] running 4 tests
[INFO] [stdout] test pyproject_syntax_error_counts_columns_in_chars ... ok
[INFO] [stdout] test yaml_config_type_error_keeps_key_path_on_one_line ... ok
[INFO] [stdout] test newline_in_a_config_key_stays_escaped ... ok
[INFO] [stdout] test toml_syntax_error_is_one_line_with_location ... ok
[INFO] [stdout] 
[INFO] [stdout] test result: ok. 4 passed; 0 failed; 0 ignored; 0 measured; 0 filtered out; finished in 0.01s
[INFO] [stdout] 
[INFO] [stderr]      Running tests/cli_cr_line_breaks.rs (/opt/rustwide/target/release/build/ryl/e69cb6eead13140b/out/cli_cr_line_breaks-e69cb6eead13140b)
[INFO] [stdout] 
[INFO] [stdout] running 10 tests
[INFO] [stdout] test fix_appends_a_bare_cr_eof_newline_when_new_lines_is_off ... ok
[INFO] [stdout] test fix_document_end_no_spurious_break_before_marker_on_trailing_cr ... ok
[INFO] [stdout] test line_length_measures_to_the_bare_cr_not_across_it ... ok
[INFO] [stdout] test fix_document_start_marker_reuses_a_bare_cr ... ok
[INFO] [stdout] test diff_skips_a_file_ending_in_a_bare_cr ... ok
[INFO] [stdout] test new_line_at_end_of_file_accepts_a_trailing_bare_cr ... ok
[INFO] [stdout] test empty_lines_counts_blank_runs_made_of_bare_cr ... ok
[INFO] [stdout] test trailing_spaces_flags_run_before_a_bare_cr ... ok
[INFO] [stdout] test new_lines_flags_a_bare_cr_first_ending ... ok
[INFO] [stdout] test fix_rewrites_a_bare_cr_file_in_place ... ok
[INFO] [stdout] 
[INFO] [stdout] test result: ok. 10 passed; 0 failed; 0 ignored; 0 measured; 0 filtered out; finished in 0.04s
[INFO] [stdout] 
[INFO] [stdout] 
[INFO] [stderr]      Running tests/cli_diff.rs (/opt/rustwide/target/release/build/ryl/5ea3969edf1e52d8/out/cli_diff-5ea3969edf1e52d8)
[INFO] [stdout] running 23 tests
[INFO] [stdout] test diff_conflicts_with_fix ... ok
[INFO] [stdout] test diff_clean_file_exits_zero_with_empty_stdout ... ok
[INFO] [stdout] test diff_deduplicates_dotdot_spelled_paths ... ok
[INFO] [stdout] test diff_header_relativizes_absolute_path_under_cwd ... ok
[INFO] [stdout] test diff_header_normalizes_dot_and_dotdot_segments ... ok
[INFO] [stdout] test diff_deduplicates_inputs_listed_under_multiple_spellings ... ok
[INFO] [stdout] test diff_markdown_skip_reports_original_line_not_post_fix ... ok
[INFO] [stdout] test diff_reads_stdin_with_filename_label ... ok
[INFO] [stdout] test diff_reports_stdin_that_cannot_be_decoded ... ok
[INFO] [stdout] test diff_reports_a_file_that_cannot_be_decoded ... ok
[INFO] [stdout] test diff_across_multiple_files_orders_diffs_and_coexists_with_skips ... ok
[INFO] [stdout] test diff_prints_unified_diff_and_leaves_file_unchanged ... ok
[INFO] [stdout] test diff_ignores_remaining_unfixable_findings ... ok
[INFO] [stdout] test diff_rewrites_yaml_embedded_in_markdown_at_host_level ... ok
[INFO] [stdout] test diff_reads_stdin_with_default_label ... ok
[INFO] [stdout] test diff_skips_filename_with_control_character ... ok
[INFO] [stdout] test diff_stdin_unparsable_is_skipped ... ok
[INFO] [stdout] test diff_skips_non_utf8_stdin_with_notice ... ok
[INFO] [stdout] test diff_skips_unparsable_file_with_notice ... ok
[INFO] [stdout] test diff_skips_stdin_filename_with_control_character ... ok
[INFO] [stdout] test diff_skips_symlink_with_notice ... ok
[INFO] [stdout] test diff_skips_non_utf8_filename_with_notice ... ok
[INFO] [stdout] test diff_skips_non_utf8_file_with_notice ... ok
[INFO] [stdout] 
[INFO] [stdout] test result: ok. 23 passed; 0 failed; 0 ignored; 0 measured; 0 filtered out; finished in 0.09s
[INFO] [stdout] 
[INFO] [stderr]      Running tests/cli_directives.rs (/opt/rustwide/target/release/build/ryl/6bb03c17288ed7cd/out/cli_directives-6bb03c17288ed7cd)
[INFO] [stdout] 
[INFO] [stdout] running 5 tests
[INFO] [stdout] test markdown_fix_skips_directive_disabled_line ... ok
[INFO] [stdout] test stdin_honours_directive_beside_a_version_comment ... ok
[INFO] [stdout] test stdin_honours_disable_line_directive ... ok
[INFO] [stdout] test markdown_fenced_block_honours_directive ... ok
[INFO] [stdout] test stdin_still_reports_without_a_matching_directive ... ok
[INFO] [stdout] 
[INFO] [stdout] test result: ok. 5 passed; 0 failed; 0 ignored; 0 measured; 0 filtered out; finished in 0.03s
[INFO] [stdout] 
[INFO] [stderr]      Running tests/cli_document_end_rule.rs (/opt/rustwide/target/release/build/ryl/2c1360349d7f8cc3/out/cli_document_end_rule-2c1360349d7f8cc3)
[INFO] [stdout] 
[INFO] [stdout] running 3 tests
[INFO] [stdout] test missing_marker_reports_error ... ok
[INFO] [stdout] test forbidding_marker_flags_explicit_document ... ok
[INFO] [stdout] test forbidding_marker_allows_implicit_document ... ok
[INFO] [stderr]      Running tests/cli_document_start_rule.rs (/opt/rustwide/target/release/build/ryl/92521ad7cb396089/out/cli_document_start_rule-92521ad7cb396089)
[INFO] [stdout] 
[INFO] [stdout] test result: ok. 3 passed; 0 failed; 0 ignored; 0 measured; 0 filtered out; finished in 0.02s
[INFO] [stdout] 
[INFO] [stdout] 
[INFO] [stdout] running 3 tests
[INFO] [stdout] test forbidding_marker_flags_explicit_document ... ok
[INFO] [stdout] test forbidding_marker_allows_implicit_document ... ok
[INFO] [stdout] test missing_marker_reports_error ... ok
[INFO] [stdout] 
[INFO] [stdout] test result: ok. 3 passed; 0 failed; 0 ignored; 0 measured; 0 filtered out; finished in 0.03s
[INFO] [stdout] 
[INFO] [stderr]      Running tests/cli_empty_lines_rule.rs (/opt/rustwide/target/release/build/ryl/fe93c67482a1a10a/out/cli_empty_lines_rule-fe93c67482a1a10a)
[INFO] [stdout] 
[INFO] [stdout] running 2 tests
[INFO] [stdout] test reports_interior_blank_run ... ok
[INFO] [stdout] test enforces_start_and_end_limits ... ok
[INFO] [stdout] 
[INFO] [stdout] test result: ok. 2 passed; 0 failed; 0 ignored; 0 measured; 0 filtered out; finished in 0.02s
[INFO] [stdout] 
[INFO] [stderr]      Running tests/cli_empty_values_rule.rs (/opt/rustwide/target/release/build/ryl/2330d825b4cc8e67/out/cli_empty_values_rule-2330d825b4cc8e67)
[INFO] [stdout] 
[INFO] [stdout] running 2 tests
[INFO] [stdout] test empty_values_reports_all_diagnostics ... ok
[INFO] [stdout] test empty_values_honors_flags ... ok
[INFO] [stdout] 
[INFO] [stdout] test result: ok. 2 passed; 0 failed; 0 ignored; 0 measured; 0 filtered out; finished in 0.01s
[INFO] [stdout] 
[INFO] [stderr]      Running tests/cli_enable_rules.rs (/opt/rustwide/target/release/build/ryl/580cf9d1b31221cb/out/cli_enable_rules-580cf9d1b31221cb)
[INFO] [stdout] 
[INFO] [stdout] running 10 tests
[INFO] [stdout] test all_enables_every_rule_at_error_level ... ok
[INFO] [stdout] test enable_flag_limits_fix_to_the_selected_rules ... ok
[INFO] [stdout] test enable_flag_replaces_a_discovered_configs_selection ... ok
[INFO] [stdout] test enable_flag_keeps_per_file_ignores ... ok
[INFO] [stdout] test all_disable_is_stripped_and_enables_nothing ... ok
[INFO] [stdout] test enable_flag_applies_to_stdin ... ok
[INFO] [stdout] test enable_flag_lints_without_a_config ... ok
[INFO] [stdout] test enable_flag_rejects_unknown_ids_and_lowercase_all ... ok
[INFO] [stdout] test enable_flag_restricts_inline_config_data ... ok
[INFO] [stdout] test explicit_rule_entries_win_over_all_in_either_order ... ok
[INFO] [stderr]      Running tests/cli_env_config.rs (/opt/rustwide/target/release/build/ryl/b9a4848526331d45/out/cli_env_config-b9a4848526331d45)
[INFO] [stdout] 
[INFO] [stdout] test result: ok. 10 passed; 0 failed; 0 ignored; 0 measured; 0 filtered out; finished in 0.04s
[INFO] [stdout] 
[INFO] [stdout] 
[INFO] [stdout] running 1 test
[INFO] [stderr]      Running tests/cli_exit_and_errors.rs (/opt/rustwide/target/release/build/ryl/d341a2f4559075db/out/cli_exit_and_errors-d341a2f4559075db)
[INFO] [stdout] test env_config_file_is_honored ... ok
[INFO] [stdout] 
[INFO] [stdout] test result: ok. 1 passed; 0 failed; 0 ignored; 0 measured; 0 filtered out; finished in 0.01s
[INFO] [stdout] 
[INFO] [stdout] 
[INFO] [stdout] running 3 tests
[INFO] [stdout] test no_arguments_returns_usage_error_code_2 ... ok
[INFO] [stdout] test empty_directory_results_in_success ... ok
[INFO] [stdout] test non_existent_file_reports_read_error ... FAILED
[INFO] [stdout] 
[INFO] [stdout] failures:
[INFO] [stdout] 
[INFO] [stdout] ---- non_existent_file_reports_read_error stdout ----
[INFO] [stdout] 
[INFO] [stdout] thread 'non_existent_file_reports_read_error' (10331) panicked at tests/cli_exit_and_errors.rs:41:5:
[INFO] [stdout] assertion `left == right` failed: expected failure for unreadable file
[INFO] [stdout]   left: 2
[INFO] [stdout]  right: 1
[INFO] [stdout] stack backtrace:
[INFO] [stdout]    0:     0x6303ddb33421 - <<std[617be2ca0a6fd877]::sys::backtrace::BacktraceLock>::print::DisplayBacktrace as core[a373ad73a504971]::fmt::Display>::fmt
[INFO] [stdout]    1:     0x6303ddb476ea - core[a373ad73a504971]::fmt::write
[INFO] [stdout]    2:     0x6303ddb3789c - <alloc[2e1b2a31b91974c5]::vec::Vec<u8> as core[a373ad73a504971]::io::write::Write>::write_fmt
[INFO] [stdout]    3:     0x6303ddb0e4d6 - std[617be2ca0a6fd877]::panicking::default_hook::{closure#0}
[INFO] [stdout]    4:     0x6303ddb2b399 - std[617be2ca0a6fd877]::panicking::default_hook
[INFO] [stdout]    5:     0x6303ddac54b0 - test[aada8e7e76ba119b]::test_main_inner::{closure#0}
[INFO] [stdout]    6:     0x6303ddb2b552 - std[617be2ca0a6fd877]::panicking::panic_with_hook
[INFO] [stdout]    7:     0x6303ddb0e582 - std[617be2ca0a6fd877]::panicking::panic_handler::{closure#0}
[INFO] [stdout]    8:     0x6303ddb07179 - std[617be2ca0a6fd877]::sys::backtrace::__rust_end_short_backtrace::<std[617be2ca0a6fd877]::panicking::panic_handler::{closure#0}, !>
[INFO] [stdout]    9:     0x6303ddb0f18d - __rustc[ea4f61d10b84890b]::rust_begin_unwind
[INFO] [stdout]   10:     0x6303ddb47e1c - core[a373ad73a504971]::panicking::panic_fmt
[INFO] [stdout]   11:     0x6303ddb47d93 - core[a373ad73a504971]::panicking::assert_failed_inner
[INFO] [stdout]   12:     0x6303ddb06d15 - core[a373ad73a504971]::panicking::assert_failed::<i32, i32>
[INFO] [stdout]   13:     0x6303ddab8677 - <cli_exit_and_errors[cfc04276f68c4a37]::non_existent_file_reports_read_error::{closure#0} as core[a373ad73a504971]::ops::function::FnOnce<()>>::call_once
[INFO] [stdout]   14:     0x6303ddab88fb - test[aada8e7e76ba119b]::__rust_begin_short_backtrace::<core[a373ad73a504971]::result::Result<(), alloc[2e1b2a31b91974c5]::string::String>, fn() -> core[a373ad73a504971]::result::Result<(), alloc[2e1b2a31b91974c5]::string::String>>
[INFO] [stdout]   15:     0x6303ddac5ad5 - test[aada8e7e76ba119b]::run_test::{closure#0}
[INFO] [stdout]   16:     0x6303ddabf3c4 - std[617be2ca0a6fd877]::sys::backtrace::__rust_begin_short_backtrace::<test[aada8e7e76ba119b]::run_test::{closure#1}, ()>
[INFO] [stdout]   17:     0x6303ddac8b62 - <std[617be2ca0a6fd877]::thread::lifecycle::spawn_unchecked<test[aada8e7e76ba119b]::run_test::{closure#1}, ()>::{closure#1} as core[a373ad73a504971]::ops::function::FnOnce<()>>::call_once::{shim:vtable#0}
[INFO] [stdout]   18:     0x6303ddb32c7f - <std[617be2ca0a6fd877]::sys::thread::unix::Thread>::new::thread_start
[INFO] [stdout]   19:     0x7a5791c6bdfa - <unknown>
[INFO] [stdout]   20:     0x7a5791cff3d4 - clone
[INFO] [stdout]   21:                0x0 - <unknown>
[INFO] [stdout] 
[INFO] [stdout] 
[INFO] [stdout] failures:
[INFO] [stdout]     non_existent_file_reports_read_error
[INFO] [stdout] 
[INFO] [stdout] test result: FAILED. 2 passed; 1 failed; 0 ignored; 0 measured; 0 filtered out; finished in 0.02s
[INFO] [stdout] 
[INFO] [stderr] error: test failed, to rerun pass `--test cli_exit_and_errors`
[INFO] running `Command { std: "docker" "inspect" "f09308ebadd165e50cab6979dfcbae8294bb9399958ab8499fd1ef538f7eb435", kill_on_drop: false }`
[INFO] running `Command { std: "docker" "rm" "-f" "f09308ebadd165e50cab6979dfcbae8294bb9399958ab8499fd1ef538f7eb435", kill_on_drop: false }`
[INFO] [stdout] f09308ebadd165e50cab6979dfcbae8294bb9399958ab8499fd1ef538f7eb435
