[INFO] fetching crate rustyfi-pdf 0.1.6...
[INFO] testing rustyfi-pdf-0.1.6 against 1.100.0-beta.1+cargoflags=--release for beta-release-1.100-2
[INFO] extracting crate rustyfi-pdf 0.1.6 into /workspace/builds/worker-7-tc2/source
[INFO] started tweaking crates.io crate rustyfi-pdf 0.1.6
[INFO] removed 0 missing tests
[INFO] finished tweaking crates.io crate rustyfi-pdf 0.1.6
[INFO] tweaked toml for crates.io crate rustyfi-pdf 0.1.6 written to /workspace/builds/worker-7-tc2/source/Cargo.toml
[INFO] validating manifest of crates.io crate rustyfi-pdf 0.1.6 on toolchain 1.100.0-beta.1
[INFO] running `Command { std: CARGO_HOME="/workspace/cargo-home" RUSTUP_HOME="/workspace/rustup-home" "/workspace/cargo-home/bin/cargo" "+1.100.0-beta.1" "metadata" "--manifest-path" "Cargo.toml" "--no-deps", kill_on_drop: false }`
[INFO] crate crates.io crate rustyfi-pdf 0.1.6 already has a lockfile, it will not be regenerated
[INFO] running `Command { std: CARGO_HOME="/workspace/cargo-home" RUSTUP_HOME="/workspace/rustup-home" "/workspace/cargo-home/bin/cargo" "+1.100.0-beta.1" "fetch" "--manifest-path" "Cargo.toml", kill_on_drop: false }`
[INFO] [stderr] warning: `package.homepage` is redundant with `package.repository`
[INFO] [stderr]   --> Cargo.toml:48:12
[INFO] [stderr]    |
[INFO] [stderr] 48 | homepage = "https://github.com/yasuo-ozu/rustyfi"
[INFO] [stderr]    |            ^^^^^^^^^^^^^^^^^^^^^^^^^^^^^^^^^^^^^^
[INFO] [stderr] ...
[INFO] [stderr] 53 | repository = "https://github.com/yasuo-ozu/rustyfi"
[INFO] [stderr]    |              --------------------------------------
[INFO] [stderr]    |
[INFO] [stderr]    = note: `cargo::redundant_homepage` is set to `warn` by default
[INFO] [stderr] help: consider removing `package.homepage`
[INFO] [stderr] warning: `rustyfi-pdf` (manifest) generated 1 warning
[INFO] running `Command { std: "docker" "create" "-v" "/var/lib/crater-agent-workspace/builds/worker-7-tc2/source:/opt/rustwide/workdir:ro,Z" "-v" "/var/lib/crater-agent-workspace/builds/worker-7-tc2/target:/opt/rustwide/target:rw,Z" "-v" "/var/lib/crater-agent-workspace/cargo-home:/opt/rustwide/cargo-home:ro,Z" "-v" "/var/lib/crater-agent-workspace/rustup-home:/opt/rustwide/rustup-home:ro,Z" "-m" "1610612736" "--network" "none" "ghcr.io/rust-lang/crates-build-env/linux@sha256:77db811e55d90add9212f6832c23229e3de5f1c1f9905e8cb07319ea15df73ac" "sleep" "infinity", kill_on_drop: false }`
[INFO] [stdout] af3d47712c182e4e15f0059408abaccca01c188af35ad40991f29a1d286dd41b
[INFO] running `Command { std: "docker" "start" "af3d47712c182e4e15f0059408abaccca01c188af35ad40991f29a1d286dd41b", kill_on_drop: false }`
[INFO] running `Command { std: "docker" "inspect" "af3d47712c182e4e15f0059408abaccca01c188af35ad40991f29a1d286dd41b", kill_on_drop: false }`
[INFO] running `Command { std: "docker" "exec" "-e" "SOURCE_DIR=/opt/rustwide/workdir" "-e" "CARGO_HOME=/opt/rustwide/cargo-home" "-e" "RUSTUP_HOME=/opt/rustwide/rustup-home" "-e" "CARGO_TARGET_DIR=/opt/rustwide/target" "-w" "/opt/rustwide/workdir" "--user" "0:0" "af3d47712c182e4e15f0059408abaccca01c188af35ad40991f29a1d286dd41b" "/opt/rustwide/cargo-home/bin/cargo" "+1.100.0-beta.1" "metadata" "--no-deps" "--format-version=1", kill_on_drop: false }`
[INFO] running `Command { std: "docker" "inspect" "af3d47712c182e4e15f0059408abaccca01c188af35ad40991f29a1d286dd41b", kill_on_drop: false }`
[INFO] running `Command { std: "docker" "exec" "-e" "SOURCE_DIR=/opt/rustwide/workdir" "-e" "CARGO_HOME=/opt/rustwide/cargo-home" "-e" "RUSTUP_HOME=/opt/rustwide/rustup-home" "-e" "CARGO_TARGET_DIR=/opt/rustwide/target" "-e" "CARGO_INCREMENTAL=0" "-e" "RUST_BACKTRACE=full" "-e" "RUSTFLAGS=--cap-lints=warn" "-e" "RUSTDOCFLAGS=--cap-lints=warn" "-w" "/opt/rustwide/workdir" "--user" "0:0" "af3d47712c182e4e15f0059408abaccca01c188af35ad40991f29a1d286dd41b" "/opt/rustwide/cargo-home/bin/cargo" "+1.100.0-beta.1" "build" "--frozen" "--message-format=json" "--release", kill_on_drop: false }`
[INFO] [stderr] warning: `package.homepage` is redundant with `package.repository`
[INFO] [stderr]   --> Cargo.toml:48:12
[INFO] [stderr]    |
[INFO] [stderr] 48 | homepage = "https://github.com/yasuo-ozu/rustyfi"
[INFO] [stderr]    |            ^^^^^^^^^^^^^^^^^^^^^^^^^^^^^^^^^^^^^^
[INFO] [stderr] ...
[INFO] [stderr] 53 | repository = "https://github.com/yasuo-ozu/rustyfi"
[INFO] [stderr]    |              --------------------------------------
[INFO] [stderr]    |
[INFO] [stderr]    = note: `cargo::redundant_homepage` is set to `warn` by default
[INFO] [stderr] help: consider removing `package.homepage`
[INFO] [stderr] warning: `rustyfi-pdf` (manifest) generated 1 warning
[INFO] [stderr]    Compiling num-traits v0.2.19
[INFO] [stderr]    Compiling proc-macro2 v1.0.106
[INFO] [stderr]    Compiling syn v1.0.109
[INFO] [stderr]    Compiling proc-macro-error-attr v1.0.4
[INFO] [stderr]    Compiling quote v1.0.46
[INFO] [stderr]    Compiling either v1.16.0
[INFO] [stderr]    Compiling proc-macro-error-attr2 v2.0.0
[INFO] [stderr]    Compiling derive-syn-parse v0.2.0
[INFO] [stderr]    Compiling include_dir_macros v0.7.4
[INFO] [stderr]    Compiling unicode-width v0.1.14
[INFO] [stderr]    Compiling darling_core v0.20.11
[INFO] [stderr]    Compiling include_dir v0.7.4
[INFO] [stderr]    Compiling proc-macro-error2 v2.0.1
[INFO] [stderr]    Compiling itertools v0.10.5
[INFO] [stderr]    Compiling winnow v0.5.40
[INFO] [stderr]    Compiling toml_datetime v0.6.11
[INFO] [stderr]    Compiling fixedbitset v0.5.7
[INFO] [stderr]    Compiling petgraph v0.7.1
[INFO] [stderr]    Compiling proc-macro-error v1.0.4
[INFO] [stderr]    Compiling syn v2.0.118
[INFO] [stderr]    Compiling aquamarine v0.6.0
[INFO] [stderr]    Compiling toml_edit v0.19.15
[INFO] [stderr]    Compiling itertools v0.14.0
[INFO] [stderr]    Compiling unicode-linebreak v0.1.5
[INFO] [stderr]    Compiling rustc-hash v2.1.3
[INFO] [stderr]    Compiling subsetter v0.2.6
[INFO] [stderr]    Compiling pdf-writer v0.13.0
[INFO] [stderr]    Compiling darling_macro v0.20.11
[INFO] [stderr]    Compiling serde v1.0.228
[INFO] [stderr]    Compiling darling v0.20.11
[INFO] [stderr]    Compiling serde_json v1.0.150
[INFO] [stderr]    Compiling template-quote-impl v0.4.4
[INFO] [stderr]    Compiling syn_derive v0.1.8
[INFO] [stderr]    Compiling derive-syn-parse v0.1.5
[INFO] [stderr]    Compiling template-quote v0.4.4
[INFO] [stderr]    Compiling safegraph-macros v0.1.0
[INFO] [stderr]    Compiling safegraph-macros v0.2.0
[INFO] [stderr]    Compiling type-leak v0.2.0
[INFO] [stderr]    Compiling safegraph v0.1.0
[INFO] [stderr]    Compiling safegraph v0.2.0
[INFO] [stderr]    Compiling proc-macro-crate v1.3.1
[INFO] [stderr]    Compiling type-leak v0.7.0
[INFO] [stderr]    Compiling newer-type-macro v0.1.2
[INFO] [stderr]    Compiling decycle-impl v0.5.2
[INFO] [stderr]    Compiling sumtype-macro v0.4.1
[INFO] [stderr]    Compiling newer-type-macro v0.3.0
[INFO] [stderr]    Compiling parametrized-macro v0.1.7
[INFO] [stderr]    Compiling sumtype v0.4.1
[INFO] [stderr]    Compiling newer-type v0.3.0
[INFO] [stderr]    Compiling newer-type v0.1.2
[INFO] [stderr]    Compiling newer-type-std v0.3.0
[INFO] [stderr]    Compiling ttf-parser v0.25.1
[INFO] [stderr]    Compiling parametrized v0.1.8
[INFO] [stderr]    Compiling decycle-macro v0.5.2
[INFO] [stderr]    Compiling decycle v0.5.2
[INFO] [stderr]    Compiling syan-macro v0.2.2
[INFO] [stderr]    Compiling syan v0.2.2
[INFO] [stderr]    Compiling rustyfi-backend v0.1.6
[INFO] [stderr]    Compiling rustyfi-pdf v0.1.6 (/opt/rustwide/workdir)
[INFO] [stderr]     Finished `release` profile [optimized] target(s) in 4m 35s
[INFO] [stderr] warning: the following packages contain code that will be rejected by a future version of Rust: proc-macro-error2 v2.0.1
[INFO] [stderr] note: to see what the problems were, use the option `--future-incompat-report`, or run `cargo report future-incompatibilities --id 5`
[INFO] running `Command { std: "docker" "inspect" "af3d47712c182e4e15f0059408abaccca01c188af35ad40991f29a1d286dd41b", kill_on_drop: false }`
[INFO] running `Command { std: "docker" "exec" "-e" "SOURCE_DIR=/opt/rustwide/workdir" "-e" "CARGO_HOME=/opt/rustwide/cargo-home" "-e" "RUSTUP_HOME=/opt/rustwide/rustup-home" "-e" "CARGO_TARGET_DIR=/opt/rustwide/target" "-e" "CARGO_INCREMENTAL=0" "-e" "RUST_BACKTRACE=full" "-e" "RUSTFLAGS=--cap-lints=warn" "-e" "RUSTDOCFLAGS=--cap-lints=warn" "-w" "/opt/rustwide/workdir" "--user" "0:0" "af3d47712c182e4e15f0059408abaccca01c188af35ad40991f29a1d286dd41b" "/opt/rustwide/cargo-home/bin/cargo" "+1.100.0-beta.1" "test" "--frozen" "--no-run" "--message-format=json" "--release", kill_on_drop: false }`
[INFO] [stderr] warning: `package.homepage` is redundant with `package.repository`
[INFO] [stderr]   --> Cargo.toml:48:12
[INFO] [stderr]    |
[INFO] [stderr] 48 | homepage = "https://github.com/yasuo-ozu/rustyfi"
[INFO] [stderr]    |            ^^^^^^^^^^^^^^^^^^^^^^^^^^^^^^^^^^^^^^
[INFO] [stderr] ...
[INFO] [stderr] 53 | repository = "https://github.com/yasuo-ozu/rustyfi"
[INFO] [stderr]    |              --------------------------------------
[INFO] [stderr]    |
[INFO] [stderr]    = note: `cargo::redundant_homepage` is set to `warn` by default
[INFO] [stderr] help: consider removing `package.homepage`
[INFO] [stderr] warning: `rustyfi-pdf` (manifest) generated 1 warning
[INFO] [stderr]    Compiling matrixmultiply v0.3.10
[INFO] [stderr]    Compiling num-integer v0.1.46
[INFO] [stderr]    Compiling num-complex v0.4.6
[INFO] [stderr]    Compiling fst v0.4.7
[INFO] [stderr]    Compiling safegraph v0.2.0
[INFO] [stderr]    Compiling serde_core v1.0.228
[INFO] [stderr]    Compiling libc v0.2.186
[INFO] [stderr]    Compiling block-padding v0.3.3
[INFO] [stderr]    Compiling serde v1.0.228
[INFO] [stderr]    Compiling memchr v2.8.2
[INFO] [stderr]    Compiling inout v0.1.4
[INFO] [stderr]    Compiling cipher v0.4.4
[INFO] [stderr]    Compiling flate2 v1.1.9
[INFO] [stderr]    Compiling pocket-resources v0.3.2
[INFO] [stderr]    Compiling nom v8.0.0
[INFO] [stderr]    Compiling fdeflate v0.3.7
[INFO] [stderr]    Compiling getrandom v0.3.4
[INFO] [stderr]    Compiling bytecount v0.6.9
[INFO] [stderr]    Compiling rand_core v0.9.5
[INFO] [stderr]    Compiling ndarray v0.17.2
[INFO] [stderr]    Compiling rand_chacha v0.9.0
[INFO] [stderr]    Compiling zune-core v0.5.1
[INFO] [stderr]    Compiling pxfm v0.1.29
[INFO] [stderr]    Compiling time v0.3.53
[INFO] [stderr]    Compiling chrono v0.4.45
[INFO] [stderr]    Compiling hyphenation_commons v0.8.4
[INFO] [stderr]    Compiling bincode v1.3.3
[INFO] [stderr]    Compiling rayon v1.12.0
[INFO] [stderr]    Compiling hyphenation v0.8.4
[INFO] [stderr]    Compiling serde_yaml v0.9.34+deprecated
[INFO] [stderr]    Compiling nom_locate v5.0.0
[INFO] [stderr]    Compiling stringprep v0.1.5
[INFO] [stderr]    Compiling moxcms v0.8.1
[INFO] [stderr]    Compiling zune-jpeg v0.5.15
[INFO] [stderr]    Compiling rand v0.9.5
[INFO] [stderr]    Compiling png v0.18.1
[INFO] [stderr]    Compiling aes v0.8.4
[INFO] [stderr]    Compiling ecb v0.1.2
[INFO] [stderr]    Compiling sprs v0.11.4
[INFO] [stderr]    Compiling cbc v0.1.2
[INFO] [stderr]    Compiling md-5 v0.10.6
[INFO] [stderr]    Compiling rangemap v1.7.1
[INFO] [stderr]    Compiling weezl v0.1.12
[INFO] [stderr]    Compiling jiff v0.2.32
[INFO] [stderr]    Compiling serde_json v1.0.150
[INFO] [stderr]    Compiling pdf-writer v0.13.0
[INFO] [stderr]    Compiling safegraph v0.1.0
[INFO] [stderr]    Compiling image v0.25.10
[INFO] [stderr]    Compiling type-leak v0.7.0
[INFO] [stderr]    Compiling decycle-impl v0.5.2
[INFO] [stderr]    Compiling lopdf v0.36.0
[INFO] [stderr]    Compiling decycle v0.5.2
[INFO] [stderr]    Compiling syan v0.2.2
[INFO] [stderr]    Compiling rustyfi-syntax v0.1.6
[INFO] [stderr]    Compiling rustyfi-backend v0.1.6
[INFO] [stderr]    Compiling rustyfi-pdf v0.1.6 (/opt/rustwide/workdir)
[INFO] [stderr]    Compiling rustyfi-loader v0.1.6
[INFO] [stderr]    Compiling rustyfi-lang v0.1.6
[INFO] [stderr]     Finished `release` profile [optimized] target(s) in 8m 35s
[INFO] [stderr] warning: the following packages contain code that will be rejected by a future version of Rust: proc-macro-error2 v2.0.1
[INFO] [stderr] note: to see what the problems were, use the option `--future-incompat-report`, or run `cargo report future-incompatibilities --id 5`
[INFO] running `Command { std: "docker" "inspect" "af3d47712c182e4e15f0059408abaccca01c188af35ad40991f29a1d286dd41b", kill_on_drop: false }`
[INFO] running `Command { std: "docker" "exec" "-e" "SOURCE_DIR=/opt/rustwide/workdir" "-e" "CARGO_HOME=/opt/rustwide/cargo-home" "-e" "RUSTUP_HOME=/opt/rustwide/rustup-home" "-e" "CARGO_TARGET_DIR=/opt/rustwide/target" "-e" "CARGO_INCREMENTAL=0" "-e" "RUST_BACKTRACE=full" "-e" "RUSTFLAGS=--cap-lints=warn" "-e" "RUSTDOCFLAGS=--cap-lints=warn" "-w" "/opt/rustwide/workdir" "--user" "0:0" "af3d47712c182e4e15f0059408abaccca01c188af35ad40991f29a1d286dd41b" "/opt/rustwide/cargo-home/bin/cargo" "+1.100.0-beta.1" "test" "--frozen" "--release", kill_on_drop: false }`
[INFO] [stderr] warning: `package.homepage` is redundant with `package.repository`
[INFO] [stderr]   --> Cargo.toml:48:12
[INFO] [stderr]    |
[INFO] [stderr] 48 | homepage = "https://github.com/yasuo-ozu/rustyfi"
[INFO] [stderr]    |            ^^^^^^^^^^^^^^^^^^^^^^^^^^^^^^^^^^^^^^
[INFO] [stderr] ...
[INFO] [stderr] 53 | repository = "https://github.com/yasuo-ozu/rustyfi"
[INFO] [stderr]    |              --------------------------------------
[INFO] [stderr]    |
[INFO] [stderr]    = note: `cargo::redundant_homepage` is set to `warn` by default
[INFO] [stderr] help: consider removing `package.homepage`
[INFO] [stderr] warning: `rustyfi-pdf` (manifest) generated 1 warning
[INFO] [stderr]     Finished `release` profile [optimized] target(s) in 0.37s
[INFO] [stderr] warning: the following packages contain code that will be rejected by a future version of Rust: proc-macro-error2 v2.0.1
[INFO] [stderr] note: to see what the problems were, use the option `--future-incompat-report`, or run `cargo report future-incompatibilities --id 5`
[INFO] [stderr]      Running unittests src/lib.rs (/opt/rustwide/target/release/build/rustyfi-pdf/3f7aa86c489c80bc/out/rustyfi_pdf-3f7aa86c489c80bc)
[INFO] [stdout] 
[INFO] [stdout] running 26 tests
[INFO] [stdout] test fonts::satysfi_compat_tests::src_and_src_dist_resolve_from_different_bases ... ok
[INFO] [stdout] test fonts::satysfi_compat_tests::an_angle_bracket_inside_a_string_survives ... ok
[INFO] [stdout] test fonts::satysfi_compat_tests::upstream_variants_become_plain_json ... ok
[INFO] [stdout] test fonts::tests::discover_font_dir_takes_precedence_over_lib_root ... ok
[INFO] [stdout] test fonts::tests::discover_parses_single_and_collection_sources ... ok
[INFO] [stdout] test fonts::tests::discover_resolves_absolute_src_verbatim ... ok
[INFO] [stdout] test fonts::tests::discover_returns_none_when_root_has_no_hash_dir ... ok
[INFO] [stdout] test fonts::tests::discover_returns_none_with_nothing_configured ... ok
[INFO] [stdout] test fonts::tests::build_store_rejects_nonzero_collection_index_without_touching_disk ... ok
[INFO] [stdout] test fonts::tests::default_face_bold_and_oblique_can_diverge_from_regular ... ok
[INFO] [stdout] test fonts::tests::from_flags_without_regular_is_an_error ... ok
[INFO] [stdout] test fonts::tests::flags_take_precedence_over_any_directory ... ok
[INFO] [stdout] test fonts::tests::malformed_json_is_an_error_not_none ... ok
[INFO] [stdout] test fonts::tests::missing_default_font_file_is_an_error_once_fonts_hash_exists ... ok
[INFO] [stdout] test fonts::tests::unknown_default_abbrev_is_an_error ... ok
[INFO] [stdout] test ttf::tests::from_bytes_rejects_something_that_is_not_a_font ... ok
[INFO] [stdout] test ttf::tests::from_bytes_alone_resolves_no_abbrev_at_all ... ok
[INFO] [stdout] test ttf::tests::named_abbrevs_get_keys_past_the_style_slots_and_share_equal_bytes ... ok
[INFO] [stdout] test ttf::tests::script_defaults_can_be_set_on_a_byte_built_store ... ok
[INFO] [stdout] test ttf::tests::from_bytes_validates_every_face_it_is_given ... ok
[INFO] [stdout] test fonts::tests::build_store_from_cli_flags_end_to_end ... ok
[INFO] [stdout] test fonts::tests::build_store_allocates_extra_slots_and_dedups_shared_files ... ok
[INFO] [stdout] test fonts::tests::scripts_block_parses_and_resolves_default_script_font ... ok
[INFO] [stdout] test fonts::tests::scripts_block_is_absent_by_default ... ok
[INFO] [stdout] test fonts::tests::build_store_loads_a_real_font_end_to_end ... ok
[INFO] [stdout] test fonts::tests::scripts_block_unknown_abbrev_is_an_error ... ok
[INFO] [stderr]      Running tests/annots.rs (/opt/rustwide/target/release/build/rustyfi-pdf/9af5deb5526091fa/out/annots-9af5deb5526091fa)
[INFO] [stdout] 
[INFO] [stdout] test result: ok. 26 passed; 0 failed; 0 ignored; 0 measured; 0 filtered out; finished in 0.75s
[INFO] [stdout] 
[INFO] [stdout] 
[INFO] [stdout] running 3 tests
[INFO] [stdout] test empty_extras_emit_no_annots_dests_or_outlines_catalog_keys ... ok
[INFO] [stdout] test render_pdf_wrapper_is_byte_identical_to_render_pdf_with_default_extras ... ok
[INFO] [stdout] test render_pdf_with_emits_annots_dests_and_outlines ... ok
[INFO] [stdout] 
[INFO] [stdout] test result: ok. 3 passed; 0 failed; 0 ignored; 0 measured; 0 filtered out; finished in 0.00s
[INFO] [stdout] 
[INFO] [stderr]      Running tests/doc_info.rs (/opt/rustwide/target/release/build/rustyfi-pdf/2e93dfcdee48cfd0/out/doc_info-2e93dfcdee48cfd0)
[INFO] [stdout] 
[INFO] [stdout] running 2 tests
[INFO] [stdout] test render_pdf_with_emits_info_dict_when_registered ... ok
[INFO] [stdout] test render_pdf_with_omits_info_dict_when_unregistered ... ok
[INFO] [stdout] 
[INFO] [stdout] test result: ok. 2 passed; 0 failed; 0 ignored; 0 measured; 0 filtered out; finished in 0.00s
[INFO] [stdout] 
[INFO] [stderr]      Running tests/draw_text.rs (/opt/rustwide/target/release/build/rustyfi-pdf/12bae6c4c93f42f7/out/draw_text-12bae6c4c93f42f7)
[INFO] [stdout] 
[INFO] [stdout] running 5 tests
[INFO] [stdout] test base14_draw_text_emits_td_tj_inside_the_boxs_q_cm_q ... ok
[INFO] [stdout] test an_image_nested_inside_a_draw_text_run_gets_its_xobject_registered ... ok
[INFO] [stdout] test a_text_free_graphics_box_is_unaffected_by_the_nested_emitter_plumbing ... ok
[INFO] [stdout] test base14_draw_text_on_an_empty_run_emits_no_text_operators ... ok
[INFO] [stderr]      Running tests/frame_box.rs (/opt/rustwide/target/release/build/rustyfi-pdf/fe9396d459baf63f/out/frame_box-fe9396d459baf63f)
[INFO] [stdout] test cid_draw_text_run_survives_pdftotext_extraction ... ok
[INFO] [stdout] 
[INFO] [stdout] test result: ok. 5 passed; 0 failed; 0 ignored; 0 measured; 0 filtered out; finished in 0.06s
[INFO] [stdout] 
[INFO] [stdout] 
[INFO] [stdout] running 2 tests
[INFO] [stdout] test frame_content_renders_at_the_frames_placed_anchor_plus_its_own_offset ... ok
[INFO] [stdout] test used_images_recurses_into_a_frames_contents ... ok
[INFO] [stdout] 
[INFO] [stdout] test result: ok. 2 passed; 0 failed; 0 ignored; 0 measured; 0 filtered out; finished in 0.00s
[INFO] [stdout] 
[INFO] [stderr]      Running tests/frame_underlay.rs (/opt/rustwide/target/release/build/rustyfi-pdf/8ee3d0f5688fb08b/out/frame_underlay-8ee3d0f5688fb08b)
[INFO] [stdout] 
[INFO] [stdout] running 2 tests
[INFO] [stderr]      Running tests/graphics.rs (/opt/rustwide/target/release/build/rustyfi-pdf/641761aa963639f8/out/graphics-641761aa963639f8)
[INFO] [stdout] test an_empty_overlay_emits_no_graphics_state_wrapper_at_all ... ok
[INFO] [stdout] test a_frames_deco_underlay_draws_before_the_pages_first_bt ... ok
[INFO] [stdout] 
[INFO] [stdout] test result: ok. 2 passed; 0 failed; 0 ignored; 0 measured; 0 filtered out; finished in 0.01s
[INFO] [stdout] 
[INFO] [stdout] 
[INFO] [stdout] running 3 tests
[INFO] [stdout] test graphics_box_renders_path_operators_into_the_content_stream ... ok
[INFO] [stdout] test clip_emits_w_star_n_between_the_clip_path_and_its_contents ... ok
[INFO] [stdout] test group_renders_identically_to_its_flattened_element_sequence ... ok
[INFO] [stdout] 
[INFO] [stdout] test result: ok. 3 passed; 0 failed; 0 ignored; 0 measured; 0 filtered out; finished in 0.01s
[INFO] [stdout] 
[INFO] [stderr]      Running tests/image.rs (/opt/rustwide/target/release/build/rustyfi-pdf/27160cf0a1eb08e3/out/image-27160cf0a1eb08e3)
[INFO] [stdout] 
[INFO] [stdout] running 3 tests
[INFO] [stdout] test image_in_a_paragraph_renders_as_a_pdf_image_xobject ... FAILED
[INFO] [stdout] test jpeg_image_embeds_via_dctdecode_passthrough_not_a_flate_reencode ... FAILED
[INFO] [stdout] test text_only_document_has_no_xobject_and_is_unaffected_by_the_images_parameter ... FAILED
[INFO] [stdout] 
[INFO] [stdout] failures:
[INFO] [stdout] 
[INFO] [stdout] ---- image_in_a_paragraph_renders_as_a_pdf_image_xobject stdout ----
[INFO] [stdout] 
[INFO] [stdout] thread 'image_in_a_paragraph_renders_as_a_pdf_image_xobject' (3082) panicked at tests/image.rs:70:29:
[INFO] [stdout] failed to read /opt/rustwide/workdir/../../lib-rustyfi/dist/packages/stdja-mini.satyh: No such file or directory (os error 2)
[INFO] [stdout] stack backtrace:
[INFO] [stdout]    0:     0x5b0b2d379f81 - <<std[617be2ca0a6fd877]::sys::backtrace::BacktraceLock>::print::DisplayBacktrace as core[a373ad73a504971]::fmt::Display>::fmt
[INFO] [stdout]    1:     0x5b0b2d39141a - core[a373ad73a504971]::fmt::write
[INFO] [stdout]    2:     0x5b0b2d37e2fc - <alloc[2e1b2a31b91974c5]::vec::Vec<u8> as core[a373ad73a504971]::io::write::Write>::write_fmt
[INFO] [stdout]    3:     0x5b0b2d355466 - std[617be2ca0a6fd877]::panicking::default_hook::{closure#0}
[INFO] [stdout]    4:     0x5b0b2d371e29 - std[617be2ca0a6fd877]::panicking::default_hook
[INFO] [stdout]    5:     0x5b0b2d015d00 - test[aada8e7e76ba119b]::test_main_inner::{closure#0}
[INFO] [stdout]    6:     0x5b0b2d372152 - std[617be2ca0a6fd877]::panicking::panic_with_hook
[INFO] [stdout]    7:     0x5b0b2d355512 - std[617be2ca0a6fd877]::panicking::panic_handler::{closure#0}
[INFO] [stdout]    8:     0x5b0b2d34e099 - std[617be2ca0a6fd877]::sys::backtrace::__rust_end_short_backtrace::<std[617be2ca0a6fd877]::panicking::panic_handler::{closure#0}, !>
[INFO] [stdout]    9:     0x5b0b2d35611d - __rustc[ea4f61d10b84890b]::rust_begin_unwind
[INFO] [stdout]   10:     0x5b0b2d391b7c - core[a373ad73a504971]::panicking::panic_fmt
[INFO] [stdout]   11:     0x5b0b2cfdad69 - image[5845f4a7f15ec959]::compile_document_with_stdlib::{closure#0}
[INFO] [stdout]   12:     0x5b0b2cfdb490 - image[5845f4a7f15ec959]::compile_document_with_stdlib
[INFO] [stdout]   13:     0x5b0b2cfdc568 - <image[5845f4a7f15ec959]::image_in_a_paragraph_renders_as_a_pdf_image_xobject::{closure#0} as core[a373ad73a504971]::ops::function::FnOnce<()>>::call_once
[INFO] [stdout]   14:     0x5b0b2d00914b - test[aada8e7e76ba119b]::__rust_begin_short_backtrace::<core[a373ad73a504971]::result::Result<(), alloc[2e1b2a31b91974c5]::string::String>, fn() -> core[a373ad73a504971]::result::Result<(), alloc[2e1b2a31b91974c5]::string::String>>
[INFO] [stdout]   15:     0x5b0b2d016325 - test[aada8e7e76ba119b]::run_test::{closure#0}
[INFO] [stdout]   16:     0x5b0b2d00fc14 - std[617be2ca0a6fd877]::sys::backtrace::__rust_begin_short_backtrace::<test[aada8e7e76ba119b]::run_test::{closure#1}, ()>
[INFO] [stdout]   17:     0x5b0b2d0193b2 - <std[617be2ca0a6fd877]::thread::lifecycle::spawn_unchecked<test[aada8e7e76ba119b]::run_test::{closure#1}, ()>::{closure#1} as core[a373ad73a504971]::ops::function::FnOnce<()>>::call_once::{shim:vtable#0}
[INFO] [stdout]   18:     0x5b0b2d37915f - <std[617be2ca0a6fd877]::sys::thread::unix::Thread>::new::thread_start
[INFO] [stdout]   19:     0x7e856fbe0dfa - <unknown>
[INFO] [stdout]   20:     0x7e856fc743d4 - clone
[INFO] [stdout]   21:                0x0 - <unknown>
[INFO] [stdout] 
[INFO] [stdout] ---- jpeg_image_embeds_via_dctdecode_passthrough_not_a_flate_reencode stdout ----
[INFO] [stdout] 
[INFO] [stdout] thread 'jpeg_image_embeds_via_dctdecode_passthrough_not_a_flate_reencode' (3083) panicked at tests/image.rs:70:29:
[INFO] [stdout] failed to read /opt/rustwide/workdir/../../lib-rustyfi/dist/packages/stdja-mini.satyh: No such file or directory (os error 2)
[INFO] [stdout] stack backtrace:
[INFO] [stdout]    0:     0x5b0b2d379f81 - <<std[617be2ca0a6fd877]::sys::backtrace::BacktraceLock>::print::DisplayBacktrace as core[a373ad73a504971]::fmt::Display>::fmt
[INFO] [stdout]    1:     0x5b0b2d39141a - core[a373ad73a504971]::fmt::write
[INFO] [stdout]    2:     0x5b0b2d37e2fc - <alloc[2e1b2a31b91974c5]::vec::Vec<u8> as core[a373ad73a504971]::io::write::Write>::write_fmt
[INFO] [stdout]    3:     0x5b0b2d355466 - std[617be2ca0a6fd877]::panicking::default_hook::{closure#0}
[INFO] [stdout]    4:     0x5b0b2d371e29 - std[617be2ca0a6fd877]::panicking::default_hook
[INFO] [stdout]    5:     0x5b0b2d015d00 - test[aada8e7e76ba119b]::test_main_inner::{closure#0}
[INFO] [stdout]    6:     0x5b0b2d372152 - std[617be2ca0a6fd877]::panicking::panic_with_hook
[INFO] [stdout]    7:     0x5b0b2d355512 - std[617be2ca0a6fd877]::panicking::panic_handler::{closure#0}
[INFO] [stdout]    8:     0x5b0b2d34e099 - std[617be2ca0a6fd877]::sys::backtrace::__rust_end_short_backtrace::<std[617be2ca0a6fd877]::panicking::panic_handler::{closure#0}, !>
[INFO] [stdout]    9:     0x5b0b2d35611d - __rustc[ea4f61d10b84890b]::rust_begin_unwind
[INFO] [stdout]   10:     0x5b0b2d391b7c - core[a373ad73a504971]::panicking::panic_fmt
[INFO] [stdout]   11:     0x5b0b2cfdad69 - image[5845f4a7f15ec959]::compile_document_with_stdlib::{closure#0}
[INFO] [stdout]   12:     0x5b0b2cfdb490 - image[5845f4a7f15ec959]::compile_document_with_stdlib
[INFO] [stdout]   13:     0x5b0b2cfdca2a - <image[5845f4a7f15ec959]::jpeg_image_embeds_via_dctdecode_passthrough_not_a_flate_reencode::{closure#0} as core[a373ad73a504971]::ops::function::FnOnce<()>>::call_once
[INFO] [stdout]   14:     0x5b0b2d00914b - test[aada8e7e76ba119b]::__rust_begin_short_backtrace::<core[a373ad73a504971]::result::Result<(), alloc[2e1b2a31b91974c5]::string::String>, fn() -> core[a373ad73a504971]::result::Result<(), alloc[2e1b2a31b91974c5]::string::String>>
[INFO] [stdout]   15:     0x5b0b2d016325 - test[aada8e7e76ba119b]::run_test::{closure#0}
[INFO] [stdout]   16:     0x5b0b2d00fc14 - std[617be2ca0a6fd877]::sys::backtrace::__rust_begin_short_backtrace::<test[aada8e7e76ba119b]::run_test::{closure#1}, ()>
[INFO] [stdout]   17:     0x5b0b2d0193b2 - <std[617be2ca0a6fd877]::thread::lifecycle::spawn_unchecked<test[aada8e7e76ba119b]::run_test::{closure#1}, ()>::{closure#1} as core[a373ad73a504971]::ops::function::FnOnce<()>>::call_once::{shim:vtable#0}
[INFO] [stdout]   18:     0x5b0b2d37915f - <std[617be2ca0a6fd877]::sys::thread::unix::Thread>::new::thread_start
[INFO] [stdout]   19:     0x7e856fbe0dfa - <unknown>
[INFO] [stdout]   20:     0x7e856fc743d4 - clone
[INFO] [stdout]   21:                0x0 - <unknown>
[INFO] [stdout] 
[INFO] [stdout] ---- text_only_document_has_no_xobject_and_is_unaffected_by_the_images_parameter stdout ----
[INFO] [stdout] 
[INFO] [stdout] thread 'text_only_document_has_no_xobject_and_is_unaffected_by_the_images_parameter' (3084) panicked at tests/image.rs:70:29:
[INFO] [stdout] failed to read /opt/rustwide/workdir/../../lib-rustyfi/dist/packages/stdja-mini.satyh: No such file or directory (os error 2)
[INFO] [stdout] stack backtrace:
[INFO] [stdout]    0:     0x5b0b2d379f81 - <<std[617be2ca0a6fd877]::sys::backtrace::BacktraceLock>::print::DisplayBacktrace as core[a373ad73a504971]::fmt::Display>::fmt
[INFO] [stdout]    1:     0x5b0b2d39141a - core[a373ad73a504971]::fmt::write
[INFO] [stdout]    2:     0x5b0b2d37e2fc - <alloc[2e1b2a31b91974c5]::vec::Vec<u8> as core[a373ad73a504971]::io::write::Write>::write_fmt
[INFO] [stdout]    3:     0x5b0b2d355466 - std[617be2ca0a6fd877]::panicking::default_hook::{closure#0}
[INFO] [stdout]    4:     0x5b0b2d371e29 - std[617be2ca0a6fd877]::panicking::default_hook
[INFO] [stdout]    5:     0x5b0b2d015d00 - test[aada8e7e76ba119b]::test_main_inner::{closure#0}
[INFO] [stdout]    6:     0x5b0b2d372152 - std[617be2ca0a6fd877]::panicking::panic_with_hook
[INFO] [stdout]    7:     0x5b0b2d355512 - std[617be2ca0a6fd877]::panicking::panic_handler::{closure#0}
[INFO] [stdout]    8:     0x5b0b2d34e099 - std[617be2ca0a6fd877]::sys::backtrace::__rust_end_short_backtrace::<std[617be2ca0a6fd877]::panicking::panic_handler::{closure#0}, !>
[INFO] [stdout]    9:     0x5b0b2d35611d - __rustc[ea4f61d10b84890b]::rust_begin_unwind
[INFO] [stdout]   10:     0x5b0b2d391b7c - core[a373ad73a504971]::panicking::panic_fmt
[INFO] [stdout]   11:     0x5b0b2cfdad69 - image[5845f4a7f15ec959]::compile_document_with_stdlib::{closure#0}
[INFO] [stdout]   12:     0x5b0b2cfdb490 - image[5845f4a7f15ec959]::compile_document_with_stdlib
[INFO] [stdout]   13:     0x5b0b2cfdd0f2 - <image[5845f4a7f15ec959]::text_only_document_has_no_xobject_and_is_unaffected_by_the_images_parameter::{closure#0} as core[a373ad73a504971]::ops::function::FnOnce<()>>::call_once
[INFO] [stdout]   14:     0x5b0b2d00914b - test[aada8e7e76ba119b]::__rust_begin_short_backtrace::<core[a373ad73a504971]::result::Result<(), alloc[2e1b2a31b91974c5]::string::String>, fn() -> core[a373ad73a504971]::result::Result<(), alloc[2e1b2a31b91974c5]::string::String>>
[INFO] [stdout]   15:     0x5b0b2d016325 - test[aada8e7e76ba119b]::run_test::{closure#0}
[INFO] [stdout]   16:     0x5b0b2d00fc14 - std[617be2ca0a6fd877]::sys::backtrace::__rust_begin_short_backtrace::<test[aada8e7e76ba119b]::run_test::{closure#1}, ()>
[INFO] [stdout]   17:     0x5b0b2d0193b2 - <std[617be2ca0a6fd877]::thread::lifecycle::spawn_unchecked<test[aada8e7e76ba119b]::run_test::{closure#1}, ()>::{closure#1} as core[a373ad73a504971]::ops::function::FnOnce<()>>::call_once::{shim:vtable#0}
[INFO] [stdout]   18:     0x5b0b2d37915f - <std[617be2ca0a6fd877]::sys::thread::unix::Thread>::new::thread_start
[INFO] [stdout]   19:     0x7e856fbe0dfa - <unknown>
[INFO] [stdout]   20:     0x7e856fc743d4 - clone
[INFO] [stdout]   21:                0x0 - <unknown>
[INFO] [stdout] 
[INFO] [stdout] 
[INFO] [stdout] failures:
[INFO] [stdout]     image_in_a_paragraph_renders_as_a_pdf_image_xobject
[INFO] [stdout]     jpeg_image_embeds_via_dctdecode_passthrough_not_a_flate_reencode
[INFO] [stdout]     text_only_document_has_no_xobject_and_is_unaffected_by_the_images_parameter
[INFO] [stdout] 
[INFO] [stdout] test result: FAILED. 0 passed; 3 failed; 0 ignored; 0 measured; 0 filtered out; finished in 0.01s
[INFO] [stdout] 
[INFO] [stderr] error: test failed, to rerun pass `--test image`
[INFO] running `Command { std: "docker" "inspect" "af3d47712c182e4e15f0059408abaccca01c188af35ad40991f29a1d286dd41b", kill_on_drop: false }`
[INFO] running `Command { std: "docker" "rm" "-f" "af3d47712c182e4e15f0059408abaccca01c188af35ad40991f29a1d286dd41b", kill_on_drop: false }`
[INFO] [stdout] af3d47712c182e4e15f0059408abaccca01c188af35ad40991f29a1d286dd41b
