[INFO] fetching crate rusty-arm-kernel 0.1.0...
[INFO] testing rusty-arm-kernel-0.1.0 against 1.100.0-beta.1+cargoflags=--release for beta-release-1.100-2
[INFO] extracting crate rusty-arm-kernel 0.1.0 into /workspace/builds/worker-1-tc2/source
[INFO] started tweaking crates.io crate rusty-arm-kernel 0.1.0
[INFO] removed 0 missing examples
[INFO] removed 0 missing tests
[INFO] finished tweaking crates.io crate rusty-arm-kernel 0.1.0
[INFO] tweaked toml for crates.io crate rusty-arm-kernel 0.1.0 written to /workspace/builds/worker-1-tc2/source/Cargo.toml
[INFO] validating manifest of crates.io crate rusty-arm-kernel 0.1.0 on toolchain 1.100.0-beta.1
[INFO] running `Command { std: CARGO_HOME="/workspace/cargo-home" RUSTUP_HOME="/workspace/rustup-home" "/workspace/cargo-home/bin/cargo" "+1.100.0-beta.1" "metadata" "--manifest-path" "Cargo.toml" "--no-deps", kill_on_drop: false }`
[INFO] crate crates.io crate rusty-arm-kernel 0.1.0 already has a lockfile, it will not be regenerated
[INFO] running `Command { std: CARGO_HOME="/workspace/cargo-home" RUSTUP_HOME="/workspace/rustup-home" "/workspace/cargo-home/bin/cargo" "+1.100.0-beta.1" "fetch" "--manifest-path" "Cargo.toml", kill_on_drop: false }`
[INFO] running `Command { std: "docker" "create" "-v" "/var/lib/crater-agent-workspace/builds/worker-1-tc2/source:/opt/rustwide/workdir:ro,Z" "-v" "/var/lib/crater-agent-workspace/builds/worker-1-tc2/target:/opt/rustwide/target:rw,Z" "-v" "/var/lib/crater-agent-workspace/cargo-home:/opt/rustwide/cargo-home:ro,Z" "-v" "/var/lib/crater-agent-workspace/rustup-home:/opt/rustwide/rustup-home:ro,Z" "-m" "1610612736" "--network" "none" "ghcr.io/rust-lang/crates-build-env/linux@sha256:77db811e55d90add9212f6832c23229e3de5f1c1f9905e8cb07319ea15df73ac" "sleep" "infinity", kill_on_drop: false }`
[INFO] [stdout] bd6a791e8bfb08f2c8699730745f08c7863a18c42afc790779a89932e5352ccc
[INFO] running `Command { std: "docker" "start" "bd6a791e8bfb08f2c8699730745f08c7863a18c42afc790779a89932e5352ccc", kill_on_drop: false }`
[INFO] running `Command { std: "docker" "inspect" "bd6a791e8bfb08f2c8699730745f08c7863a18c42afc790779a89932e5352ccc", kill_on_drop: false }`
[INFO] running `Command { std: "docker" "exec" "-e" "SOURCE_DIR=/opt/rustwide/workdir" "-e" "CARGO_HOME=/opt/rustwide/cargo-home" "-e" "RUSTUP_HOME=/opt/rustwide/rustup-home" "-e" "CARGO_TARGET_DIR=/opt/rustwide/target" "-w" "/opt/rustwide/workdir" "--user" "0:0" "bd6a791e8bfb08f2c8699730745f08c7863a18c42afc790779a89932e5352ccc" "/opt/rustwide/cargo-home/bin/cargo" "+1.100.0-beta.1" "metadata" "--no-deps" "--format-version=1", kill_on_drop: false }`
[INFO] running `Command { std: "docker" "inspect" "bd6a791e8bfb08f2c8699730745f08c7863a18c42afc790779a89932e5352ccc", kill_on_drop: false }`
[INFO] running `Command { std: "docker" "exec" "-e" "SOURCE_DIR=/opt/rustwide/workdir" "-e" "CARGO_HOME=/opt/rustwide/cargo-home" "-e" "RUSTUP_HOME=/opt/rustwide/rustup-home" "-e" "CARGO_TARGET_DIR=/opt/rustwide/target" "-e" "CARGO_INCREMENTAL=0" "-e" "RUST_BACKTRACE=full" "-e" "RUSTFLAGS=--cap-lints=warn" "-e" "RUSTDOCFLAGS=--cap-lints=warn" "-w" "/opt/rustwide/workdir" "--user" "0:0" "bd6a791e8bfb08f2c8699730745f08c7863a18c42afc790779a89932e5352ccc" "/opt/rustwide/cargo-home/bin/cargo" "+1.100.0-beta.1" "build" "--frozen" "--message-format=json" "--release", kill_on_drop: false }`
[INFO] [stderr]    Compiling libc v0.2.184
[INFO] [stderr]    Compiling zerocopy v0.8.48
[INFO] [stderr]    Compiling termcolor v1.4.1
[INFO] [stderr]    Compiling num-traits v0.2.19
[INFO] [stderr]    Compiling indexmap v1.9.3
[INFO] [stderr]    Compiling libloading v0.7.4
[INFO] [stderr]    Compiling ash v0.37.3+1.3.251
[INFO] [stderr]    Compiling unicode-width v0.1.14
[INFO] [stderr]    Compiling khronos-egl v4.1.0
[INFO] [stderr]    Compiling hashbrown v0.12.3
[INFO] [stderr]    Compiling bit-vec v0.6.3
[INFO] [stderr]    Compiling syn v2.0.117
[INFO] [stderr]    Compiling smallvec v1.15.1
[INFO] [stderr]    Compiling cc v1.2.58
[INFO] [stderr]    Compiling regex-automata v0.4.14
[INFO] [stderr]    Compiling gpu-alloc-types v0.3.0
[INFO] [stderr]    Compiling gpu-descriptor-types v0.1.2
[INFO] [stderr]    Compiling rustc-hash v1.1.0
[INFO] [stderr]    Compiling unicode-xid v0.2.6
[INFO] [stderr]    Compiling hexf-parse v0.2.1
[INFO] [stderr]    Compiling bit-set v0.5.3
[INFO] [stderr]    Compiling gpu-alloc v0.6.0
[INFO] [stderr]    Compiling codespan-reporting v0.11.1
[INFO] [stderr]    Compiling wgpu-types v0.17.0
[INFO] [stderr]    Compiling libloading v0.8.9
[INFO] [stderr]    Compiling arrayvec v0.7.6
[INFO] [stderr]    Compiling glow v0.12.3
[INFO] [stderr]    Compiling renderdoc-sys v1.1.0
[INFO] [stderr]    Compiling profiling v1.0.17
[INFO] [stderr]    Compiling raw-window-handle v0.5.2
[INFO] [stderr]    Compiling twox-hash v1.6.3
[INFO] [stderr]    Compiling byteorder v1.5.0
[INFO] [stderr]    Compiling pastey v0.2.3
[INFO] [stderr]    Compiling winnow v1.0.3
[INFO] [stderr]    Compiling managed v0.8.0
[INFO] [stderr]    Compiling toml_datetime v1.1.1+spec-1.1.0
[INFO] [stderr]    Compiling serde_spanned v1.1.1
[INFO] [stderr]    Compiling crossbeam-queue v0.3.12
[INFO] [stderr]    Compiling spirv v0.2.0+1.5.4
[INFO] [stderr]    Compiling gdbstub v0.7.10
[INFO] [stderr]    Compiling crossbeam-channel v0.5.15
[INFO] [stderr]    Compiling toml_writer v1.1.1+spec-1.1.0
[INFO] [stderr]    Compiling toml_parser v1.1.2+spec-1.1.0
[INFO] [stderr]    Compiling roxmltree v0.20.0
[INFO] [stderr]    Compiling capstone-sys v0.15.0
[INFO] [stderr]    Compiling humantime v2.3.0
[INFO] [stderr]    Compiling either v1.15.0
[INFO] [stderr]    Compiling pollster v0.3.0
[INFO] [stderr]    Compiling rayon v1.11.0
[INFO] [stderr]    Compiling parking_lot_core v0.9.12
[INFO] [stderr]    Compiling is-terminal v0.4.17
[INFO] [stderr]    Compiling crossbeam v0.8.4
[INFO] [stderr]    Compiling memmap2 v0.9.10
[INFO] [stderr]    Compiling parking_lot v0.12.5
[INFO] [stderr]    Compiling toml v1.1.2+spec-1.1.0
[INFO] [stderr]    Compiling thiserror-impl v1.0.69
[INFO] [stderr]    Compiling derive_more v0.99.20
[INFO] [stderr]    Compiling bytemuck_derive v1.10.2
[INFO] [stderr]    Compiling serde_derive v1.0.228
[INFO] [stderr]    Compiling gdbstub_arch v0.3.3
[INFO] [stderr]    Compiling regex v1.12.3
[INFO] [stderr]    Compiling env_logger v0.10.2
[INFO] [stderr]    Compiling thiserror v1.0.69
[INFO] [stderr]    Compiling naga v0.13.0
[INFO] [stderr]    Compiling svd-rs v0.14.12
[INFO] [stderr]    Compiling bytemuck v1.25.0
[INFO] [stderr]    Compiling ruzstd v0.5.0
[INFO] [stderr]    Compiling ahash v0.8.12
[INFO] [stderr]    Compiling object v0.32.2
[INFO] [stderr]    Compiling hashbrown v0.14.5
[INFO] [stderr]    Compiling serde v1.0.228
[INFO] [stderr]    Compiling svd-parser v0.14.9
[INFO] [stderr]    Compiling gpu-descriptor v0.2.4
[INFO] [stderr]    Compiling wgpu-hal v0.17.2
[INFO] [stderr]    Compiling wgpu-core v0.17.1
[INFO] [stderr]    Compiling wgpu v0.17.2
[INFO] [stderr]    Compiling capstone v0.11.0
[INFO] [stderr]    Compiling rusty-arm-kernel v0.1.0 (/opt/rustwide/workdir)
[INFO] [stdout] warning: unused import: `crate::cpu::psr::PSR`
[INFO] [stdout]   --> src/cpu/executor.rs:11:5
[INFO] [stdout]    |
[INFO] [stdout] 11 | use crate::cpu::psr::PSR;
[INFO] [stdout]    |     ^^^^^^^^^^^^^^^^^^^^
[INFO] [stdout]    |
[INFO] [stdout]    = note: `#[warn(unused_imports)]` (part of `#[warn(unused)]`) on by default
[INFO] [stdout] 
[INFO] [stdout] 
[INFO] [stdout] warning: unused imports: `EXC_RETURN_HANDLER_MSP`, `EXC_RETURN_THREAD_MSP`, and `EXC_RETURN_THREAD_PSP`
[INFO] [stdout]   --> src/cpu/executor.rs:13:5
[INFO] [stdout]    |
[INFO] [stdout] 13 |     EXC_RETURN_THREAD_MSP, EXC_RETURN_THREAD_PSP, EXC_RETURN_HANDLER_MSP,
[INFO] [stdout]    |     ^^^^^^^^^^^^^^^^^^^^^  ^^^^^^^^^^^^^^^^^^^^^  ^^^^^^^^^^^^^^^^^^^^^^
[INFO] [stdout] 
[INFO] [stdout] 
[INFO] [stdout] warning: unused import: `Ordering`
[INFO] [stdout]   --> src/cpu/executor.rs:17:38
[INFO] [stdout]    |
[INFO] [stdout] 17 | use std::sync::atomic::{AtomicUsize, Ordering};
[INFO] [stdout]    |                                      ^^^^^^^^
[INFO] [stdout] 
[INFO] [stdout] 
[INFO] [stdout] warning: unused import: `Ordering as AtomicOrdering`
[INFO] [stdout]   --> src/cpu/executor.rs:58:36
[INFO] [stdout]    |
[INFO] [stdout] 58 | use std::sync::atomic::{AtomicU64, Ordering as AtomicOrdering};
[INFO] [stdout]    |                                    ^^^^^^^^^^^^^^^^^^^^^^^^^^
[INFO] [stdout] 
[INFO] [stdout] 
[INFO] [stdout] warning: unused variable: `addr`
[INFO] [stdout]   --> src/cpu/executor.rs:75:40
[INFO] [stdout]    |
[INFO] [stdout] 75 |         Err(KernelError::MemoryFault { addr, access }) => {
[INFO] [stdout]    |                                        ^^^^ help: try ignoring the field: `addr: _`
[INFO] [stdout]    |
[INFO] [stdout]    = note: `#[warn(unused_variables)]` (part of `#[warn(unused)]`) on by default
[INFO] [stdout] 
[INFO] [stdout] 
[INFO] [stdout] warning: unused variable: `access`
[INFO] [stdout]   --> src/cpu/executor.rs:75:46
[INFO] [stdout]    |
[INFO] [stdout] 75 |         Err(KernelError::MemoryFault { addr, access }) => {
[INFO] [stdout]    |                                              ^^^^^^ help: try ignoring the field: `access: _`
[INFO] [stdout] 
[INFO] [stdout] 
[INFO] [stdout] warning: unused variable: `addr`
[INFO] [stdout]    --> src/cpu/executor.rs:148:40
[INFO] [stdout]     |
[INFO] [stdout] 148 |         Err(KernelError::MemoryFault { addr, access }) => {
[INFO] [stdout]     |                                        ^^^^ help: try ignoring the field: `addr: _`
[INFO] [stdout] 
[INFO] [stdout] 
[INFO] [stdout] warning: unused variable: `access`
[INFO] [stdout]    --> src/cpu/executor.rs:148:46
[INFO] [stdout]     |
[INFO] [stdout] 148 |         Err(KernelError::MemoryFault { addr, access }) => {
[INFO] [stdout]     |                                              ^^^^^^ help: try ignoring the field: `access: _`
[INFO] [stdout] 
[INFO] [stdout] 
[INFO] [stdout] warning: unused variable: `memory`
[INFO] [stdout]    --> src/cpu/executor.rs:236:41
[INFO] [stdout]     |
[INFO] [stdout] 236 | fn return_from_exception(cpu: &mut Cpu, memory: &mut Memory) -> KernelResult<()> {
[INFO] [stdout]     |                                         ^^^^^^ help: if this is intentional, prefix it with an underscore: `_memory`
[INFO] [stdout] 
[INFO] [stdout] 
[INFO] [stdout] warning: unused variable: `size`
[INFO] [stdout]    --> src/cpu/executor.rs:385:36
[INFO] [stdout]     |
[INFO] [stdout] 385 |         Opcode::VAdd { qd, qn, qm, size } => mve::vadd(cpu, qd, qn, qm),
[INFO] [stdout]     |                                    ^^^^ help: try ignoring the field: `size: _`
[INFO] [stdout] 
[INFO] [stdout] 
[INFO] [stdout] warning: unused variable: `size`
[INFO] [stdout]    --> src/cpu/executor.rs:386:36
[INFO] [stdout]     |
[INFO] [stdout] 386 |         Opcode::VSub { qd, qn, qm, size } => mve::vsub(cpu, qd, qn, qm),
[INFO] [stdout]     |                                    ^^^^ help: try ignoring the field: `size: _`
[INFO] [stdout] 
[INFO] [stdout] 
[INFO] [stdout] warning: unused variable: `size`
[INFO] [stdout]    --> src/cpu/executor.rs:387:36
[INFO] [stdout]     |
[INFO] [stdout] 387 |         Opcode::VMul { qd, qn, qm, size } => mve::vmul(cpu, qd, qn, qm),
[INFO] [stdout]     |                                    ^^^^ help: try ignoring the field: `size: _`
[INFO] [stdout] 
[INFO] [stdout] 
[INFO] [stdout] warning: unused variable: `imm`
[INFO] [stdout]    --> src/cpu/executor.rs:422:37
[INFO] [stdout]     |
[INFO] [stdout] 422 |         Opcode::Pkhbt { rd, rn, rm, imm } => dsp::pkhbt(cpu, rd, rn, rm),
[INFO] [stdout]     |                                     ^^^ help: try ignoring the field: `imm: _`
[INFO] [stdout] 
[INFO] [stdout] 
[INFO] [stdout] warning: unused variable: `imm`
[INFO] [stdout]    --> src/cpu/executor.rs:423:37
[INFO] [stdout]     |
[INFO] [stdout] 423 |         Opcode::Pkhtb { rd, rn, rm, imm } => dsp::pkhtb(cpu, rd, rn, rm),
[INFO] [stdout]     |                                     ^^^ help: try ignoring the field: `imm: _`
[INFO] [stdout] 
[INFO] [stdout] 
[INFO] [stdout] warning: constant `TRACE_SIZE` is never used
[INFO] [stdout]   --> src/cpu/executor.rs:20:7
[INFO] [stdout]    |
[INFO] [stdout] 20 | const TRACE_SIZE: usize = 8192;
[INFO] [stdout]    |       ^^^^^^^^^^
[INFO] [stdout]    |
[INFO] [stdout]    = note: `#[warn(dead_code)]` (part of `#[warn(unused)]`) on by default
[INFO] [stdout] 
[INFO] [stdout] 
[INFO] [stdout] warning: static `TRACE_STEP` is never used
[INFO] [stdout]   --> src/cpu/executor.rs:21:8
[INFO] [stdout]    |
[INFO] [stdout] 21 | static TRACE_STEP: AtomicUsize = AtomicUsize::new(0);
[INFO] [stdout]    |        ^^^^^^^^^^
[INFO] [stdout] 
[INFO] [stdout] 
[INFO] [stdout] warning: static `TRACE_PCS` is never used
[INFO] [stdout]   --> src/cpu/executor.rs:22:12
[INFO] [stdout]    |
[INFO] [stdout] 22 | static mut TRACE_PCS: [u32; TRACE_SIZE] = [0; TRACE_SIZE];
[INFO] [stdout]    |            ^^^^^^^^^
[INFO] [stdout] 
[INFO] [stdout] 
[INFO] [stderr] warning: unused dependency `capstone`
[INFO] [stderr]   --> Cargo.toml:13:15
[INFO] [stderr]    |
[INFO] [stderr] 13 | [dependencies.capstone]
[INFO] [stderr]    |               ^^^^^^^^^
[INFO] [stderr]    |
[INFO] [stderr]    = note: `cargo::unused_dependencies` is set to `warn` by default
[INFO] [stderr] help: consider removing the dependency on `capstone`
[INFO] [stderr] warning: unused dependency `crossbeam`
[INFO] [stderr]   --> Cargo.toml:22:15
[INFO] [stderr]    |
[INFO] [stderr] 22 | [dependencies.crossbeam]
[INFO] [stderr]    |               ^^^^^^^^^^
[INFO] [stderr]    |
[INFO] [stderr] help: consider removing the dependency on `crossbeam`
[INFO] [stderr] warning: unused dependency `env_logger`
[INFO] [stderr]   --> Cargo.toml:28:15
[INFO] [stderr]    |
[INFO] [stderr] 28 | [dependencies.env_logger]
[INFO] [stderr]    |               ^^^^^^^^^^^
[INFO] [stderr]    |
[INFO] [stderr] help: consider removing the dependency on `env_logger`
[INFO] [stderr] warning: unused dependency `memmap2`
[INFO] [stderr]   --> Cargo.toml:40:15
[INFO] [stderr]    |
[INFO] [stderr] 40 | [dependencies.memmap2]
[INFO] [stderr]    |               ^^^^^^^^
[INFO] [stderr]    |
[INFO] [stderr] help: consider removing the dependency on `memmap2`
[INFO] [stderr] warning: unused dependency `rayon`
[INFO] [stderr]   --> Cargo.toml:49:15
[INFO] [stderr]    |
[INFO] [stderr] 49 | [dependencies.rayon]
[INFO] [stderr]    |               ^^^^^^
[INFO] [stderr]    |
[INFO] [stderr] help: consider removing the dependency on `rayon`
[INFO] [stderr] warning: unused dependency `toml`
[INFO] [stderr]   --> Cargo.toml:66:15
[INFO] [stderr]    |
[INFO] [stderr] 66 | [dependencies.toml]
[INFO] [stderr]    |               ^^^^^
[INFO] [stderr]    |
[INFO] [stderr] help: consider removing the dependency on `toml`
[INFO] [stderr] warning: `rusty-arm-kernel` (manifest) generated 6 warnings
[INFO] [stderr]     Finished `release` profile [optimized] target(s) in 2m 30s
[INFO] running `Command { std: "docker" "inspect" "bd6a791e8bfb08f2c8699730745f08c7863a18c42afc790779a89932e5352ccc", kill_on_drop: false }`
[INFO] running `Command { std: "docker" "exec" "-e" "SOURCE_DIR=/opt/rustwide/workdir" "-e" "CARGO_HOME=/opt/rustwide/cargo-home" "-e" "RUSTUP_HOME=/opt/rustwide/rustup-home" "-e" "CARGO_TARGET_DIR=/opt/rustwide/target" "-e" "CARGO_INCREMENTAL=0" "-e" "RUST_BACKTRACE=full" "-e" "RUSTFLAGS=--cap-lints=warn" "-e" "RUSTDOCFLAGS=--cap-lints=warn" "-w" "/opt/rustwide/workdir" "--user" "0:0" "bd6a791e8bfb08f2c8699730745f08c7863a18c42afc790779a89932e5352ccc" "/opt/rustwide/cargo-home/bin/cargo" "+1.100.0-beta.1" "test" "--frozen" "--no-run" "--message-format=json" "--release", kill_on_drop: false }`
[INFO] [stderr]    Compiling zerocopy v0.8.48
[INFO] [stderr]    Compiling syn v2.0.117
[INFO] [stderr]    Compiling rayon v1.11.0
[INFO] [stderr]    Compiling itertools v0.10.5
[INFO] [stderr]    Compiling clap_builder v4.6.0
[INFO] [stderr]    Compiling serde_json v1.0.149
[INFO] [stderr]    Compiling plotters v0.3.7
[INFO] [stderr]    Compiling criterion-plot v0.5.0
[INFO] [stderr]    Compiling clap v4.6.0
[INFO] [stderr]    Compiling zerocopy-derive v0.8.48
[INFO] [stderr]    Compiling thiserror-impl v1.0.69
[INFO] [stderr]    Compiling serde_derive v1.0.228
[INFO] [stderr]    Compiling derive_more v0.99.20
[INFO] [stderr]    Compiling bytemuck_derive v1.10.2
[INFO] [stderr]    Compiling thiserror v1.0.69
[INFO] [stderr]    Compiling naga v0.13.0
[INFO] [stderr]    Compiling svd-rs v0.14.12
[INFO] [stderr]    Compiling bytemuck v1.25.0
[INFO] [stderr]    Compiling ruzstd v0.5.0
[INFO] [stderr]    Compiling svd-parser v0.14.9
[INFO] [stderr]    Compiling object v0.32.2
[INFO] [stderr]    Compiling serde v1.0.228
[INFO] [stderr]    Compiling tinytemplate v1.2.1
[INFO] [stderr]    Compiling ahash v0.8.12
[INFO] [stderr]    Compiling half v2.7.1
[INFO] [stderr]    Compiling hashbrown v0.14.5
[INFO] [stderr]    Compiling ciborium-ll v0.2.2
[INFO] [stderr]    Compiling ciborium v0.2.2
[INFO] [stderr]    Compiling criterion v0.5.1
[INFO] [stderr]    Compiling gpu-descriptor v0.2.4
[INFO] [stderr]    Compiling wgpu-hal v0.17.2
[INFO] [stderr]    Compiling wgpu-core v0.17.1
[INFO] [stderr]    Compiling wgpu v0.17.2
[INFO] [stderr]    Compiling rusty-arm-kernel v0.1.0 (/opt/rustwide/workdir)
[INFO] [stdout] warning: unused import: `crate::cpu::psr::PSR`
[INFO] [stdout]   --> src/cpu/executor.rs:11:5
[INFO] [stdout]    |
[INFO] [stdout] 11 | use crate::cpu::psr::PSR;
[INFO] [stdout]    |     ^^^^^^^^^^^^^^^^^^^^
[INFO] [stdout]    |
[INFO] [stdout]    = note: `#[warn(unused_imports)]` (part of `#[warn(unused)]`) on by default
[INFO] [stdout] 
[INFO] [stdout] 
[INFO] [stdout] warning: unused imports: `EXC_RETURN_HANDLER_MSP`, `EXC_RETURN_THREAD_MSP`, and `EXC_RETURN_THREAD_PSP`
[INFO] [stdout]   --> src/cpu/executor.rs:13:5
[INFO] [stdout]    |
[INFO] [stdout] 13 |     EXC_RETURN_THREAD_MSP, EXC_RETURN_THREAD_PSP, EXC_RETURN_HANDLER_MSP,
[INFO] [stdout]    |     ^^^^^^^^^^^^^^^^^^^^^  ^^^^^^^^^^^^^^^^^^^^^  ^^^^^^^^^^^^^^^^^^^^^^
[INFO] [stdout] 
[INFO] [stdout] 
[INFO] [stdout] warning: unused import: `Ordering`
[INFO] [stdout]   --> src/cpu/executor.rs:17:38
[INFO] [stdout]    |
[INFO] [stdout] 17 | use std::sync::atomic::{AtomicUsize, Ordering};
[INFO] [stdout]    |                                      ^^^^^^^^
[INFO] [stdout] 
[INFO] [stdout] 
[INFO] [stdout] warning: unused import: `Ordering as AtomicOrdering`
[INFO] [stdout]   --> src/cpu/executor.rs:58:36
[INFO] [stdout]    |
[INFO] [stdout] 58 | use std::sync::atomic::{AtomicU64, Ordering as AtomicOrdering};
[INFO] [stdout]    |                                    ^^^^^^^^^^^^^^^^^^^^^^^^^^
[INFO] [stdout] 
[INFO] [stdout] 
[INFO] [stdout] warning: unused variable: `addr`
[INFO] [stdout]   --> src/cpu/executor.rs:75:40
[INFO] [stdout]    |
[INFO] [stdout] 75 |         Err(KernelError::MemoryFault { addr, access }) => {
[INFO] [stdout]    |                                        ^^^^ help: try ignoring the field: `addr: _`
[INFO] [stdout]    |
[INFO] [stdout]    = note: `#[warn(unused_variables)]` (part of `#[warn(unused)]`) on by default
[INFO] [stdout] 
[INFO] [stdout] 
[INFO] [stdout] warning: unused variable: `access`
[INFO] [stdout]   --> src/cpu/executor.rs:75:46
[INFO] [stdout]    |
[INFO] [stdout] 75 |         Err(KernelError::MemoryFault { addr, access }) => {
[INFO] [stdout]    |                                              ^^^^^^ help: try ignoring the field: `access: _`
[INFO] [stdout] 
[INFO] [stdout] 
[INFO] [stdout] warning: unused variable: `addr`
[INFO] [stdout]    --> src/cpu/executor.rs:148:40
[INFO] [stdout]     |
[INFO] [stdout] 148 |         Err(KernelError::MemoryFault { addr, access }) => {
[INFO] [stdout]     |                                        ^^^^ help: try ignoring the field: `addr: _`
[INFO] [stdout] 
[INFO] [stdout] 
[INFO] [stdout] warning: unused variable: `access`
[INFO] [stdout]    --> src/cpu/executor.rs:148:46
[INFO] [stdout]     |
[INFO] [stdout] 148 |         Err(KernelError::MemoryFault { addr, access }) => {
[INFO] [stdout]     |                                              ^^^^^^ help: try ignoring the field: `access: _`
[INFO] [stdout] 
[INFO] [stdout] 
[INFO] [stdout] warning: unused variable: `memory`
[INFO] [stdout]    --> src/cpu/executor.rs:236:41
[INFO] [stdout]     |
[INFO] [stdout] 236 | fn return_from_exception(cpu: &mut Cpu, memory: &mut Memory) -> KernelResult<()> {
[INFO] [stdout]     |                                         ^^^^^^ help: if this is intentional, prefix it with an underscore: `_memory`
[INFO] [stdout] 
[INFO] [stdout] 
[INFO] [stdout] warning: unused variable: `size`
[INFO] [stdout]    --> src/cpu/executor.rs:385:36
[INFO] [stdout]     |
[INFO] [stdout] 385 |         Opcode::VAdd { qd, qn, qm, size } => mve::vadd(cpu, qd, qn, qm),
[INFO] [stdout]     |                                    ^^^^ help: try ignoring the field: `size: _`
[INFO] [stdout] 
[INFO] [stdout] 
[INFO] [stdout] warning: unused variable: `size`
[INFO] [stdout]    --> src/cpu/executor.rs:386:36
[INFO] [stdout]     |
[INFO] [stdout] 386 |         Opcode::VSub { qd, qn, qm, size } => mve::vsub(cpu, qd, qn, qm),
[INFO] [stdout]     |                                    ^^^^ help: try ignoring the field: `size: _`
[INFO] [stdout] 
[INFO] [stdout] 
[INFO] [stdout] warning: unused variable: `size`
[INFO] [stdout]    --> src/cpu/executor.rs:387:36
[INFO] [stdout]     |
[INFO] [stdout] 387 |         Opcode::VMul { qd, qn, qm, size } => mve::vmul(cpu, qd, qn, qm),
[INFO] [stdout]     |                                    ^^^^ help: try ignoring the field: `size: _`
[INFO] [stdout] 
[INFO] [stdout] 
[INFO] [stdout] warning: unused variable: `imm`
[INFO] [stdout]    --> src/cpu/executor.rs:422:37
[INFO] [stdout]     |
[INFO] [stdout] 422 |         Opcode::Pkhbt { rd, rn, rm, imm } => dsp::pkhbt(cpu, rd, rn, rm),
[INFO] [stdout]     |                                     ^^^ help: try ignoring the field: `imm: _`
[INFO] [stdout] 
[INFO] [stdout] 
[INFO] [stdout] warning: unused variable: `imm`
[INFO] [stdout]    --> src/cpu/executor.rs:423:37
[INFO] [stdout]     |
[INFO] [stdout] 423 |         Opcode::Pkhtb { rd, rn, rm, imm } => dsp::pkhtb(cpu, rd, rn, rm),
[INFO] [stdout]     |                                     ^^^ help: try ignoring the field: `imm: _`
[INFO] [stdout] 
[INFO] [stdout] 
[INFO] [stdout] warning: constant `TRACE_SIZE` is never used
[INFO] [stdout]   --> src/cpu/executor.rs:20:7
[INFO] [stdout]    |
[INFO] [stdout] 20 | const TRACE_SIZE: usize = 8192;
[INFO] [stdout]    |       ^^^^^^^^^^
[INFO] [stdout]    |
[INFO] [stdout]    = note: `#[warn(dead_code)]` (part of `#[warn(unused)]`) on by default
[INFO] [stdout] 
[INFO] [stdout] 
[INFO] [stdout] warning: static `TRACE_STEP` is never used
[INFO] [stdout]   --> src/cpu/executor.rs:21:8
[INFO] [stdout]    |
[INFO] [stdout] 21 | static TRACE_STEP: AtomicUsize = AtomicUsize::new(0);
[INFO] [stdout]    |        ^^^^^^^^^^
[INFO] [stdout] 
[INFO] [stdout] 
[INFO] [stdout] warning: static `TRACE_PCS` is never used
[INFO] [stdout]   --> src/cpu/executor.rs:22:12
[INFO] [stdout]    |
[INFO] [stdout] 22 | static mut TRACE_PCS: [u32; TRACE_SIZE] = [0; TRACE_SIZE];
[INFO] [stdout]    |            ^^^^^^^^^
[INFO] [stdout] 
[INFO] [stdout] 
[INFO] [stdout] warning: unused import: `crate::cpu::psr::PSR`
[INFO] [stdout]   --> src/cpu/executor.rs:11:5
[INFO] [stdout]    |
[INFO] [stdout] 11 | use crate::cpu::psr::PSR;
[INFO] [stdout]    |     ^^^^^^^^^^^^^^^^^^^^
[INFO] [stdout]    |
[INFO] [stdout]    = note: `#[warn(unused_imports)]` (part of `#[warn(unused)]`) on by default
[INFO] [stdout] 
[INFO] [stdout] 
[INFO] [stdout] warning: unused imports: `EXC_RETURN_HANDLER_MSP`, `EXC_RETURN_THREAD_MSP`, and `EXC_RETURN_THREAD_PSP`
[INFO] [stdout]   --> src/cpu/executor.rs:13:5
[INFO] [stdout]    |
[INFO] [stdout] 13 |     EXC_RETURN_THREAD_MSP, EXC_RETURN_THREAD_PSP, EXC_RETURN_HANDLER_MSP,
[INFO] [stdout]    |     ^^^^^^^^^^^^^^^^^^^^^  ^^^^^^^^^^^^^^^^^^^^^  ^^^^^^^^^^^^^^^^^^^^^^
[INFO] [stdout] 
[INFO] [stdout] 
[INFO] [stdout] warning: unused import: `Ordering`
[INFO] [stdout]   --> src/cpu/executor.rs:17:38
[INFO] [stdout]    |
[INFO] [stdout] 17 | use std::sync::atomic::{AtomicUsize, Ordering};
[INFO] [stdout]    |                                      ^^^^^^^^
[INFO] [stdout] 
[INFO] [stdout] 
[INFO] [stdout] warning: unused import: `Ordering as AtomicOrdering`
[INFO] [stdout]   --> src/cpu/executor.rs:58:36
[INFO] [stdout]    |
[INFO] [stdout] 58 | use std::sync::atomic::{AtomicU64, Ordering as AtomicOrdering};
[INFO] [stdout]    |                                    ^^^^^^^^^^^^^^^^^^^^^^^^^^
[INFO] [stdout] 
[INFO] [stdout] 
[INFO] [stdout] warning: unused variable: `addr`
[INFO] [stdout]   --> src/cpu/executor.rs:75:40
[INFO] [stdout]    |
[INFO] [stdout] 75 |         Err(KernelError::MemoryFault { addr, access }) => {
[INFO] [stdout]    |                                        ^^^^ help: try ignoring the field: `addr: _`
[INFO] [stdout]    |
[INFO] [stdout]    = note: `#[warn(unused_variables)]` (part of `#[warn(unused)]`) on by default
[INFO] [stdout] 
[INFO] [stdout] 
[INFO] [stdout] warning: unused variable: `access`
[INFO] [stdout]   --> src/cpu/executor.rs:75:46
[INFO] [stdout]    |
[INFO] [stdout] 75 |         Err(KernelError::MemoryFault { addr, access }) => {
[INFO] [stdout]    |                                              ^^^^^^ help: try ignoring the field: `access: _`
[INFO] [stdout] 
[INFO] [stdout] 
[INFO] [stdout] warning: unused variable: `addr`
[INFO] [stdout]    --> src/cpu/executor.rs:148:40
[INFO] [stdout]     |
[INFO] [stdout] 148 |         Err(KernelError::MemoryFault { addr, access }) => {
[INFO] [stdout]     |                                        ^^^^ help: try ignoring the field: `addr: _`
[INFO] [stdout] 
[INFO] [stdout] 
[INFO] [stdout] warning: unused variable: `access`
[INFO] [stdout]    --> src/cpu/executor.rs:148:46
[INFO] [stdout]     |
[INFO] [stdout] 148 |         Err(KernelError::MemoryFault { addr, access }) => {
[INFO] [stdout]     |                                              ^^^^^^ help: try ignoring the field: `access: _`
[INFO] [stdout] 
[INFO] [stdout] 
[INFO] [stdout] warning: unused variable: `memory`
[INFO] [stdout]    --> src/cpu/executor.rs:236:41
[INFO] [stdout]     |
[INFO] [stdout] 236 | fn return_from_exception(cpu: &mut Cpu, memory: &mut Memory) -> KernelResult<()> {
[INFO] [stdout]     |                                         ^^^^^^ help: if this is intentional, prefix it with an underscore: `_memory`
[INFO] [stdout] 
[INFO] [stdout] 
[INFO] [stdout] warning: unused variable: `size`
[INFO] [stdout]    --> src/cpu/executor.rs:385:36
[INFO] [stdout]     |
[INFO] [stdout] 385 |         Opcode::VAdd { qd, qn, qm, size } => mve::vadd(cpu, qd, qn, qm),
[INFO] [stdout]     |                                    ^^^^ help: try ignoring the field: `size: _`
[INFO] [stdout] 
[INFO] [stdout] 
[INFO] [stdout] warning: unused variable: `size`
[INFO] [stdout]    --> src/cpu/executor.rs:386:36
[INFO] [stdout]     |
[INFO] [stdout] 386 |         Opcode::VSub { qd, qn, qm, size } => mve::vsub(cpu, qd, qn, qm),
[INFO] [stdout]     |                                    ^^^^ help: try ignoring the field: `size: _`
[INFO] [stdout] 
[INFO] [stdout] 
[INFO] [stdout] warning: unused variable: `size`
[INFO] [stdout]    --> src/cpu/executor.rs:387:36
[INFO] [stdout]     |
[INFO] [stdout] 387 |         Opcode::VMul { qd, qn, qm, size } => mve::vmul(cpu, qd, qn, qm),
[INFO] [stdout]     |                                    ^^^^ help: try ignoring the field: `size: _`
[INFO] [stdout] 
[INFO] [stdout] 
[INFO] [stdout] warning: unused variable: `imm`
[INFO] [stdout]    --> src/cpu/executor.rs:422:37
[INFO] [stdout]     |
[INFO] [stdout] 422 |         Opcode::Pkhbt { rd, rn, rm, imm } => dsp::pkhbt(cpu, rd, rn, rm),
[INFO] [stdout]     |                                     ^^^ help: try ignoring the field: `imm: _`
[INFO] [stdout] 
[INFO] [stdout] 
[INFO] [stdout] warning: unused variable: `imm`
[INFO] [stdout]    --> src/cpu/executor.rs:423:37
[INFO] [stdout]     |
[INFO] [stdout] 423 |         Opcode::Pkhtb { rd, rn, rm, imm } => dsp::pkhtb(cpu, rd, rn, rm),
[INFO] [stdout]     |                                     ^^^ help: try ignoring the field: `imm: _`
[INFO] [stdout] 
[INFO] [stdout] 
[INFO] [stdout] warning: constant `TRACE_SIZE` is never used
[INFO] [stdout]   --> src/cpu/executor.rs:20:7
[INFO] [stdout]    |
[INFO] [stdout] 20 | const TRACE_SIZE: usize = 8192;
[INFO] [stdout]    |       ^^^^^^^^^^
[INFO] [stdout]    |
[INFO] [stdout]    = note: `#[warn(dead_code)]` (part of `#[warn(unused)]`) on by default
[INFO] [stdout] 
[INFO] [stdout] 
[INFO] [stdout] warning: static `TRACE_STEP` is never used
[INFO] [stdout]   --> src/cpu/executor.rs:21:8
[INFO] [stdout]    |
[INFO] [stdout] 21 | static TRACE_STEP: AtomicUsize = AtomicUsize::new(0);
[INFO] [stdout]    |        ^^^^^^^^^^
[INFO] [stdout] 
[INFO] [stdout] 
[INFO] [stdout] warning: static `TRACE_PCS` is never used
[INFO] [stdout]   --> src/cpu/executor.rs:22:12
[INFO] [stdout]    |
[INFO] [stdout] 22 | static mut TRACE_PCS: [u32; TRACE_SIZE] = [0; TRACE_SIZE];
[INFO] [stdout]    |            ^^^^^^^^^
[INFO] [stdout] 
[INFO] [stdout] 
[INFO] [stderr] warning: unused dependency `capstone`
[INFO] [stderr]   --> Cargo.toml:13:15
[INFO] [stderr]    |
[INFO] [stderr] 13 | [dependencies.capstone]
[INFO] [stderr]    |               ^^^^^^^^^
[INFO] [stderr]    |
[INFO] [stderr]    = note: `cargo::unused_dependencies` is set to `warn` by default
[INFO] [stderr] help: consider removing the dependency on `capstone`
[INFO] [stderr] warning: unused dependency `crossbeam`
[INFO] [stderr]   --> Cargo.toml:22:15
[INFO] [stderr]    |
[INFO] [stderr] 22 | [dependencies.crossbeam]
[INFO] [stderr]    |               ^^^^^^^^^^
[INFO] [stderr]    |
[INFO] [stderr] help: consider removing the dependency on `crossbeam`
[INFO] [stderr] warning: unused dependency `env_logger`
[INFO] [stderr]   --> Cargo.toml:28:15
[INFO] [stderr]    |
[INFO] [stderr] 28 | [dependencies.env_logger]
[INFO] [stderr]    |               ^^^^^^^^^^^
[INFO] [stderr]    |
[INFO] [stderr] help: consider removing the dependency on `env_logger`
[INFO] [stderr] warning: unused dependency `memmap2`
[INFO] [stderr]   --> Cargo.toml:40:15
[INFO] [stderr]    |
[INFO] [stderr] 40 | [dependencies.memmap2]
[INFO] [stderr]    |               ^^^^^^^^
[INFO] [stderr]    |
[INFO] [stderr] help: consider removing the dependency on `memmap2`
[INFO] [stderr] warning: unused dependency `rayon`
[INFO] [stderr]   --> Cargo.toml:49:15
[INFO] [stderr]    |
[INFO] [stderr] 49 | [dependencies.rayon]
[INFO] [stderr]    |               ^^^^^^
[INFO] [stderr]    |
[INFO] [stderr] help: consider removing the dependency on `rayon`
[INFO] [stderr] warning: unused dependency `toml`
[INFO] [stderr]   --> Cargo.toml:66:15
[INFO] [stderr]    |
[INFO] [stderr] 66 | [dependencies.toml]
[INFO] [stderr]    |               ^^^^^
[INFO] [stderr]    |
[INFO] [stderr] help: consider removing the dependency on `toml`
[INFO] [stderr] warning: `rusty-arm-kernel` (manifest) generated 6 warnings
[INFO] [stderr]     Finished `release` profile [optimized] target(s) in 1m 41s
[INFO] running `Command { std: "docker" "inspect" "bd6a791e8bfb08f2c8699730745f08c7863a18c42afc790779a89932e5352ccc", kill_on_drop: false }`
[INFO] running `Command { std: "docker" "exec" "-e" "SOURCE_DIR=/opt/rustwide/workdir" "-e" "CARGO_HOME=/opt/rustwide/cargo-home" "-e" "RUSTUP_HOME=/opt/rustwide/rustup-home" "-e" "CARGO_TARGET_DIR=/opt/rustwide/target" "-e" "CARGO_INCREMENTAL=0" "-e" "RUST_BACKTRACE=full" "-e" "RUSTFLAGS=--cap-lints=warn" "-e" "RUSTDOCFLAGS=--cap-lints=warn" "-w" "/opt/rustwide/workdir" "--user" "0:0" "bd6a791e8bfb08f2c8699730745f08c7863a18c42afc790779a89932e5352ccc" "/opt/rustwide/cargo-home/bin/cargo" "+1.100.0-beta.1" "test" "--frozen" "--release", kill_on_drop: false }`
[INFO] [stderr] warning: unused import: `crate::cpu::psr::PSR`
[INFO] [stderr]   --> src/cpu/executor.rs:11:5
[INFO] [stderr]    |
[INFO] [stderr] 11 | use crate::cpu::psr::PSR;
[INFO] [stderr]    |     ^^^^^^^^^^^^^^^^^^^^
[INFO] [stderr]    |
[INFO] [stderr]    = note: `#[warn(unused_imports)]` (part of `#[warn(unused)]`) on by default
[INFO] [stderr] 
[INFO] [stderr] warning: unused imports: `EXC_RETURN_HANDLER_MSP`, `EXC_RETURN_THREAD_MSP`, and `EXC_RETURN_THREAD_PSP`
[INFO] [stderr]   --> src/cpu/executor.rs:13:5
[INFO] [stderr]    |
[INFO] [stderr] 13 |     EXC_RETURN_THREAD_MSP, EXC_RETURN_THREAD_PSP, EXC_RETURN_HANDLER_MSP,
[INFO] [stderr]    |     ^^^^^^^^^^^^^^^^^^^^^  ^^^^^^^^^^^^^^^^^^^^^  ^^^^^^^^^^^^^^^^^^^^^^
[INFO] [stderr] 
[INFO] [stderr] warning: unused import: `Ordering`
[INFO] [stderr]   --> src/cpu/executor.rs:17:38
[INFO] [stderr]    |
[INFO] [stderr] 17 | use std::sync::atomic::{AtomicUsize, Ordering};
[INFO] [stderr]    |                                      ^^^^^^^^
[INFO] [stderr] 
[INFO] [stderr] warning: unused import: `Ordering as AtomicOrdering`
[INFO] [stderr]   --> src/cpu/executor.rs:58:36
[INFO] [stderr]    |
[INFO] [stderr] 58 | use std::sync::atomic::{AtomicU64, Ordering as AtomicOrdering};
[INFO] [stderr]    |                                    ^^^^^^^^^^^^^^^^^^^^^^^^^^
[INFO] [stderr] 
[INFO] [stderr] warning: unused variable: `addr`
[INFO] [stderr]   --> src/cpu/executor.rs:75:40
[INFO] [stderr]    |
[INFO] [stderr] 75 |         Err(KernelError::MemoryFault { addr, access }) => {
[INFO] [stderr]    |                                        ^^^^ help: try ignoring the field: `addr: _`
[INFO] [stderr]    |
[INFO] [stderr]    = note: `#[warn(unused_variables)]` (part of `#[warn(unused)]`) on by default
[INFO] [stderr] 
[INFO] [stderr] warning: unused variable: `access`
[INFO] [stderr]   --> src/cpu/executor.rs:75:46
[INFO] [stderr]    |
[INFO] [stderr] 75 |         Err(KernelError::MemoryFault { addr, access }) => {
[INFO] [stderr]    |                                              ^^^^^^ help: try ignoring the field: `access: _`
[INFO] [stderr] 
[INFO] [stderr] warning: unused variable: `addr`
[INFO] [stderr]    --> src/cpu/executor.rs:148:40
[INFO] [stderr]     |
[INFO] [stderr] 148 |         Err(KernelError::MemoryFault { addr, access }) => {
[INFO] [stderr]     |                                        ^^^^ help: try ignoring the field: `addr: _`
[INFO] [stderr] 
[INFO] [stderr] warning: unused variable: `access`
[INFO] [stderr]    --> src/cpu/executor.rs:148:46
[INFO] [stderr]     |
[INFO] [stderr] 148 |         Err(KernelError::MemoryFault { addr, access }) => {
[INFO] [stderr]     |                                              ^^^^^^ help: try ignoring the field: `access: _`
[INFO] [stderr] 
[INFO] [stderr] warning: unused variable: `memory`
[INFO] [stderr]    --> src/cpu/executor.rs:236:41
[INFO] [stderr]     |
[INFO] [stderr] 236 | fn return_from_exception(cpu: &mut Cpu, memory: &mut Memory) -> KernelResult<()> {
[INFO] [stderr]     |                                         ^^^^^^ help: if this is intentional, prefix it with an underscore: `_memory`
[INFO] [stdout] 
[INFO] [stderr] 
[INFO] [stdout] running 0 tests
[INFO] [stderr] warning: unused variable: `size`
[INFO] [stdout] 
[INFO] [stderr]    --> src/cpu/executor.rs:385:36
[INFO] [stdout] test result: ok. 0 passed; 0 failed; 0 ignored; 0 measured; 0 filtered out; finished in 0.00s
[INFO] [stderr]     |
[INFO] [stdout] 
[INFO] [stderr] 385 |         Opcode::VAdd { qd, qn, qm, size } => mve::vadd(cpu, qd, qn, qm),
[INFO] [stdout] 
[INFO] [stderr]     |                                    ^^^^ help: try ignoring the field: `size: _`
[INFO] [stdout] running 6 tests
[INFO] [stderr] 
[INFO] [stdout] test test_bl_integration ... ok
[INFO] [stderr] warning: unused variable: `size`
[INFO] [stdout] test test_blx_reg_integration ... ok
[INFO] [stderr]    --> src/cpu/executor.rs:386:36
[INFO] [stderr]     |
[INFO] [stderr] 386 |         Opcode::VSub { qd, qn, qm, size } => mve::vsub(cpu, qd, qn, qm),
[INFO] [stderr]     |                                    ^^^^ help: try ignoring the field: `size: _`
[INFO] [stderr] 
[INFO] [stderr] warning: unused variable: `size`
[INFO] [stderr]    --> src/cpu/executor.rs:387:36
[INFO] [stderr]     |
[INFO] [stderr] 387 |         Opcode::VMul { qd, qn, qm, size } => mve::vmul(cpu, qd, qn, qm),
[INFO] [stderr]     |                                    ^^^^ help: try ignoring the field: `size: _`
[INFO] [stderr] 
[INFO] [stderr] warning: unused variable: `imm`
[INFO] [stderr]    --> src/cpu/executor.rs:422:37
[INFO] [stderr]     |
[INFO] [stderr] 422 |         Opcode::Pkhbt { rd, rn, rm, imm } => dsp::pkhbt(cpu, rd, rn, rm),
[INFO] [stderr]     |                                     ^^^ help: try ignoring the field: `imm: _`
[INFO] [stderr] 
[INFO] [stderr] warning: unused variable: `imm`
[INFO] [stderr]    --> src/cpu/executor.rs:423:37
[INFO] [stderr]     |
[INFO] [stderr] 423 |         Opcode::Pkhtb { rd, rn, rm, imm } => dsp::pkhtb(cpu, rd, rn, rm),
[INFO] [stderr]     |                                     ^^^ help: try ignoring the field: `imm: _`
[INFO] [stderr] 
[INFO] [stderr] warning: constant `TRACE_SIZE` is never used
[INFO] [stderr]   --> src/cpu/executor.rs:20:7
[INFO] [stderr]    |
[INFO] [stderr] 20 | const TRACE_SIZE: usize = 8192;
[INFO] [stderr]    |       ^^^^^^^^^^
[INFO] [stderr]    |
[INFO] [stderr]    = note: `#[warn(dead_code)]` (part of `#[warn(unused)]`) on by default
[INFO] [stderr] 
[INFO] [stderr] warning: static `TRACE_STEP` is never used
[INFO] [stderr]   --> src/cpu/executor.rs:21:8
[INFO] [stderr]    |
[INFO] [stderr] 21 | static TRACE_STEP: AtomicUsize = AtomicUsize::new(0);
[INFO] [stderr]    |        ^^^^^^^^^^
[INFO] [stderr] 
[INFO] [stderr] warning: static `TRACE_PCS` is never used
[INFO] [stderr]   --> src/cpu/executor.rs:22:12
[INFO] [stderr]    |
[INFO] [stderr] 22 | static mut TRACE_PCS: [u32; TRACE_SIZE] = [0; TRACE_SIZE];
[INFO] [stderr]    |            ^^^^^^^^^
[INFO] [stderr] 
[INFO] [stdout] test test_cbz_integration ... ok
[INFO] [stderr] warning: `rusty-arm-kernel` (lib) generated 17 warnings (run `cargo fix --lib -p rusty-arm-kernel` to apply 14 suggestions)
[INFO] [stderr] warning: `rusty-arm-kernel` (lib test) generated 17 warnings (17 duplicates)
[INFO] [stderr] warning: unused dependency `capstone`
[INFO] [stderr]   --> Cargo.toml:13:15
[INFO] [stderr]    |
[INFO] [stderr] 13 | [dependencies.capstone]
[INFO] [stderr]    |               ^^^^^^^^^
[INFO] [stderr]    |
[INFO] [stderr]    = note: `cargo::unused_dependencies` is set to `warn` by default
[INFO] [stderr] help: consider removing the dependency on `capstone`
[INFO] [stderr] warning: unused dependency `crossbeam`
[INFO] [stderr]   --> Cargo.toml:22:15
[INFO] [stderr]    |
[INFO] [stderr] 22 | [dependencies.crossbeam]
[INFO] [stderr]    |               ^^^^^^^^^^
[INFO] [stderr]    |
[INFO] [stderr] help: consider removing the dependency on `crossbeam`
[INFO] [stderr] warning: unused dependency `env_logger`
[INFO] [stderr]   --> Cargo.toml:28:15
[INFO] [stderr]    |
[INFO] [stderr] 28 | [dependencies.env_logger]
[INFO] [stderr]    |               ^^^^^^^^^^^
[INFO] [stderr]    |
[INFO] [stderr] help: consider removing the dependency on `env_logger`
[INFO] [stderr] warning: unused dependency `memmap2`
[INFO] [stderr]   --> Cargo.toml:40:15
[INFO] [stderr]    |
[INFO] [stderr] 40 | [dependencies.memmap2]
[INFO] [stderr]    |               ^^^^^^^^
[INFO] [stderr]    |
[INFO] [stderr] help: consider removing the dependency on `memmap2`
[INFO] [stderr] warning: unused dependency `rayon`
[INFO] [stderr]   --> Cargo.toml:49:15
[INFO] [stderr]    |
[INFO] [stderr] 49 | [dependencies.rayon]
[INFO] [stderr]    |               ^^^^^^
[INFO] [stderr]    |
[INFO] [stderr] help: consider removing the dependency on `rayon`
[INFO] [stderr] warning: unused dependency `toml`
[INFO] [stderr]   --> Cargo.toml:66:15
[INFO] [stderr]    |
[INFO] [stderr] 66 | [dependencies.toml]
[INFO] [stderr]    |               ^^^^^
[INFO] [stderr]    |
[INFO] [stderr] help: consider removing the dependency on `toml`
[INFO] [stderr] warning: `rusty-arm-kernel` (manifest) generated 6 warnings
[INFO] [stderr]     Finished `release` profile [optimized] target(s) in 0.31s
[INFO] [stderr]      Running unittests src/lib.rs (/opt/rustwide/target/release/build/rusty-arm-kernel/e7970bf2947b2d0d/out/rusty_arm_kernel-e7970bf2947b2d0d)
[INFO] [stderr]      Running tests/advanced_branch_tests.rs (/opt/rustwide/target/release/build/rusty-arm-kernel/d1a2cafe33fc5169/out/advanced_branch_tests-d1a2cafe33fc5169)
[INFO] [stdout] test test_cbnz_integration ... ok
[INFO] [stdout] test test_tbh_integration ... ok
[INFO] [stdout] test test_tbb_integration ... ok
[INFO] [stdout] 
[INFO] [stdout] test result: ok. 6 passed; 0 failed; 0 ignored; 0 measured; 0 filtered out; finished in 0.06s
[INFO] [stdout] 
[INFO] [stdout] 
[INFO] [stderr]      Running tests/advanced_data_movement_tests.rs (/opt/rustwide/target/release/build/rusty-arm-kernel/320d8822ac1daf55/out/advanced_data_movement_tests-320d8822ac1daf55)
[INFO] [stdout] running 9 tests
[INFO] [stdout] test test_execute_ldm_stm ... ok
[INFO] [stdout] test test_execute_push_pop ... ok
[INFO] [stdout] test test_execute_ldrh_imm ... ok
[INFO] [stdout] test test_execute_strh_imm ... ok
[INFO] [stdout] test test_execute_exclusive ... ok
[INFO] [stdout] test test_execute_ldrsh_imm ... ok
[INFO] [stdout] test test_execute_ldrb_imm ... ok
[INFO] [stdout] test test_execute_ldrsb_imm ... ok
[INFO] [stdout] test test_execute_strb_imm ... ok
[INFO] [stdout] 
[INFO] [stdout] test result: ok. 9 passed; 0 failed; 0 ignored; 0 measured; 0 filtered out; finished in 0.07s
[INFO] [stdout] 
[INFO] [stderr]      Running tests/arithmetic_tests.rs (/opt/rustwide/target/release/build/rusty-arm-kernel/79f2c2b3940049fa/out/arithmetic_tests-79f2c2b3940049fa)
[INFO] [stdout] 
[INFO] [stdout] running 19 tests
[INFO] [stdout] test test_execute_add_sp_imm ... ok
[INFO] [stdout] test test_execute_smlal ... ok
[INFO] [stdout] test test_execute_add_sp_label ... ok
[INFO] [stdout] test test_execute_sub_sp_imm ... ok
[INFO] [stdout] test test_execute_sdiv ... ok
[INFO] [stdout] test test_execute_sdiv_negative ... ok
[INFO] [stdout] test test_execute_add_reg ... ok
[INFO] [stdout] test test_execute_sdiv_zero ... ok
[INFO] [stdout] test test_execute_smull ... ok
[INFO] [stdout] test test_execute_umlal ... ok
[INFO] [stdout] test test_execute_add_reg_zero ... ok
[INFO] [stdout] test test_execute_mul ... ok
[INFO] [stdout] test test_execute_add_imm ... ok
[INFO] [stdout] test test_execute_sub_imm_zero ... ok
[INFO] [stdout] test test_execute_sub_reg ... ok
[INFO] [stdout] test test_execute_umull ... ok
[INFO] [stdout] test test_execute_sub_reg_zero ... ok
[INFO] [stdout] test test_execute_udiv ... ok
[INFO] [stdout] test test_execute_sub_imm ... ok
[INFO] [stdout] 
[INFO] [stdout] test result: ok. 19 passed; 0 failed; 0 ignored; 0 measured; 0 filtered out; finished in 0.08s
[INFO] [stdout] 
[INFO] [stderr]      Running tests/bitfield_integration_tests.rs (/opt/rustwide/target/release/build/rusty-arm-kernel/10106c38eccb63ea/out/bitfield_integration_tests-10106c38eccb63ea)
[INFO] [stdout] 
[INFO] [stdout] running 8 tests
[INFO] [stdout] test test_rev_integration ... ok
[INFO] [stdout] test test_bfc_integration ... ok
[INFO] [stdout] test test_revsh_integration ... ok
[INFO] [stdout] test test_bfi_integration ... ok
[INFO] [stdout] test test_sbfx_integration ... ok
[INFO] [stdout] test test_clz_integration ... ok
[INFO] [stdout] test test_rev16_integration ... ok
[INFO] [stdout] test test_ubfx_integration ... ok
[INFO] [stdout] 
[INFO] [stdout] test result: ok. 8 passed; 0 failed; 0 ignored; 0 measured; 0 filtered out; finished in 0.05s
[INFO] [stdout] 
[INFO] [stderr]      Running tests/bitfield_tests.rs (/opt/rustwide/target/release/build/rusty-arm-kernel/2e3595a43fc6efcb/out/bitfield_tests-2e3595a43fc6efcb)
[INFO] [stdout] 
[INFO] [stdout] running 13 tests
[INFO] [stdout] test test_execute_rbit_even_bits ... ok
[INFO] [stdout] test test_execute_ubfx ... ok
[INFO] [stdout] test test_execute_rbit ... ok
[INFO] [stdout] test test_execute_clz ... ok
[INFO] [stdout] test test_execute_ssat_no_saturation ... ok
[INFO] [stdout] test test_execute_sbfx ... ok
[INFO] [stdout] test test_execute_ssat_positive_saturate ... ok
[INFO] [stdout] test test_execute_usat_negative_to_zero ... ok
[INFO] [stdout] test test_execute_bfc ... ok
[INFO] [stdout] test test_execute_usat_no_saturation ... ok
[INFO] [stdout] test test_execute_ssat_negative_saturate ... ok
[INFO] [stdout] test test_execute_bfi ... ok
[INFO] [stdout] test test_execute_usat_saturate ... ok
[INFO] [stdout] 
[INFO] [stdout] test result: ok. 13 passed; 0 failed; 0 ignored; 0 measured; 0 filtered out; finished in 0.10s
[INFO] [stdout] 
[INFO] [stderr]      Running tests/control_flow_tests.rs (/opt/rustwide/target/release/build/rusty-arm-kernel/8e4b75143375fd22/out/control_flow_tests-8e4b75143375fd22)
[INFO] [stdout] 
[INFO] [stdout] running 13 tests
[INFO] [stdout] test test_execute_hints ... ok
[INFO] [stdout] test test_execute_svc ... ok
[INFO] [stdout] test test_execute_cps ... ok
[INFO] [stdout] test test_execute_branch_cond_taken ... ok
[INFO] [stdout] test test_execute_bx ... ok
[INFO] [stdout] test test_execute_branch_cond_al ... ok
[INFO] [stdout] test test_execute_barriers ... ok
[INFO] [stdout] test test_execute_bkpt ... ok
[INFO] [stdout] test test_execute_b_imm ... ok
[INFO] [stdout] test test_execute_mrs ... ok
[INFO] [stdout] test test_execute_nop ... ok
[INFO] [stdout] test test_execute_msr ... ok
[INFO] [stdout] test test_execute_branch_cond_not_taken ... ok
[INFO] [stdout] 
[INFO] [stdout] test result: ok. 13 passed; 0 failed; 0 ignored; 0 measured; 0 filtered out; finished in 0.08s
[INFO] [stdout] 
[INFO] [stderr]      Running tests/coremark_bench.rs (/opt/rustwide/target/release/build/rusty-arm-kernel/bd116cac9d4ebbc9/out/coremark_bench-bd116cac9d4ebbc9)
[INFO] [stdout] 
[INFO] [stdout] running 3 tests
[INFO] [stdout] test benchmark_memory_mix ... ok
[INFO] [stdout] test benchmark_branch_mix ... ok
[INFO] [stdout] test benchmark_alu_mix ... ok
[INFO] [stdout] 
[INFO] [stdout] test result: ok. 3 passed; 0 failed; 0 ignored; 0 measured; 0 filtered out; finished in 0.02s
[INFO] [stdout] 
[INFO] [stderr]      Running tests/cpu_integration_tests.rs (/opt/rustwide/target/release/build/rusty-arm-kernel/cc7b12ccd90df22c/out/cpu_integration_tests-cc7b12ccd90df22c)
[INFO] [stdout] 
[INFO] [stdout] running 1 test
[INFO] [stdout] test test_cpu_step_sequence ... FAILED
[INFO] [stdout] 
[INFO] [stdout] failures:
[INFO] [stdout] 
[INFO] [stdout] ---- test_cpu_step_sequence stdout ----
[INFO] [stdout] 
[INFO] [stdout] thread 'test_cpu_step_sequence' (4022) panicked at tests/cpu_integration_tests.rs:62:5:
[INFO] [stdout] assertion `left == right` failed
[INFO] [stdout]   left: 1
[INFO] [stdout]  right: 4
[INFO] [stdout] stack backtrace:
[INFO] [stdout]    0:     0x5d57fe58d661 - <<std[617be2ca0a6fd877]::sys::backtrace::BacktraceLock>::print::DisplayBacktrace as core[a373ad73a504971]::fmt::Display>::fmt
[INFO] [stdout]    1:     0x5d57fe5a181a - core[a373ad73a504971]::fmt::write
[INFO] [stdout]    2:     0x5d57fe591a3c - <alloc[2e1b2a31b91974c5]::vec::Vec<u8> as core[a373ad73a504971]::io::write::Write>::write_fmt
[INFO] [stdout]    3:     0x5d57fe569636 - std[617be2ca0a6fd877]::panicking::default_hook::{closure#0}
[INFO] [stdout]    4:     0x5d57fe585949 - std[617be2ca0a6fd877]::panicking::default_hook
[INFO] [stdout]    5:     0x5d57fe4fed20 - test[aada8e7e76ba119b]::test_main_inner::{closure#0}
[INFO] [stdout]    6:     0x5d57fe585b02 - std[617be2ca0a6fd877]::panicking::panic_with_hook
[INFO] [stdout]    7:     0x5d57fe5696e2 - std[617be2ca0a6fd877]::panicking::panic_handler::{closure#0}
[INFO] [stdout]    8:     0x5d57fe5623f9 - std[617be2ca0a6fd877]::sys::backtrace::__rust_end_short_backtrace::<std[617be2ca0a6fd877]::panicking::panic_handler::{closure#0}, !>
[INFO] [stdout]    9:     0x5d57fe56a2ed - __rustc[ea4f61d10b84890b]::rust_begin_unwind
[INFO] [stdout]   10:     0x5d57fe5a1f7c - core[a373ad73a504971]::panicking::panic_fmt
[INFO] [stdout]   11:     0x5d57fe5a1e93 - core[a373ad73a504971]::panicking::assert_failed_inner
[INFO] [stdout]   12:     0x5d57fe59e618 - core[a373ad73a504971]::panicking::assert_failed::<usize, usize>
[INFO] [stdout]   13:     0x5d57fe4f20b3 - <cpu_integration_tests[f0bfdfba39226282]::test_cpu_step_sequence::{closure#0} as core[a373ad73a504971]::ops::function::FnOnce<()>>::call_once
[INFO] [stdout]   14:     0x5d57fe4f216b - test[aada8e7e76ba119b]::__rust_begin_short_backtrace::<core[a373ad73a504971]::result::Result<(), alloc[2e1b2a31b91974c5]::string::String>, fn() -> core[a373ad73a504971]::result::Result<(), alloc[2e1b2a31b91974c5]::string::String>>
[INFO] [stdout]   15:     0x5d57fe4ff345 - test[aada8e7e76ba119b]::run_test::{closure#0}
[INFO] [stdout]   16:     0x5d57fe4f8c34 - std[617be2ca0a6fd877]::sys::backtrace::__rust_begin_short_backtrace::<test[aada8e7e76ba119b]::run_test::{closure#1}, ()>
[INFO] [stdout]   17:     0x5d57fe5023d2 - <std[617be2ca0a6fd877]::thread::lifecycle::spawn_unchecked<test[aada8e7e76ba119b]::run_test::{closure#1}, ()>::{closure#1} as core[a373ad73a504971]::ops::function::FnOnce<()>>::call_once::{shim:vtable#0}
[INFO] [stdout]   18:     0x5d57fe58ce8f - <std[617be2ca0a6fd877]::sys::thread::unix::Thread>::new::thread_start
[INFO] [stdout]   19:     0x7ec297e64dfa - <unknown>
[INFO] [stdout]   20:     0x7ec297ef83d4 - clone
[INFO] [stdout]   21:                0x0 - <unknown>
[INFO] [stdout] 
[INFO] [stdout] 
[INFO] [stdout] failures:
[INFO] [stdout]     test_cpu_step_sequence
[INFO] [stdout] 
[INFO] [stdout] test result: FAILED. 0 passed; 1 failed; 0 ignored; 0 measured; 0 filtered out; finished in 0.00s
[INFO] [stdout] 
[INFO] [stderr] error: test failed, to rerun pass `--test cpu_integration_tests`
[INFO] running `Command { std: "docker" "inspect" "bd6a791e8bfb08f2c8699730745f08c7863a18c42afc790779a89932e5352ccc", kill_on_drop: false }`
[INFO] running `Command { std: "docker" "rm" "-f" "bd6a791e8bfb08f2c8699730745f08c7863a18c42afc790779a89932e5352ccc", kill_on_drop: false }`
[INFO] [stdout] bd6a791e8bfb08f2c8699730745f08c7863a18c42afc790779a89932e5352ccc
