[INFO] fetching crate rskit-media-image 0.2.0-alpha.5...
[INFO] testing rskit-media-image-0.2.0-alpha.5 against 1.100.0-beta.1+cargoflags=--release for beta-release-1.100-2
[INFO] extracting crate rskit-media-image 0.2.0-alpha.5 into /workspace/builds/worker-4-tc2/source
[INFO] started tweaking crates.io crate rskit-media-image 0.2.0-alpha.5
[INFO] removed 0 missing tests
[INFO] finished tweaking crates.io crate rskit-media-image 0.2.0-alpha.5
[INFO] tweaked toml for crates.io crate rskit-media-image 0.2.0-alpha.5 written to /workspace/builds/worker-4-tc2/source/Cargo.toml
[INFO] validating manifest of crates.io crate rskit-media-image 0.2.0-alpha.5 on toolchain 1.100.0-beta.1
[INFO] running `Command { std: CARGO_HOME="/workspace/cargo-home" RUSTUP_HOME="/workspace/rustup-home" "/workspace/cargo-home/bin/cargo" "+1.100.0-beta.1" "metadata" "--manifest-path" "Cargo.toml" "--no-deps", kill_on_drop: false }`
[INFO] crate crates.io crate rskit-media-image 0.2.0-alpha.5 already has a lockfile, it will not be regenerated
[INFO] running `Command { std: CARGO_HOME="/workspace/cargo-home" RUSTUP_HOME="/workspace/rustup-home" "/workspace/cargo-home/bin/cargo" "+1.100.0-beta.1" "fetch" "--manifest-path" "Cargo.toml", kill_on_drop: false }`
[INFO] [stderr] warning: `package.homepage` is redundant with `package.repository`
[INFO] [stderr]   --> Cargo.toml:81:12
[INFO] [stderr]    |
[INFO] [stderr] 81 | homepage = "https://github.com/kbukum/rskit"
[INFO] [stderr]    |            ^^^^^^^^^^^^^^^^^^^^^^^^^^^^^^^^^
[INFO] [stderr] ...
[INFO] [stderr] 86 | repository = "https://github.com/kbukum/rskit"
[INFO] [stderr]    |              ---------------------------------
[INFO] [stderr]    |
[INFO] [stderr]    = note: `cargo::redundant_homepage` is set to `warn` by default
[INFO] [stderr] help: consider removing `package.homepage`
[INFO] [stderr] warning: `rskit-media-image` (manifest) generated 1 warning
[INFO] running `Command { std: "docker" "create" "-v" "/var/lib/crater-agent-workspace/builds/worker-4-tc2/source:/opt/rustwide/workdir:ro,Z" "-v" "/var/lib/crater-agent-workspace/builds/worker-4-tc2/target:/opt/rustwide/target:rw,Z" "-v" "/var/lib/crater-agent-workspace/cargo-home:/opt/rustwide/cargo-home:ro,Z" "-v" "/var/lib/crater-agent-workspace/rustup-home:/opt/rustwide/rustup-home:ro,Z" "-m" "1610612736" "--network" "none" "ghcr.io/rust-lang/crates-build-env/linux@sha256:77db811e55d90add9212f6832c23229e3de5f1c1f9905e8cb07319ea15df73ac" "sleep" "infinity", kill_on_drop: false }`
[INFO] [stdout] b474e16d12a46acce2a8856b8686bb878b8cbae52b63dc5cf29ec91b2a44dfcf
[INFO] running `Command { std: "docker" "start" "b474e16d12a46acce2a8856b8686bb878b8cbae52b63dc5cf29ec91b2a44dfcf", kill_on_drop: false }`
[INFO] running `Command { std: "docker" "inspect" "b474e16d12a46acce2a8856b8686bb878b8cbae52b63dc5cf29ec91b2a44dfcf", kill_on_drop: false }`
[INFO] running `Command { std: "docker" "exec" "-e" "SOURCE_DIR=/opt/rustwide/workdir" "-e" "CARGO_HOME=/opt/rustwide/cargo-home" "-e" "RUSTUP_HOME=/opt/rustwide/rustup-home" "-e" "CARGO_TARGET_DIR=/opt/rustwide/target" "-w" "/opt/rustwide/workdir" "--user" "0:0" "b474e16d12a46acce2a8856b8686bb878b8cbae52b63dc5cf29ec91b2a44dfcf" "/opt/rustwide/cargo-home/bin/cargo" "+1.100.0-beta.1" "metadata" "--no-deps" "--format-version=1", kill_on_drop: false }`
[INFO] running `Command { std: "docker" "inspect" "b474e16d12a46acce2a8856b8686bb878b8cbae52b63dc5cf29ec91b2a44dfcf", kill_on_drop: false }`
[INFO] running `Command { std: "docker" "exec" "-e" "SOURCE_DIR=/opt/rustwide/workdir" "-e" "CARGO_HOME=/opt/rustwide/cargo-home" "-e" "RUSTUP_HOME=/opt/rustwide/rustup-home" "-e" "CARGO_TARGET_DIR=/opt/rustwide/target" "-e" "CARGO_INCREMENTAL=0" "-e" "RUST_BACKTRACE=full" "-e" "RUSTFLAGS=--cap-lints=warn" "-e" "RUSTDOCFLAGS=--cap-lints=warn" "-w" "/opt/rustwide/workdir" "--user" "0:0" "b474e16d12a46acce2a8856b8686bb878b8cbae52b63dc5cf29ec91b2a44dfcf" "/opt/rustwide/cargo-home/bin/cargo" "+1.100.0-beta.1" "build" "--frozen" "--message-format=json" "--release", kill_on_drop: false }`
[INFO] [stderr] warning: `package.homepage` is redundant with `package.repository`
[INFO] [stderr]   --> Cargo.toml:81:12
[INFO] [stderr]    |
[INFO] [stderr] 81 | homepage = "https://github.com/kbukum/rskit"
[INFO] [stderr]    |            ^^^^^^^^^^^^^^^^^^^^^^^^^^^^^^^^^
[INFO] [stderr] ...
[INFO] [stderr] 86 | repository = "https://github.com/kbukum/rskit"
[INFO] [stderr]    |              ---------------------------------
[INFO] [stderr]    |
[INFO] [stderr]    = note: `cargo::redundant_homepage` is set to `warn` by default
[INFO] [stderr] help: consider removing `package.homepage`
[INFO] [stderr] warning: `rskit-media-image` (manifest) generated 1 warning
[INFO] [stderr]    Compiling memchr v2.8.1
[INFO] [stderr]    Compiling crossbeam-epoch v0.9.20
[INFO] [stderr]    Compiling serde_core v1.0.228
[INFO] [stderr]    Compiling serde v1.0.228
[INFO] [stderr]    Compiling num-traits v0.2.19
[INFO] [stderr]    Compiling futures-io v0.3.32
[INFO] [stderr]    Compiling regex-syntax v0.8.10
[INFO] [stderr]    Compiling parking_lot_core v0.9.12
[INFO] [stderr]    Compiling futures-macro v0.3.32
[INFO] [stderr]    Compiling mio v1.2.1
[INFO] [stderr]    Compiling tokio-macros v2.7.0
[INFO] [stderr]    Compiling zerocopy v0.8.50
[INFO] [stderr]    Compiling unicase v2.9.0
[INFO] [stderr]    Compiling rustix v1.1.4
[INFO] [stderr]    Compiling getrandom v0.4.2
[INFO] [stderr]    Compiling zerocopy-derive v0.8.50
[INFO] [stderr]    Compiling mime_guess v2.0.5
[INFO] [stderr]    Compiling http v1.4.1
[INFO] [stderr]    Compiling uuid v1.23.2
[INFO] [stderr]    Compiling parking_lot v0.12.5
[INFO] [stderr]    Compiling byteorder v1.5.0
[INFO] [stderr]    Compiling quick-error v2.0.1
[INFO] [stderr]    Compiling crossbeam-deque v0.8.6
[INFO] [stderr]    Compiling zune-core v0.5.1
[INFO] [stderr]    Compiling tokio v1.52.3
[INFO] [stderr]    Compiling fax v0.2.7
[INFO] [stderr]    Compiling pxfm v0.1.29
[INFO] [stderr]    Compiling cfb v0.7.3
[INFO] [stderr]    Compiling rayon-core v1.13.0
[INFO] [stderr]    Compiling byteorder-lite v0.1.0
[INFO] [stderr]    Compiling zune-jpeg v0.5.15
[INFO] [stderr]    Compiling gif v0.14.2
[INFO] [stderr]    Compiling aho-corasick v1.1.4
[INFO] [stderr]    Compiling bstr v1.12.3
[INFO] [stderr]    Compiling futures-util v0.3.32
[INFO] [stderr]    Compiling image-webp v0.2.4
[INFO] [stderr]    Compiling rayon v1.12.0
[INFO] [stderr]    Compiling tempfile v3.27.0
[INFO] [stderr]    Compiling infer v0.19.0
[INFO] [stderr]    Compiling png v0.18.1
[INFO] [stderr]    Compiling bytemuck v1.25.0
[INFO] [stderr]    Compiling regex-automata v0.4.14
[INFO] [stderr]    Compiling serde_json v1.0.150
[INFO] [stderr]    Compiling moxcms v0.8.1
[INFO] [stderr]    Compiling chrono v0.4.45
[INFO] [stderr]    Compiling futures-executor v0.3.32
[INFO] [stderr]    Compiling futures v0.3.32
[INFO] [stderr]    Compiling rskit-errors v0.2.0-alpha.5
[INFO] [stderr]    Compiling globset v0.4.18
[INFO] [stderr]    Compiling ignore v0.4.28
[INFO] [stderr]    Compiling half v2.7.1
[INFO] [stderr]    Compiling tokio-util v0.7.18
[INFO] [stderr]    Compiling tiff v0.11.3
[INFO] [stderr]    Compiling rskit-fs v0.2.0-alpha.8
[INFO] [stderr]    Compiling rskit-storage v0.2.0-alpha.5
[INFO] [stderr]    Compiling image v0.25.10
[INFO] [stderr]    Compiling rskit-media v0.2.0-alpha.5
[INFO] [stderr]    Compiling rskit-media-image v0.2.0-alpha.5 (/opt/rustwide/workdir)
[INFO] [stderr]     Finished `release` profile [optimized] target(s) in 1m 52s
[INFO] running `Command { std: "docker" "inspect" "b474e16d12a46acce2a8856b8686bb878b8cbae52b63dc5cf29ec91b2a44dfcf", kill_on_drop: false }`
[INFO] running `Command { std: "docker" "exec" "-e" "SOURCE_DIR=/opt/rustwide/workdir" "-e" "CARGO_HOME=/opt/rustwide/cargo-home" "-e" "RUSTUP_HOME=/opt/rustwide/rustup-home" "-e" "CARGO_TARGET_DIR=/opt/rustwide/target" "-e" "CARGO_INCREMENTAL=0" "-e" "RUST_BACKTRACE=full" "-e" "RUSTFLAGS=--cap-lints=warn" "-e" "RUSTDOCFLAGS=--cap-lints=warn" "-w" "/opt/rustwide/workdir" "--user" "0:0" "b474e16d12a46acce2a8856b8686bb878b8cbae52b63dc5cf29ec91b2a44dfcf" "/opt/rustwide/cargo-home/bin/cargo" "+1.100.0-beta.1" "test" "--frozen" "--no-run" "--message-format=json" "--release", kill_on_drop: false }`
[INFO] [stderr] warning: `package.homepage` is redundant with `package.repository`
[INFO] [stderr]   --> Cargo.toml:81:12
[INFO] [stderr]    |
[INFO] [stderr] 81 | homepage = "https://github.com/kbukum/rskit"
[INFO] [stderr]    |            ^^^^^^^^^^^^^^^^^^^^^^^^^^^^^^^^^
[INFO] [stderr] ...
[INFO] [stderr] 86 | repository = "https://github.com/kbukum/rskit"
[INFO] [stderr]    |              ---------------------------------
[INFO] [stderr]    |
[INFO] [stderr]    = note: `cargo::redundant_homepage` is set to `warn` by default
[INFO] [stderr] help: consider removing `package.homepage`
[INFO] [stderr] warning: `rskit-media-image` (manifest) generated 1 warning
[INFO] [stderr]    Compiling serde v1.0.228
[INFO] [stderr]    Compiling serde_json v1.0.150
[INFO] [stderr]    Compiling tokio v1.52.3
[INFO] [stderr]    Compiling memchr v2.8.1
[INFO] [stderr]    Compiling ucd-trie v0.1.7
[INFO] [stderr]    Compiling rayon v1.12.0
[INFO] [stderr]    Compiling alloca v0.4.0
[INFO] [stderr]    Compiling plotters-backend v0.3.7
[INFO] [stderr]    Compiling ciborium-io v0.2.2
[INFO] [stderr]    Compiling clap_builder v4.6.0
[INFO] [stderr]    Compiling itertools v0.13.0
[INFO] [stderr]    Compiling cast v0.3.0
[INFO] [stderr]    Compiling regex v1.12.3
[INFO] [stderr]    Compiling page_size v0.6.0
[INFO] [stderr]    Compiling console v0.16.3
[INFO] [stderr]    Compiling ciborium-ll v0.2.2
[INFO] [stderr]    Compiling similar v2.7.0
[INFO] [stderr]    Compiling pest v2.8.6
[INFO] [stderr]    Compiling oorandom v11.1.5
[INFO] [stderr]    Compiling anes v0.1.6
[INFO] [stderr]    Compiling plotters-svg v0.3.7
[INFO] [stderr]    Compiling plotters v0.3.7
[INFO] [stderr]    Compiling chrono v0.4.45
[INFO] [stderr]    Compiling ciborium v0.2.2
[INFO] [stderr]    Compiling rskit-errors v0.2.0-alpha.5
[INFO] [stderr]    Compiling tinytemplate v1.2.1
[INFO] [stderr]    Compiling criterion-plot v0.8.2
[INFO] [stderr]    Compiling pest_meta v2.8.6
[INFO] [stderr]    Compiling pest_generator v2.8.6
[INFO] [stderr]    Compiling clap v4.6.1
[INFO] [stderr]    Compiling image v0.25.10
[INFO] [stderr]    Compiling pest_derive v2.8.6
[INFO] [stderr]    Compiling insta v1.47.2
[INFO] [stderr]    Compiling rskit-fs v0.2.0-alpha.8
[INFO] [stderr]    Compiling tokio-util v0.7.18
[INFO] [stderr]    Compiling criterion v0.8.2
[INFO] [stderr]    Compiling rskit-storage v0.2.0-alpha.5
[INFO] [stderr]    Compiling rskit-media v0.2.0-alpha.5
[INFO] [stderr]    Compiling rskit-media-image v0.2.0-alpha.5 (/opt/rustwide/workdir)
[INFO] [stderr]     Finished `release` profile [optimized] target(s) in 1m 49s
[INFO] running `Command { std: "docker" "inspect" "b474e16d12a46acce2a8856b8686bb878b8cbae52b63dc5cf29ec91b2a44dfcf", kill_on_drop: false }`
[INFO] running `Command { std: "docker" "exec" "-e" "SOURCE_DIR=/opt/rustwide/workdir" "-e" "CARGO_HOME=/opt/rustwide/cargo-home" "-e" "RUSTUP_HOME=/opt/rustwide/rustup-home" "-e" "CARGO_TARGET_DIR=/opt/rustwide/target" "-e" "CARGO_INCREMENTAL=0" "-e" "RUST_BACKTRACE=full" "-e" "RUSTFLAGS=--cap-lints=warn" "-e" "RUSTDOCFLAGS=--cap-lints=warn" "-w" "/opt/rustwide/workdir" "--user" "0:0" "b474e16d12a46acce2a8856b8686bb878b8cbae52b63dc5cf29ec91b2a44dfcf" "/opt/rustwide/cargo-home/bin/cargo" "+1.100.0-beta.1" "test" "--frozen" "--release", kill_on_drop: false }`
[INFO] [stderr] warning: `package.homepage` is redundant with `package.repository`
[INFO] [stderr]   --> Cargo.toml:81:12
[INFO] [stderr]    |
[INFO] [stderr] 81 | homepage = "https://github.com/kbukum/rskit"
[INFO] [stderr]    |            ^^^^^^^^^^^^^^^^^^^^^^^^^^^^^^^^^
[INFO] [stderr] ...
[INFO] [stderr] 86 | repository = "https://github.com/kbukum/rskit"
[INFO] [stderr]    |              ---------------------------------
[INFO] [stderr]    |
[INFO] [stderr]    = note: `cargo::redundant_homepage` is set to `warn` by default
[INFO] [stderr] help: consider removing `package.homepage`
[INFO] [stderr] warning: `rskit-media-image` (manifest) generated 1 warning
[INFO] [stderr]     Finished `release` profile [optimized] target(s) in 0.33s
[INFO] [stderr]      Running unittests src/lib.rs (/opt/rustwide/target/release/build/rskit-media-image/33a5cd2b17735aea/out/rskit_media_image-33a5cd2b17735aea)
[INFO] [stdout] 
[INFO] [stdout] running 12 tests
[INFO] [stdout] test io::tests::ensure_resolution_rejects_zero_height ... ok
[INFO] [stdout] test io::tests::ensure_resolution_rejects_zero_width ... ok
[INFO] [stdout] test processor::tests::default_constructs_with_default_config ... ok
[INFO] [stdout] test processor::tests::encode_image_error_reports_internal_failure ... ok
[INFO] [stdout] test processor::tests::source_extensions_and_format_names_map_to_image_formats ... ok
[INFO] [stdout] test io::tests::scaled_dimension_rounds_and_clamps_to_one ... ok
[INFO] [stdout] test io::tests::image_format_errors_preserve_invalid_format_code ... ok
[INFO] [stdout] test io::tests::read_path_bounded_reports_missing_paths_as_not_found ... ok
[INFO] [stdout] test probe::tests::thumbnails_returns_single_jpeg_from_memory_source ... ok
[INFO] [stdout] test io::tests::read_path_bounded_reports_non_not_found_open_errors_as_internal ... ok
[INFO] [stdout] test probe::tests::default_constructs_with_default_config ... ok
[INFO] [stdout] test probe::tests::thumbnail_encode_error_reports_internal_failure ... ok
[INFO] [stdout] 
[INFO] [stdout] test result: ok. 12 passed; 0 failed; 0 ignored; 0 measured; 0 filtered out; finished in 0.01s
[INFO] [stdout] 
[INFO] [stderr]      Running tests/golden.rs (/opt/rustwide/target/release/build/rskit-media-image/937fd9390373564e/out/golden-937fd9390373564e)
[INFO] [stdout] 
[INFO] [stdout] running 10 tests
[INFO] [stdout] test golden_flip_horizontal ... FAILED
[INFO] [stdout] test golden_image_filters_new ... FAILED
[INFO] [stdout] test golden_crop_center_real_photo ... FAILED
[INFO] [stdout] test golden_pipeline_resize_crop_rotate ... FAILED
[INFO] [stdout] test golden_png_to_jpeg_conversion ... FAILED
[INFO] [stdout] test golden_rotate_90 ... FAILED
[INFO] [stdout] test golden_multi_format_pipeline ... FAILED
[INFO] [stdout] test golden_resize_real_jpeg ... FAILED
[INFO] [stdout] test golden_image_probe_png ... FAILED
[INFO] [stdout] test golden_image_probe_jpeg ... FAILED
[INFO] [stdout] 
[INFO] [stdout] failures:
[INFO] [stdout] 
[INFO] [stdout] ---- golden_flip_horizontal stdout ----
[INFO] [stdout] 
[INFO] [stdout] thread 'golden_flip_horizontal' (2383) panicked at tests/golden.rs:353:61:
[INFO] [stdout] called `Result::unwrap()` on an `Err` value: AppError { code: NotFound, message: "failed to open image /tests/fixtures/image/real-photo.jpg: No such file or directory (os error 2)", retryable: false, http_status: 404, details: {}, cause: None }
[INFO] [stdout] stack backtrace:
[INFO] [stdout]    0:     0x6531ef038cf1 - <<std[617be2ca0a6fd877]::sys::backtrace::BacktraceLock>::print::DisplayBacktrace as core[a373ad73a504971]::fmt::Display>::fmt
[INFO] [stdout]    1:     0x6531ef0512ba - core[a373ad73a504971]::fmt::write
[INFO] [stdout]    2:     0x6531ef03d6fc - <alloc[2e1b2a31b91974c5]::vec::Vec<u8> as core[a373ad73a504971]::io::write::Write>::write_fmt
[INFO] [stdout]    3:     0x6531ef011b46 - std[617be2ca0a6fd877]::panicking::default_hook::{closure#0}
[INFO] [stdout]    4:     0x6531ef02fe29 - std[617be2ca0a6fd877]::panicking::default_hook
[INFO] [stdout]    5:     0x6531eef115d0 - test[aada8e7e76ba119b]::test_main_inner::{closure#0}
[INFO] [stdout]    6:     0x6531ef02ffe2 - std[617be2ca0a6fd877]::panicking::panic_with_hook
[INFO] [stdout]    7:     0x6531ef011bf2 - std[617be2ca0a6fd877]::panicking::panic_handler::{closure#0}
[INFO] [stdout]    8:     0x6531ef00a429 - std[617be2ca0a6fd877]::sys::backtrace::__rust_end_short_backtrace::<std[617be2ca0a6fd877]::panicking::panic_handler::{closure#0}, !>
[INFO] [stdout]    9:     0x6531ef01289d - __rustc[ea4f61d10b84890b]::rust_begin_unwind
[INFO] [stdout]   10:     0x6531ef051a1c - core[a373ad73a504971]::panicking::panic_fmt
[INFO] [stdout]   11:     0x6531ef0517f2 - core[a373ad73a504971]::result::unwrap_failed
[INFO] [stdout]   12:     0x6531eed28a25 - golden[e3f38863e509ce49]::golden_flip_horizontal::{closure#0}
[INFO] [stdout]   13:     0x6531eece93d3 - <tokio[b7ef8c7ced5d398a]::runtime::scheduler::current_thread::Context>::enter::<core[a373ad73a504971]::task::poll::Poll<()>, <tokio[b7ef8c7ced5d398a]::runtime::scheduler::current_thread::CoreGuard>::block_on<core[a373ad73a504971]::pin::Pin<&mut core[a373ad73a504971]::pin::Pin<&mut dyn core[a373ad73a504971]::future::future::Future<Output = ()>>>>::{closure#0}::{closure#0}>
[INFO] [stdout]   14:     0x6531eed1e17c - <tokio[b7ef8c7ced5d398a]::runtime::context::scoped::Scoped<tokio[b7ef8c7ced5d398a]::runtime::scheduler::Context>>::set::<<tokio[b7ef8c7ced5d398a]::runtime::scheduler::current_thread::CoreGuard>::enter<<tokio[b7ef8c7ced5d398a]::runtime::scheduler::current_thread::CoreGuard>::block_on<core[a373ad73a504971]::pin::Pin<&mut core[a373ad73a504971]::pin::Pin<&mut dyn core[a373ad73a504971]::future::future::Future<Output = ()>>>>::{closure#0}, core[a373ad73a504971]::option::Option<()>>::{closure#0}, (alloc[2e1b2a31b91974c5]::boxed::Box<tokio[b7ef8c7ced5d398a]::runtime::scheduler::current_thread::Core>, core[a373ad73a504971]::option::Option<()>)>
[INFO] [stdout]   15:     0x6531eece9727 - <tokio[b7ef8c7ced5d398a]::runtime::scheduler::current_thread::CoreGuard>::block_on::<core[a373ad73a504971]::pin::Pin<&mut core[a373ad73a504971]::pin::Pin<&mut dyn core[a373ad73a504971]::future::future::Future<Output = ()>>>>
[INFO] [stdout]   16:     0x6531eed10cdd - tokio[b7ef8c7ced5d398a]::runtime::context::runtime::enter_runtime::<<tokio[b7ef8c7ced5d398a]::runtime::scheduler::current_thread::CurrentThread>::block_on<core[a373ad73a504971]::pin::Pin<&mut dyn core[a373ad73a504971]::future::future::Future<Output = ()>>>::{closure#0}, ()>
[INFO] [stdout]   17:     0x6531eece92b5 - <tokio[b7ef8c7ced5d398a]::runtime::runtime::Runtime>::block_on::<core[a373ad73a504971]::pin::Pin<&mut dyn core[a373ad73a504971]::future::future::Future<Output = ()>>>
[INFO] [stdout]   18:     0x6531eed3071e - <golden[e3f38863e509ce49]::golden_flip_horizontal::{closure#0} as core[a373ad73a504971]::ops::function::FnOnce<()>>::call_once
[INFO] [stdout]   19:     0x6531eef04a1b - test[aada8e7e76ba119b]::__rust_begin_short_backtrace::<core[a373ad73a504971]::result::Result<(), alloc[2e1b2a31b91974c5]::string::String>, fn() -> core[a373ad73a504971]::result::Result<(), alloc[2e1b2a31b91974c5]::string::String>>
[INFO] [stdout]   20:     0x6531eef11bf5 - test[aada8e7e76ba119b]::run_test::{closure#0}
[INFO] [stdout]   21:     0x6531eef0b4e4 - std[617be2ca0a6fd877]::sys::backtrace::__rust_begin_short_backtrace::<test[aada8e7e76ba119b]::run_test::{closure#1}, ()>
[INFO] [stdout]   22:     0x6531eef14c82 - <std[617be2ca0a6fd877]::thread::lifecycle::spawn_unchecked<test[aada8e7e76ba119b]::run_test::{closure#1}, ()>::{closure#1} as core[a373ad73a504971]::ops::function::FnOnce<()>>::call_once::{shim:vtable#0}
[INFO] [stdout]   23:     0x6531ef037ccf - <std[617be2ca0a6fd877]::sys::thread::unix::Thread>::new::thread_start
[INFO] [stdout]   24:     0x71748fbf8dfa - <unknown>
[INFO] [stdout]   25:     0x71748fc8c3d4 - clone
[INFO] [stdout]   26:                0x0 - <unknown>
[INFO] [stdout] 
[INFO] [stdout] ---- golden_image_filters_new stdout ----
[INFO] [stdout] 
[INFO] [stdout] thread 'golden_image_filters_new' (2384) panicked at tests/golden.rs:261:77:
[INFO] [stdout] called `Result::unwrap()` on an `Err` value: AppError { code: NotFound, message: "failed to open image /tests/fixtures/image/sample.png: No such file or directory (os error 2)", retryable: false, http_status: 404, details: {}, cause: None }
[INFO] [stdout] stack backtrace:
[INFO] [stdout]    0:     0x6531ef038cf1 - <<std[617be2ca0a6fd877]::sys::backtrace::BacktraceLock>::print::DisplayBacktrace as core[a373ad73a504971]::fmt::Display>::fmt
[INFO] [stdout]    1:     0x6531ef0512ba - core[a373ad73a504971]::fmt::write
[INFO] [stdout]    2:     0x6531ef03d6fc - <alloc[2e1b2a31b91974c5]::vec::Vec<u8> as core[a373ad73a504971]::io::write::Write>::write_fmt
[INFO] [stdout]    3:     0x6531ef011b46 - std[617be2ca0a6fd877]::panicking::default_hook::{closure#0}
[INFO] [stdout]    4:     0x6531ef02fe29 - std[617be2ca0a6fd877]::panicking::default_hook
[INFO] [stdout]    5:     0x6531eef115d0 - test[aada8e7e76ba119b]::test_main_inner::{closure#0}
[INFO] [stdout]    6:     0x6531ef02ffe2 - std[617be2ca0a6fd877]::panicking::panic_with_hook
[INFO] [stdout]    7:     0x6531ef011bf2 - std[617be2ca0a6fd877]::panicking::panic_handler::{closure#0}
[INFO] [stdout]    8:     0x6531ef00a429 - std[617be2ca0a6fd877]::sys::backtrace::__rust_end_short_backtrace::<std[617be2ca0a6fd877]::panicking::panic_handler::{closure#0}, !>
[INFO] [stdout]    9:     0x6531ef01289d - __rustc[ea4f61d10b84890b]::rust_begin_unwind
[INFO] [stdout]   10:     0x6531ef051a1c - core[a373ad73a504971]::panicking::panic_fmt
[INFO] [stdout]   11:     0x6531ef0517f2 - core[a373ad73a504971]::result::unwrap_failed
[INFO] [stdout]   12:     0x6531eed2c4de - golden[e3f38863e509ce49]::golden_image_filters_new::{closure#0}
[INFO] [stdout]   13:     0x6531eece93d3 - <tokio[b7ef8c7ced5d398a]::runtime::scheduler::current_thread::Context>::enter::<core[a373ad73a504971]::task::poll::Poll<()>, <tokio[b7ef8c7ced5d398a]::runtime::scheduler::current_thread::CoreGuard>::block_on<core[a373ad73a504971]::pin::Pin<&mut core[a373ad73a504971]::pin::Pin<&mut dyn core[a373ad73a504971]::future::future::Future<Output = ()>>>>::{closure#0}::{closure#0}>
[INFO] [stdout]   14:     0x6531eed1e17c - <tokio[b7ef8c7ced5d398a]::runtime::context::scoped::Scoped<tokio[b7ef8c7ced5d398a]::runtime::scheduler::Context>>::set::<<tokio[b7ef8c7ced5d398a]::runtime::scheduler::current_thread::CoreGuard>::enter<<tokio[b7ef8c7ced5d398a]::runtime::scheduler::current_thread::CoreGuard>::block_on<core[a373ad73a504971]::pin::Pin<&mut core[a373ad73a504971]::pin::Pin<&mut dyn core[a373ad73a504971]::future::future::Future<Output = ()>>>>::{closure#0}, core[a373ad73a504971]::option::Option<()>>::{closure#0}, (alloc[2e1b2a31b91974c5]::boxed::Box<tokio[b7ef8c7ced5d398a]::runtime::scheduler::current_thread::Core>, core[a373ad73a504971]::option::Option<()>)>
[INFO] [stdout]   15:     0x6531eece9727 - <tokio[b7ef8c7ced5d398a]::runtime::scheduler::current_thread::CoreGuard>::block_on::<core[a373ad73a504971]::pin::Pin<&mut core[a373ad73a504971]::pin::Pin<&mut dyn core[a373ad73a504971]::future::future::Future<Output = ()>>>>
[INFO] [stdout]   16:     0x6531eed10cdd - tokio[b7ef8c7ced5d398a]::runtime::context::runtime::enter_runtime::<<tokio[b7ef8c7ced5d398a]::runtime::scheduler::current_thread::CurrentThread>::block_on<core[a373ad73a504971]::pin::Pin<&mut dyn core[a373ad73a504971]::future::future::Future<Output = ()>>>::{closure#0}, ()>
[INFO] [stdout]   17:     0x6531eece92b5 - <tokio[b7ef8c7ced5d398a]::runtime::runtime::Runtime>::block_on::<core[a373ad73a504971]::pin::Pin<&mut dyn core[a373ad73a504971]::future::future::Future<Output = ()>>>
[INFO] [stdout]   18:     0x6531eed30c9e - <golden[e3f38863e509ce49]::golden_image_filters_new::{closure#0} as core[a373ad73a504971]::ops::function::FnOnce<()>>::call_once
[INFO] [stdout]   19:     0x6531eef04a1b - test[aada8e7e76ba119b]::__rust_begin_short_backtrace::<core[a373ad73a504971]::result::Result<(), alloc[2e1b2a31b91974c5]::string::String>, fn() -> core[a373ad73a504971]::result::Result<(), alloc[2e1b2a31b91974c5]::string::String>>
[INFO] [stdout]   20:     0x6531eef11bf5 - test[aada8e7e76ba119b]::run_test::{closure#0}
[INFO] [stdout]   21:     0x6531eef0b4e4 - std[617be2ca0a6fd877]::sys::backtrace::__rust_begin_short_backtrace::<test[aada8e7e76ba119b]::run_test::{closure#1}, ()>
[INFO] [stdout]   22:     0x6531eef14c82 - <std[617be2ca0a6fd877]::thread::lifecycle::spawn_unchecked<test[aada8e7e76ba119b]::run_test::{closure#1}, ()>::{closure#1} as core[a373ad73a504971]::ops::function::FnOnce<()>>::call_once::{shim:vtable#0}
[INFO] [stdout]   23:     0x6531ef037ccf - <std[617be2ca0a6fd877]::sys::thread::unix::Thread>::new::thread_start
[INFO] [stdout]   24:     0x71748fbf8dfa - <unknown>
[INFO] [stdout]   25:     0x71748fc8c3d4 - clone
[INFO] [stdout]   26:                0x0 - <unknown>
[INFO] [stdout] 
[INFO] [stdout] ---- golden_crop_center_real_photo stdout ----
[INFO] [stdout] 
[INFO] [stdout] thread 'golden_crop_center_real_photo' (2382) panicked at tests/golden.rs:154:61:
[INFO] [stdout] called `Result::unwrap()` on an `Err` value: AppError { code: NotFound, message: "failed to open image /tests/fixtures/image/real-photo.jpg: No such file or directory (os error 2)", retryable: false, http_status: 404, details: {}, cause: None }
[INFO] [stdout] stack backtrace:
[INFO] [stdout]    0:     0x6531ef038cf1 - <<std[617be2ca0a6fd877]::sys::backtrace::BacktraceLock>::print::DisplayBacktrace as core[a373ad73a504971]::fmt::Display>::fmt
[INFO] [stdout]    1:     0x6531ef0512ba - core[a373ad73a504971]::fmt::write
[INFO] [stdout]    2:     0x6531ef03d6fc - <alloc[2e1b2a31b91974c5]::vec::Vec<u8> as core[a373ad73a504971]::io::write::Write>::write_fmt
[INFO] [stdout]    3:     0x6531ef011b46 - std[617be2ca0a6fd877]::panicking::default_hook::{closure#0}
[INFO] [stdout]    4:     0x6531ef02fe29 - std[617be2ca0a6fd877]::panicking::default_hook
[INFO] [stdout]    5:     0x6531eef115d0 - test[aada8e7e76ba119b]::test_main_inner::{closure#0}
[INFO] [stdout]    6:     0x6531ef02ffe2 - std[617be2ca0a6fd877]::panicking::panic_with_hook
[INFO] [stdout]    7:     0x6531ef011bf2 - std[617be2ca0a6fd877]::panicking::panic_handler::{closure#0}
[INFO] [stdout]    8:     0x6531ef00a429 - std[617be2ca0a6fd877]::sys::backtrace::__rust_end_short_backtrace::<std[617be2ca0a6fd877]::panicking::panic_handler::{closure#0}, !>
[INFO] [stdout]    9:     0x6531ef01289d - __rustc[ea4f61d10b84890b]::rust_begin_unwind
[INFO] [stdout]   10:     0x6531ef051a1c - core[a373ad73a504971]::panicking::panic_fmt
[INFO] [stdout]   11:     0x6531ef0517f2 - core[a373ad73a504971]::result::unwrap_failed
[INFO] [stdout]   12:     0x6531eed2e10f - golden[e3f38863e509ce49]::golden_crop_center_real_photo::{closure#0}
[INFO] [stdout]   13:     0x6531eece93d3 - <tokio[b7ef8c7ced5d398a]::runtime::scheduler::current_thread::Context>::enter::<core[a373ad73a504971]::task::poll::Poll<()>, <tokio[b7ef8c7ced5d398a]::runtime::scheduler::current_thread::CoreGuard>::block_on<core[a373ad73a504971]::pin::Pin<&mut core[a373ad73a504971]::pin::Pin<&mut dyn core[a373ad73a504971]::future::future::Future<Output = ()>>>>::{closure#0}::{closure#0}>
[INFO] [stdout]   14:     0x6531eed1e17c - <tokio[b7ef8c7ced5d398a]::runtime::context::scoped::Scoped<tokio[b7ef8c7ced5d398a]::runtime::scheduler::Context>>::set::<<tokio[b7ef8c7ced5d398a]::runtime::scheduler::current_thread::CoreGuard>::enter<<tokio[b7ef8c7ced5d398a]::runtime::scheduler::current_thread::CoreGuard>::block_on<core[a373ad73a504971]::pin::Pin<&mut core[a373ad73a504971]::pin::Pin<&mut dyn core[a373ad73a504971]::future::future::Future<Output = ()>>>>::{closure#0}, core[a373ad73a504971]::option::Option<()>>::{closure#0}, (alloc[2e1b2a31b91974c5]::boxed::Box<tokio[b7ef8c7ced5d398a]::runtime::scheduler::current_thread::Core>, core[a373ad73a504971]::option::Option<()>)>
[INFO] [stdout]   15:     0x6531eece9727 - <tokio[b7ef8c7ced5d398a]::runtime::scheduler::current_thread::CoreGuard>::block_on::<core[a373ad73a504971]::pin::Pin<&mut core[a373ad73a504971]::pin::Pin<&mut dyn core[a373ad73a504971]::future::future::Future<Output = ()>>>>
[INFO] [stdout]   16:     0x6531eed10cdd - tokio[b7ef8c7ced5d398a]::runtime::context::runtime::enter_runtime::<<tokio[b7ef8c7ced5d398a]::runtime::scheduler::current_thread::CurrentThread>::block_on<core[a373ad73a504971]::pin::Pin<&mut dyn core[a373ad73a504971]::future::future::Future<Output = ()>>>::{closure#0}, ()>
[INFO] [stdout]   17:     0x6531eece92b5 - <tokio[b7ef8c7ced5d398a]::runtime::runtime::Runtime>::block_on::<core[a373ad73a504971]::pin::Pin<&mut dyn core[a373ad73a504971]::future::future::Future<Output = ()>>>
[INFO] [stdout]   18:     0x6531eed30f5e - <golden[e3f38863e509ce49]::golden_crop_center_real_photo::{closure#0} as core[a373ad73a504971]::ops::function::FnOnce<()>>::call_once
[INFO] [stdout]   19:     0x6531eef04a1b - test[aada8e7e76ba119b]::__rust_begin_short_backtrace::<core[a373ad73a504971]::result::Result<(), alloc[2e1b2a31b91974c5]::string::String>, fn() -> core[a373ad73a504971]::result::Result<(), alloc[2e1b2a31b91974c5]::string::String>>
[INFO] [stdout]   20:     0x6531eef11bf5 - test[aada8e7e76ba119b]::run_test::{closure#0}
[INFO] [stdout]   21:     0x6531eef0b4e4 - std[617be2ca0a6fd877]::sys::backtrace::__rust_begin_short_backtrace::<test[aada8e7e76ba119b]::run_test::{closure#1}, ()>
[INFO] [stdout]   22:     0x6531eef14c82 - <std[617be2ca0a6fd877]::thread::lifecycle::spawn_unchecked<test[aada8e7e76ba119b]::run_test::{closure#1}, ()>::{closure#1} as core[a373ad73a504971]::ops::function::FnOnce<()>>::call_once::{shim:vtable#0}
[INFO] [stdout]   23:     0x6531ef037ccf - <std[617be2ca0a6fd877]::sys::thread::unix::Thread>::new::thread_start
[INFO] [stdout]   24:     0x71748fbf8dfa - <unknown>
[INFO] [stdout]   25:     0x71748fc8c3d4 - clone
[INFO] [stdout]   26:                0x0 - <unknown>
[INFO] [stdout] 
[INFO] [stdout] ---- golden_pipeline_resize_crop_rotate stdout ----
[INFO] [stdout] 
[INFO] [stdout] thread 'golden_pipeline_resize_crop_rotate' (2388) panicked at tests/golden.rs:234:61:
[INFO] [stdout] called `Result::unwrap()` on an `Err` value: AppError { code: NotFound, message: "failed to open image /tests/fixtures/image/real-photo.jpg: No such file or directory (os error 2)", retryable: false, http_status: 404, details: {}, cause: None }
[INFO] [stdout] stack backtrace:
[INFO] [stdout]    0:     0x6531ef038cf1 - <<std[617be2ca0a6fd877]::sys::backtrace::BacktraceLock>::print::DisplayBacktrace as core[a373ad73a504971]::fmt::Display>::fmt
[INFO] [stdout]    1:     0x6531ef0512ba - core[a373ad73a504971]::fmt::write
[INFO] [stdout]    2:     0x6531ef03d6fc - <alloc[2e1b2a31b91974c5]::vec::Vec<u8> as core[a373ad73a504971]::io::write::Write>::write_fmt
[INFO] [stdout]    3:     0x6531ef011b46 - std[617be2ca0a6fd877]::panicking::default_hook::{closure#0}
[INFO] [stdout]    4:     0x6531ef02fe29 - std[617be2ca0a6fd877]::panicking::default_hook
[INFO] [stdout]    5:     0x6531eef115d0 - test[aada8e7e76ba119b]::test_main_inner::{closure#0}
[INFO] [stdout]    6:     0x6531ef02ffe2 - std[617be2ca0a6fd877]::panicking::panic_with_hook
[INFO] [stdout]    7:     0x6531ef011bf2 - std[617be2ca0a6fd877]::panicking::panic_handler::{closure#0}
[INFO] [stdout]    8:     0x6531ef00a429 - std[617be2ca0a6fd877]::sys::backtrace::__rust_end_short_backtrace::<std[617be2ca0a6fd877]::panicking::panic_handler::{closure#0}, !>
[INFO] [stdout]    9:     0x6531ef01289d - __rustc[ea4f61d10b84890b]::rust_begin_unwind
[INFO] [stdout]   10:     0x6531ef051a1c - core[a373ad73a504971]::panicking::panic_fmt
[INFO] [stdout]   11:     0x6531ef0517f2 - core[a373ad73a504971]::result::unwrap_failed
[INFO] [stdout]   12:     0x6531eed2f015 - golden[e3f38863e509ce49]::golden_pipeline_resize_crop_rotate::{closure#0}
[INFO] [stdout]   13:     0x6531eece93d3 - <tokio[b7ef8c7ced5d398a]::runtime::scheduler::current_thread::Context>::enter::<core[a373ad73a504971]::task::poll::Poll<()>, <tokio[b7ef8c7ced5d398a]::runtime::scheduler::current_thread::CoreGuard>::block_on<core[a373ad73a504971]::pin::Pin<&mut core[a373ad73a504971]::pin::Pin<&mut dyn core[a373ad73a504971]::future::future::Future<Output = ()>>>>::{closure#0}::{closure#0}>
[INFO] [stdout]   14:     0x6531eed1e17c - <tokio[b7ef8c7ced5d398a]::runtime::context::scoped::Scoped<tokio[b7ef8c7ced5d398a]::runtime::scheduler::Context>>::set::<<tokio[b7ef8c7ced5d398a]::runtime::scheduler::current_thread::CoreGuard>::enter<<tokio[b7ef8c7ced5d398a]::runtime::scheduler::current_thread::CoreGuard>::block_on<core[a373ad73a504971]::pin::Pin<&mut core[a373ad73a504971]::pin::Pin<&mut dyn core[a373ad73a504971]::future::future::Future<Output = ()>>>>::{closure#0}, core[a373ad73a504971]::option::Option<()>>::{closure#0}, (alloc[2e1b2a31b91974c5]::boxed::Box<tokio[b7ef8c7ced5d398a]::runtime::scheduler::current_thread::Core>, core[a373ad73a504971]::option::Option<()>)>
[INFO] [stdout]   15:     0x6531eece9727 - <tokio[b7ef8c7ced5d398a]::runtime::scheduler::current_thread::CoreGuard>::block_on::<core[a373ad73a504971]::pin::Pin<&mut core[a373ad73a504971]::pin::Pin<&mut dyn core[a373ad73a504971]::future::future::Future<Output = ()>>>>
[INFO] [stdout]   16:     0x6531eed10cdd - tokio[b7ef8c7ced5d398a]::runtime::context::runtime::enter_runtime::<<tokio[b7ef8c7ced5d398a]::runtime::scheduler::current_thread::CurrentThread>::block_on<core[a373ad73a504971]::pin::Pin<&mut dyn core[a373ad73a504971]::future::future::Future<Output = ()>>>::{closure#0}, ()>
[INFO] [stdout]   17:     0x6531eece92b5 - <tokio[b7ef8c7ced5d398a]::runtime::runtime::Runtime>::block_on::<core[a373ad73a504971]::pin::Pin<&mut dyn core[a373ad73a504971]::future::future::Future<Output = ()>>>
[INFO] [stdout]   18:     0x6531eed3121e - <golden[e3f38863e509ce49]::golden_pipeline_resize_crop_rotate::{closure#0} as core[a373ad73a504971]::ops::function::FnOnce<()>>::call_once
[INFO] [stdout]   19:     0x6531eef04a1b - test[aada8e7e76ba119b]::__rust_begin_short_backtrace::<core[a373ad73a504971]::result::Result<(), alloc[2e1b2a31b91974c5]::string::String>, fn() -> core[a373ad73a504971]::result::Result<(), alloc[2e1b2a31b91974c5]::string::String>>
[INFO] [stdout]   20:     0x6531eef11bf5 - test[aada8e7e76ba119b]::run_test::{closure#0}
[INFO] [stdout]   21:     0x6531eef0b4e4 - std[617be2ca0a6fd877]::sys::backtrace::__rust_begin_short_backtrace::<test[aada8e7e76ba119b]::run_test::{closure#1}, ()>
[INFO] [stdout]   22:     0x6531eef14c82 - <std[617be2ca0a6fd877]::thread::lifecycle::spawn_unchecked<test[aada8e7e76ba119b]::run_test::{closure#1}, ()>::{closure#1} as core[a373ad73a504971]::ops::function::FnOnce<()>>::call_once::{shim:vtable#0}
[INFO] [stdout]   23:     0x6531ef037ccf - <std[617be2ca0a6fd877]::sys::thread::unix::Thread>::new::thread_start
[INFO] [stdout]   24:     0x71748fbf8dfa - <unknown>
[INFO] [stdout]   25:     0x71748fc8c3d4 - clone
[INFO] [stdout]   26:                0x0 - <unknown>
[INFO] [stdout] 
[INFO] [stdout] ---- golden_png_to_jpeg_conversion stdout ----
[INFO] [stdout] 
[INFO] [stdout] thread 'golden_png_to_jpeg_conversion' (2389) panicked at tests/golden.rs:199:61:
[INFO] [stdout] called `Result::unwrap()` on an `Err` value: AppError { code: NotFound, message: "failed to open image /tests/fixtures/image/sample.png: No such file or directory (os error 2)", retryable: false, http_status: 404, details: {}, cause: None }
[INFO] [stdout] stack backtrace:
[INFO] [stdout]    0:     0x6531ef038cf1 - <<std[617be2ca0a6fd877]::sys::backtrace::BacktraceLock>::print::DisplayBacktrace as core[a373ad73a504971]::fmt::Display>::fmt
[INFO] [stdout]    1:     0x6531ef0512ba - core[a373ad73a504971]::fmt::write
[INFO] [stdout]    2:     0x6531ef03d6fc - <alloc[2e1b2a31b91974c5]::vec::Vec<u8> as core[a373ad73a504971]::io::write::Write>::write_fmt
[INFO] [stdout]    3:     0x6531ef011b46 - std[617be2ca0a6fd877]::panicking::default_hook::{closure#0}
[INFO] [stdout]    4:     0x6531ef02fe29 - std[617be2ca0a6fd877]::panicking::default_hook
[INFO] [stdout]    5:     0x6531eef115d0 - test[aada8e7e76ba119b]::test_main_inner::{closure#0}
[INFO] [stdout]    6:     0x6531ef02ffe2 - std[617be2ca0a6fd877]::panicking::panic_with_hook
[INFO] [stdout]    7:     0x6531ef011bf2 - std[617be2ca0a6fd877]::panicking::panic_handler::{closure#0}
[INFO] [stdout]    8:     0x6531ef00a429 - std[617be2ca0a6fd877]::sys::backtrace::__rust_end_short_backtrace::<std[617be2ca0a6fd877]::panicking::panic_handler::{closure#0}, !>
[INFO] [stdout]    9:     0x6531ef01289d - __rustc[ea4f61d10b84890b]::rust_begin_unwind
[INFO] [stdout]   10:     0x6531ef051a1c - core[a373ad73a504971]::panicking::panic_fmt
[INFO] [stdout]   11:     0x6531ef0517f2 - core[a373ad73a504971]::result::unwrap_failed
[INFO] [stdout]   12:     0x6531eed2e771 - golden[e3f38863e509ce49]::golden_png_to_jpeg_conversion::{closure#0}
[INFO] [stdout]   13:     0x6531eece93d3 - <tokio[b7ef8c7ced5d398a]::runtime::scheduler::current_thread::Context>::enter::<core[a373ad73a504971]::task::poll::Poll<()>, <tokio[b7ef8c7ced5d398a]::runtime::scheduler::current_thread::CoreGuard>::block_on<core[a373ad73a504971]::pin::Pin<&mut core[a373ad73a504971]::pin::Pin<&mut dyn core[a373ad73a504971]::future::future::Future<Output = ()>>>>::{closure#0}::{closure#0}>
[INFO] [stdout]   14:     0x6531eed1e17c - <tokio[b7ef8c7ced5d398a]::runtime::context::scoped::Scoped<tokio[b7ef8c7ced5d398a]::runtime::scheduler::Context>>::set::<<tokio[b7ef8c7ced5d398a]::runtime::scheduler::current_thread::CoreGuard>::enter<<tokio[b7ef8c7ced5d398a]::runtime::scheduler::current_thread::CoreGuard>::block_on<core[a373ad73a504971]::pin::Pin<&mut core[a373ad73a504971]::pin::Pin<&mut dyn core[a373ad73a504971]::future::future::Future<Output = ()>>>>::{closure#0}, core[a373ad73a504971]::option::Option<()>>::{closure#0}, (alloc[2e1b2a31b91974c5]::boxed::Box<tokio[b7ef8c7ced5d398a]::runtime::scheduler::current_thread::Core>, core[a373ad73a504971]::option::Option<()>)>
[INFO] [stdout]   15:     0x6531eece9727 - <tokio[b7ef8c7ced5d398a]::runtime::scheduler::current_thread::CoreGuard>::block_on::<core[a373ad73a504971]::pin::Pin<&mut core[a373ad73a504971]::pin::Pin<&mut dyn core[a373ad73a504971]::future::future::Future<Output = ()>>>>
[INFO] [stdout]   16:     0x6531eed10cdd - tokio[b7ef8c7ced5d398a]::runtime::context::runtime::enter_runtime::<<tokio[b7ef8c7ced5d398a]::runtime::scheduler::current_thread::CurrentThread>::block_on<core[a373ad73a504971]::pin::Pin<&mut dyn core[a373ad73a504971]::future::future::Future<Output = ()>>>::{closure#0}, ()>
[INFO] [stdout]   17:     0x6531eece92b5 - <tokio[b7ef8c7ced5d398a]::runtime::runtime::Runtime>::block_on::<core[a373ad73a504971]::pin::Pin<&mut dyn core[a373ad73a504971]::future::future::Future<Output = ()>>>
[INFO] [stdout]   18:     0x6531eed310be - <golden[e3f38863e509ce49]::golden_png_to_jpeg_conversion::{closure#0} as core[a373ad73a504971]::ops::function::FnOnce<()>>::call_once
[INFO] [stdout]   19:     0x6531eef04a1b - test[aada8e7e76ba119b]::__rust_begin_short_backtrace::<core[a373ad73a504971]::result::Result<(), alloc[2e1b2a31b91974c5]::string::String>, fn() -> core[a373ad73a504971]::result::Result<(), alloc[2e1b2a31b91974c5]::string::String>>
[INFO] [stdout]   20:     0x6531eef11bf5 - test[aada8e7e76ba119b]::run_test::{closure#0}
[INFO] [stdout]   21:     0x6531eef0b4e4 - std[617be2ca0a6fd877]::sys::backtrace::__rust_begin_short_backtrace::<test[aada8e7e76ba119b]::run_test::{closure#1}, ()>
[INFO] [stdout]   22:     0x6531eef14c82 - <std[617be2ca0a6fd877]::thread::lifecycle::spawn_unchecked<test[aada8e7e76ba119b]::run_test::{closure#1}, ()>::{closure#1} as core[a373ad73a504971]::ops::function::FnOnce<()>>::call_once::{shim:vtable#0}
[INFO] [stdout]   23:     0x6531ef037ccf - <std[617be2ca0a6fd877]::sys::thread::unix::Thread>::new::thread_start
[INFO] [stdout]   24:     0x71748fbf8dfa - <unknown>
[INFO] [stdout]   25:     0x71748fc8c3d4 - clone
[INFO] [stdout]   26:                0x0 - <unknown>
[INFO] [stdout] 
[INFO] [stdout] ---- golden_rotate_90 stdout ----
[INFO] [stdout] 
[INFO] [stdout] thread 'golden_rotate_90' (2391) panicked at tests/golden.rs:176:61:
[INFO] [stdout] called `Result::unwrap()` on an `Err` value: AppError { code: NotFound, message: "failed to open image /tests/fixtures/image/real-photo.jpg: No such file or directory (os error 2)", retryable: false, http_status: 404, details: {}, cause: None }
[INFO] [stdout] stack backtrace:
[INFO] [stdout]    0:     0x6531ef038cf1 - <<std[617be2ca0a6fd877]::sys::backtrace::BacktraceLock>::print::DisplayBacktrace as core[a373ad73a504971]::fmt::Display>::fmt
[INFO] [stdout]    1:     0x6531ef0512ba - core[a373ad73a504971]::fmt::write
[INFO] [stdout]    2:     0x6531ef03d6fc - <alloc[2e1b2a31b91974c5]::vec::Vec<u8> as core[a373ad73a504971]::io::write::Write>::write_fmt
[INFO] [stdout]    3:     0x6531ef011b46 - std[617be2ca0a6fd877]::panicking::default_hook::{closure#0}
[INFO] [stdout]    4:     0x6531ef02fe29 - std[617be2ca0a6fd877]::panicking::default_hook
[INFO] [stdout]    5:     0x6531eef115d0 - test[aada8e7e76ba119b]::test_main_inner::{closure#0}
[INFO] [stdout]    6:     0x6531ef02ffe2 - std[617be2ca0a6fd877]::panicking::panic_with_hook
[INFO] [stdout]    7:     0x6531ef011bf2 - std[617be2ca0a6fd877]::panicking::panic_handler::{closure#0}
[INFO] [stdout]    8:     0x6531ef00a429 - std[617be2ca0a6fd877]::sys::backtrace::__rust_end_short_backtrace::<std[617be2ca0a6fd877]::panicking::panic_handler::{closure#0}, !>
[INFO] [stdout]    9:     0x6531ef01289d - __rustc[ea4f61d10b84890b]::rust_begin_unwind
[INFO] [stdout]   10:     0x6531ef051a1c - core[a373ad73a504971]::panicking::panic_fmt
[INFO] [stdout]   11:     0x6531ef0517f2 - core[a373ad73a504971]::result::unwrap_failed
[INFO] [stdout]   12:     0x6531eed2817f - golden[e3f38863e509ce49]::golden_rotate_90::{closure#0}
[INFO] [stdout]   13:     0x6531eece93d3 - <tokio[b7ef8c7ced5d398a]::runtime::scheduler::current_thread::Context>::enter::<core[a373ad73a504971]::task::poll::Poll<()>, <tokio[b7ef8c7ced5d398a]::runtime::scheduler::current_thread::CoreGuard>::block_on<core[a373ad73a504971]::pin::Pin<&mut core[a373ad73a504971]::pin::Pin<&mut dyn core[a373ad73a504971]::future::future::Future<Output = ()>>>>::{closure#0}::{closure#0}>
[INFO] [stdout]   14:     0x6531eed1e17c - <tokio[b7ef8c7ced5d398a]::runtime::context::scoped::Scoped<tokio[b7ef8c7ced5d398a]::runtime::scheduler::Context>>::set::<<tokio[b7ef8c7ced5d398a]::runtime::scheduler::current_thread::CoreGuard>::enter<<tokio[b7ef8c7ced5d398a]::runtime::scheduler::current_thread::CoreGuard>::block_on<core[a373ad73a504971]::pin::Pin<&mut core[a373ad73a504971]::pin::Pin<&mut dyn core[a373ad73a504971]::future::future::Future<Output = ()>>>>::{closure#0}, core[a373ad73a504971]::option::Option<()>>::{closure#0}, (alloc[2e1b2a31b91974c5]::boxed::Box<tokio[b7ef8c7ced5d398a]::runtime::scheduler::current_thread::Core>, core[a373ad73a504971]::option::Option<()>)>
[INFO] [stdout]   15:     0x6531eece9727 - <tokio[b7ef8c7ced5d398a]::runtime::scheduler::current_thread::CoreGuard>::block_on::<core[a373ad73a504971]::pin::Pin<&mut core[a373ad73a504971]::pin::Pin<&mut dyn core[a373ad73a504971]::future::future::Future<Output = ()>>>>
[INFO] [stdout]   16:     0x6531eed10cdd - tokio[b7ef8c7ced5d398a]::runtime::context::runtime::enter_runtime::<<tokio[b7ef8c7ced5d398a]::runtime::scheduler::current_thread::CurrentThread>::block_on<core[a373ad73a504971]::pin::Pin<&mut dyn core[a373ad73a504971]::future::future::Future<Output = ()>>>::{closure#0}, ()>
[INFO] [stdout]   17:     0x6531eece92b5 - <tokio[b7ef8c7ced5d398a]::runtime::runtime::Runtime>::block_on::<core[a373ad73a504971]::pin::Pin<&mut dyn core[a373ad73a504971]::future::future::Future<Output = ()>>>
[INFO] [stdout]   18:     0x6531eed305be - <golden[e3f38863e509ce49]::golden_rotate_90::{closure#0} as core[a373ad73a504971]::ops::function::FnOnce<()>>::call_once
[INFO] [stdout]   19:     0x6531eef04a1b - test[aada8e7e76ba119b]::__rust_begin_short_backtrace::<core[a373ad73a504971]::result::Result<(), alloc[2e1b2a31b91974c5]::string::String>, fn() -> core[a373ad73a504971]::result::Result<(), alloc[2e1b2a31b91974c5]::string::String>>
[INFO] [stdout]   20:     0x6531eef11bf5 - test[aada8e7e76ba119b]::run_test::{closure#0}
[INFO] [stdout]   21:     0x6531eef0b4e4 - std[617be2ca0a6fd877]::sys::backtrace::__rust_begin_short_backtrace::<test[aada8e7e76ba119b]::run_test::{closure#1}, ()>
[INFO] [stdout]   22:     0x6531eef14c82 - <std[617be2ca0a6fd877]::thread::lifecycle::spawn_unchecked<test[aada8e7e76ba119b]::run_test::{closure#1}, ()>::{closure#1} as core[a373ad73a504971]::ops::function::FnOnce<()>>::call_once::{shim:vtable#0}
[INFO] [stdout]   23:     0x6531ef037ccf - <std[617be2ca0a6fd877]::sys::thread::unix::Thread>::new::thread_start
[INFO] [stdout]   24:     0x71748fbf8dfa - <unknown>
[INFO] [stdout]   25:     0x71748fc8c3d4 - clone
[INFO] [stdout]   26:                0x0 - <unknown>
[INFO] [stdout] 
[INFO] [stdout] ---- golden_multi_format_pipeline stdout ----
[INFO] [stdout] 
[INFO] [stdout] thread 'golden_multi_format_pipeline' (2387) panicked at tests/golden.rs:126:71:
[INFO] [stdout] called `Result::unwrap()` on an `Err` value: AppError { code: NotFound, message: "failed to open image /tests/fixtures/image/real-photo.jpg: No such file or directory (os error 2)", retryable: false, http_status: 404, details: {}, cause: None }
[INFO] [stdout] stack backtrace:
[INFO] [stdout]    0:     0x6531ef038cf1 - <<std[617be2ca0a6fd877]::sys::backtrace::BacktraceLock>::print::DisplayBacktrace as core[a373ad73a504971]::fmt::Display>::fmt
[INFO] [stdout]    1:     0x6531ef0512ba - core[a373ad73a504971]::fmt::write
[INFO] [stdout]    2:     0x6531ef03d6fc - <alloc[2e1b2a31b91974c5]::vec::Vec<u8> as core[a373ad73a504971]::io::write::Write>::write_fmt
[INFO] [stdout]    3:     0x6531ef011b46 - std[617be2ca0a6fd877]::panicking::default_hook::{closure#0}
[INFO] [stdout]    4:     0x6531ef02fe29 - std[617be2ca0a6fd877]::panicking::default_hook
[INFO] [stdout]    5:     0x6531eef115d0 - test[aada8e7e76ba119b]::test_main_inner::{closure#0}
[INFO] [stdout]    6:     0x6531ef02ffe2 - std[617be2ca0a6fd877]::panicking::panic_with_hook
[INFO] [stdout]    7:     0x6531ef011bf2 - std[617be2ca0a6fd877]::panicking::panic_handler::{closure#0}
[INFO] [stdout]    8:     0x6531ef00a429 - std[617be2ca0a6fd877]::sys::backtrace::__rust_end_short_backtrace::<std[617be2ca0a6fd877]::panicking::panic_handler::{closure#0}, !>
[INFO] [stdout]    9:     0x6531ef01289d - __rustc[ea4f61d10b84890b]::rust_begin_unwind
[INFO] [stdout]   10:     0x6531ef051a1c - core[a373ad73a504971]::panicking::panic_fmt
[INFO] [stdout]   11:     0x6531ef0517f2 - core[a373ad73a504971]::result::unwrap_failed
[INFO] [stdout]   12:     0x6531eed2d8f0 - golden[e3f38863e509ce49]::golden_multi_format_pipeline::{closure#0}
[INFO] [stdout]   13:     0x6531eece93d3 - <tokio[b7ef8c7ced5d398a]::runtime::scheduler::current_thread::Context>::enter::<core[a373ad73a504971]::task::poll::Poll<()>, <tokio[b7ef8c7ced5d398a]::runtime::scheduler::current_thread::CoreGuard>::block_on<core[a373ad73a504971]::pin::Pin<&mut core[a373ad73a504971]::pin::Pin<&mut dyn core[a373ad73a504971]::future::future::Future<Output = ()>>>>::{closure#0}::{closure#0}>
[INFO] [stdout]   14:     0x6531eed1e17c - <tokio[b7ef8c7ced5d398a]::runtime::context::scoped::Scoped<tokio[b7ef8c7ced5d398a]::runtime::scheduler::Context>>::set::<<tokio[b7ef8c7ced5d398a]::runtime::scheduler::current_thread::CoreGuard>::enter<<tokio[b7ef8c7ced5d398a]::runtime::scheduler::current_thread::CoreGuard>::block_on<core[a373ad73a504971]::pin::Pin<&mut core[a373ad73a504971]::pin::Pin<&mut dyn core[a373ad73a504971]::future::future::Future<Output = ()>>>>::{closure#0}, core[a373ad73a504971]::option::Option<()>>::{closure#0}, (alloc[2e1b2a31b91974c5]::boxed::Box<tokio[b7ef8c7ced5d398a]::runtime::scheduler::current_thread::Core>, core[a373ad73a504971]::option::Option<()>)>
[INFO] [stdout]   15:     0x6531eece9727 - <tokio[b7ef8c7ced5d398a]::runtime::scheduler::current_thread::CoreGuard>::block_on::<core[a373ad73a504971]::pin::Pin<&mut core[a373ad73a504971]::pin::Pin<&mut dyn core[a373ad73a504971]::future::future::Future<Output = ()>>>>
[INFO] [stdout]   16:     0x6531eed10cdd - tokio[b7ef8c7ced5d398a]::runtime::context::runtime::enter_runtime::<<tokio[b7ef8c7ced5d398a]::runtime::scheduler::current_thread::CurrentThread>::block_on<core[a373ad73a504971]::pin::Pin<&mut dyn core[a373ad73a504971]::future::future::Future<Output = ()>>>::{closure#0}, ()>
[INFO] [stdout]   17:     0x6531eece92b5 - <tokio[b7ef8c7ced5d398a]::runtime::runtime::Runtime>::block_on::<core[a373ad73a504971]::pin::Pin<&mut dyn core[a373ad73a504971]::future::future::Future<Output = ()>>>
[INFO] [stdout]   18:     0x6531eed30dfe - <golden[e3f38863e509ce49]::golden_multi_format_pipeline::{closure#0} as core[a373ad73a504971]::ops::function::FnOnce<()>>::call_once
[INFO] [stdout]   19:     0x6531eef04a1b - test[aada8e7e76ba119b]::__rust_begin_short_backtrace::<core[a373ad73a504971]::result::Result<(), alloc[2e1b2a31b91974c5]::string::String>, fn() -> core[a373ad73a504971]::result::Result<(), alloc[2e1b2a31b91974c5]::string::String>>
[INFO] [stdout]   20:     0x6531eef11bf5 - test[aada8e7e76ba119b]::run_test::{closure#0}
[INFO] [stdout]   21:     0x6531eef0b4e4 - std[617be2ca0a6fd877]::sys::backtrace::__rust_begin_short_backtrace::<test[aada8e7e76ba119b]::run_test::{closure#1}, ()>
[INFO] [stdout]   22:     0x6531eef14c82 - <std[617be2ca0a6fd877]::thread::lifecycle::spawn_unchecked<test[aada8e7e76ba119b]::run_test::{closure#1}, ()>::{closure#1} as core[a373ad73a504971]::ops::function::FnOnce<()>>::call_once::{shim:vtable#0}
[INFO] [stdout]   23:     0x6531ef037ccf - <std[617be2ca0a6fd877]::sys::thread::unix::Thread>::new::thread_start
[INFO] [stdout]   24:     0x71748fbf8dfa - <unknown>
[INFO] [stdout]   25:     0x71748fc8c3d4 - clone
[INFO] [stdout]   26:                0x0 - <unknown>
[INFO] [stdout] 
[INFO] [stdout] ---- golden_resize_real_jpeg stdout ----
[INFO] [stdout] 
[INFO] [stdout] thread 'golden_resize_real_jpeg' (2390) panicked at tests/golden.rs:98:61:
[INFO] [stdout] called `Result::unwrap()` on an `Err` value: AppError { code: NotFound, message: "failed to open image /tests/fixtures/image/real-photo.jpg: No such file or directory (os error 2)", retryable: false, http_status: 404, details: {}, cause: None }
[INFO] [stdout] stack backtrace:
[INFO] [stdout]    0:     0x6531ef038cf1 - <<std[617be2ca0a6fd877]::sys::backtrace::BacktraceLock>::print::DisplayBacktrace as core[a373ad73a504971]::fmt::Display>::fmt
[INFO] [stdout]    1:     0x6531ef0512ba - core[a373ad73a504971]::fmt::write
[INFO] [stdout]    2:     0x6531ef03d6fc - <alloc[2e1b2a31b91974c5]::vec::Vec<u8> as core[a373ad73a504971]::io::write::Write>::write_fmt
[INFO] [stdout]    3:     0x6531ef011b46 - std[617be2ca0a6fd877]::panicking::default_hook::{closure#0}
[INFO] [stdout]    4:     0x6531ef02fe29 - std[617be2ca0a6fd877]::panicking::default_hook
[INFO] [stdout]    5:     0x6531eef115d0 - test[aada8e7e76ba119b]::test_main_inner::{closure#0}
[INFO] [stdout]    6:     0x6531ef02ffe2 - std[617be2ca0a6fd877]::panicking::panic_with_hook
[INFO] [stdout]    7:     0x6531ef011bf2 - std[617be2ca0a6fd877]::panicking::panic_handler::{closure#0}
[INFO] [stdout]    8:     0x6531ef00a429 - std[617be2ca0a6fd877]::sys::backtrace::__rust_end_short_backtrace::<std[617be2ca0a6fd877]::panicking::panic_handler::{closure#0}, !>
[INFO] [stdout]    9:     0x6531ef01289d - __rustc[ea4f61d10b84890b]::rust_begin_unwind
[INFO] [stdout]   10:     0x6531ef051a1c - core[a373ad73a504971]::panicking::panic_fmt
[INFO] [stdout]   11:     0x6531ef0517f2 - core[a373ad73a504971]::result::unwrap_failed
[INFO] [stdout]   12:     0x6531eed2a95f - golden[e3f38863e509ce49]::golden_resize_real_jpeg::{closure#0}
[INFO] [stdout]   13:     0x6531eece93d3 - <tokio[b7ef8c7ced5d398a]::runtime::scheduler::current_thread::Context>::enter::<core[a373ad73a504971]::task::poll::Poll<()>, <tokio[b7ef8c7ced5d398a]::runtime::scheduler::current_thread::CoreGuard>::block_on<core[a373ad73a504971]::pin::Pin<&mut core[a373ad73a504971]::pin::Pin<&mut dyn core[a373ad73a504971]::future::future::Future<Output = ()>>>>::{closure#0}::{closure#0}>
[INFO] [stdout]   14:     0x6531eed1e17c - <tokio[b7ef8c7ced5d398a]::runtime::context::scoped::Scoped<tokio[b7ef8c7ced5d398a]::runtime::scheduler::Context>>::set::<<tokio[b7ef8c7ced5d398a]::runtime::scheduler::current_thread::CoreGuard>::enter<<tokio[b7ef8c7ced5d398a]::runtime::scheduler::current_thread::CoreGuard>::block_on<core[a373ad73a504971]::pin::Pin<&mut core[a373ad73a504971]::pin::Pin<&mut dyn core[a373ad73a504971]::future::future::Future<Output = ()>>>>::{closure#0}, core[a373ad73a504971]::option::Option<()>>::{closure#0}, (alloc[2e1b2a31b91974c5]::boxed::Box<tokio[b7ef8c7ced5d398a]::runtime::scheduler::current_thread::Core>, core[a373ad73a504971]::option::Option<()>)>
[INFO] [stdout]   15:     0x6531eece9727 - <tokio[b7ef8c7ced5d398a]::runtime::scheduler::current_thread::CoreGuard>::block_on::<core[a373ad73a504971]::pin::Pin<&mut core[a373ad73a504971]::pin::Pin<&mut dyn core[a373ad73a504971]::future::future::Future<Output = ()>>>>
[INFO] [stdout]   16:     0x6531eed10cdd - tokio[b7ef8c7ced5d398a]::runtime::context::runtime::enter_runtime::<<tokio[b7ef8c7ced5d398a]::runtime::scheduler::current_thread::CurrentThread>::block_on<core[a373ad73a504971]::pin::Pin<&mut dyn core[a373ad73a504971]::future::future::Future<Output = ()>>>::{closure#0}, ()>
[INFO] [stdout]   17:     0x6531eece92b5 - <tokio[b7ef8c7ced5d398a]::runtime::runtime::Runtime>::block_on::<core[a373ad73a504971]::pin::Pin<&mut dyn core[a373ad73a504971]::future::future::Future<Output = ()>>>
[INFO] [stdout]   18:     0x6531eed30b3e - <golden[e3f38863e509ce49]::golden_resize_real_jpeg::{closure#0} as core[a373ad73a504971]::ops::function::FnOnce<()>>::call_once
[INFO] [stdout]   19:     0x6531eef04a1b - test[aada8e7e76ba119b]::__rust_begin_short_backtrace::<core[a373ad73a504971]::result::Result<(), alloc[2e1b2a31b91974c5]::string::String>, fn() -> core[a373ad73a504971]::result::Result<(), alloc[2e1b2a31b91974c5]::string::String>>
[INFO] [stdout]   20:     0x6531eef11bf5 - test[aada8e7e76ba119b]::run_test::{closure#0}
[INFO] [stdout]   21:     0x6531eef0b4e4 - std[617be2ca0a6fd877]::sys::backtrace::__rust_begin_short_backtrace::<test[aada8e7e76ba119b]::run_test::{closure#1}, ()>
[INFO] [stdout]   22:     0x6531eef14c82 - <std[617be2ca0a6fd877]::thread::lifecycle::spawn_unchecked<test[aada8e7e76ba119b]::run_test::{closure#1}, ()>::{closure#1} as core[a373ad73a504971]::ops::function::FnOnce<()>>::call_once::{shim:vtable#0}
[INFO] [stdout]   23:     0x6531ef037ccf - <std[617be2ca0a6fd877]::sys::thread::unix::Thread>::new::thread_start
[INFO] [stdout]   24:     0x71748fbf8dfa - <unknown>
[INFO] [stdout]   25:     0x71748fc8c3d4 - clone
[INFO] [stdout]   26:                0x0 - <unknown>
[INFO] [stdout] 
[INFO] [stdout] ---- golden_image_probe_png stdout ----
[INFO] [stdout] 
[INFO] [stdout] thread 'golden_image_probe_png' (2386) panicked at tests/golden.rs:328:43:
[INFO] [stdout] probe PNG: AppError { code: NotFound, message: "failed to open image /tests/fixtures/image/sample.png: No such file or directory (os error 2)", retryable: false, http_status: 404, details: {}, cause: None }
[INFO] [stdout] stack backtrace:
[INFO] [stdout]    0:     0x6531ef038cf1 - <<std[617be2ca0a6fd877]::sys::backtrace::BacktraceLock>::print::DisplayBacktrace as core[a373ad73a504971]::fmt::Display>::fmt
[INFO] [stdout]    1:     0x6531ef0512ba - core[a373ad73a504971]::fmt::write
[INFO] [stdout]    2:     0x6531ef03d6fc - <alloc[2e1b2a31b91974c5]::vec::Vec<u8> as core[a373ad73a504971]::io::write::Write>::write_fmt
[INFO] [stdout]    3:     0x6531ef011b46 - std[617be2ca0a6fd877]::panicking::default_hook::{closure#0}
[INFO] [stdout]    4:     0x6531ef02fe29 - std[617be2ca0a6fd877]::panicking::default_hook
[INFO] [stdout]    5:     0x6531eef115d0 - test[aada8e7e76ba119b]::test_main_inner::{closure#0}
[INFO] [stdout]    6:     0x6531ef02ffe2 - std[617be2ca0a6fd877]::panicking::panic_with_hook
[INFO] [stdout]    7:     0x6531ef011bf2 - std[617be2ca0a6fd877]::panicking::panic_handler::{closure#0}
[INFO] [stdout]    8:     0x6531ef00a429 - std[617be2ca0a6fd877]::sys::backtrace::__rust_end_short_backtrace::<std[617be2ca0a6fd877]::panicking::panic_handler::{closure#0}, !>
[INFO] [stdout]    9:     0x6531ef01289d - __rustc[ea4f61d10b84890b]::rust_begin_unwind
[INFO] [stdout]   10:     0x6531ef051a1c - core[a373ad73a504971]::panicking::panic_fmt
[INFO] [stdout]   11:     0x6531ef0517f2 - core[a373ad73a504971]::result::unwrap_failed
[INFO] [stdout]   12:     0x6531eed293ee - golden[e3f38863e509ce49]::golden_image_probe_png::{closure#0}
[INFO] [stdout]   13:     0x6531eece93d3 - <tokio[b7ef8c7ced5d398a]::runtime::scheduler::current_thread::Context>::enter::<core[a373ad73a504971]::task::poll::Poll<()>, <tokio[b7ef8c7ced5d398a]::runtime::scheduler::current_thread::CoreGuard>::block_on<core[a373ad73a504971]::pin::Pin<&mut core[a373ad73a504971]::pin::Pin<&mut dyn core[a373ad73a504971]::future::future::Future<Output = ()>>>>::{closure#0}::{closure#0}>
[INFO] [stdout]   14:     0x6531eed1e17c - <tokio[b7ef8c7ced5d398a]::runtime::context::scoped::Scoped<tokio[b7ef8c7ced5d398a]::runtime::scheduler::Context>>::set::<<tokio[b7ef8c7ced5d398a]::runtime::scheduler::current_thread::CoreGuard>::enter<<tokio[b7ef8c7ced5d398a]::runtime::scheduler::current_thread::CoreGuard>::block_on<core[a373ad73a504971]::pin::Pin<&mut core[a373ad73a504971]::pin::Pin<&mut dyn core[a373ad73a504971]::future::future::Future<Output = ()>>>>::{closure#0}, core[a373ad73a504971]::option::Option<()>>::{closure#0}, (alloc[2e1b2a31b91974c5]::boxed::Box<tokio[b7ef8c7ced5d398a]::runtime::scheduler::current_thread::Core>, core[a373ad73a504971]::option::Option<()>)>
[INFO] [stdout]   15:     0x6531eece9727 - <tokio[b7ef8c7ced5d398a]::runtime::scheduler::current_thread::CoreGuard>::block_on::<core[a373ad73a504971]::pin::Pin<&mut core[a373ad73a504971]::pin::Pin<&mut dyn core[a373ad73a504971]::future::future::Future<Output = ()>>>>
[INFO] [stdout]   16:     0x6531eed10cdd - tokio[b7ef8c7ced5d398a]::runtime::context::runtime::enter_runtime::<<tokio[b7ef8c7ced5d398a]::runtime::scheduler::current_thread::CurrentThread>::block_on<core[a373ad73a504971]::pin::Pin<&mut dyn core[a373ad73a504971]::future::future::Future<Output = ()>>>::{closure#0}, ()>
[INFO] [stdout]   17:     0x6531eece92b5 - <tokio[b7ef8c7ced5d398a]::runtime::runtime::Runtime>::block_on::<core[a373ad73a504971]::pin::Pin<&mut dyn core[a373ad73a504971]::future::future::Future<Output = ()>>>
[INFO] [stdout]   18:     0x6531eed3087e - <golden[e3f38863e509ce49]::golden_image_probe_png::{closure#0} as core[a373ad73a504971]::ops::function::FnOnce<()>>::call_once
[INFO] [stdout]   19:     0x6531eef04a1b - test[aada8e7e76ba119b]::__rust_begin_short_backtrace::<core[a373ad73a504971]::result::Result<(), alloc[2e1b2a31b91974c5]::string::String>, fn() -> core[a373ad73a504971]::result::Result<(), alloc[2e1b2a31b91974c5]::string::String>>
[INFO] [stdout]   20:     0x6531eef11bf5 - test[aada8e7e76ba119b]::run_test::{closure#0}
[INFO] [stdout]   21:     0x6531eef0b4e4 - std[617be2ca0a6fd877]::sys::backtrace::__rust_begin_short_backtrace::<test[aada8e7e76ba119b]::run_test::{closure#1}, ()>
[INFO] [stdout]   22:     0x6531eef14c82 - <std[617be2ca0a6fd877]::thread::lifecycle::spawn_unchecked<test[aada8e7e76ba119b]::run_test::{closure#1}, ()>::{closure#1} as core[a373ad73a504971]::ops::function::FnOnce<()>>::call_once::{shim:vtable#0}
[INFO] [stdout]   23:     0x6531ef037ccf - <std[617be2ca0a6fd877]::sys::thread::unix::Thread>::new::thread_start
[INFO] [stdout]   24:     0x71748fbf8dfa - <unknown>
[INFO] [stdout]   25:     0x71748fc8c3d4 - clone
[INFO] [stdout]   26:                0x0 - <unknown>
[INFO] [stdout] 
[INFO] [stdout] ---- golden_image_probe_jpeg stdout ----
[INFO] [stdout] 
[INFO] [stdout] thread 'golden_image_probe_jpeg' (2385) panicked at tests/golden.rs:313:43:
[INFO] [stdout] probe JPEG: AppError { code: NotFound, message: "failed to open image /tests/fixtures/image/real-photo.jpg: No such file or directory (os error 2)", retryable: false, http_status: 404, details: {}, cause: None }
[INFO] [stdout] stack backtrace:
[INFO] [stdout]    0:     0x6531ef038cf1 - <<std[617be2ca0a6fd877]::sys::backtrace::BacktraceLock>::print::DisplayBacktrace as core[a373ad73a504971]::fmt::Display>::fmt
[INFO] [stdout]    1:     0x6531ef0512ba - core[a373ad73a504971]::fmt::write
[INFO] [stdout]    2:     0x6531ef03d6fc - <alloc[2e1b2a31b91974c5]::vec::Vec<u8> as core[a373ad73a504971]::io::write::Write>::write_fmt
[INFO] [stdout]    3:     0x6531ef011b46 - std[617be2ca0a6fd877]::panicking::default_hook::{closure#0}
[INFO] [stdout]    4:     0x6531ef02fe29 - std[617be2ca0a6fd877]::panicking::default_hook
[INFO] [stdout]    5:     0x6531eef115d0 - test[aada8e7e76ba119b]::test_main_inner::{closure#0}
[INFO] [stdout]    6:     0x6531ef02ffe2 - std[617be2ca0a6fd877]::panicking::panic_with_hook
[INFO] [stdout]    7:     0x6531ef011bf2 - std[617be2ca0a6fd877]::panicking::panic_handler::{closure#0}
[INFO] [stdout]    8:     0x6531ef00a429 - std[617be2ca0a6fd877]::sys::backtrace::__rust_end_short_backtrace::<std[617be2ca0a6fd877]::panicking::panic_handler::{closure#0}, !>
[INFO] [stdout]    9:     0x6531ef01289d - __rustc[ea4f61d10b84890b]::rust_begin_unwind
[INFO] [stdout]   10:     0x6531ef051a1c - core[a373ad73a504971]::panicking::panic_fmt
[INFO] [stdout]   11:     0x6531ef0517f2 - core[a373ad73a504971]::result::unwrap_failed
[INFO] [stdout]   12:     0x6531eed29fc3 - golden[e3f38863e509ce49]::golden_image_probe_jpeg::{closure#0}
[INFO] [stdout]   13:     0x6531eece93d3 - <tokio[b7ef8c7ced5d398a]::runtime::scheduler::current_thread::Context>::enter::<core[a373ad73a504971]::task::poll::Poll<()>, <tokio[b7ef8c7ced5d398a]::runtime::scheduler::current_thread::CoreGuard>::block_on<core[a373ad73a504971]::pin::Pin<&mut core[a373ad73a504971]::pin::Pin<&mut dyn core[a373ad73a504971]::future::future::Future<Output = ()>>>>::{closure#0}::{closure#0}>
[INFO] [stdout]   14:     0x6531eed1e17c - <tokio[b7ef8c7ced5d398a]::runtime::context::scoped::Scoped<tokio[b7ef8c7ced5d398a]::runtime::scheduler::Context>>::set::<<tokio[b7ef8c7ced5d398a]::runtime::scheduler::current_thread::CoreGuard>::enter<<tokio[b7ef8c7ced5d398a]::runtime::scheduler::current_thread::CoreGuard>::block_on<core[a373ad73a504971]::pin::Pin<&mut core[a373ad73a504971]::pin::Pin<&mut dyn core[a373ad73a504971]::future::future::Future<Output = ()>>>>::{closure#0}, core[a373ad73a504971]::option::Option<()>>::{closure#0}, (alloc[2e1b2a31b91974c5]::boxed::Box<tokio[b7ef8c7ced5d398a]::runtime::scheduler::current_thread::Core>, core[a373ad73a504971]::option::Option<()>)>
[INFO] [stdout]   15:     0x6531eece9727 - <tokio[b7ef8c7ced5d398a]::runtime::scheduler::current_thread::CoreGuard>::block_on::<core[a373ad73a504971]::pin::Pin<&mut core[a373ad73a504971]::pin::Pin<&mut dyn core[a373ad73a504971]::future::future::Future<Output = ()>>>>
[INFO] [stdout]   16:     0x6531eed10cdd - tokio[b7ef8c7ced5d398a]::runtime::context::runtime::enter_runtime::<<tokio[b7ef8c7ced5d398a]::runtime::scheduler::current_thread::CurrentThread>::block_on<core[a373ad73a504971]::pin::Pin<&mut dyn core[a373ad73a504971]::future::future::Future<Output = ()>>>::{closure#0}, ()>
[INFO] [stdout]   17:     0x6531eece92b5 - <tokio[b7ef8c7ced5d398a]::runtime::runtime::Runtime>::block_on::<core[a373ad73a504971]::pin::Pin<&mut dyn core[a373ad73a504971]::future::future::Future<Output = ()>>>
[INFO] [stdout]   18:     0x6531eed309de - <golden[e3f38863e509ce49]::golden_image_probe_jpeg::{closure#0} as core[a373ad73a504971]::ops::function::FnOnce<()>>::call_once
[INFO] [stdout]   19:     0x6531eef04a1b - test[aada8e7e76ba119b]::__rust_begin_short_backtrace::<core[a373ad73a504971]::result::Result<(), alloc[2e1b2a31b91974c5]::string::String>, fn() -> core[a373ad73a504971]::result::Result<(), alloc[2e1b2a31b91974c5]::string::String>>
[INFO] [stdout]   20:     0x6531eef11bf5 - test[aada8e7e76ba119b]::run_test::{closure#0}
[INFO] [stdout]   21:     0x6531eef0b4e4 - std[617be2ca0a6fd877]::sys::backtrace::__rust_begin_short_backtrace::<test[aada8e7e76ba119b]::run_test::{closure#1}, ()>
[INFO] [stdout]   22:     0x6531eef14c82 - <std[617be2ca0a6fd877]::thread::lifecycle::spawn_unchecked<test[aada8e7e76ba119b]::run_test::{closure#1}, ()>::{closure#1} as core[a373ad73a504971]::ops::function::FnOnce<()>>::call_once::{shim:vtable#0}
[INFO] [stdout]   23:     0x6531ef037ccf - <std[617be2ca0a6fd877]::sys::thread::unix::Thread>::new::thread_start
[INFO] [stdout]   24:     0x71748fbf8dfa - <unknown>
[INFO] [stdout]   25:     0x71748fc8c3d4 - clone
[INFO] [stdout]   26:                0x0 - <unknown>
[INFO] [stdout] 
[INFO] [stdout] 
[INFO] [stdout] failures:
[INFO] [stdout]     golden_crop_center_real_photo
[INFO] [stdout]     golden_flip_horizontal
[INFO] [stdout]     golden_image_filters_new
[INFO] [stdout]     golden_image_probe_jpeg
[INFO] [stdout]     golden_image_probe_png
[INFO] [stdout]     golden_multi_format_pipeline
[INFO] [stdout]     golden_pipeline_resize_crop_rotate
[INFO] [stdout]     golden_png_to_jpeg_conversion
[INFO] [stdout]     golden_resize_real_jpeg
[INFO] [stdout]     golden_rotate_90
[INFO] [stdout] 
[INFO] [stdout] test result: FAILED. 0 passed; 10 failed; 0 ignored; 0 measured; 0 filtered out; finished in 0.01s
[INFO] [stdout] 
[INFO] [stderr] error: test failed, to rerun pass `--test golden`
[INFO] running `Command { std: "docker" "inspect" "b474e16d12a46acce2a8856b8686bb878b8cbae52b63dc5cf29ec91b2a44dfcf", kill_on_drop: false }`
[INFO] running `Command { std: "docker" "rm" "-f" "b474e16d12a46acce2a8856b8686bb878b8cbae52b63dc5cf29ec91b2a44dfcf", kill_on_drop: false }`
[INFO] [stdout] b474e16d12a46acce2a8856b8686bb878b8cbae52b63dc5cf29ec91b2a44dfcf
