[INFO] fetching crate rocketmq-observability 1.0.0...
[INFO] testing rocketmq-observability-1.0.0 against 1.100.0-beta.1+cargoflags=--release for beta-release-1.100-2
[INFO] extracting crate rocketmq-observability 1.0.0 into /workspace/builds/worker-4-tc2/source
[INFO] started tweaking crates.io crate rocketmq-observability 1.0.0
[INFO] removed 0 missing examples
[INFO] removed 0 missing tests
[INFO] finished tweaking crates.io crate rocketmq-observability 1.0.0
[INFO] tweaked toml for crates.io crate rocketmq-observability 1.0.0 written to /workspace/builds/worker-4-tc2/source/Cargo.toml
[INFO] validating manifest of crates.io crate rocketmq-observability 1.0.0 on toolchain 1.100.0-beta.1
[INFO] running `Command { std: CARGO_HOME="/workspace/cargo-home" RUSTUP_HOME="/workspace/rustup-home" "/workspace/cargo-home/bin/cargo" "+1.100.0-beta.1" "metadata" "--manifest-path" "Cargo.toml" "--no-deps", kill_on_drop: false }`
[INFO] crate crates.io crate rocketmq-observability 1.0.0 already has a lockfile, it will not be regenerated
[INFO] running `Command { std: CARGO_HOME="/workspace/cargo-home" RUSTUP_HOME="/workspace/rustup-home" "/workspace/cargo-home/bin/cargo" "+1.100.0-beta.1" "fetch" "--manifest-path" "Cargo.toml", kill_on_drop: false }`
[INFO] [stderr] warning: `package.homepage` is redundant with `package.repository`
[INFO] [stderr]    --> Cargo.toml:170:12
[INFO] [stderr]     |
[INFO] [stderr] 170 | homepage = "https://github.com/mxsm/rocketmq-rust"
[INFO] [stderr]     |            ^^^^^^^^^^^^^^^^^^^^^^^^^^^^^^^^^^^^^^^
[INFO] [stderr] ...
[INFO] [stderr] 175 | repository = "https://github.com/mxsm/rocketmq-rust"
[INFO] [stderr]     |              ---------------------------------------
[INFO] [stderr]     |
[INFO] [stderr]     = note: `cargo::redundant_homepage` is set to `warn` by default
[INFO] [stderr] help: consider removing `package.homepage`
[INFO] [stderr] warning: `rocketmq-observability` (manifest) generated 1 warning
[INFO] running `Command { std: "docker" "create" "-v" "/var/lib/crater-agent-workspace/builds/worker-4-tc2/source:/opt/rustwide/workdir:ro,Z" "-v" "/var/lib/crater-agent-workspace/builds/worker-4-tc2/target:/opt/rustwide/target:rw,Z" "-v" "/var/lib/crater-agent-workspace/cargo-home:/opt/rustwide/cargo-home:ro,Z" "-v" "/var/lib/crater-agent-workspace/rustup-home:/opt/rustwide/rustup-home:ro,Z" "-m" "1610612736" "--network" "none" "ghcr.io/rust-lang/crates-build-env/linux@sha256:77db811e55d90add9212f6832c23229e3de5f1c1f9905e8cb07319ea15df73ac" "sleep" "infinity", kill_on_drop: false }`
[INFO] [stdout] 9afb4e925660e2a16a12241f300e49cbbb01671771b285c270cf27cbec0eb3e6
[INFO] running `Command { std: "docker" "start" "9afb4e925660e2a16a12241f300e49cbbb01671771b285c270cf27cbec0eb3e6", kill_on_drop: false }`
[INFO] running `Command { std: "docker" "inspect" "9afb4e925660e2a16a12241f300e49cbbb01671771b285c270cf27cbec0eb3e6", kill_on_drop: false }`
[INFO] running `Command { std: "docker" "exec" "-e" "SOURCE_DIR=/opt/rustwide/workdir" "-e" "CARGO_HOME=/opt/rustwide/cargo-home" "-e" "RUSTUP_HOME=/opt/rustwide/rustup-home" "-e" "CARGO_TARGET_DIR=/opt/rustwide/target" "-w" "/opt/rustwide/workdir" "--user" "0:0" "9afb4e925660e2a16a12241f300e49cbbb01671771b285c270cf27cbec0eb3e6" "/opt/rustwide/cargo-home/bin/cargo" "+1.100.0-beta.1" "metadata" "--no-deps" "--format-version=1", kill_on_drop: false }`
[INFO] running `Command { std: "docker" "inspect" "9afb4e925660e2a16a12241f300e49cbbb01671771b285c270cf27cbec0eb3e6", kill_on_drop: false }`
[INFO] running `Command { std: "docker" "exec" "-e" "SOURCE_DIR=/opt/rustwide/workdir" "-e" "CARGO_HOME=/opt/rustwide/cargo-home" "-e" "RUSTUP_HOME=/opt/rustwide/rustup-home" "-e" "CARGO_TARGET_DIR=/opt/rustwide/target" "-e" "CARGO_INCREMENTAL=0" "-e" "RUST_BACKTRACE=full" "-e" "RUSTFLAGS=--cap-lints=warn" "-e" "RUSTDOCFLAGS=--cap-lints=warn" "-w" "/opt/rustwide/workdir" "--user" "0:0" "9afb4e925660e2a16a12241f300e49cbbb01671771b285c270cf27cbec0eb3e6" "/opt/rustwide/cargo-home/bin/cargo" "+1.100.0-beta.1" "build" "--frozen" "--message-format=json" "--release", kill_on_drop: false }`
[INFO] [stderr] warning: `package.homepage` is redundant with `package.repository`
[INFO] [stderr]    --> Cargo.toml:170:12
[INFO] [stderr]     |
[INFO] [stderr] 170 | homepage = "https://github.com/mxsm/rocketmq-rust"
[INFO] [stderr]     |            ^^^^^^^^^^^^^^^^^^^^^^^^^^^^^^^^^^^^^^^
[INFO] [stderr] ...
[INFO] [stderr] 175 | repository = "https://github.com/mxsm/rocketmq-rust"
[INFO] [stderr]     |              ---------------------------------------
[INFO] [stderr]     |
[INFO] [stderr]     = note: `cargo::redundant_homepage` is set to `warn` by default
[INFO] [stderr] help: consider removing `package.homepage`
[INFO] [stderr] warning: `rocketmq-observability` (manifest) generated 1 warning
[INFO] [stderr]    Compiling find-msvc-tools v0.1.12
[INFO] [stderr]    Compiling smallvec v1.16.2
[INFO] [stderr]    Compiling syn v3.0.6
[INFO] [stderr]    Compiling getrandom v0.2.17
[INFO] [stderr]    Compiling bitflags v2.13.2
[INFO] [stderr]    Compiling darling_core v0.20.11
[INFO] [stderr]    Compiling serde_core v1.0.229
[INFO] [stderr]    Compiling serde_json v1.0.151
[INFO] [stderr]    Compiling typeid v1.0.3
[INFO] [stderr]    Compiling serde v1.0.229
[INFO] [stderr]    Compiling futures-channel v0.3.34
[INFO] [stderr]    Compiling encoding_rs v0.8.41
[INFO] [stderr]    Compiling erased-serde v0.4.10
[INFO] [stderr]    Compiling getrandom v0.4.3
[INFO] [stderr]    Compiling hashbrown v0.16.1
[INFO] [stderr]    Compiling tracing v0.1.44
[INFO] [stderr]    Compiling zstd-safe v8.0.0
[INFO] [stderr]    Compiling either v1.18.0
[INFO] [stderr]    Compiling cc v1.4.6
[INFO] [stderr]    Compiling const-random-macro v0.1.16
[INFO] [stderr]    Compiling winnow v1.0.4
[INFO] [stderr]    Compiling digest v0.11.3
[INFO] [stderr]    Compiling parking_lot_core v0.9.12
[INFO] [stderr]    Compiling getset v0.1.7
[INFO] [stderr]    Compiling toml_datetime v1.1.1+spec-1.1.0
[INFO] [stderr]    Compiling parking_lot v0.12.5
[INFO] [stderr]    Compiling rand v0.10.3
[INFO] [stderr]    Compiling const-random v0.1.18
[INFO] [stderr]    Compiling dlv-list v0.5.2
[INFO] [stderr]    Compiling serde_spanned v1.1.1
[INFO] [stderr]    Compiling mio v1.2.3
[INFO] [stderr]    Compiling unicode-segmentation v1.13.3
[INFO] [stderr]    Compiling ordered-multimap v0.7.3
[INFO] [stderr]    Compiling ucd-trie v0.1.7
[INFO] [stderr]    Compiling arraydeque v0.5.1
[INFO] [stderr]    Compiling time v0.3.55
[INFO] [stderr]    Compiling serde-untagged v0.1.9
[INFO] [stderr]    Compiling toml_parser v1.1.3+spec-1.1.0
[INFO] [stderr]    Compiling hashlink v0.11.1
[INFO] [stderr]    Compiling rust-ini v0.21.3
[INFO] [stderr]    Compiling uuid v1.26.1
[INFO] [stderr]    Compiling convert_case v0.6.0
[INFO] [stderr]    Compiling phf_shared v0.12.1
[INFO] [stderr]    Compiling dashmap v6.2.1
[INFO] [stderr]    Compiling tracing-log v0.2.0
[INFO] [stderr]    Compiling chrono-tz v0.10.4
[INFO] [stderr]    Compiling crc v3.4.0
[INFO] [stderr]    Compiling phf v0.12.1
[INFO] [stderr]    Compiling md-5 v0.11.0
[INFO] [stderr]    Compiling sysinfo v0.39.6
[INFO] [stderr]    Compiling zstd-sys v2.1.0+zstd.1.5.7
[INFO] [stderr]    Compiling libz-sys v1.1.29
[INFO] [stderr]    Compiling lz4_flex v0.14.0
[INFO] [stderr]    Compiling sha2 v0.11.0
[INFO] [stderr]    Compiling toml v1.1.6+spec-1.1.0
[INFO] [stderr]    Compiling darling_macro v0.20.11
[INFO] [stderr]    Compiling flate2 v1.1.10
[INFO] [stderr]    Compiling darling v0.20.11
[INFO] [stderr]    Compiling derive_builder_core v0.20.2
[INFO] [stderr]    Compiling derive_builder_macro v0.20.2
[INFO] [stderr]    Compiling derive_builder v0.20.2
[INFO] [stderr]    Compiling serde_derive v1.0.229
[INFO] [stderr]    Compiling multiversion-macros v0.9.0
[INFO] [stderr]    Compiling thiserror-impl v2.0.21
[INFO] [stderr]    Compiling futures-macro v0.3.34
[INFO] [stderr]    Compiling tokio-macros v2.7.2
[INFO] [stderr]    Compiling async-trait v0.1.92
[INFO] [stderr]    Compiling futures-util v0.3.34
[INFO] [stderr]    Compiling multiversion v0.9.0
[INFO] [stderr]    Compiling thiserror v2.0.21
[INFO] [stderr]    Compiling rocketmq-error v1.0.0
[INFO] [stderr]    Compiling tokio v1.53.1
[INFO] [stderr]    Compiling neli-proc-macros v0.2.2
[INFO] [stderr]    Compiling chrono v0.4.45
[INFO] [stderr]    Compiling tracing-serde v0.2.0
[INFO] [stderr]    Compiling ron v0.12.2
[INFO] [stderr]    Compiling json5 v1.3.1
[INFO] [stderr]    Compiling cheetah-string v3.1.0
[INFO] [stderr]    Compiling serde_yaml v0.9.34+deprecated
[INFO] [stderr]    Compiling tracing-subscriber v0.3.23
[INFO] [stderr]    Compiling neli v0.7.4
[INFO] [stderr]    Compiling yaml-rust2 v0.11.1
[INFO] [stderr]    Compiling config v0.15.26
[INFO] [stderr]    Compiling tracing-appender v0.2.5
[INFO] [stderr]    Compiling futures-executor v0.3.34
[INFO] [stderr]    Compiling futures v0.3.34
[INFO] [stderr]    Compiling local-ip-address v0.6.13
[INFO] [stderr]    Compiling tokio-util v0.7.19
[INFO] [stderr]    Compiling rocketmq-runtime v1.0.0
[INFO] [stderr]    Compiling zstd v0.14.0
[INFO] [stderr]    Compiling rocketmq-model v1.0.0
[INFO] [stderr]    Compiling rocketmq-observability v1.0.0 (/opt/rustwide/workdir)
[INFO] [stderr] warning: unused dependency `anyhow`
[INFO] [stderr]   --> Cargo.toml:12:15
[INFO] [stderr]    |
[INFO] [stderr] 12 | [dependencies.anyhow]
[INFO] [stderr]    |               ^^^^^^^
[INFO] [stderr]    |
[INFO] [stderr]    = note: `cargo::unused_dependencies` is set to `warn` by default
[INFO] [stderr] help: consider removing the dependency on `anyhow`
[INFO] [stderr] warning: unused dependency `chrono-tz`
[INFO] [stderr]   --> Cargo.toml:22:15
[INFO] [stderr]    |
[INFO] [stderr] 22 | [dependencies.chrono-tz]
[INFO] [stderr]    |               ^^^^^^^^^^
[INFO] [stderr]    |
[INFO] [stderr] help: consider removing the dependency on `chrono-tz`
[INFO] [stderr] warning: unused dependency `serde_yaml`
[INFO] [stderr]   --> Cargo.toml:84:15
[INFO] [stderr]    |
[INFO] [stderr] 84 | [dependencies.serde_yaml]
[INFO] [stderr]    |               ^^^^^^^^^^^
[INFO] [stderr]    |
[INFO] [stderr] help: consider removing the dependency on `serde_yaml`
[INFO] [stderr] warning: `rocketmq-observability` (manifest) generated 3 warnings
[INFO] [stderr]     Finished `release` profile [optimized] target(s) in 1m 22s
[INFO] running `Command { std: "docker" "inspect" "9afb4e925660e2a16a12241f300e49cbbb01671771b285c270cf27cbec0eb3e6", kill_on_drop: false }`
[INFO] running `Command { std: "docker" "exec" "-e" "SOURCE_DIR=/opt/rustwide/workdir" "-e" "CARGO_HOME=/opt/rustwide/cargo-home" "-e" "RUSTUP_HOME=/opt/rustwide/rustup-home" "-e" "CARGO_TARGET_DIR=/opt/rustwide/target" "-e" "CARGO_INCREMENTAL=0" "-e" "RUST_BACKTRACE=full" "-e" "RUSTFLAGS=--cap-lints=warn" "-e" "RUSTDOCFLAGS=--cap-lints=warn" "-w" "/opt/rustwide/workdir" "--user" "0:0" "9afb4e925660e2a16a12241f300e49cbbb01671771b285c270cf27cbec0eb3e6" "/opt/rustwide/cargo-home/bin/cargo" "+1.100.0-beta.1" "test" "--frozen" "--no-run" "--message-format=json" "--release", kill_on_drop: false }`
[INFO] [stderr] warning: `package.homepage` is redundant with `package.repository`
[INFO] [stderr]    --> Cargo.toml:170:12
[INFO] [stderr]     |
[INFO] [stderr] 170 | homepage = "https://github.com/mxsm/rocketmq-rust"
[INFO] [stderr]     |            ^^^^^^^^^^^^^^^^^^^^^^^^^^^^^^^^^^^^^^^
[INFO] [stderr] ...
[INFO] [stderr] 175 | repository = "https://github.com/mxsm/rocketmq-rust"
[INFO] [stderr]     |              ---------------------------------------
[INFO] [stderr]     |
[INFO] [stderr]     = note: `cargo::redundant_homepage` is set to `warn` by default
[INFO] [stderr] help: consider removing `package.homepage`
[INFO] [stderr] warning: `rocketmq-observability` (manifest) generated 1 warning
[INFO] [stderr]    Compiling regex-automata v0.4.18
[INFO] [stderr]    Compiling zerocopy-derive v0.8.57
[INFO] [stderr]    Compiling chrono v0.4.45
[INFO] [stderr]    Compiling alloca v0.4.0
[INFO] [stderr]    Compiling tinytemplate v1.2.1
[INFO] [stderr]    Compiling zerocopy v0.8.57
[INFO] [stderr]    Compiling chrono-tz v0.10.4
[INFO] [stderr]    Compiling rocketmq-runtime v1.0.0
[INFO] [stderr]    Compiling rocketmq-model v1.0.0
[INFO] [stderr]    Compiling matchers v0.2.0
[INFO] [stderr]    Compiling regex v1.13.1
[INFO] [stderr]    Compiling tracing-subscriber v0.3.23
[INFO] [stderr]    Compiling tracing-appender v0.2.5
[INFO] [stderr]    Compiling half v2.7.1
[INFO] [stderr]    Compiling ciborium-ll v0.2.2
[INFO] [stderr]    Compiling ciborium v0.2.2
[INFO] [stderr]    Compiling criterion v0.8.2
[INFO] [stderr]    Compiling rocketmq-observability v1.0.0 (/opt/rustwide/workdir)
[INFO] [stderr] warning: unused dependency `anyhow`
[INFO] [stderr]   --> Cargo.toml:12:15
[INFO] [stderr]    |
[INFO] [stderr] 12 | [dependencies.anyhow]
[INFO] [stderr]    |               ^^^^^^^
[INFO] [stderr]    |
[INFO] [stderr]    = note: `cargo::unused_dependencies` is set to `warn` by default
[INFO] [stderr] help: consider removing the dependency on `anyhow`
[INFO] [stderr] warning: unused dependency `chrono-tz`
[INFO] [stderr]   --> Cargo.toml:22:15
[INFO] [stderr]    |
[INFO] [stderr] 22 | [dependencies.chrono-tz]
[INFO] [stderr]    |               ^^^^^^^^^^
[INFO] [stderr]    |
[INFO] [stderr] help: consider removing the dependency on `chrono-tz`
[INFO] [stderr] warning: unused dependency `serde_yaml`
[INFO] [stderr]   --> Cargo.toml:84:15
[INFO] [stderr]    |
[INFO] [stderr] 84 | [dependencies.serde_yaml]
[INFO] [stderr]    |               ^^^^^^^^^^^
[INFO] [stderr]    |
[INFO] [stderr] help: consider removing the dependency on `serde_yaml`
[INFO] [stderr] help: to still use for development builds, move to `dev-dependencies`
[INFO] [stderr] warning: `rocketmq-observability` (manifest) generated 3 warnings
[INFO] [stderr]     Finished `release` profile [optimized] target(s) in 1m 17s
[INFO] running `Command { std: "docker" "inspect" "9afb4e925660e2a16a12241f300e49cbbb01671771b285c270cf27cbec0eb3e6", kill_on_drop: false }`
[INFO] running `Command { std: "docker" "exec" "-e" "SOURCE_DIR=/opt/rustwide/workdir" "-e" "CARGO_HOME=/opt/rustwide/cargo-home" "-e" "RUSTUP_HOME=/opt/rustwide/rustup-home" "-e" "CARGO_TARGET_DIR=/opt/rustwide/target" "-e" "CARGO_INCREMENTAL=0" "-e" "RUST_BACKTRACE=full" "-e" "RUSTFLAGS=--cap-lints=warn" "-e" "RUSTDOCFLAGS=--cap-lints=warn" "-w" "/opt/rustwide/workdir" "--user" "0:0" "9afb4e925660e2a16a12241f300e49cbbb01671771b285c270cf27cbec0eb3e6" "/opt/rustwide/cargo-home/bin/cargo" "+1.100.0-beta.1" "test" "--frozen" "--release", kill_on_drop: false }`
[INFO] [stderr] warning: `package.homepage` is redundant with `package.repository`
[INFO] [stderr]    --> Cargo.toml:170:12
[INFO] [stderr]     |
[INFO] [stderr] 170 | homepage = "https://github.com/mxsm/rocketmq-rust"
[INFO] [stderr]     |            ^^^^^^^^^^^^^^^^^^^^^^^^^^^^^^^^^^^^^^^
[INFO] [stderr] ...
[INFO] [stderr] 175 | repository = "https://github.com/mxsm/rocketmq-rust"
[INFO] [stderr]     |              ---------------------------------------
[INFO] [stderr]     |
[INFO] [stderr]     = note: `cargo::redundant_homepage` is set to `warn` by default
[INFO] [stderr] help: consider removing `package.homepage`
[INFO] [stderr] warning: `rocketmq-observability` (manifest) generated 1 warning
[INFO] [stderr] warning: unused dependency `anyhow`
[INFO] [stderr]   --> Cargo.toml:12:15
[INFO] [stderr]    |
[INFO] [stderr] 12 | [dependencies.anyhow]
[INFO] [stderr]    |               ^^^^^^^
[INFO] [stderr]    |
[INFO] [stderr]    = note: `cargo::unused_dependencies` is set to `warn` by default
[INFO] [stderr] help: consider removing the dependency on `anyhow`
[INFO] [stderr] warning: unused dependency `chrono-tz`
[INFO] [stderr]   --> Cargo.toml:22:15
[INFO] [stderr]    |
[INFO] [stderr] 22 | [dependencies.chrono-tz]
[INFO] [stderr]    |               ^^^^^^^^^^
[INFO] [stderr]    |
[INFO] [stderr] help: consider removing the dependency on `chrono-tz`
[INFO] [stderr] warning: unused dependency `serde_yaml`
[INFO] [stderr]   --> Cargo.toml:84:15
[INFO] [stderr]    |
[INFO] [stderr] 84 | [dependencies.serde_yaml]
[INFO] [stderr]    |               ^^^^^^^^^^^
[INFO] [stderr]    |
[INFO] [stderr] help: consider removing the dependency on `serde_yaml`
[INFO] [stderr] help: to still use for development builds, move to `dev-dependencies`
[INFO] [stderr] warning: `rocketmq-observability` (manifest) generated 3 warnings
[INFO] [stderr]     Finished `release` profile [optimized] target(s) in 0.33s
[INFO] [stderr]      Running unittests src/lib.rs (/opt/rustwide/target/release/build/rocketmq-observability/b088144fa69fcc66/out/rocketmq_observability-b088144fa69fcc66)
[INFO] [stdout] 
[INFO] [stdout] running 211 tests
[INFO] [stdout] test config::tests::invalid_logging_enum_values_are_rejected ... ok
[INFO] [stdout] test config::tests::default_config_is_disabled_and_local_only ... ok
[INFO] [stdout] test environment::tests::non_utf8_values_fail_without_mutating_configuration ... ok
[INFO] [stdout] test config::tests::logging_config_defaults_to_console_info_filter ... ok
[INFO] [stdout] test config::tests::subscriber_install_policy_uses_snake_case_serde ... ok
[INFO] [stdout] test config::tests::logging_config_serde_roundtrip_preserves_enums ... ok
[INFO] [stdout] test config::tests::telemetry_bootstrap_default_keeps_observability_disabled_and_logging_ready ... ok
[INFO] [stdout] test exporter::outage::tests::exporter_drains_fifo_batches_with_bounded_accounting ... ok
[INFO] [stdout] test exporter::outage::tests::drained_queue_finishes_before_deadline_without_timeout ... ok
[INFO] [stdout] test exporter::outage::tests::invalid_limits_are_rejected ... ok
[INFO] [stdout] test config::tests::observability_config_debug_redacts_otlp_and_resource_values ... ok
[INFO] [stdout] test exporter::outage::tests::deferred_lookahead_retains_its_shared_resource_budget ... ok
[INFO] [stdout] test exporter::outage::tests::data_plane_drops_instead_of_waiting_for_queue_state ... ok
[INFO] [stdout] test environment::tests::exact_grpc_protocol_enables_all_otlp_signals ... ok
[INFO] [stdout] test environment::tests::missing_or_blank_endpoint_preserves_existing_configuration ... ok
[INFO] [stdout] test config::tests::observability_overrides_debug_redacts_otlp_and_resource_values ... ok
[INFO] [stdout] test exporter_types::metrics_exporter_type::tests::test_serde_json ... ok
[INFO] [stdout] test environment::tests::missing_or_non_grpc_protocol_fails_without_mutating_configuration ... ok
[INFO] [stdout] test exporter_types::log_exporter_type::tests::reports_enabled_state ... ok
[INFO] [stdout] test exporter::outage::tests::absolute_shutdown_deadline_reports_collector_outage ... ok
[INFO] [stdout] test exporter_types::metrics_exporter_type::tests::test_display ... ok
[INFO] [stdout] test exporter_types::metrics_exporter_type::tests::test_is_enable ... ok
[INFO] [stdout] test exporter_types::trace_exporter_type::tests::maps_values ... ok
[INFO] [stdout] test exporter_types::metrics_exporter_type::tests::test_value ... ok
[INFO] [stdout] test exporter_types::metrics_exporter_type::tests::test_from_value ... ok
[INFO] [stdout] test exporter::outage::tests::queue_is_count_and_byte_bounded_and_drops_are_measurable ... ok
[INFO] [stdout] test exporter::outage::tests::record_and_byte_limits_fail_closed ... ok
[INFO] [stdout] test exporter_types::trace_exporter_type::tests::serializes_as_snake_case ... ok
[INFO] [stdout] test exporter_types::trace_exporter_type::tests::parses_aliases ... ok
[INFO] [stdout] test exporter_types::trace_exporter_type::tests::reports_enabled_state ... ok
[INFO] [stdout] test init::tests::blank_otlp_endpoint_is_rejected_when_an_otlp_exporter_is_enabled ... ok
[INFO] [stdout] test exporter_types::log_exporter_type::tests::parses_aliases ... ok
[INFO] [stdout] test exporter_types::log_exporter_type::tests::maps_values ... ok
[INFO] [stdout] test init::tests::zero_cardinality_limit_is_rejected ... ok
[INFO] [stdout] test exporter_types::log_exporter_type::tests::serializes_as_snake_case ... ok
[INFO] [stdout] test init::tests::zero_telemetry_durations_are_rejected ... ok
[INFO] [stdout] test logging::tests::console_layer_builder_supports_all_formats ... ok
[INFO] [stdout] test exporter_types::metrics_exporter_type::tests::test_from_str ... ok
[INFO] [stdout] test log_filter::tests::non_unicode_environment_filter_is_rejected ... ok
[INFO] [stdout] test logging::tests::disabled_console_config_builds_no_layer ... ok
[INFO] [stdout] test logging::tests::disabled_file_config_builds_no_layer_or_directory ... ok
[INFO] [stdout] test logging::tests::global_info_filter_suppresses_debug_events_inside_info_spans ... ok
[INFO] [stdout] test logging::tests::dropping_runtime_guard_closes_surviving_handle_clones ... ok
[INFO] [stdout] test logging::tests::env_filter_accepts_target_directives ... ok
[INFO] [stdout] test logging::tests::invalid_env_filter_returns_typed_error ... ok
[INFO] [stdout] test logging::tests::noop_runtime_guard_exposes_zero_logging_and_subscriber_status ... ok
[INFO] [stdout] test init::tests::disabled_config_returns_noop_guard ... ok
[INFO] [stdout] test init::tests::invalid_sample_ratio_is_rejected ... ok
[INFO] [stdout] test init::tests::non_finite_metrics_sample_ratio_is_rejected ... ok
[INFO] [stdout] test init::tests::noop_guard_accepts_an_explicit_absolute_shutdown_budget ... ok
[INFO] [stdout] test logging::tests::invalid_file_layer_config_returns_typed_error ... ok
[INFO] [stdout] test logging::tests::noop_logging_guard_reports_zero_dropped_lines ... ok
[INFO] [stdout] test metrics::auth::tests::auth_metrics_snapshot_tracks_all_counter_groups ... ok
[INFO] [stdout] test logging::tests::noop_runtime_guard_honors_caller_shutdown_budget ... ok
[INFO] [stdout] test init::tests::unimplemented_otlp_http_protocol_is_rejected ... ok
[INFO] [stdout] test logging::tests::noop_runtime_guard_shutdown_succeeds ... ok
[INFO] [stdout] test metrics::broker_constants::tests::test_all_metrics_have_rocketmq_prefix ... ok
[INFO] [stdout] test metrics::broker_constants::tests::test_config_constants ... ok
[INFO] [stdout] test logging::tests::runtime_shutdown_report_preserves_provider_failure ... ok
[INFO] [stdout] test metrics::broker_constants::tests::test_counter_metrics_end_with_total ... ok
[INFO] [stdout] test metrics::catalog::tests::dashboard_storage_metrics_have_exact_catalog_contracts ... ok
[INFO] [stdout] test metrics::broker_constants::tests::test_utility_functions ... ok
[INFO] [stdout] test metrics::catalog::tests::client_nameserver_metrics_expose_only_low_cardinality_labels ... ok
[INFO] [stdout] test metrics::broker_constants::tests::test_metric_type_detection ... ok
[INFO] [stdout] test metrics::catalog::tests::log_filter_metrics_have_exact_catalog_contracts ... ok
[INFO] [stdout] test metrics::catalog::tests::namesrv_metrics_reject_unbounded_identity_labels ... ok
[INFO] [stdout] test metrics::catalog::tests::release_info_has_low_cardinality_catalog_contract ... ok
[INFO] [stdout] test metrics::auth::tests::auth_metrics_snapshot_exports_stable_samples ... ok
[INFO] [stdout] test metrics::catalog::tests::rust_catalog_covers_native_sources ... ok
[INFO] [stdout] test metrics::broker_constants::tests::test_metric_type_enum ... ok
[INFO] [stdout] test metrics::broker_constants::tests::test_metric_category_enum ... ok
[INFO] [stdout] test metrics::broker_constants::tests::test_organized_modules ... ok
[INFO] [stdout] test metrics::catalog::tests::combined_catalog_contains_every_semantic_metric_once ... ok
[INFO] [stdout] test metrics::controller_constants::tests::test_election_result ... ok
[INFO] [stdout] test logging::tests::file_layer_writes_without_ansi_escape_codes ... ok
[INFO] [stdout] test metrics::catalog::tests::java_metric_catalog_contains_each_descriptor_once ... ok
[INFO] [stdout] test metrics::controller_constants::tests::test_dledger_operation_status ... ok
[INFO] [stdout] test metrics::labels::tests::bounds_topic_cardinality ... ok
[INFO] [stdout] test metrics::labels::tests::bounds_java_group_alias_like_consumer_group ... ok
[INFO] [stdout] test metrics::catalog::tests::java_metric_catalog_has_required_label_sets ... ok
[INFO] [stdout] test logging::tests::file_layer_supports_rotation_variants ... ok
[INFO] [stdout] test metrics::labels::tests::allows_java_compatible_low_cardinality_labels ... ok
[INFO] [stdout] test metrics::labels::tests::can_disable_topic_labels ... ok
[INFO] [stdout] test logging::tests::logging_guard_tracks_worker_guards_without_static_storage ... ok
[INFO] [stdout] test metrics::controller_constants::tests::test_dledger_operation ... ok
[INFO] [stdout] test metrics::controller_constants::tests::test_request_handle_status ... ok
[INFO] [stdout] test metrics::dashboard::tests::noop_recorder_accepts_only_typed_low_cardinality_values ... ok
[INFO] [stdout] test metrics::controller_constants::tests::test_constants ... ok
[INFO] [stdout] test metrics::labels::tests::policy_clones_share_budget_but_independent_instances_do_not ... ok
[INFO] [stdout] test metrics::labels::tests::nameserver_discovery_rejects_endpoint_identity_as_a_label_key ... ok
[INFO] [stdout] test metrics::pop_constants::tests::test_counter_metrics_end_with_total ... ok
[INFO] [stdout] test metrics::labels::tests::policy_enforces_independent_topic_and_group_limits ... ok
[INFO] [stdout] test logging::tests::file_layer_creates_missing_directory_and_tracks_guard ... ok
[INFO] [stdout] test metrics::labels::tests::rejects_high_cardinality_keys ... ok
[INFO] [stdout] test metrics::labels::tests::reports_when_label_is_dropped ... ok
[INFO] [stdout] test metrics::mcp::tests::no_feature_recorders_remain_safe ... ok
[INFO] [stdout] test metrics::mcp::tests::source_has_no_process_global_meter_access ... ok
[INFO] [stdout] test metrics::noop_instruments::tests::nop_histogram_accepts_values ... ok
[INFO] [stdout] test metrics::labels::tests::policy_switches_map_disabled_dimensions_to_sentinel ... ok
[INFO] [stdout] test metrics::pop_constants::tests::test_all_pop_metrics_have_rocketmq_pop_prefix ... ok
[INFO] [stdout] test metrics::noop_instruments::tests::nop_counter_accepts_values ... ok
[INFO] [stdout] test metrics::log_filter::tests::snapshots_are_isolated_between_log_filter_handles ... ok
[INFO] [stdout] test metrics::pop_constants::tests::test_organized_modules ... ok
[INFO] [stdout] test metrics::pop_constants::tests::test_pop_metric_category_enum ... ok
[INFO] [stdout] test metrics::pop_constants::tests::test_pop_metric_labels_builder ... ok
[INFO] [stdout] test metrics::pop_constants::tests::test_pop_metric_type_enum ... ok
[INFO] [stdout] test metrics::pop_constants::tests::test_put_status ... ok
[INFO] [stdout] test metrics::pop_constants::tests::test_revive_message_type ... ok
[INFO] [stdout] test metrics::pop_constants::tests::test_utility_functions ... ok
[INFO] [stdout] test metrics::pop_constants::tests::test_metric_type_detection ... ok
[INFO] [stdout] test metrics::mcp::tests::bounded_labels_are_stable ... ok
[INFO] [stdout] test metrics::noop_instruments::tests::nop_gauge_is_copyable ... ok
[INFO] [stdout] test metrics::release_identity::tests::explicit_null_runtime_commit_fails_closed ... ok
[INFO] [stdout] test metrics::release_identity::tests::real_embedded_commit_binds_runtime_identity ... ok
[INFO] [stdout] test metrics::release_identity_tests::absent_process_values_preserve_file_metrics_configuration ... ok
[INFO] [stdout] test metrics::release_identity_tests::explicit_invalid_process_values_fail_closed ... ok
[INFO] [stdout] test metrics::release_identity_tests::explicit_null_process_commit_fails_closed ... ok
[INFO] [stdout] test metrics::release_identity_tests::process_values_default_to_local_disabled_telemetry ... ok
[INFO] [stdout] test metrics::pop_revive_message_type::tests::as_str_returns_ck_for_ck_variant ... ok
[INFO] [stdout] test metrics::pop_revive_message_type::tests::enum_variants_are_distinct_and_comparable ... ok
[INFO] [stdout] test metrics::release_identity_tests::prometheus_values_enable_observability_and_apply_listener ... ok
[INFO] [stdout] test metrics::pop_revive_message_type::tests::as_str_output_is_static_and_can_be_used_as_key ... ok
[INFO] [stdout] test metrics::release_identity_tests::explicit_metrics_disable_normalizes_the_final_exporter ... ok
[INFO] [stdout] test metrics::proxy::rpc_tests::proxy_rpc_metrics_snapshot_tracks_outcomes ... ok
[INFO] [stdout] test metrics::release_identity_tests::real_embedded_build_commit_rejects_mismatched_runtime_identity ... ok
[INFO] [stdout] test metrics::pop_revive_message_type::tests::as_str_returns_ack_for_ack_variant ... ok
[INFO] [stdout] test metrics::release_identity::tests::commit_requires_full_lowercase_hex ... ok
[INFO] [stdout] test metrics::release_identity_tests::rejects_unbounded_or_unstable_service_and_nonce ... ok
[INFO] [stdout] test metrics::release_identity::tests::local_host_build_without_real_embedded_commit_keeps_local_default ... ok
[INFO] [stdout] test metrics::release_identity::tests::stable_label_accepts_only_canonical_bounded_values ... ok
[INFO] [stdout] test metrics::release_identity_tests::validates_canonical_release_identity ... ok
[INFO] [stdout] test metrics::release_identity_tests::explicit_metrics_enable_requires_a_non_disabled_final_exporter ... ok
[INFO] [stdout] test metrics::release_identity_tests::rejects_noncanonical_commit_forms ... ok
[INFO] [stdout] test metrics::remoting::tests::noop_request_metrics_guard_accepts_each_terminal_outcome_once ... ok
[INFO] [stdout] test metrics::runtime::tests::lifecycle_labels_are_bounded_enums ... ok
[INFO] [stdout] test resource::tests::includes_core_resource_attributes ... ok
[INFO] [stdout] test metrics::resource::tests::noop_registration_accepts_bounded_snapshots ... ok
[INFO] [stdout] test metrics::rocksdb::runtime_tests::rocksdb_runtime_metrics_collector_counts_operations ... ok
[INFO] [stdout] test metrics::store::helper_tests::ha_transfer_recorders_are_safe_without_explicit_meter ... ok
[INFO] [stdout] test metrics::tiered_store::runtime_tests::tiered_store_runtime_metrics_count_local_events ... ok
[INFO] [stdout] test sampling::tests::fractional_ratio_is_evenly_spread ... ok
[INFO] [stdout] test propagation::tests::hash_map_properties_like_reads_and_writes_standard_headers ... ok
[INFO] [stdout] test resolver::tests::environment_reader_uses_supported_names_without_defaulting_absent_values ... ok
[INFO] [stdout] test statistics::statistics_brief::tests::statistics_brief_sample_updates_values_correctly ... ok
[INFO] [stdout] test statistics::statistics_brief::tests::statistics_brief_sample_updates_values_with_multiple_samples ... ok
[INFO] [stdout] test statistics::statistics_brief::tests::statistics_brief_tp999_returns_correct_value ... ok
[INFO] [stdout] test metrics::runtime::tests::source_has_no_process_global_meter_access ... ok
[INFO] [stdout] test metrics::store::helper_tests::delay_message_latency_from_timestamps_ignores_non_positive_latency ... ok
[INFO] [stdout] test metrics::store::helper_tests::delay_message_latency_from_timestamps_records_positive_latency ... ok
[INFO] [stdout] test statistics::statistics_item::tests::new_statistics_item_initializes_correctly ... ok
[INFO] [stdout] test runtime_diagnostics::tests::endpoint_config_rejects_implicit_non_loopback_plaintext ... ok
[INFO] [stdout] test statistics::statistics_item::tests::new_statistics_item_rejects_empty_item_names_without_panicking ... ok
[INFO] [stdout] test statistics::statistics_item::tests::snapshot_creates_correct_snapshot ... ok
[INFO] [stdout] test sampling::tests::full_sample_ratio_always_samples ... ok
[INFO] [stdout] test statistics::statistics_brief::tests::statistics_brief_initializes_correctly ... ok
[INFO] [stdout] test statistics::statistics_item::tests::all_zeros_returns_false_when_not_all_zeros ... ok
[INFO] [stdout] test statistics::statistics_item::tests::all_zeros_returns_true_when_all_zeros ... ok
[INFO] [stdout] test statistics::statistics_brief::tests::statistics_brief_get_tp_value_returns_correct_value ... ok
[INFO] [stdout] test statistics::statistics_item::tests::inc_items_updates_values_correctly ... ok
[INFO] [stdout] test sampling::tests::non_positive_or_invalid_ratio_never_samples ... ok
[INFO] [stdout] test statistics::statistics_manager::tests::cleanup_task_shutdown_awaits_operation_completion ... ok
[INFO] [stdout] test statistics::statistics_item::tests::subtract_rejects_mismatched_items_without_panicking ... ok
[INFO] [stdout] test runtime_diagnostics::tests::four_modes_with_noop_metrics_only_create_requested_endpoints ... ok
[INFO] [stdout] test runtime_diagnostics::tests::scoped_view_path_serves_the_v2_schema_and_leaves_v1_unchanged ... ok
[INFO] [stdout] test statistics::statistics_manager::tests::drop_aborts_idle_cleanup_task_and_releases_state ... ok
[INFO] [stdout] test statistics::statistics_item::tests::subtract_creates_correct_subtraction ... ok
[INFO] [stdout] test statistics::statistics_item::tests::set_interceptor_sets_interceptor_correctly ... ok
[INFO] [stdout] test statistics::statistics_item_formatter::tests::format_creates_correct_string ... ok
[INFO] [stdout] test statistics::statistics_item_formatter::tests::format_creates_correct_string_with_multiple_items ... ok
[INFO] [stdout] test statistics::statistics_manager::tests::new_with_task_group_parents_cleanup_task ... ok
[INFO] [stdout] test stats::moment_stats_item::tests::moment_stats_item_returns_correct_stats_name ... ok
[INFO] [stdout] test stats::moment_stats_item_set::tests::moment_stats_item_set_deletes_value_by_infix_key ... ok
[INFO] [stdout] test stats::moment_stats_item_set::tests::moment_stats_item_set_initializes_with_empty_table ... ok
[INFO] [stdout] test stats::moment_stats_item_set::tests::moment_stats_item_set_deletes_value_by_suffix_key ... ok
[INFO] [stdout] test stats::moment_stats_item::tests::moment_stats_item_returns_correct_stats_key ... ok
[INFO] [stdout] test stats::moment_stats_item_set::tests::moment_stats_item_set_sets_and_gets_value ... ok
[INFO] [stdout] test statistics::statistics_manager::tests::shutdown_stops_idle_cleanup_task ... ok
[INFO] [stdout] test stats::call_snapshot::tests::call_snapshot_initializes_correctly ... ok
[INFO] [stdout] test statistics::statistics_manager::tests::expired_items_are_collected_without_holding_remove_lock ... ok
[INFO] [stdout] test stats::moment_stats_item::tests::moment_stats_item_initializes_with_zero_value ... ok
[INFO] [stdout] test stats::moment_stats_item_set::tests::moment_stats_item_set_creates_and_returns_stats_item ... ok
[INFO] [stdout] test statistics::statistics_manager::tests::inc_rejects_empty_item_names_without_panicking ... ok
[INFO] [stdout] test stats::moment_stats_item_set::tests::moment_stats_item_set_with_task_group_is_parented ... ok
[INFO] [stdout] test stats::moment_stats_item_set::tests::moment_stats_item_set_returns_correct_stats_name ... ok
[INFO] [stdout] test stats::stats_item::tests::get_stats_data_in_day_returns_correct_snapshot ... ok
[INFO] [stdout] test stats::stats_item::tests::test_sampling_captures_current_values ... ok
[INFO] [stdout] test stats::stats_item::tests::get_stats_data_in_hour_returns_correct_snapshot ... ok
[INFO] [stdout] test stats::stats_item::tests::test_tps_and_avgpt_calculation ... ok
[INFO] [stdout] test stats::stats_item::tests::get_stats_data_in_minute_returns_correct_snapshot ... ok
[INFO] [stdout] test stats::stats_item::tests::test_increment_updates_value_and_times ... ok
[INFO] [stdout] test stats::stats_item::tests::stats_item_initializes_correctly ... ok
[INFO] [stdout] test stats::stats_item::tests::test_zero_times_avgpt_calculation ... ok
[INFO] [stdout] test stats::stats_snapshot::tests::stats_snapshot_initializes_correctly ... ok
[INFO] [stdout] test stats::stats_snapshot::tests::stats_snapshot_updates_times_correctly ... ok
[INFO] [stdout] test trace::client::tests::consumer_process_span_accepts_empty_batch_without_traces ... ok
[INFO] [stdout] test status::tests::endpoint_status_does_not_disclose_authority_or_credentials ... ok
[INFO] [stdout] test status::tests::global_disable_does_not_report_signal_initialization_or_export_health ... ok
[INFO] [stdout] test status::tests::unavailable_exporter_health_is_reported_honestly ... ok
[INFO] [stdout] test trace::tests::message_span_recording_policy_is_isolated_between_handles ... ok
[INFO] [stdout] test stats::stats_item::tests::compute_stats_data_returns_correct_snapshot ... ok
[INFO] [stdout] test trace::proxy::tests::proxy_spans_accept_only_bounded_contract_fields ... ok
[INFO] [stdout] test stats::stats_snapshot::tests::stats_snapshot_updates_avgpt_correctly ... ok
[INFO] [stdout] test trace::tests::disabled_trace_policy_records_no_message_fields ... ok
[INFO] [stdout] test stats::stats_snapshot::tests::stats_snapshot_updates_sum_correctly ... ok
[INFO] [stdout] test trace::tests::message_key_correlation_hash_is_stable_and_non_reversible_in_spans ... ok
[INFO] [stdout] test stats::stats_snapshot::tests::stats_snapshot_updates_tps_correctly ... ok
[INFO] [stdout] test runtime_diagnostics::tests::endpoint_requires_scope_and_observes_token_rotation ... ok
[INFO] [stdout] test stats::stats_item::tests::test_multi_threaded_increment_atomicity ... ok
[INFO] [stdout] test runtime_diagnostics::tests::caller_owned_sources_reach_http_and_outlive_the_listener_without_write_authority ... ok
[INFO] [stderr]      Running tests/architecture_guards.rs (/opt/rustwide/target/release/build/rocketmq-observability/a87fe9322b87e7b1/out/architecture_guards-a87fe9322b87e7b1)
[INFO] [stdout] test logging::tests::final_flush_remains_owned_after_its_observation_deadline ... ok
[INFO] [stdout] test stats::stats_item::tests::test_concurrent_read_write ... ok
[INFO] [stdout] 
[INFO] [stdout] test result: ok. 211 passed; 0 failed; 0 ignored; 0 measured; 0 filtered out; finished in 0.25s
[INFO] [stdout] 
[INFO] [stdout] 
[INFO] [stdout] running 26 tests
[INFO] [stdout] test build_scripts_do_not_inject_log_filter_defaults ... ok
[INFO] [stdout] test build_time_log_filter_detector_catches_known_patterns ... ok
[INFO] [stdout] test governed_entrypoints_do_not_bypass_the_shared_log_filter_resolver ... FAILED
[INFO] [stdout] test deployment_templates_share_canonical_observability_configuration_and_endpoint_resolution ... FAILED
[INFO] [stdout] test explicit_telemetry_capability_does_not_export_raw_sdk_or_unguarded_trace_paths ... FAILED
[INFO] [stdout] test helm_file_and_compatibility_modes_keep_effective_precedence ... FAILED
[INFO] [stdout] test governed_services_do_not_read_telemetry_environment_outside_the_shared_resolver ... ok
[INFO] [stdout] test metric_name_constants_are_declared_only_in_canonical_or_legacy_files ... ok
[INFO] [stdout] test observability_dependency_closure_excludes_deleted_facades_and_transport ... FAILED
[INFO] [stdout] test subscriber_installation_detector_catches_global_setters ... ok
[INFO] [stdout] test opentelemetry_exposure_detector_reports_public_items_only ... ok
[INFO] [stdout] test helm_defaults_keep_file_signal_selection_authoritative ... FAILED
[INFO] [stdout] test subscriber_installation_detector_catches_direct_fmt_init ... ok
[INFO] [stdout] test owner_finalization_reserves_its_telemetry_flush_allowance ... FAILED
[INFO] [stdout] test core_services_install_telemetry_before_business_lifecycle ... FAILED
[INFO] [stdout] test runtime_configuration_and_user_documentation_exclude_removed_flat_telemetry_keys ... FAILED
[INFO] [stdout] test business_crates_do_not_add_direct_opentelemetry_usage ... ok
[INFO] [stdout] test public_observability_apis_do_not_expose_opentelemetry_types ... FAILED
[INFO] [stdout] test subscriber_installation_detector_catches_imported_init_extension ... ok
[INFO] [stdout] test subscriber_installation_detector_catches_registry_and_bound_subscriber_init ... ok
[INFO] [stdout] test subscriber_installation_detector_ignores_construction_and_scoped_capture ... ok
[INFO] [stdout] test subscriber_installation_detector_does_not_let_scoped_capture_hide_global_init ... ok
[INFO] [stdout] test telemetry_environment_read_detector_catches_supported_direct_forms ... ok
[INFO] [stdout] test subscriber_installation_sites_are_tracked ... ok
[INFO] [stdout] test website_documents_each_services_actual_observability_features ... FAILED
[INFO] [stdout] test subscriber_installation_detector_ignores_unrelated_init_methods ... ok
[INFO] [stdout] 
[INFO] [stdout] failures:
[INFO] [stdout] 
[INFO] [stdout] ---- governed_entrypoints_do_not_bypass_the_shared_log_filter_resolver stdout ----
[INFO] [stdout] 
[INFO] [stdout] thread 'governed_entrypoints_do_not_bypass_the_shared_log_filter_resolver' (3128) panicked at tests/architecture_guards.rs:394:62:
[INFO] [stdout] failed to read /opt/rustwide/rocketmq-broker/src/bin/broker_bootstrap_server.rs: No such file or directory (os error 2)
[INFO] [stdout] stack backtrace:
[INFO] [stdout]    0:     0x5b22c68afd61 - <<std[617be2ca0a6fd877]::sys::backtrace::BacktraceLock>::print::DisplayBacktrace as core[a373ad73a504971]::fmt::Display>::fmt
[INFO] [stdout]    1:     0x5b22c68c55da - core[a373ad73a504971]::fmt::write
[INFO] [stdout]    2:     0x5b22c68b426c - <alloc[2e1b2a31b91974c5]::vec::Vec<u8> as core[a373ad73a504971]::io::write::Write>::write_fmt
[INFO] [stdout]    3:     0x5b22c688b716 - std[617be2ca0a6fd877]::panicking::default_hook::{closure#0}
[INFO] [stdout]    4:     0x5b22c68a7e89 - std[617be2ca0a6fd877]::panicking::default_hook
[INFO] [stdout]    5:     0x5b22c68439a0 - test[aada8e7e76ba119b]::test_main_inner::{closure#0}
[INFO] [stdout]    6:     0x5b22c68a8042 - std[617be2ca0a6fd877]::panicking::panic_with_hook
[INFO] [stdout]    7:     0x5b22c688b7c2 - std[617be2ca0a6fd877]::panicking::panic_handler::{closure#0}
[INFO] [stdout]    8:     0x5b22c68842a9 - std[617be2ca0a6fd877]::sys::backtrace::__rust_end_short_backtrace::<std[617be2ca0a6fd877]::panicking::panic_handler::{closure#0}, !>
[INFO] [stdout]    9:     0x5b22c688c3cd - __rustc[ea4f61d10b84890b]::rust_begin_unwind
[INFO] [stdout]   10:     0x5b22c68c5d0c - core[a373ad73a504971]::panicking::panic_fmt
[INFO] [stdout]   11:     0x5b22c67f1089 - architecture_guards[c03dd8fa9cfb2582]::governed_entrypoints_do_not_bypass_the_shared_log_filter_resolver::{closure#0}
[INFO] [stdout]   12:     0x5b22c67ff06b - <architecture_guards[c03dd8fa9cfb2582]::governed_entrypoints_do_not_bypass_the_shared_log_filter_resolver::{closure#0} as core[a373ad73a504971]::ops::function::FnOnce<()>>::call_once
[INFO] [stdout]   13:     0x5b22c6836deb - test[aada8e7e76ba119b]::__rust_begin_short_backtrace::<core[a373ad73a504971]::result::Result<(), alloc[2e1b2a31b91974c5]::string::String>, fn() -> core[a373ad73a504971]::result::Result<(), alloc[2e1b2a31b91974c5]::string::String>>
[INFO] [stdout]   14:     0x5b22c6843fc5 - test[aada8e7e76ba119b]::run_test::{closure#0}
[INFO] [stdout]   15:     0x5b22c683d8b4 - std[617be2ca0a6fd877]::sys::backtrace::__rust_begin_short_backtrace::<test[aada8e7e76ba119b]::run_test::{closure#1}, ()>
[INFO] [stdout]   16:     0x5b22c6847052 - <std[617be2ca0a6fd877]::thread::lifecycle::spawn_unchecked<test[aada8e7e76ba119b]::run_test::{closure#1}, ()>::{closure#1} as core[a373ad73a504971]::ops::function::FnOnce<()>>::call_once::{shim:vtable#0}
[INFO] [stdout]   17:     0x5b22c68af25f - <std[617be2ca0a6fd877]::sys::thread::unix::Thread>::new::thread_start
[INFO] [stdout]   18:     0x7f02ee3b5dfa - <unknown>
[INFO] [stdout]   19:     0x7f02ee4493d4 - clone
[INFO] [stdout]   20:                0x0 - <unknown>
[INFO] [stdout] 
[INFO] [stdout] ---- deployment_templates_share_canonical_observability_configuration_and_endpoint_resolution stdout ----
[INFO] [stdout] 
[INFO] [stdout] thread 'deployment_templates_share_canonical_observability_configuration_and_endpoint_resolution' (3126) panicked at tests/architecture_guards.rs:657:14:
[INFO] [stdout] Helm ConfigMap template should be readable: Os { code: 2, kind: NotFound, message: "No such file or directory" }
[INFO] [stdout] stack backtrace:
[INFO] [stdout]    0:     0x5b22c68afd61 - <<std[617be2ca0a6fd877]::sys::backtrace::BacktraceLock>::print::DisplayBacktrace as core[a373ad73a504971]::fmt::Display>::fmt
[INFO] [stdout]    1:     0x5b22c68c55da - core[a373ad73a504971]::fmt::write
[INFO] [stdout]    2:     0x5b22c68b426c - <alloc[2e1b2a31b91974c5]::vec::Vec<u8> as core[a373ad73a504971]::io::write::Write>::write_fmt
[INFO] [stdout]    3:     0x5b22c688b716 - std[617be2ca0a6fd877]::panicking::default_hook::{closure#0}
[INFO] [stdout]    4:     0x5b22c68a7e89 - std[617be2ca0a6fd877]::panicking::default_hook
[INFO] [stdout]    5:     0x5b22c68439a0 - test[aada8e7e76ba119b]::test_main_inner::{closure#0}
[INFO] [stdout]    6:     0x5b22c68a8042 - std[617be2ca0a6fd877]::panicking::panic_with_hook
[INFO] [stdout]    7:     0x5b22c688b7c2 - std[617be2ca0a6fd877]::panicking::panic_handler::{closure#0}
[INFO] [stdout]    8:     0x5b22c68842a9 - std[617be2ca0a6fd877]::sys::backtrace::__rust_end_short_backtrace::<std[617be2ca0a6fd877]::panicking::panic_handler::{closure#0}, !>
[INFO] [stdout]    9:     0x5b22c688c3cd - __rustc[ea4f61d10b84890b]::rust_begin_unwind
[INFO] [stdout]   10:     0x5b22c68c5d0c - core[a373ad73a504971]::panicking::panic_fmt
[INFO] [stdout]   11:     0x5b22c68c5ae2 - core[a373ad73a504971]::result::unwrap_failed
[INFO] [stdout]   12:     0x5b22c68051d4 - <architecture_guards[c03dd8fa9cfb2582]::deployment_templates_share_canonical_observability_configuration_and_endpoint_resolution::{closure#0} as core[a373ad73a504971]::ops::function::FnOnce<()>>::call_once
[INFO] [stdout]   13:     0x5b22c6836deb - test[aada8e7e76ba119b]::__rust_begin_short_backtrace::<core[a373ad73a504971]::result::Result<(), alloc[2e1b2a31b91974c5]::string::String>, fn() -> core[a373ad73a504971]::result::Result<(), alloc[2e1b2a31b91974c5]::string::String>>
[INFO] [stdout]   14:     0x5b22c6843fc5 - test[aada8e7e76ba119b]::run_test::{closure#0}
[INFO] [stdout]   15:     0x5b22c683d8b4 - std[617be2ca0a6fd877]::sys::backtrace::__rust_begin_short_backtrace::<test[aada8e7e76ba119b]::run_test::{closure#1}, ()>
[INFO] [stdout]   16:     0x5b22c6847052 - <std[617be2ca0a6fd877]::thread::lifecycle::spawn_unchecked<test[aada8e7e76ba119b]::run_test::{closure#1}, ()>::{closure#1} as core[a373ad73a504971]::ops::function::FnOnce<()>>::call_once::{shim:vtable#0}
[INFO] [stdout]   17:     0x5b22c68af25f - <std[617be2ca0a6fd877]::sys::thread::unix::Thread>::new::thread_start
[INFO] [stdout]   18:     0x7f02ee3b5dfa - <unknown>
[INFO] [stdout]   19:     0x7f02ee4493d4 - clone
[INFO] [stdout]   20:                0x0 - <unknown>
[INFO] [stdout] 
[INFO] [stdout] ---- explicit_telemetry_capability_does_not_export_raw_sdk_or_unguarded_trace_paths stdout ----
[INFO] [stdout] 
[INFO] [stdout] thread 'explicit_telemetry_capability_does_not_export_raw_sdk_or_unguarded_trace_paths' (3127) panicked at tests/architecture_guards.rs:1000:10:
[INFO] [stdout] telemetry handle source should be readable: Os { code: 2, kind: NotFound, message: "No such file or directory" }
[INFO] [stdout] stack backtrace:
[INFO] [stdout]    0:     0x5b22c68afd61 - <<std[617be2ca0a6fd877]::sys::backtrace::BacktraceLock>::print::DisplayBacktrace as core[a373ad73a504971]::fmt::Display>::fmt
[INFO] [stdout]    1:     0x5b22c68c55da - core[a373ad73a504971]::fmt::write
[INFO] [stdout]    2:     0x5b22c68b426c - <alloc[2e1b2a31b91974c5]::vec::Vec<u8> as core[a373ad73a504971]::io::write::Write>::write_fmt
[INFO] [stdout]    3:     0x5b22c688b716 - std[617be2ca0a6fd877]::panicking::default_hook::{closure#0}
[INFO] [stdout]    4:     0x5b22c68a7e89 - std[617be2ca0a6fd877]::panicking::default_hook
[INFO] [stdout]    5:     0x5b22c68439a0 - test[aada8e7e76ba119b]::test_main_inner::{closure#0}
[INFO] [stdout]    6:     0x5b22c68a8042 - std[617be2ca0a6fd877]::panicking::panic_with_hook
[INFO] [stdout]    7:     0x5b22c688b7c2 - std[617be2ca0a6fd877]::panicking::panic_handler::{closure#0}
[INFO] [stdout]    8:     0x5b22c68842a9 - std[617be2ca0a6fd877]::sys::backtrace::__rust_end_short_backtrace::<std[617be2ca0a6fd877]::panicking::panic_handler::{closure#0}, !>
[INFO] [stdout]    9:     0x5b22c688c3cd - __rustc[ea4f61d10b84890b]::rust_begin_unwind
[INFO] [stdout]   10:     0x5b22c68c5d0c - core[a373ad73a504971]::panicking::panic_fmt
[INFO] [stdout]   11:     0x5b22c68c5ae2 - core[a373ad73a504971]::result::unwrap_failed
[INFO] [stdout]   12:     0x5b22c6802a94 - <architecture_guards[c03dd8fa9cfb2582]::explicit_telemetry_capability_does_not_export_raw_sdk_or_unguarded_trace_paths::{closure#0} as core[a373ad73a504971]::ops::function::FnOnce<()>>::call_once
[INFO] [stdout]   13:     0x5b22c6836deb - test[aada8e7e76ba119b]::__rust_begin_short_backtrace::<core[a373ad73a504971]::result::Result<(), alloc[2e1b2a31b91974c5]::string::String>, fn() -> core[a373ad73a504971]::result::Result<(), alloc[2e1b2a31b91974c5]::string::String>>
[INFO] [stdout]   14:     0x5b22c6843fc5 - test[aada8e7e76ba119b]::run_test::{closure#0}
[INFO] [stdout]   15:     0x5b22c683d8b4 - std[617be2ca0a6fd877]::sys::backtrace::__rust_begin_short_backtrace::<test[aada8e7e76ba119b]::run_test::{closure#1}, ()>
[INFO] [stdout]   16:     0x5b22c6847052 - <std[617be2ca0a6fd877]::thread::lifecycle::spawn_unchecked<test[aada8e7e76ba119b]::run_test::{closure#1}, ()>::{closure#1} as core[a373ad73a504971]::ops::function::FnOnce<()>>::call_once::{shim:vtable#0}
[INFO] [stdout]   17:     0x5b22c68af25f - <std[617be2ca0a6fd877]::sys::thread::unix::Thread>::new::thread_start
[INFO] [stdout]   18:     0x7f02ee3b5dfa - <unknown>
[INFO] [stdout]   19:     0x7f02ee4493d4 - clone
[INFO] [stdout]   20:                0x0 - <unknown>
[INFO] [stdout] 
[INFO] [stdout] ---- helm_file_and_compatibility_modes_keep_effective_precedence stdout ----
[INFO] [stdout] 
[INFO] [stdout] thread 'helm_file_and_compatibility_modes_keep_effective_precedence' (3131) panicked at tests/architecture_guards.rs:553:14:
[INFO] [stdout] Helm values schema should be readable: Os { code: 2, kind: NotFound, message: "No such file or directory" }
[INFO] [stdout] stack backtrace:
[INFO] [stdout]    0:     0x5b22c68afd61 - <<std[617be2ca0a6fd877]::sys::backtrace::BacktraceLock>::print::DisplayBacktrace as core[a373ad73a504971]::fmt::Display>::fmt
[INFO] [stdout]    1:     0x5b22c68c55da - core[a373ad73a504971]::fmt::write
[INFO] [stdout]    2:     0x5b22c68b426c - <alloc[2e1b2a31b91974c5]::vec::Vec<u8> as core[a373ad73a504971]::io::write::Write>::write_fmt
[INFO] [stdout]    3:     0x5b22c688b716 - std[617be2ca0a6fd877]::panicking::default_hook::{closure#0}
[INFO] [stdout]    4:     0x5b22c68a7e89 - std[617be2ca0a6fd877]::panicking::default_hook
[INFO] [stdout]    5:     0x5b22c68439a0 - test[aada8e7e76ba119b]::test_main_inner::{closure#0}
[INFO] [stdout]    6:     0x5b22c68a8042 - std[617be2ca0a6fd877]::panicking::panic_with_hook
[INFO] [stdout]    7:     0x5b22c688b7c2 - std[617be2ca0a6fd877]::panicking::panic_handler::{closure#0}
[INFO] [stdout]    8:     0x5b22c68842a9 - std[617be2ca0a6fd877]::sys::backtrace::__rust_end_short_backtrace::<std[617be2ca0a6fd877]::panicking::panic_handler::{closure#0}, !>
[INFO] [stdout]    9:     0x5b22c688c3cd - __rustc[ea4f61d10b84890b]::rust_begin_unwind
[INFO] [stdout]   10:     0x5b22c68c5d0c - core[a373ad73a504971]::panicking::panic_fmt
[INFO] [stdout]   11:     0x5b22c68c5ae2 - core[a373ad73a504971]::result::unwrap_failed
[INFO] [stdout]   12:     0x5b22c67fc971 - <architecture_guards[c03dd8fa9cfb2582]::helm_file_and_compatibility_modes_keep_effective_precedence::{closure#0} as core[a373ad73a504971]::ops::function::FnOnce<()>>::call_once
[INFO] [stdout]   13:     0x5b22c6836deb - test[aada8e7e76ba119b]::__rust_begin_short_backtrace::<core[a373ad73a504971]::result::Result<(), alloc[2e1b2a31b91974c5]::string::String>, fn() -> core[a373ad73a504971]::result::Result<(), alloc[2e1b2a31b91974c5]::string::String>>
[INFO] [stdout]   14:     0x5b22c6843fc5 - test[aada8e7e76ba119b]::run_test::{closure#0}
[INFO] [stdout]   15:     0x5b22c683d8b4 - std[617be2ca0a6fd877]::sys::backtrace::__rust_begin_short_backtrace::<test[aada8e7e76ba119b]::run_test::{closure#1}, ()>
[INFO] [stdout]   16:     0x5b22c6847052 - <std[617be2ca0a6fd877]::thread::lifecycle::spawn_unchecked<test[aada8e7e76ba119b]::run_test::{closure#1}, ()>::{closure#1} as core[a373ad73a504971]::ops::function::FnOnce<()>>::call_once::{shim:vtable#0}
[INFO] [stdout]   17:     0x5b22c68af25f - <std[617be2ca0a6fd877]::sys::thread::unix::Thread>::new::thread_start
[INFO] [stdout]   18:     0x7f02ee3b5dfa - <unknown>
[INFO] [stdout]   19:     0x7f02ee4493d4 - clone
[INFO] [stdout]   20:                0x0 - <unknown>
[INFO] [stdout] 
[INFO] [stdout] ---- observability_dependency_closure_excludes_deleted_facades_and_transport stdout ----
[INFO] [stdout] 
[INFO] [stdout] thread 'observability_dependency_closure_excludes_deleted_facades_and_transport' (3133) panicked at tests/architecture_guards.rs:246:10:
[INFO] [stdout] observability manifest should be readable: Os { code: 2, kind: NotFound, message: "No such file or directory" }
[INFO] [stdout] stack backtrace:
[INFO] [stdout]    0:     0x5b22c68afd61 - <<std[617be2ca0a6fd877]::sys::backtrace::BacktraceLock>::print::DisplayBacktrace as core[a373ad73a504971]::fmt::Display>::fmt
[INFO] [stdout]    1:     0x5b22c68c55da - core[a373ad73a504971]::fmt::write
[INFO] [stdout]    2:     0x5b22c68b426c - <alloc[2e1b2a31b91974c5]::vec::Vec<u8> as core[a373ad73a504971]::io::write::Write>::write_fmt
[INFO] [stdout]    3:     0x5b22c688b716 - std[617be2ca0a6fd877]::panicking::default_hook::{closure#0}
[INFO] [stdout]    4:     0x5b22c68a7e89 - std[617be2ca0a6fd877]::panicking::default_hook
[INFO] [stdout]    5:     0x5b22c68439a0 - test[aada8e7e76ba119b]::test_main_inner::{closure#0}
[INFO] [stdout]    6:     0x5b22c68a8042 - std[617be2ca0a6fd877]::panicking::panic_with_hook
[INFO] [stdout]    7:     0x5b22c688b7c2 - std[617be2ca0a6fd877]::panicking::panic_handler::{closure#0}
[INFO] [stdout]    8:     0x5b22c68842a9 - std[617be2ca0a6fd877]::sys::backtrace::__rust_end_short_backtrace::<std[617be2ca0a6fd877]::panicking::panic_handler::{closure#0}, !>
[INFO] [stdout]    9:     0x5b22c688c3cd - __rustc[ea4f61d10b84890b]::rust_begin_unwind
[INFO] [stdout]   10:     0x5b22c68c5d0c - core[a373ad73a504971]::panicking::panic_fmt
[INFO] [stdout]   11:     0x5b22c68c5ae2 - core[a373ad73a504971]::result::unwrap_failed
[INFO] [stdout]   12:     0x5b22c6801337 - <architecture_guards[c03dd8fa9cfb2582]::observability_dependency_closure_excludes_deleted_facades_and_transport::{closure#0} as core[a373ad73a504971]::ops::function::FnOnce<()>>::call_once
[INFO] [stdout]   13:     0x5b22c6836deb - test[aada8e7e76ba119b]::__rust_begin_short_backtrace::<core[a373ad73a504971]::result::Result<(), alloc[2e1b2a31b91974c5]::string::String>, fn() -> core[a373ad73a504971]::result::Result<(), alloc[2e1b2a31b91974c5]::string::String>>
[INFO] [stdout]   14:     0x5b22c6843fc5 - test[aada8e7e76ba119b]::run_test::{closure#0}
[INFO] [stdout]   15:     0x5b22c683d8b4 - std[617be2ca0a6fd877]::sys::backtrace::__rust_begin_short_backtrace::<test[aada8e7e76ba119b]::run_test::{closure#1}, ()>
[INFO] [stdout]   16:     0x5b22c6847052 - <std[617be2ca0a6fd877]::thread::lifecycle::spawn_unchecked<test[aada8e7e76ba119b]::run_test::{closure#1}, ()>::{closure#1} as core[a373ad73a504971]::ops::function::FnOnce<()>>::call_once::{shim:vtable#0}
[INFO] [stdout]   17:     0x5b22c68af25f - <std[617be2ca0a6fd877]::sys::thread::unix::Thread>::new::thread_start
[INFO] [stdout]   18:     0x7f02ee3b5dfa - <unknown>
[INFO] [stdout]   19:     0x7f02ee4493d4 - clone
[INFO] [stdout]   20:                0x0 - <unknown>
[INFO] [stdout] 
[INFO] [stdout] ---- helm_defaults_keep_file_signal_selection_authoritative stdout ----
[INFO] [stdout] 
[INFO] [stdout] thread 'helm_defaults_keep_file_signal_selection_authoritative' (3130) panicked at tests/architecture_guards.rs:522:10:
[INFO] [stdout] Helm values should be readable: Os { code: 2, kind: NotFound, message: "No such file or directory" }
[INFO] [stdout] stack backtrace:
[INFO] [stdout]    0:     0x5b22c68afd61 - <<std[617be2ca0a6fd877]::sys::backtrace::BacktraceLock>::print::DisplayBacktrace as core[a373ad73a504971]::fmt::Display>::fmt
[INFO] [stdout]    1:     0x5b22c68c55da - core[a373ad73a504971]::fmt::write
[INFO] [stdout]    2:     0x5b22c68b426c - <alloc[2e1b2a31b91974c5]::vec::Vec<u8> as core[a373ad73a504971]::io::write::Write>::write_fmt
[INFO] [stdout]    3:     0x5b22c688b716 - std[617be2ca0a6fd877]::panicking::default_hook::{closure#0}
[INFO] [stdout]    4:     0x5b22c68a7e89 - std[617be2ca0a6fd877]::panicking::default_hook
[INFO] [stdout]    5:     0x5b22c68439a0 - test[aada8e7e76ba119b]::test_main_inner::{closure#0}
[INFO] [stdout]    6:     0x5b22c68a8042 - std[617be2ca0a6fd877]::panicking::panic_with_hook
[INFO] [stdout]    7:     0x5b22c688b7c2 - std[617be2ca0a6fd877]::panicking::panic_handler::{closure#0}
[INFO] [stdout]    8:     0x5b22c68842a9 - std[617be2ca0a6fd877]::sys::backtrace::__rust_end_short_backtrace::<std[617be2ca0a6fd877]::panicking::panic_handler::{closure#0}, !>
[INFO] [stdout]    9:     0x5b22c688c3cd - __rustc[ea4f61d10b84890b]::rust_begin_unwind
[INFO] [stdout]   10:     0x5b22c68c5d0c - core[a373ad73a504971]::panicking::panic_fmt
[INFO] [stdout]   11:     0x5b22c68c5ae2 - core[a373ad73a504971]::result::unwrap_failed
[INFO] [stdout]   12:     0x5b22c67fa066 - <architecture_guards[c03dd8fa9cfb2582]::helm_defaults_keep_file_signal_selection_authoritative::{closure#0} as core[a373ad73a504971]::ops::function::FnOnce<()>>::call_once
[INFO] [stdout]   13:     0x5b22c6836deb - test[aada8e7e76ba119b]::__rust_begin_short_backtrace::<core[a373ad73a504971]::result::Result<(), alloc[2e1b2a31b91974c5]::string::String>, fn() -> core[a373ad73a504971]::result::Result<(), alloc[2e1b2a31b91974c5]::string::String>>
[INFO] [stdout]   14:     0x5b22c6843fc5 - test[aada8e7e76ba119b]::run_test::{closure#0}
[INFO] [stdout]   15:     0x5b22c683d8b4 - std[617be2ca0a6fd877]::sys::backtrace::__rust_begin_short_backtrace::<test[aada8e7e76ba119b]::run_test::{closure#1}, ()>
[INFO] [stdout]   16:     0x5b22c6847052 - <std[617be2ca0a6fd877]::thread::lifecycle::spawn_unchecked<test[aada8e7e76ba119b]::run_test::{closure#1}, ()>::{closure#1} as core[a373ad73a504971]::ops::function::FnOnce<()>>::call_once::{shim:vtable#0}
[INFO] [stdout]   17:     0x5b22c68af25f - <std[617be2ca0a6fd877]::sys::thread::unix::Thread>::new::thread_start
[INFO] [stdout]   18:     0x7f02ee3b5dfa - <unknown>
[INFO] [stdout]   19:     0x7f02ee4493d4 - clone
[INFO] [stdout]   20:                0x0 - <unknown>
[INFO] [stdout] 
[INFO] [stdout] ---- owner_finalization_reserves_its_telemetry_flush_allowance stdout ----
[INFO] [stdout] 
[INFO] [stdout] thread 'owner_finalization_reserves_its_telemetry_flush_allowance' (3135) panicked at tests/architecture_guards.rs:947:62:
[INFO] [stdout] failed to read /opt/rustwide/rocketmq-broker/src/broker_runtime/lifecycle.rs: No such file or directory (os error 2)
[INFO] [stdout] stack backtrace:
[INFO] [stdout]    0:     0x5b22c68afd61 - <<std[617be2ca0a6fd877]::sys::backtrace::BacktraceLock>::print::DisplayBacktrace as core[a373ad73a504971]::fmt::Display>::fmt
[INFO] [stdout]    1:     0x5b22c68c55da - core[a373ad73a504971]::fmt::write
[INFO] [stdout]    2:     0x5b22c68b426c - <alloc[2e1b2a31b91974c5]::vec::Vec<u8> as core[a373ad73a504971]::io::write::Write>::write_fmt
[INFO] [stdout]    3:     0x5b22c688b716 - std[617be2ca0a6fd877]::panicking::default_hook::{closure#0}
[INFO] [stdout]    4:     0x5b22c68a7e89 - std[617be2ca0a6fd877]::panicking::default_hook
[INFO] [stdout]    5:     0x5b22c68439a0 - test[aada8e7e76ba119b]::test_main_inner::{closure#0}
[INFO] [stdout]    6:     0x5b22c68a8042 - std[617be2ca0a6fd877]::panicking::panic_with_hook
[INFO] [stdout]    7:     0x5b22c688b7c2 - std[617be2ca0a6fd877]::panicking::panic_handler::{closure#0}
[INFO] [stdout]    8:     0x5b22c68842a9 - std[617be2ca0a6fd877]::sys::backtrace::__rust_end_short_backtrace::<std[617be2ca0a6fd877]::panicking::panic_handler::{closure#0}, !>
[INFO] [stdout]    9:     0x5b22c688c3cd - __rustc[ea4f61d10b84890b]::rust_begin_unwind
[INFO] [stdout]   10:     0x5b22c68c5d0c - core[a373ad73a504971]::panicking::panic_fmt
[INFO] [stdout]   11:     0x5b22c67f0eb9 - architecture_guards[c03dd8fa9cfb2582]::owner_finalization_reserves_its_telemetry_flush_allowance::{closure#0}
[INFO] [stdout]   12:     0x5b22c67fb437 - <architecture_guards[c03dd8fa9cfb2582]::owner_finalization_reserves_its_telemetry_flush_allowance::{closure#0} as core[a373ad73a504971]::ops::function::FnOnce<()>>::call_once
[INFO] [stdout]   13:     0x5b22c6836deb - test[aada8e7e76ba119b]::__rust_begin_short_backtrace::<core[a373ad73a504971]::result::Result<(), alloc[2e1b2a31b91974c5]::string::String>, fn() -> core[a373ad73a504971]::result::Result<(), alloc[2e1b2a31b91974c5]::string::String>>
[INFO] [stdout]   14:     0x5b22c6843fc5 - test[aada8e7e76ba119b]::run_test::{closure#0}
[INFO] [stdout]   15:     0x5b22c683d8b4 - std[617be2ca0a6fd877]::sys::backtrace::__rust_begin_short_backtrace::<test[aada8e7e76ba119b]::run_test::{closure#1}, ()>
[INFO] [stdout]   16:     0x5b22c6847052 - <std[617be2ca0a6fd877]::thread::lifecycle::spawn_unchecked<test[aada8e7e76ba119b]::run_test::{closure#1}, ()>::{closure#1} as core[a373ad73a504971]::ops::function::FnOnce<()>>::call_once::{shim:vtable#0}
[INFO] [stdout]   17:     0x5b22c68af25f - <std[617be2ca0a6fd877]::sys::thread::unix::Thread>::new::thread_start
[INFO] [stdout]   18:     0x7f02ee3b5dfa - <unknown>
[INFO] [stdout]   19:     0x7f02ee4493d4 - clone
[INFO] [stdout]   20:                0x0 - <unknown>
[INFO] [stdout] 
[INFO] [stdout] ---- core_services_install_telemetry_before_business_lifecycle stdout ----
[INFO] [stdout] 
[INFO] [stdout] thread 'core_services_install_telemetry_before_business_lifecycle' (3125) panicked at tests/architecture_guards.rs:870:62:
[INFO] [stdout] failed to read /opt/rustwide/rocketmq-broker/src/bin/broker_bootstrap_server.rs: No such file or directory (os error 2)
[INFO] [stdout] stack backtrace:
[INFO] [stdout]    0:     0x5b22c68afd61 - <<std[617be2ca0a6fd877]::sys::backtrace::BacktraceLock>::print::DisplayBacktrace as core[a373ad73a504971]::fmt::Display>::fmt
[INFO] [stdout]    1:     0x5b22c68c55da - core[a373ad73a504971]::fmt::write
[INFO] [stdout]    2:     0x5b22c68b426c - <alloc[2e1b2a31b91974c5]::vec::Vec<u8> as core[a373ad73a504971]::io::write::Write>::write_fmt
[INFO] [stdout]    3:     0x5b22c688b716 - std[617be2ca0a6fd877]::panicking::default_hook::{closure#0}
[INFO] [stdout]    4:     0x5b22c68a7e89 - std[617be2ca0a6fd877]::panicking::default_hook
[INFO] [stdout]    5:     0x5b22c68439a0 - test[aada8e7e76ba119b]::test_main_inner::{closure#0}
[INFO] [stdout]    6:     0x5b22c68a8042 - std[617be2ca0a6fd877]::panicking::panic_with_hook
[INFO] [stdout]    7:     0x5b22c688b7c2 - std[617be2ca0a6fd877]::panicking::panic_handler::{closure#0}
[INFO] [stdout]    8:     0x5b22c68842a9 - std[617be2ca0a6fd877]::sys::backtrace::__rust_end_short_backtrace::<std[617be2ca0a6fd877]::panicking::panic_handler::{closure#0}, !>
[INFO] [stdout]    9:     0x5b22c688c3cd - __rustc[ea4f61d10b84890b]::rust_begin_unwind
[INFO] [stdout]   10:     0x5b22c68c5d0c - core[a373ad73a504971]::panicking::panic_fmt
[INFO] [stdout]   11:     0x5b22c67f0e19 - architecture_guards[c03dd8fa9cfb2582]::core_services_install_telemetry_before_business_lifecycle::{closure#0}
[INFO] [stdout]   12:     0x5b22c67fab93 - <architecture_guards[c03dd8fa9cfb2582]::core_services_install_telemetry_before_business_lifecycle::{closure#0} as core[a373ad73a504971]::ops::function::FnOnce<()>>::call_once
[INFO] [stdout]   13:     0x5b22c6836deb - test[aada8e7e76ba119b]::__rust_begin_short_backtrace::<core[a373ad73a504971]::result::Result<(), alloc[2e1b2a31b91974c5]::string::String>, fn() -> core[a373ad73a504971]::result::Result<(), alloc[2e1b2a31b91974c5]::string::String>>
[INFO] [stdout]   14:     0x5b22c6843fc5 - test[aada8e7e76ba119b]::run_test::{closure#0}
[INFO] [stdout]   15:     0x5b22c683d8b4 - std[617be2ca0a6fd877]::sys::backtrace::__rust_begin_short_backtrace::<test[aada8e7e76ba119b]::run_test::{closure#1}, ()>
[INFO] [stdout]   16:     0x5b22c6847052 - <std[617be2ca0a6fd877]::thread::lifecycle::spawn_unchecked<test[aada8e7e76ba119b]::run_test::{closure#1}, ()>::{closure#1} as core[a373ad73a504971]::ops::function::FnOnce<()>>::call_once::{shim:vtable#0}
[INFO] [stdout]   17:     0x5b22c68af25f - <std[617be2ca0a6fd877]::sys::thread::unix::Thread>::new::thread_start
[INFO] [stdout]   18:     0x7f02ee3b5dfa - <unknown>
[INFO] [stdout]   19:     0x7f02ee4493d4 - clone
[INFO] [stdout]   20:                0x0 - <unknown>
[INFO] [stdout] 
[INFO] [stdout] ---- runtime_configuration_and_user_documentation_exclude_removed_flat_telemetry_keys stdout ----
[INFO] [stdout] 
[INFO] [stdout] thread 'runtime_configuration_and_user_documentation_exclude_removed_flat_telemetry_keys' (3137) panicked at tests/architecture_guards.rs:734:66:
[INFO] [stdout] failed to read /opt/rustwide/distribution/helm/rocketmq-rust/templates: No such file or directory (os error 2)
[INFO] [stdout] stack backtrace:
[INFO] [stdout]    0:     0x5b22c68afd61 - <<std[617be2ca0a6fd877]::sys::backtrace::BacktraceLock>::print::DisplayBacktrace as core[a373ad73a504971]::fmt::Display>::fmt
[INFO] [stdout]    1:     0x5b22c68c55da - core[a373ad73a504971]::fmt::write
[INFO] [stdout]    2:     0x5b22c68b426c - <alloc[2e1b2a31b91974c5]::vec::Vec<u8> as core[a373ad73a504971]::io::write::Write>::write_fmt
[INFO] [stdout]    3:     0x5b22c688b716 - std[617be2ca0a6fd877]::panicking::default_hook::{closure#0}
[INFO] [stdout]    4:     0x5b22c68a7e89 - std[617be2ca0a6fd877]::panicking::default_hook
[INFO] [stdout]    5:     0x5b22c68439a0 - test[aada8e7e76ba119b]::test_main_inner::{closure#0}
[INFO] [stdout]    6:     0x5b22c68a8042 - std[617be2ca0a6fd877]::panicking::panic_with_hook
[INFO] [stdout]    7:     0x5b22c688b7c2 - std[617be2ca0a6fd877]::panicking::panic_handler::{closure#0}
[INFO] [stdout]    8:     0x5b22c68842a9 - std[617be2ca0a6fd877]::sys::backtrace::__rust_end_short_backtrace::<std[617be2ca0a6fd877]::panicking::panic_handler::{closure#0}, !>
[INFO] [stdout]    9:     0x5b22c688c3cd - __rustc[ea4f61d10b84890b]::rust_begin_unwind
[INFO] [stdout]   10:     0x5b22c68c5d0c - core[a373ad73a504971]::panicking::panic_fmt
[INFO] [stdout]   11:     0x5b22c68042e6 - <architecture_guards[c03dd8fa9cfb2582]::runtime_configuration_and_user_documentation_exclude_removed_flat_telemetry_keys::{closure#0} as core[a373ad73a504971]::ops::function::FnOnce<()>>::call_once
[INFO] [stdout]   12:     0x5b22c6836deb - test[aada8e7e76ba119b]::__rust_begin_short_backtrace::<core[a373ad73a504971]::result::Result<(), alloc[2e1b2a31b91974c5]::string::String>, fn() -> core[a373ad73a504971]::result::Result<(), alloc[2e1b2a31b91974c5]::string::String>>
[INFO] [stdout]   13:     0x5b22c6843fc5 - test[aada8e7e76ba119b]::run_test::{closure#0}
[INFO] [stdout]   14:     0x5b22c683d8b4 - std[617be2ca0a6fd877]::sys::backtrace::__rust_begin_short_backtrace::<test[aada8e7e76ba119b]::run_test::{closure#1}, ()>
[INFO] [stdout]   15:     0x5b22c6847052 - <std[617be2ca0a6fd877]::thread::lifecycle::spawn_unchecked<test[aada8e7e76ba119b]::run_test::{closure#1}, ()>::{closure#1} as core[a373ad73a504971]::ops::function::FnOnce<()>>::call_once::{shim:vtable#0}
[INFO] [stdout]   16:     0x5b22c68af25f - <std[617be2ca0a6fd877]::sys::thread::unix::Thread>::new::thread_start
[INFO] [stdout]   17:     0x7f02ee3b5dfa - <unknown>
[INFO] [stdout]   18:     0x7f02ee4493d4 - clone
[INFO] [stdout]   19:                0x0 - <unknown>
[INFO] [stdout] 
[INFO] [stdout] ---- public_observability_apis_do_not_expose_opentelemetry_types stdout ----
[INFO] [stdout] 
[INFO] [stdout] thread 'public_observability_apis_do_not_expose_opentelemetry_types' (3136) panicked at tests/architecture_guards.rs:1189:50:
[INFO] [stdout] failed to read directory /opt/rustwide/rocketmq-observability/src: No such file or directory (os error 2)
[INFO] [stdout] stack backtrace:
[INFO] [stdout]    0:     0x5b22c68afd61 - <<std[617be2ca0a6fd877]::sys::backtrace::BacktraceLock>::print::DisplayBacktrace as core[a373ad73a504971]::fmt::Display>::fmt
[INFO] [stdout]    1:     0x5b22c68c55da - core[a373ad73a504971]::fmt::write
[INFO] [stdout]    2:     0x5b22c68b426c - <alloc[2e1b2a31b91974c5]::vec::Vec<u8> as core[a373ad73a504971]::io::write::Write>::write_fmt
[INFO] [stdout]    3:     0x5b22c688b716 - std[617be2ca0a6fd877]::panicking::default_hook::{closure#0}
[INFO] [stdout]    4:     0x5b22c68a7e89 - std[617be2ca0a6fd877]::panicking::default_hook
[INFO] [stdout]    5:     0x5b22c68439a0 - test[aada8e7e76ba119b]::test_main_inner::{closure#0}
[INFO] [stdout]    6:     0x5b22c68a8042 - std[617be2ca0a6fd877]::panicking::panic_with_hook
[INFO] [stdout]    7:     0x5b22c688b7c2 - std[617be2ca0a6fd877]::panicking::panic_handler::{closure#0}
[INFO] [stdout]    8:     0x5b22c68842a9 - std[617be2ca0a6fd877]::sys::backtrace::__rust_end_short_backtrace::<std[617be2ca0a6fd877]::panicking::panic_handler::{closure#0}, !>
[INFO] [stdout]    9:     0x5b22c688c3cd - __rustc[ea4f61d10b84890b]::rust_begin_unwind
[INFO] [stdout]   10:     0x5b22c68c5d0c - core[a373ad73a504971]::panicking::panic_fmt
[INFO] [stdout]   11:     0x5b22c67f09b9 - architecture_guards[c03dd8fa9cfb2582]::collect_rs_files::{closure#0}
[INFO] [stdout]   12:     0x5b22c67f193a - architecture_guards[c03dd8fa9cfb2582]::collect_rs_files
[INFO] [stdout]   13:     0x5b22c67fd027 - <architecture_guards[c03dd8fa9cfb2582]::public_observability_apis_do_not_expose_opentelemetry_types::{closure#0} as core[a373ad73a504971]::ops::function::FnOnce<()>>::call_once
[INFO] [stdout]   14:     0x5b22c6836deb - test[aada8e7e76ba119b]::__rust_begin_short_backtrace::<core[a373ad73a504971]::result::Result<(), alloc[2e1b2a31b91974c5]::string::String>, fn() -> core[a373ad73a504971]::result::Result<(), alloc[2e1b2a31b91974c5]::string::String>>
[INFO] [stdout]   15:     0x5b22c6843fc5 - test[aada8e7e76ba119b]::run_test::{closure#0}
[INFO] [stdout]   16:     0x5b22c683d8b4 - std[617be2ca0a6fd877]::sys::backtrace::__rust_begin_short_backtrace::<test[aada8e7e76ba119b]::run_test::{closure#1}, ()>
[INFO] [stdout]   17:     0x5b22c6847052 - <std[617be2ca0a6fd877]::thread::lifecycle::spawn_unchecked<test[aada8e7e76ba119b]::run_test::{closure#1}, ()>::{closure#1} as core[a373ad73a504971]::ops::function::FnOnce<()>>::call_once::{shim:vtable#0}
[INFO] [stdout]   18:     0x5b22c68af25f - <std[617be2ca0a6fd877]::sys::thread::unix::Thread>::new::thread_start
[INFO] [stdout]   19:     0x7f02ee3b5dfa - <unknown>
[INFO] [stdout]   20:     0x7f02ee4493d4 - clone
[INFO] [stdout]   21:                0x0 - <unknown>
[INFO] [stdout] 
[INFO] [stdout] ---- website_documents_each_services_actual_observability_features stdout ----
[INFO] [stdout] 
[INFO] [stdout] thread 'website_documents_each_services_actual_observability_features' (3147) panicked at tests/architecture_guards.rs:755:10:
[INFO] [stdout] English observability guide should be readable: Os { code: 2, kind: NotFound, message: "No such file or directory" }
[INFO] [stdout] stack backtrace:
[INFO] [stdout]    0:     0x5b22c68afd61 - <<std[617be2ca0a6fd877]::sys::backtrace::BacktraceLock>::print::DisplayBacktrace as core[a373ad73a504971]::fmt::Display>::fmt
[INFO] [stdout]    1:     0x5b22c68c55da - core[a373ad73a504971]::fmt::write
[INFO] [stdout]    2:     0x5b22c68b426c - <alloc[2e1b2a31b91974c5]::vec::Vec<u8> as core[a373ad73a504971]::io::write::Write>::write_fmt
[INFO] [stdout]    3:     0x5b22c688b716 - std[617be2ca0a6fd877]::panicking::default_hook::{closure#0}
[INFO] [stdout]    4:     0x5b22c68a7e89 - std[617be2ca0a6fd877]::panicking::default_hook
[INFO] [stdout]    5:     0x5b22c68439a0 - test[aada8e7e76ba119b]::test_main_inner::{closure#0}
[INFO] [stdout]    6:     0x5b22c68a8042 - std[617be2ca0a6fd877]::panicking::panic_with_hook
[INFO] [stdout]    7:     0x5b22c688b7c2 - std[617be2ca0a6fd877]::panicking::panic_handler::{closure#0}
[INFO] [stdout]    8:     0x5b22c68842a9 - std[617be2ca0a6fd877]::sys::backtrace::__rust_end_short_backtrace::<std[617be2ca0a6fd877]::panicking::panic_handler::{closure#0}, !>
[INFO] [stdout]    9:     0x5b22c688c3cd - __rustc[ea4f61d10b84890b]::rust_begin_unwind
[INFO] [stdout]   10:     0x5b22c68c5d0c - core[a373ad73a504971]::panicking::panic_fmt
[INFO] [stdout]   11:     0x5b22c68c5ae2 - core[a373ad73a504971]::result::unwrap_failed
[INFO] [stdout]   12:     0x5b22c67fe94c - <architecture_guards[c03dd8fa9cfb2582]::website_documents_each_services_actual_observability_features::{closure#0} as core[a373ad73a504971]::ops::function::FnOnce<()>>::call_once
[INFO] [stdout]   13:     0x5b22c6836deb - test[aada8e7e76ba119b]::__rust_begin_short_backtrace::<core[a373ad73a504971]::result::Result<(), alloc[2e1b2a31b91974c5]::string::String>, fn() -> core[a373ad73a504971]::result::Result<(), alloc[2e1b2a31b91974c5]::string::String>>
[INFO] [stdout]   14:     0x5b22c6843fc5 - test[aada8e7e76ba119b]::run_test::{closure#0}
[INFO] [stdout]   15:     0x5b22c683d8b4 - std[617be2ca0a6fd877]::sys::backtrace::__rust_begin_short_backtrace::<test[aada8e7e76ba119b]::run_test::{closure#1}, ()>
[INFO] [stdout]   16:     0x5b22c6847052 - <std[617be2ca0a6fd877]::thread::lifecycle::spawn_unchecked<test[aada8e7e76ba119b]::run_test::{closure#1}, ()>::{closure#1} as core[a373ad73a504971]::ops::function::FnOnce<()>>::call_once::{shim:vtable#0}
[INFO] [stdout]   17:     0x5b22c68af25f - <std[617be2ca0a6fd877]::sys::thread::unix::Thread>::new::thread_start
[INFO] [stdout]   18:     0x7f02ee3b5dfa - <unknown>
[INFO] [stdout]   19:     0x7f02ee4493d4 - clone
[INFO] [stdout]   20:                0x0 - <unknown>
[INFO] [stdout] 
[INFO] [stdout] 
[INFO] [stdout] failures:
[INFO] [stdout]     core_services_install_telemetry_before_business_lifecycle
[INFO] [stdout]     deployment_templates_share_canonical_observability_configuration_and_endpoint_resolution
[INFO] [stdout]     explicit_telemetry_capability_does_not_export_raw_sdk_or_unguarded_trace_paths
[INFO] [stdout]     governed_entrypoints_do_not_bypass_the_shared_log_filter_resolver
[INFO] [stdout]     helm_defaults_keep_file_signal_selection_authoritative
[INFO] [stdout]     helm_file_and_compatibility_modes_keep_effective_precedence
[INFO] [stdout]     observability_dependency_closure_excludes_deleted_facades_and_transport
[INFO] [stdout]     owner_finalization_reserves_its_telemetry_flush_allowance
[INFO] [stdout]     public_observability_apis_do_not_expose_opentelemetry_types
[INFO] [stdout]     runtime_configuration_and_user_documentation_exclude_removed_flat_telemetry_keys
[INFO] [stdout]     website_documents_each_services_actual_observability_features
[INFO] [stdout] 
[INFO] [stdout] test result: FAILED. 15 passed; 11 failed; 0 ignored; 0 measured; 0 filtered out; finished in 0.01s
[INFO] [stdout] 
[INFO] [stderr] error: test failed, to rerun pass `--test architecture_guards`
[INFO] running `Command { std: "docker" "inspect" "9afb4e925660e2a16a12241f300e49cbbb01671771b285c270cf27cbec0eb3e6", kill_on_drop: false }`
[INFO] running `Command { std: "docker" "rm" "-f" "9afb4e925660e2a16a12241f300e49cbbb01671771b285c270cf27cbec0eb3e6", kill_on_drop: false }`
[INFO] [stdout] 9afb4e925660e2a16a12241f300e49cbbb01671771b285c270cf27cbec0eb3e6
