[INFO] fetching crate restate-sdk 0.12.1...
[INFO] testing restate-sdk-0.12.1 against 1.100.0-beta.1+cargoflags=--release for beta-release-1.100-2
[INFO] extracting crate restate-sdk 0.12.1 into /workspace/builds/worker-6-tc2/source
[INFO] removed /workspace/builds/worker-6-tc2/source/rust-toolchain.toml
[INFO] started tweaking crates.io crate restate-sdk 0.12.1
[INFO] removed 0 missing examples
[INFO] removed 0 missing tests
[INFO] finished tweaking crates.io crate restate-sdk 0.12.1
[INFO] tweaked toml for crates.io crate restate-sdk 0.12.1 written to /workspace/builds/worker-6-tc2/source/Cargo.toml
[INFO] validating manifest of crates.io crate restate-sdk 0.12.1 on toolchain 1.100.0-beta.1
[INFO] running `Command { std: CARGO_HOME="/workspace/cargo-home" RUSTUP_HOME="/workspace/rustup-home" "/workspace/cargo-home/bin/cargo" "+1.100.0-beta.1" "metadata" "--manifest-path" "Cargo.toml" "--no-deps", kill_on_drop: false }`
[INFO] crate crates.io crate restate-sdk 0.12.1 already has a lockfile, it will not be regenerated
[INFO] running `Command { std: CARGO_HOME="/workspace/cargo-home" RUSTUP_HOME="/workspace/rustup-home" "/workspace/cargo-home/bin/cargo" "+1.100.0-beta.1" "fetch" "--manifest-path" "Cargo.toml", kill_on_drop: false }`
[INFO] running `Command { std: "docker" "create" "-v" "/var/lib/crater-agent-workspace/builds/worker-6-tc2/source:/opt/rustwide/workdir:ro,Z" "-v" "/var/lib/crater-agent-workspace/builds/worker-6-tc2/target:/opt/rustwide/target:rw,Z" "-v" "/var/lib/crater-agent-workspace/cargo-home:/opt/rustwide/cargo-home:ro,Z" "-v" "/var/lib/crater-agent-workspace/rustup-home:/opt/rustwide/rustup-home:ro,Z" "-m" "1610612736" "--network" "none" "ghcr.io/rust-lang/crates-build-env/linux@sha256:77db811e55d90add9212f6832c23229e3de5f1c1f9905e8cb07319ea15df73ac" "sleep" "infinity", kill_on_drop: false }`
[INFO] [stdout] 98651d6bd6d277210ce782aeafc21135ed9d87af525a774a38a87c55eef41b87
[INFO] running `Command { std: "docker" "start" "98651d6bd6d277210ce782aeafc21135ed9d87af525a774a38a87c55eef41b87", kill_on_drop: false }`
[INFO] running `Command { std: "docker" "inspect" "98651d6bd6d277210ce782aeafc21135ed9d87af525a774a38a87c55eef41b87", kill_on_drop: false }`
[INFO] running `Command { std: "docker" "exec" "-e" "SOURCE_DIR=/opt/rustwide/workdir" "-e" "CARGO_HOME=/opt/rustwide/cargo-home" "-e" "RUSTUP_HOME=/opt/rustwide/rustup-home" "-e" "CARGO_TARGET_DIR=/opt/rustwide/target" "-w" "/opt/rustwide/workdir" "--user" "0:0" "98651d6bd6d277210ce782aeafc21135ed9d87af525a774a38a87c55eef41b87" "/opt/rustwide/cargo-home/bin/cargo" "+1.100.0-beta.1" "metadata" "--no-deps" "--format-version=1", kill_on_drop: false }`
[INFO] running `Command { std: "docker" "inspect" "98651d6bd6d277210ce782aeafc21135ed9d87af525a774a38a87c55eef41b87", kill_on_drop: false }`
[INFO] running `Command { std: "docker" "exec" "-e" "SOURCE_DIR=/opt/rustwide/workdir" "-e" "CARGO_HOME=/opt/rustwide/cargo-home" "-e" "RUSTUP_HOME=/opt/rustwide/rustup-home" "-e" "CARGO_TARGET_DIR=/opt/rustwide/target" "-e" "CARGO_INCREMENTAL=0" "-e" "RUST_BACKTRACE=full" "-e" "RUSTFLAGS=--cap-lints=warn" "-e" "RUSTDOCFLAGS=--cap-lints=warn" "-w" "/opt/rustwide/workdir" "--user" "0:0" "98651d6bd6d277210ce782aeafc21135ed9d87af525a774a38a87c55eef41b87" "/opt/rustwide/cargo-home/bin/cargo" "+1.100.0-beta.1" "build" "--frozen" "--message-format=json" "--release", kill_on_drop: false }`
[INFO] [stderr]    Compiling typenum v1.18.0
[INFO] [stderr]    Compiling subtle v2.6.1
[INFO] [stderr]    Compiling thiserror v2.0.18
[INFO] [stderr]    Compiling syn v2.0.117
[INFO] [stderr]    Compiling generic-array v0.14.9
[INFO] [stderr]    Compiling serde_core v1.0.228
[INFO] [stderr]    Compiling pem-rfc7468 v0.7.0
[INFO] [stderr]    Compiling zmij v1.0.21
[INFO] [stderr]    Compiling serde v1.0.228
[INFO] [stderr]    Compiling serde_json v1.0.149
[INFO] [stderr]    Compiling libm v0.2.16
[INFO] [stderr]    Compiling memchr v2.7.5
[INFO] [stderr]    Compiling num-traits v0.2.19
[INFO] [stderr]    Compiling base16ct v0.2.0
[INFO] [stderr]    Compiling getrandom v0.2.16
[INFO] [stderr]    Compiling itoa v1.0.15
[INFO] [stderr]    Compiling foldhash v0.2.0
[INFO] [stderr]    Compiling schemars v0.8.22
[INFO] [stderr]    Compiling spin v0.9.8
[INFO] [stderr]    Compiling http v1.4.0
[INFO] [stderr]    Compiling dyn-clone v1.0.19
[INFO] [stderr]    Compiling socket2 v0.6.0
[INFO] [stderr]    Compiling rand_core v0.6.4
[INFO] [stderr]    Compiling lazy_static v1.5.0
[INFO] [stderr]    Compiling hashbrown v0.16.1
[INFO] [stderr]    Compiling der v0.7.10
[INFO] [stderr]    Compiling log v0.4.29
[INFO] [stderr]    Compiling num-bigint-dig v0.8.6
[INFO] [stderr]    Compiling rustversion v1.0.21
[INFO] [stderr]    Compiling anyhow v1.0.98
[INFO] [stderr]    Compiling prettyplease v0.2.35
[INFO] [stderr]    Compiling either v1.15.0
[INFO] [stderr]    Compiling hashbrown v0.15.4
[INFO] [stderr]    Compiling ff v0.13.1
[INFO] [stderr]    Compiling rand_chacha v0.3.1
[INFO] [stderr]    Compiling group v0.13.0
[INFO] [stderr]    Compiling itertools v0.14.0
[INFO] [stderr]    Compiling getrandom v0.4.2
[INFO] [stderr]    Compiling const-oid v0.10.2
[INFO] [stderr]    Compiling rand_core v0.10.0
[INFO] [stderr]    Compiling regress v0.10.5
[INFO] [stderr]    Compiling rand v0.8.5
[INFO] [stderr]    Compiling jiff-core v0.1.0
[INFO] [stderr]    Compiling overload v0.1.1
[INFO] [stderr]    Compiling tracing-log v0.2.0
[INFO] [stderr]    Compiling nu-ansi-term v0.46.0
[INFO] [stderr]    Compiling hybrid-array v0.4.8
[INFO] [stderr]    Compiling http-body v1.0.1
[INFO] [stderr]    Compiling indexmap v2.9.0
[INFO] [stderr]    Compiling bytes-utils v0.1.4
[INFO] [stderr]    Compiling chacha20 v0.10.0
[INFO] [stderr]    Compiling sharded-slab v0.1.7
[INFO] [stderr]    Compiling jiff v0.2.34
[INFO] [stderr]    Compiling spki v0.7.3
[INFO] [stderr]    Compiling crypto-common v0.2.1
[INFO] [stderr]    Compiling crypto-common v0.1.6
[INFO] [stderr]    Compiling block-buffer v0.10.4
[INFO] [stderr]    Compiling pkcs8 v0.10.2
[INFO] [stderr]    Compiling crypto-bigint v0.5.5
[INFO] [stderr]    Compiling digest v0.10.7
[INFO] [stderr]    Compiling num-integer v0.1.46
[INFO] [stderr]    Compiling sec1 v0.7.3
[INFO] [stderr]    Compiling hmac v0.12.1
[INFO] [stderr]    Compiling signature v2.2.0
[INFO] [stderr]    Compiling sha2 v0.10.9
[INFO] [stderr]    Compiling num-iter v0.1.45
[INFO] [stderr]    Compiling hkdf v0.12.4
[INFO] [stderr]    Compiling rfc6979 v0.4.0
[INFO] [stderr]    Compiling ed25519 v2.2.3
[INFO] [stderr]    Compiling pkcs1 v0.7.5
[INFO] [stderr]    Compiling block-buffer v0.12.0
[INFO] [stderr]    Compiling thread_local v1.1.9
[INFO] [stderr]    Compiling pastey v0.2.1
[INFO] [stderr]    Compiling semver v1.0.27
[INFO] [stderr]    Compiling digest v0.11.2
[INFO] [stderr]    Compiling sha2 v0.11.0
[INFO] [stderr]    Compiling rustc_version v0.4.1
[INFO] [stderr]    Compiling tracing-subscriber v0.3.19
[INFO] [stderr]    Compiling rand v0.10.0
[INFO] [stderr]    Compiling http-body-util v0.1.3
[INFO] [stderr]    Compiling curve25519-dalek v4.1.3
[INFO] [stderr]    Compiling uuid v1.23.0
[INFO] [stderr]    Compiling elliptic-curve v0.13.8
[INFO] [stderr]    Compiling rsa v0.9.10
[INFO] [stderr]    Compiling serde_derive_internals v0.29.1
[INFO] [stderr]    Compiling ecdsa v0.16.9
[INFO] [stderr]    Compiling primeorder v0.13.6
[INFO] [stderr]    Compiling p384 v0.13.1
[INFO] [stderr]    Compiling p256 v0.13.2
[INFO] [stderr]    Compiling serde_derive v1.0.228
[INFO] [stderr]    Compiling thiserror-impl v2.0.18
[INFO] [stderr]    Compiling schemars_derive v0.8.22
[INFO] [stderr]    Compiling tokio-macros v2.6.1
[INFO] [stderr]    Compiling tracing-attributes v0.1.30
[INFO] [stderr]    Compiling curve25519-dalek-derive v0.1.1
[INFO] [stderr]    Compiling futures-macro v0.3.31
[INFO] [stderr]    Compiling strum_macros v0.27.1
[INFO] [stderr]    Compiling prost-derive v0.14.3
[INFO] [stderr]    Compiling restate-sdk-macros v0.12.1
[INFO] [stderr]    Compiling tokio v1.50.0
[INFO] [stderr]    Compiling tracing v0.1.41
[INFO] [stderr]    Compiling futures-util v0.3.31
[INFO] [stderr]    Compiling strum v0.27.1
[INFO] [stderr]    Compiling prost v0.14.3
[INFO] [stderr]    Compiling ed25519-dalek v2.2.0
[INFO] [stderr]    Compiling serde_tokenstream v0.2.2
[INFO] [stderr]    Compiling jsonptr v0.7.1
[INFO] [stderr]    Compiling jsonwebtoken v10.3.0
[INFO] [stderr]    Compiling futures-executor v0.3.31
[INFO] [stderr]    Compiling futures v0.3.31
[INFO] [stderr]    Compiling typify-impl v0.6.1
[INFO] [stderr]    Compiling tokio-util v0.7.15
[INFO] [stderr]    Compiling h2 v0.4.10
[INFO] [stderr]    Compiling restate-sdk-shared-core v7.0.3
[INFO] [stderr]    Compiling typify-macro v0.6.1
[INFO] [stderr]    Compiling typify v0.6.1
[INFO] [stderr]    Compiling restate-sdk v0.12.1 (/opt/rustwide/workdir)
[INFO] [stderr]    Compiling hyper v1.8.1
[INFO] [stderr]    Compiling hyper-util v0.1.14
[INFO] [stderr]     Finished `release` profile [optimized] target(s) in 1m 29s
[INFO] running `Command { std: "docker" "inspect" "98651d6bd6d277210ce782aeafc21135ed9d87af525a774a38a87c55eef41b87", kill_on_drop: false }`
[INFO] running `Command { std: "docker" "exec" "-e" "SOURCE_DIR=/opt/rustwide/workdir" "-e" "CARGO_HOME=/opt/rustwide/cargo-home" "-e" "RUSTUP_HOME=/opt/rustwide/rustup-home" "-e" "CARGO_TARGET_DIR=/opt/rustwide/target" "-e" "CARGO_INCREMENTAL=0" "-e" "RUST_BACKTRACE=full" "-e" "RUSTFLAGS=--cap-lints=warn" "-e" "RUSTDOCFLAGS=--cap-lints=warn" "-w" "/opt/rustwide/workdir" "--user" "0:0" "98651d6bd6d277210ce782aeafc21135ed9d87af525a774a38a87c55eef41b87" "/opt/rustwide/cargo-home/bin/cargo" "+1.100.0-beta.1" "test" "--frozen" "--no-run" "--message-format=json" "--release", kill_on_drop: false }`
[INFO] [stderr]    Compiling syn v2.0.117
[INFO] [stderr]    Compiling jobserver v0.1.34
[INFO] [stderr]    Compiling parking_lot_core v0.9.11
[INFO] [stderr]    Compiling aws-lc-rs v1.16.2
[INFO] [stderr]    Compiling serde_json v1.0.149
[INFO] [stderr]    Compiling rustls-pki-types v1.12.0
[INFO] [stderr]    Compiling rustls v0.23.28
[INFO] [stderr]    Compiling regex-syntax v0.8.5
[INFO] [stderr]    Compiling regex-syntax v0.6.29
[INFO] [stderr]    Compiling winnow v0.7.11
[INFO] [stderr]    Compiling target-triple v0.1.4
[INFO] [stderr]    Compiling toml_write v0.1.2
[INFO] [stderr]    Compiling ref-cast v1.0.24
[INFO] [stderr]    Compiling form_urlencoded v1.2.1
[INFO] [stderr]    Compiling iri-string v0.7.8
[INFO] [stderr]    Compiling bitflags v2.11.0
[INFO] [stderr]    Compiling encoding_rs v0.8.35
[INFO] [stderr]    Compiling termcolor v1.4.1
[INFO] [stderr]    Compiling dyn-clone v1.0.19
[INFO] [stderr]    Compiling glob v0.3.2
[INFO] [stderr]    Compiling parking_lot v0.12.4
[INFO] [stderr]    Compiling cc v1.2.58
[INFO] [stderr]    Compiling rustls-native-certs v0.8.1
[INFO] [stderr]    Compiling cmake v0.1.58
[INFO] [stderr]    Compiling aws-lc-sys v0.39.0
[INFO] [stderr]    Compiling regex-automata v0.1.10
[INFO] [stderr]    Compiling regex-automata v0.4.9
[INFO] [stderr]    Compiling matchers v0.1.0
[INFO] [stderr]    Compiling synstructure v0.13.2
[INFO] [stderr]    Compiling serde_derive_internals v0.29.1
[INFO] [stderr]    Compiling prettyplease v0.2.35
[INFO] [stderr]    Compiling serde_derive v1.0.228
[INFO] [stderr]    Compiling zerofrom-derive v0.1.6
[INFO] [stderr]    Compiling yoke-derive v0.8.0
[INFO] [stderr]    Compiling zerovec-derive v0.11.1
[INFO] [stderr]    Compiling displaydoc v0.2.5
[INFO] [stderr]    Compiling tokio-macros v2.6.1
[INFO] [stderr]    Compiling thiserror-impl v2.0.18
[INFO] [stderr]    Compiling futures-macro v0.3.31
[INFO] [stderr]    Compiling tracing-attributes v0.1.30
[INFO] [stderr]    Compiling schemars_derive v0.8.22
[INFO] [stderr]    Compiling tokio v1.50.0
[INFO] [stderr]    Compiling curve25519-dalek-derive v0.1.1
[INFO] [stderr]    Compiling prost-derive v0.14.3
[INFO] [stderr]    Compiling strum_macros v0.27.1
[INFO] [stderr]    Compiling futures-util v0.3.31
[INFO] [stderr]    Compiling zerofrom v0.1.6
[INFO] [stderr]    Compiling yoke v0.8.0
[INFO] [stderr]    Compiling regex v1.11.1
[INFO] [stderr]    Compiling ref-cast-impl v1.0.24
[INFO] [stderr]    Compiling curve25519-dalek v4.1.3
[INFO] [stderr]    Compiling zerovec v0.11.2
[INFO] [stderr]    Compiling zerotrie v0.2.2
[INFO] [stderr]    Compiling schemars_derive v1.2.1
[INFO] [stderr]    Compiling thiserror v2.0.18
[INFO] [stderr]    Compiling tracing v0.1.41
[INFO] [stderr]    Compiling restate-sdk-macros v0.12.1
[INFO] [stderr]    Compiling tracing-subscriber v0.3.19
[INFO] [stderr]    Compiling strum v0.27.1
[INFO] [stderr]    Compiling prost v0.14.3
[INFO] [stderr]    Compiling ed25519-dalek v2.2.0
[INFO] [stderr]    Compiling tinystr v0.8.1
[INFO] [stderr]    Compiling potential_utf v0.1.2
[INFO] [stderr]    Compiling icu_collections v2.0.0
[INFO] [stderr]    Compiling icu_locale_core v2.0.0
[INFO] [stderr]    Compiling serde v1.0.228
[INFO] [stderr]    Compiling icu_provider v2.0.0
[INFO] [stderr]    Compiling schemars v0.8.22
[INFO] [stderr]    Compiling serde_tokenstream v0.2.2
[INFO] [stderr]    Compiling jsonptr v0.7.1
[INFO] [stderr]    Compiling icu_properties v2.0.1
[INFO] [stderr]    Compiling icu_normalizer v2.0.0
[INFO] [stderr]    Compiling serde_spanned v0.6.9
[INFO] [stderr]    Compiling toml_datetime v0.6.11
[INFO] [stderr]    Compiling jsonwebtoken v10.3.0
[INFO] [stderr]    Compiling schemars v1.2.1
[INFO] [stderr]    Compiling toml_edit v0.22.27
[INFO] [stderr]    Compiling futures-executor v0.3.31
[INFO] [stderr]    Compiling typify-impl v0.6.1
[INFO] [stderr]    Compiling futures v0.3.31
[INFO] [stderr]    Compiling idna_adapter v1.2.1
[INFO] [stderr]    Compiling idna v1.0.3
[INFO] [stderr]    Compiling url v2.5.4
[INFO] [stderr]    Compiling restate-sdk-shared-core v7.0.3
[INFO] [stderr]    Compiling toml v0.8.23
[INFO] [stderr]    Compiling tokio-util v0.7.15
[INFO] [stderr]    Compiling tower v0.5.2
[INFO] [stderr]    Compiling h2 v0.4.10
[INFO] [stderr]    Compiling tower-http v0.6.8
[INFO] [stderr]    Compiling trybuild v1.0.105
[INFO] [stderr]    Compiling typify-macro v0.6.1
[INFO] [stderr]    Compiling typify v0.6.1
[INFO] [stderr]    Compiling restate-sdk v0.12.1 (/opt/rustwide/workdir)
[INFO] [stderr]    Compiling hyper v1.8.1
[INFO] [stderr]    Compiling hyper-util v0.1.14
[INFO] [stderr]    Compiling rustls-webpki v0.103.3
[INFO] [stderr]    Compiling tokio-rustls v0.26.2
[INFO] [stderr]    Compiling rustls-platform-verifier v0.6.2
[INFO] [stderr]    Compiling hyper-rustls v0.27.7
[INFO] [stderr]    Compiling reqwest v0.13.2
[INFO] [stderr]     Finished `release` profile [optimized] target(s) in 3m 56s
[INFO] running `Command { std: "docker" "inspect" "98651d6bd6d277210ce782aeafc21135ed9d87af525a774a38a87c55eef41b87", kill_on_drop: false }`
[INFO] running `Command { std: "docker" "exec" "-e" "SOURCE_DIR=/opt/rustwide/workdir" "-e" "CARGO_HOME=/opt/rustwide/cargo-home" "-e" "RUSTUP_HOME=/opt/rustwide/rustup-home" "-e" "CARGO_TARGET_DIR=/opt/rustwide/target" "-e" "CARGO_INCREMENTAL=0" "-e" "RUST_BACKTRACE=full" "-e" "RUSTFLAGS=--cap-lints=warn" "-e" "RUSTDOCFLAGS=--cap-lints=warn" "-w" "/opt/rustwide/workdir" "--user" "0:0" "98651d6bd6d277210ce782aeafc21135ed9d87af525a774a38a87c55eef41b87" "/opt/rustwide/cargo-home/bin/cargo" "+1.100.0-beta.1" "test" "--frozen" "--release", kill_on_drop: false }`
[INFO] [stderr]     Finished `release` profile [optimized] target(s) in 0.54s
[INFO] [stderr]      Running unittests src/lib.rs (/opt/rustwide/target/release/build/restate-sdk/f254ec0f37821398/out/restate_sdk-f254ec0f37821398)
[INFO] [stdout] 
[INFO] [stdout] running 0 tests
[INFO] [stdout] 
[INFO] [stdout] test result: ok. 0 passed; 0 failed; 0 ignored; 0 measured; 0 filtered out; finished in 0.00s
[INFO] [stdout] 
[INFO] [stderr]      Running tests/compiletest.rs (/opt/rustwide/target/release/build/restate-sdk/3196db9bba39f9f9/out/compiletest-3196db9bba39f9f9)
[INFO] [stdout] 
[INFO] [stdout] running 1 test
[INFO] [stderr]    Compiling proc-macro2 v1.0.106
[INFO] [stderr]    Compiling unicode-ident v1.0.24
[INFO] [stderr]    Compiling quote v1.0.45
[INFO] [stderr]    Compiling libc v0.2.174
[INFO] [stderr]     Checking cfg-if v1.0.1
[INFO] [stderr]     Checking zeroize v1.8.1
[INFO] [stderr]    Compiling typenum v1.18.0
[INFO] [stderr]    Compiling serde_core v1.0.228
[INFO] [stderr]     Checking subtle v2.6.1
[INFO] [stderr]    Compiling version_check v0.9.5
[INFO] [stderr]    Compiling autocfg v1.5.0
[INFO] [stderr]     Checking const-oid v0.9.6
[INFO] [stderr]     Checking smallvec v1.15.1
[INFO] [stderr]    Compiling zmij v1.0.21
[INFO] [stderr]     Checking pin-project-lite v0.2.16
[INFO] [stderr]     Checking bytes v1.11.1
[INFO] [stderr]     Checking base64ct v1.8.3
[INFO] [stderr]    Compiling serde v1.0.228
[INFO] [stderr]    Compiling serde_json v1.0.149
[INFO] [stderr]     Checking futures-core v0.3.31
[INFO] [stderr]     Checking pem-rfc7468 v0.7.0
[INFO] [stderr]     Checking itoa v1.0.15
[INFO] [stderr]    Compiling parking_lot_core v0.9.11
[INFO] [stderr]    Compiling find-msvc-tools v0.1.9
[INFO] [stderr]     Checking memchr v2.7.5
[INFO] [stderr]     Checking once_cell v1.21.3
[INFO] [stderr]    Compiling shlex v1.3.0
[INFO] [stderr]     Checking stable_deref_trait v1.2.0
[INFO] [stderr]     Checking futures-sink v0.3.31
[INFO] [stderr]     Checking scopeguard v1.2.0
[INFO] [stderr]     Checking der v0.7.10
[INFO] [stderr]    Compiling dunce v1.0.5
[INFO] [stderr]    Compiling fs_extra v1.3.0
[INFO] [stderr]    Compiling thiserror v2.0.18
[INFO] [stderr]     Checking slab v0.4.10
[INFO] [stderr]     Checking tracing-core v0.1.34
[INFO] [stderr]     Checking futures-channel v0.3.31
[INFO] [stderr]    Compiling zerocopy v0.8.26
[INFO] [stderr]     Checking pin-utils v0.1.0
[INFO] [stderr]    Compiling libm v0.2.16
[INFO] [stderr]    Compiling generic-array v0.14.9
[INFO] [stderr]    Compiling lock_api v0.4.13
[INFO] [stderr]    Compiling num-traits v0.2.19
[INFO] [stderr]    Compiling heck v0.5.0
[INFO] [stderr]     Checking http v1.4.0
[INFO] [stderr]     Checking futures-io v0.3.31
[INFO] [stderr]    Compiling aws-lc-rs v1.16.2
[INFO] [stderr]     Checking equivalent v1.0.2
[INFO] [stderr]     Checking base16ct v0.2.0
[INFO] [stderr]    Compiling jobserver v0.1.34
[INFO] [stderr]     Checking futures-task v0.3.31
[INFO] [stderr]     Checking writeable v0.6.1
[INFO] [stderr]    Compiling allocator-api2 v0.2.21
[INFO] [stderr]    Compiling syn v2.0.117
[INFO] [stderr]    Compiling schemars v0.8.22
[INFO] [stderr]     Checking getrandom v0.2.16
[INFO] [stderr]     Checking rand_core v0.6.4
[INFO] [stderr]    Compiling cc v1.2.58
[INFO] [stderr]     Checking socket2 v0.6.0
[INFO] [stderr]     Checking parking_lot v0.12.4
[INFO] [stderr]     Checking mio v1.0.4
[INFO] [stderr]     Checking spki v0.7.3
[INFO] [stderr]     Checking signal-hook-registry v1.4.5
[INFO] [stderr]     Checking ff v0.13.1
[INFO] [stderr]     Checking litemap v0.8.0
[INFO] [stderr]     Checking spin v0.9.8
[INFO] [stderr]    Compiling foldhash v0.2.0
[INFO] [stderr]     Checking pkcs8 v0.10.2
[INFO] [stderr]     Checking cpufeatures v0.2.17
[INFO] [stderr]     Checking http-body v1.0.1
[INFO] [stderr]     Checking group v0.13.0
[INFO] [stderr]     Checking lazy_static v1.5.0
[INFO] [stderr]    Compiling hashbrown v0.16.1
[INFO] [stderr]     Checking rustls-pki-types v1.12.0
[INFO] [stderr]    Compiling icu_properties_data v2.0.1
[INFO] [stderr]     Checking hashbrown v0.15.4
[INFO] [stderr]    Compiling dyn-clone v1.0.19
[INFO] [stderr]    Compiling httparse v1.10.1
[INFO] [stderr]    Compiling icu_normalizer_data v2.0.0
[INFO] [stderr]     Checking hybrid-array v0.4.8
[INFO] [stderr]     Checking untrusted v0.9.0
[INFO] [stderr]    Compiling anyhow v1.0.98
[INFO] [stderr]     Checking atomic-waker v1.1.2
[INFO] [stderr]    Compiling log v0.4.29
[INFO] [stderr]     Checking tower-service v0.3.3
[INFO] [stderr]    Compiling rustls v0.23.28
[INFO] [stderr]     Checking fnv v1.0.7
[INFO] [stderr]    Compiling num-bigint-dig v0.8.6
[INFO] [stderr]    Compiling rustversion v1.0.21
[INFO] [stderr]     Checking percent-encoding v2.3.1
[INFO] [stderr]     Checking try-lock v0.2.5
[INFO] [stderr]     Checking base64 v0.22.1
[INFO] [stderr]     Checking want v0.3.1
[INFO] [stderr]     Checking httpdate v1.0.3
[INFO] [stderr]    Compiling either v1.15.0
[INFO] [stderr]    Compiling prettyplease v0.2.35
[INFO] [stderr]     Checking crypto-common v0.1.6
[INFO] [stderr]     Checking block-buffer v0.10.4
[INFO] [stderr]     Checking sec1 v0.7.3
[INFO] [stderr]     Checking crypto-bigint v0.5.5
[INFO] [stderr]     Checking cpufeatures v0.3.0
[INFO] [stderr]    Compiling itertools v0.14.0
[INFO] [stderr]     Checking pkcs1 v0.7.5
[INFO] [stderr]     Checking digest v0.10.7
[INFO] [stderr]     Checking socket2 v0.5.10
[INFO] [stderr]     Checking crypto-common v0.2.1
[INFO] [stderr]     Checking block-buffer v0.12.0
[INFO] [stderr]     Checking indexmap v2.9.0
[INFO] [stderr]     Checking rand_core v0.10.0
[INFO] [stderr]     Checking hmac v0.12.1
[INFO] [stderr]    Compiling cmake v0.1.58
[INFO] [stderr]     Checking signature v2.2.0
[INFO] [stderr]     Checking hkdf v0.12.4
[INFO] [stderr]    Compiling regress v0.10.5
[INFO] [stderr]     Checking rfc6979 v0.4.0
[INFO] [stderr]     Checking sha2 v0.10.9
[INFO] [stderr]     Checking ed25519 v2.2.3
[INFO] [stderr]     Checking const-oid v0.10.2
[INFO] [stderr]    Compiling semver v1.0.27
[INFO] [stderr]     Checking ipnet v2.11.0
[INFO] [stderr]    Compiling getrandom v0.4.2
[INFO] [stderr]    Compiling rustc_version v0.4.1
[INFO] [stderr]     Checking regex-syntax v0.8.5
[INFO] [stderr]     Checking ppv-lite86 v0.2.21
[INFO] [stderr]     Checking regex-syntax v0.6.29
[INFO] [stderr]     Checking sync_wrapper v1.0.2
[INFO] [stderr]     Checking openssl-probe v0.1.6
[INFO] [stderr]     Checking num-integer v0.1.46
[INFO] [stderr]     Checking utf8_iter v1.0.4
[INFO] [stderr]     Checking overload v0.1.1
[INFO] [stderr]     Checking digest v0.11.2
[INFO] [stderr]     Checking num-iter v0.1.45
[INFO] [stderr]    Compiling jiff-core v0.1.0
[INFO] [stderr]     Checking tower-layer v0.3.3
[INFO] [stderr]    Compiling ref-cast v1.0.24
[INFO] [stderr]    Compiling curve25519-dalek v4.1.3
[INFO] [stderr]     Checking sha2 v0.11.0
[INFO] [stderr]     Checking bytes-utils v0.1.4
[INFO] [stderr]     Checking nu-ansi-term v0.46.0
[INFO] [stderr]     Checking elliptic-curve v0.13.8
[INFO] [stderr]     Checking rand_chacha v0.3.1
[INFO] [stderr]     Checking rustls-native-certs v0.8.1
[INFO] [stderr]     Checking chacha20 v0.10.0
[INFO] [stderr]     Checking tracing-log v0.2.0
[INFO] [stderr]     Checking rand v0.8.5
[INFO] [stderr]     Checking form_urlencoded v1.2.1
[INFO] [stderr]     Checking primeorder v0.13.6
[INFO] [stderr]     Checking ecdsa v0.16.9
[INFO] [stderr]     Checking http-body-util v0.1.3
[INFO] [stderr]     Checking sharded-slab v0.1.7
[INFO] [stderr]     Checking thread_local v1.1.9
[INFO] [stderr]    Compiling jiff v0.2.34
[INFO] [stderr]     Checking iri-string v0.7.8
[INFO] [stderr]     Checking bs58 v0.5.1
[INFO] [stderr]    Compiling aws-lc-sys v0.39.0
[INFO] [stderr]     Checking bitflags v2.11.0
[INFO] [stderr]    Compiling pastey v0.2.1
[INFO] [stderr]     Checking p256 v0.13.2
[INFO] [stderr]     Checking p384 v0.13.1
[INFO] [stderr]     Checking rand v0.10.0
[INFO] [stderr]     Checking encoding_rs v0.8.35
[INFO] [stderr]     Checking uuid v1.23.0
[INFO] [stderr]     Checking mime v0.3.17
[INFO] [stderr]     Checking regex-automata v0.1.10
[INFO] [stderr]     Checking regex-automata v0.4.9
[INFO] [stderr]     Checking matchers v0.1.0
[INFO] [stderr]     Checking rsa v0.9.10
[INFO] [stderr]    Compiling synstructure v0.13.2
[INFO] [stderr]    Compiling serde_derive_internals v0.29.1
[INFO] [stderr]     Checking regex v1.11.1
[INFO] [stderr]    Compiling zerofrom-derive v0.1.6
[INFO] [stderr]    Compiling serde_derive v1.0.228
[INFO] [stderr]    Compiling yoke-derive v0.8.0
[INFO] [stderr]    Compiling zerovec-derive v0.11.1
[INFO] [stderr]    Compiling displaydoc v0.2.5
[INFO] [stderr]    Compiling tokio-macros v2.6.1
[INFO] [stderr]    Compiling futures-macro v0.3.31
[INFO] [stderr]    Compiling thiserror-impl v2.0.18
[INFO] [stderr]    Compiling tracing-attributes v0.1.30
[INFO] [stderr]    Compiling schemars_derive v0.8.22
[INFO] [stderr]    Compiling curve25519-dalek-derive v0.1.1
[INFO] [stderr]    Compiling prost-derive v0.14.3
[INFO] [stderr]    Compiling strum_macros v0.27.1
[INFO] [stderr]    Compiling ref-cast-impl v1.0.24
[INFO] [stderr]     Checking futures-util v0.3.31
[INFO] [stderr]     Checking tokio v1.50.0
[INFO] [stderr]    Compiling restate-sdk-macros v0.12.1
[INFO] [stderr]    Compiling schemars_derive v1.2.1
[INFO] [stdout] test ui has been running for over 60 seconds
[INFO] [stderr]     Checking zerofrom v0.1.6
[INFO] [stderr]     Checking yoke v0.8.0
[INFO] [stderr]     Checking ed25519-dalek v2.2.0
[INFO] [stderr]     Checking tracing v0.1.41
[INFO] [stderr]     Checking tracing-subscriber v0.3.19
[INFO] [stderr]     Checking zerovec v0.11.2
[INFO] [stderr]     Checking zerotrie v0.2.2
[INFO] [stderr]     Checking strum v0.27.1
[INFO] [stderr]     Checking prost v0.14.3
[INFO] [stderr]     Checking tinystr v0.8.1
[INFO] [stderr]     Checking potential_utf v0.1.2
[INFO] [stderr]     Checking icu_locale_core v2.0.0
[INFO] [stderr]     Checking icu_collections v2.0.0
[INFO] [stderr]     Checking futures-executor v0.3.31
[INFO] [stderr]     Checking icu_provider v2.0.0
[INFO] [stderr]     Checking icu_normalizer v2.0.0
[INFO] [stderr]     Checking icu_properties v2.0.1
[INFO] [stderr]     Checking futures v0.3.31
[INFO] [stderr]     Checking jsonwebtoken v10.3.0
[INFO] [stderr]     Checking schemars v1.2.1
[INFO] [stderr]    Compiling serde_tokenstream v0.2.2
[INFO] [stderr]    Compiling jsonptr v0.7.1
[INFO] [stderr]     Checking idna_adapter v1.2.1
[INFO] [stderr]     Checking idna v1.0.3
[INFO] [stderr]     Checking url v2.5.4
[INFO] [stderr]     Checking tokio-util v0.7.15
[INFO] [stderr]     Checking tower v0.5.2
[INFO] [stderr]     Checking restate-sdk-shared-core v7.0.3
[INFO] [stderr]    Compiling typify-impl v0.6.1
[INFO] [stderr]     Checking h2 v0.4.10
[INFO] [stderr]     Checking tower-http v0.6.8
[INFO] [stderr]     Checking hyper v1.8.1
[INFO] [stderr]     Checking rustls-webpki v0.103.3
[INFO] [stderr]     Checking hyper-util v0.1.14
[INFO] [stderr]    Compiling typify-macro v0.6.1
[INFO] [stderr]     Checking tokio-rustls v0.26.2
[INFO] [stderr]     Checking rustls-platform-verifier v0.6.2
[INFO] [stderr]    Compiling typify v0.6.1
[INFO] [stderr]    Compiling restate-sdk v0.12.1 (/opt/rustwide/workdir)
[INFO] [stderr]     Checking hyper-rustls v0.27.7
[INFO] [stderr]     Checking reqwest v0.13.2
[INFO] [stderr]     Checking restate-sdk-tests v0.0.0 (/opt/rustwide/target/tests/trybuild/restate-sdk)
[INFO] [stderr]     Finished `dev` profile [unoptimized + debuginfo] target(s) in 1m 40s
[INFO] [stderr] 
[INFO] [stderr] 
[INFO] [stderr] test tests/ui/shared_handler_in_service.rs ... mismatch
[INFO] [stderr] 
[INFO] [stderr] EXPECTED:
[INFO] [stderr] ┈┈┈┈┈┈┈┈┈┈┈┈┈┈┈┈┈┈┈┈┈┈┈┈┈┈┈┈┈┈┈┈┈┈┈┈┈┈┈┈┈┈┈┈┈┈┈┈┈┈┈┈┈┈┈┈┈┈┈┈
[INFO] [stderr] error: Service handlers cannot be annotated with #[shared]
[INFO] [stderr]  --> tests/ui/shared_handler_in_service.rs:6:14
[INFO] [stderr]   |
[INFO] [stderr] 6 |     async fn my_handler() -> HandlerResult<()>;
[INFO] [stderr]   |              ^^^^^^^^^^
[INFO] [stderr] 
[INFO] [stderr] error[E0405]: cannot find trait `SharedHandlerInService` in this scope
[INFO] [stderr]   --> tests/ui/shared_handler_in_service.rs:11:6
[INFO] [stderr]    |
[INFO] [stderr] 11 | impl SharedHandlerInService for SharedHandlerInServiceImpl {
[INFO] [stderr]    |      ^^^^^^^^^^^^^^^^^^^^^^ not found in this scope
[INFO] [stderr] ┈┈┈┈┈┈┈┈┈┈┈┈┈┈┈┈┈┈┈┈┈┈┈┈┈┈┈┈┈┈┈┈┈┈┈┈┈┈┈┈┈┈┈┈┈┈┈┈┈┈┈┈┈┈┈┈┈┈┈┈
[INFO] [stderr] 
[INFO] [stderr] ACTUAL OUTPUT:
[INFO] [stderr] ┈┈┈┈┈┈┈┈┈┈┈┈┈┈┈┈┈┈┈┈┈┈┈┈┈┈┈┈┈┈┈┈┈┈┈┈┈┈┈┈┈┈┈┈┈┈┈┈┈┈┈┈┈┈┈┈┈┈┈┈
[INFO] [stderr] error: Service handlers cannot be annotated with #[shared]
[INFO] [stderr]  --> tests/ui/shared_handler_in_service.rs:6:14
[INFO] [stderr]   |
[INFO] [stderr] 6 |     async fn my_handler() -> HandlerResult<()>;
[INFO] [stderr]   |              ^^^^^^^^^^
[INFO] [stderr] ┈┈┈┈┈┈┈┈┈┈┈┈┈┈┈┈┈┈┈┈┈┈┈┈┈┈┈┈┈┈┈┈┈┈┈┈┈┈┈┈┈┈┈┈┈┈┈┈┈┈┈┈┈┈┈┈┈┈┈┈
[INFO] [stderr] note: If the actual output is the correct output you can bless it by rerunning
[INFO] [stderr]       your test with the environment variable TRYBUILD=overwrite
[INFO] [stderr] 
[INFO] [stderr] test tests/ui/struct_bad_duration.rs ... ok
[INFO] [stderr] test tests/ui/struct_bad_on_max_attempts.rs ... ok
[INFO] [stderr] test tests/ui/struct_handler_named_from_client.rs ... ok
[INFO] [stderr] test tests/ui/struct_handler_named_raw_from_client.rs ... ok
[INFO] [stderr] test tests/ui/struct_mut_self.rs ... ok
[INFO] [stderr] test tests/ui/struct_too_many_inputs.rs ... ok
[INFO] [stderr] test tests/ui/struct_unknown_option.rs ... ok
[INFO] [stderr] test tests/ui/struct_workflow_retention_on_handler.rs ... ok
[INFO] [stderr] test tests/ui/struct_workflow_retention_on_service.rs ... ok
[INFO] [stderr] test tests/ui/struct_wrong_context.rs ... ok
[INFO] [stderr] 
[INFO] [stderr] 
[INFO] [stdout] test ui ... FAILED
[INFO] [stdout] 
[INFO] [stdout] failures:
[INFO] [stdout] 
[INFO] [stdout] ---- ui stdout ----
[INFO] [stdout] 
[INFO] [stdout] thread 'ui' (6355) panicked at /opt/rustwide/cargo-home/registry/src/index.crates.io-1949cf8c6b5b557f/trybuild-1.0.105/src/run.rs:102:13:
[INFO] [stdout] 1 of 11 tests failed
[INFO] [stdout] stack backtrace:
[INFO] [stdout]    0:     0x64a1df147151 - <<std[617be2ca0a6fd877]::sys::backtrace::BacktraceLock>::print::DisplayBacktrace as core[a373ad73a504971]::fmt::Display>::fmt
[INFO] [stdout]    1:     0x64a1df15db2a - core[a373ad73a504971]::fmt::write
[INFO] [stdout]    2:     0x64a1df14b96c - <alloc[2e1b2a31b91974c5]::vec::Vec<u8> as core[a373ad73a504971]::io::write::Write>::write_fmt
[INFO] [stdout]    3:     0x64a1df11fe06 - std[617be2ca0a6fd877]::panicking::default_hook::{closure#0}
[INFO] [stdout]    4:     0x64a1df13e009 - std[617be2ca0a6fd877]::panicking::default_hook
[INFO] [stdout]    5:     0x64a1df0d76c0 - test[aada8e7e76ba119b]::test_main_inner::{closure#0}
[INFO] [stdout]    6:     0x64a1df13e1c2 - std[617be2ca0a6fd877]::panicking::panic_with_hook
[INFO] [stdout]    7:     0x64a1df11feb2 - std[617be2ca0a6fd877]::panicking::panic_handler::{closure#0}
[INFO] [stdout]    8:     0x64a1df118879 - std[617be2ca0a6fd877]::sys::backtrace::__rust_end_short_backtrace::<std[617be2ca0a6fd877]::panicking::panic_handler::{closure#0}, !>
[INFO] [stdout]    9:     0x64a1df120abd - __rustc[ea4f61d10b84890b]::rust_begin_unwind
[INFO] [stdout]   10:     0x64a1df15e25c - core[a373ad73a504971]::panicking::panic_fmt
[INFO] [stdout]   11:     0x64a1df00868a - <trybuild[1ed634b744c47d52]::Runner>::run
[INFO] [stdout]   12:     0x64a1df00b7f0 - <trybuild[1ed634b744c47d52]::TestCases as core[a373ad73a504971]::ops::drop::Drop>::drop
[INFO] [stdout]   13:     0x64a1df003338 - compiletest[28133a13a5af102c]::ui
[INFO] [stdout]   14:     0x64a1df003539 - <compiletest[28133a13a5af102c]::ui::{closure#0} as core[a373ad73a504971]::ops::function::FnOnce<()>>::call_once
[INFO] [stdout]   15:     0x64a1df0cab0b - test[aada8e7e76ba119b]::__rust_begin_short_backtrace::<core[a373ad73a504971]::result::Result<(), alloc[2e1b2a31b91974c5]::string::String>, fn() -> core[a373ad73a504971]::result::Result<(), alloc[2e1b2a31b91974c5]::string::String>>
[INFO] [stdout]   16:     0x64a1df0d7ce5 - test[aada8e7e76ba119b]::run_test::{closure#0}
[INFO] [stdout]   17:     0x64a1df0d15d4 - std[617be2ca0a6fd877]::sys::backtrace::__rust_begin_short_backtrace::<test[aada8e7e76ba119b]::run_test::{closure#1}, ()>
[INFO] [stdout]   18:     0x64a1df0dad72 - <std[617be2ca0a6fd877]::thread::lifecycle::spawn_unchecked<test[aada8e7e76ba119b]::run_test::{closure#1}, ()>::{closure#1} as core[a373ad73a504971]::ops::function::FnOnce<()>>::call_once::{shim:vtable#0}
[INFO] [stdout]   19:     0x64a1df1463af - <std[617be2ca0a6fd877]::sys::thread::unix::Thread>::new::thread_start
[INFO] [stdout]   20:     0x762473972dfa - <unknown>
[INFO] [stdout]   21:     0x762473a063d4 - clone
[INFO] [stdout]   22:                0x0 - <unknown>
[INFO] [stdout] 
[INFO] [stderr] error: test failed, to rerun pass `--test compiletest`
[INFO] [stdout] 
[INFO] [stdout] failures:
[INFO] [stdout]     ui
[INFO] [stdout] 
[INFO] [stdout] test result: FAILED. 0 passed; 1 failed; 0 ignored; 0 measured; 0 filtered out; finished in 102.04s
[INFO] [stdout] 
[INFO] running `Command { std: "docker" "inspect" "98651d6bd6d277210ce782aeafc21135ed9d87af525a774a38a87c55eef41b87", kill_on_drop: false }`
[INFO] running `Command { std: "docker" "rm" "-f" "98651d6bd6d277210ce782aeafc21135ed9d87af525a774a38a87c55eef41b87", kill_on_drop: false }`
[INFO] [stdout] 98651d6bd6d277210ce782aeafc21135ed9d87af525a774a38a87c55eef41b87
