[INFO] fetching crate pupoxide 0.2.3...
[INFO] testing pupoxide-0.2.3 against 1.100.0-beta.1+cargoflags=--release for beta-release-1.100-2
[INFO] extracting crate pupoxide 0.2.3 into /workspace/builds/worker-7-tc2/source
[INFO] started tweaking crates.io crate pupoxide 0.2.3
[INFO] removed 0 missing tests
[INFO] finished tweaking crates.io crate pupoxide 0.2.3
[INFO] tweaked toml for crates.io crate pupoxide 0.2.3 written to /workspace/builds/worker-7-tc2/source/Cargo.toml
[INFO] validating manifest of crates.io crate pupoxide 0.2.3 on toolchain 1.100.0-beta.1
[INFO] running `Command { std: CARGO_HOME="/workspace/cargo-home" RUSTUP_HOME="/workspace/rustup-home" "/workspace/cargo-home/bin/cargo" "+1.100.0-beta.1" "metadata" "--manifest-path" "Cargo.toml" "--no-deps", kill_on_drop: false }`
[INFO] crate crates.io crate pupoxide 0.2.3 already has a lockfile, it will not be regenerated
[INFO] running `Command { std: CARGO_HOME="/workspace/cargo-home" RUSTUP_HOME="/workspace/rustup-home" "/workspace/cargo-home/bin/cargo" "+1.100.0-beta.1" "fetch" "--manifest-path" "Cargo.toml", kill_on_drop: false }`
[INFO] [stderr] warning: `package.homepage` is redundant with `package.repository`
[INFO] [stderr]    --> Cargo.toml:115:12
[INFO] [stderr]     |
[INFO] [stderr] 115 | homepage = "https://gitverse.ru/itmagelab/pupoxide"
[INFO] [stderr]     |            ^^^^^^^^^^^^^^^^^^^^^^^^^^^^^^^^^^^^^^^^
[INFO] [stderr] ...
[INFO] [stderr] 120 | repository = "https://gitverse.ru/itmagelab/pupoxide"
[INFO] [stderr]     |              ----------------------------------------
[INFO] [stderr]     |
[INFO] [stderr]     = note: `cargo::redundant_homepage` is set to `warn` by default
[INFO] [stderr] help: consider removing `package.homepage`
[INFO] [stderr] warning: `pupoxide` (manifest) generated 1 warning
[INFO] running `Command { std: "docker" "create" "-v" "/var/lib/crater-agent-workspace/builds/worker-7-tc2/source:/opt/rustwide/workdir:ro,Z" "-v" "/var/lib/crater-agent-workspace/builds/worker-7-tc2/target:/opt/rustwide/target:rw,Z" "-v" "/var/lib/crater-agent-workspace/cargo-home:/opt/rustwide/cargo-home:ro,Z" "-v" "/var/lib/crater-agent-workspace/rustup-home:/opt/rustwide/rustup-home:ro,Z" "-m" "1610612736" "--network" "none" "ghcr.io/rust-lang/crates-build-env/linux@sha256:77db811e55d90add9212f6832c23229e3de5f1c1f9905e8cb07319ea15df73ac" "sleep" "infinity", kill_on_drop: false }`
[INFO] [stdout] ea85992fd2d8ade54db6c8cf0d2cd7891fc0556d962c9c34d698b12094e12d2a
[INFO] running `Command { std: "docker" "start" "ea85992fd2d8ade54db6c8cf0d2cd7891fc0556d962c9c34d698b12094e12d2a", kill_on_drop: false }`
[INFO] running `Command { std: "docker" "inspect" "ea85992fd2d8ade54db6c8cf0d2cd7891fc0556d962c9c34d698b12094e12d2a", kill_on_drop: false }`
[INFO] running `Command { std: "docker" "exec" "-e" "SOURCE_DIR=/opt/rustwide/workdir" "-e" "CARGO_HOME=/opt/rustwide/cargo-home" "-e" "RUSTUP_HOME=/opt/rustwide/rustup-home" "-e" "CARGO_TARGET_DIR=/opt/rustwide/target" "-w" "/opt/rustwide/workdir" "--user" "0:0" "ea85992fd2d8ade54db6c8cf0d2cd7891fc0556d962c9c34d698b12094e12d2a" "/opt/rustwide/cargo-home/bin/cargo" "+1.100.0-beta.1" "metadata" "--no-deps" "--format-version=1", kill_on_drop: false }`
[INFO] running `Command { std: "docker" "inspect" "ea85992fd2d8ade54db6c8cf0d2cd7891fc0556d962c9c34d698b12094e12d2a", kill_on_drop: false }`
[INFO] running `Command { std: "docker" "exec" "-e" "SOURCE_DIR=/opt/rustwide/workdir" "-e" "CARGO_HOME=/opt/rustwide/cargo-home" "-e" "RUSTUP_HOME=/opt/rustwide/rustup-home" "-e" "CARGO_TARGET_DIR=/opt/rustwide/target" "-e" "CARGO_INCREMENTAL=0" "-e" "RUST_BACKTRACE=full" "-e" "RUSTFLAGS=--cap-lints=warn" "-e" "RUSTDOCFLAGS=--cap-lints=warn" "-w" "/opt/rustwide/workdir" "--user" "0:0" "ea85992fd2d8ade54db6c8cf0d2cd7891fc0556d962c9c34d698b12094e12d2a" "/opt/rustwide/cargo-home/bin/cargo" "+1.100.0-beta.1" "build" "--frozen" "--message-format=json" "--release", kill_on_drop: false }`
[INFO] [stderr] warning: `package.homepage` is redundant with `package.repository`
[INFO] [stderr]    --> Cargo.toml:115:12
[INFO] [stderr]     |
[INFO] [stderr] 115 | homepage = "https://gitverse.ru/itmagelab/pupoxide"
[INFO] [stderr]     |            ^^^^^^^^^^^^^^^^^^^^^^^^^^^^^^^^^^^^^^^^
[INFO] [stderr] ...
[INFO] [stderr] 120 | repository = "https://gitverse.ru/itmagelab/pupoxide"
[INFO] [stderr]     |              ----------------------------------------
[INFO] [stderr]     |
[INFO] [stderr]     = note: `cargo::redundant_homepage` is set to `warn` by default
[INFO] [stderr] help: consider removing `package.homepage`
[INFO] [stderr] warning: `pupoxide` (manifest) generated 1 warning
[INFO] [stderr]    Compiling proc-macro2 v1.0.105
[INFO] [stderr]    Compiling quote v1.0.43
[INFO] [stderr]    Compiling serde_core v1.0.228
[INFO] [stderr]    Compiling libc v0.2.179
[INFO] [stderr]    Compiling portable-atomic v1.13.0
[INFO] [stderr]    Compiling num-traits v0.2.19
[INFO] [stderr]    Compiling rustls-pki-types v1.13.2
[INFO] [stderr]    Compiling aws-lc-rs v1.15.2
[INFO] [stderr]    Compiling zmij v1.0.12
[INFO] [stderr]    Compiling futures-util v0.3.31
[INFO] [stderr]    Compiling once_cell v1.21.3
[INFO] [stderr]    Compiling syn v2.0.113
[INFO] [stderr]    Compiling tracing-core v0.1.36
[INFO] [stderr]    Compiling libm v0.2.15
[INFO] [stderr]    Compiling rustls v0.23.36
[INFO] [stderr]    Compiling http v1.4.0
[INFO] [stderr]    Compiling jobserver v0.1.34
[INFO] [stderr]    Compiling time-core v0.1.6
[INFO] [stderr]    Compiling bitflags v2.10.0
[INFO] [stderr]    Compiling cc v1.2.51
[INFO] [stderr]    Compiling time-macros v0.2.24
[INFO] [stderr]    Compiling getrandom v0.2.16
[INFO] [stderr]    Compiling errno v0.3.14
[INFO] [stderr]    Compiling socket2 v0.6.1
[INFO] [stderr]    Compiling signal-hook-registry v1.4.8
[INFO] [stderr]    Compiling mio v1.1.1
[INFO] [stderr]    Compiling cmake v0.1.57
[INFO] [stderr]    Compiling serde_json v1.0.149
[INFO] [stderr]    Compiling deranged v0.5.5
[INFO] [stderr]    Compiling ring v0.17.14
[INFO] [stderr]    Compiling getrandom v0.3.4
[INFO] [stderr]    Compiling aws-lc-sys v0.35.0
[INFO] [stderr]    Compiling digest v0.10.7
[INFO] [stderr]    Compiling aho-corasick v1.1.4
[INFO] [stderr]    Compiling phf_shared v0.11.3
[INFO] [stderr]    Compiling http-body v1.0.1
[INFO] [stderr]    Compiling num-integer v0.1.46
[INFO] [stderr]    Compiling bigdecimal v0.4.10
[INFO] [stderr]    Compiling rust_decimal v1.39.0
[INFO] [stderr]    Compiling regex-syntax v0.8.8
[INFO] [stderr]    Compiling regex-automata v0.4.13
[INFO] [stderr]    Compiling synstructure v0.13.2
[INFO] [stderr]    Compiling num-bigint v0.4.6
[INFO] [stderr]    Compiling rand_core v0.6.4
[INFO] [stderr]    Compiling crunchy v0.2.4
[INFO] [stderr]    Compiling tinyvec v1.10.0
[INFO] [stderr]    Compiling serde_derive v1.0.228
[INFO] [stderr]    Compiling zerofrom-derive v0.1.6
[INFO] [stderr]    Compiling zerofrom v0.1.6
[INFO] [stderr]    Compiling yoke-derive v0.8.1
[INFO] [stderr]    Compiling zerovec-derive v0.11.2
[INFO] [stderr]    Compiling yoke v0.8.1
[INFO] [stderr]    Compiling tokio-macros v2.6.0
[INFO] [stderr]    Compiling zerovec v0.11.5
[INFO] [stderr]    Compiling displaydoc v0.2.5
[INFO] [stderr]    Compiling tracing-attributes v0.1.31
[INFO] [stderr]    Compiling zerotrie v0.2.3
[INFO] [stderr]    Compiling serde v1.0.228
[INFO] [stderr]    Compiling regex v1.12.2
[INFO] [stderr]    Compiling tinystr v0.8.2
[INFO] [stderr]    Compiling icu_locale_core v2.1.1
[INFO] [stderr]    Compiling potential_utf v0.1.4
[INFO] [stderr]    Compiling thiserror-impl v2.0.17
[INFO] [stderr]    Compiling icu_collections v2.1.1
[INFO] [stderr]    Compiling smallvec v1.15.1
[INFO] [stderr]    Compiling tracing v0.1.44
[INFO] [stderr]    Compiling parking_lot_core v0.9.12
[INFO] [stderr]    Compiling chrono v0.4.42
[INFO] [stderr]    Compiling parking_lot v0.12.5
[INFO] [stderr]    Compiling icu_provider v2.1.1
[INFO] [stderr]    Compiling tokio v1.49.0
[INFO] [stderr]    Compiling icu_properties v2.1.2
[INFO] [stderr]    Compiling icu_normalizer v2.1.1
[INFO] [stderr]    Compiling time v0.3.44
[INFO] [stderr]    Compiling idna_adapter v1.2.1
[INFO] [stderr]    Compiling idna v1.1.0
[INFO] [stderr]    Compiling url v2.5.8
[INFO] [stderr]    Compiling rand_chacha v0.3.1
[INFO] [stderr]    Compiling phf_generator v0.11.3
[INFO] [stderr]    Compiling uuid v1.19.0
[INFO] [stderr]    Compiling tokio-util v0.7.18
[INFO] [stderr]    Compiling proc-macro-error-attr2 v2.0.0
[INFO] [stderr]    Compiling webpki-roots v1.0.5
[INFO] [stderr]    Compiling sha2 v0.10.9
[INFO] [stderr]    Compiling webpki-roots v0.26.11
[INFO] [stderr]    Compiling proc-macro-error2 v2.0.1
[INFO] [stderr]    Compiling tokio-stream v0.1.18
[INFO] [stderr]    Compiling h2 v0.4.13
[INFO] [stderr]    Compiling phf_codegen v0.11.3
[INFO] [stderr]    Compiling rand v0.8.5
[INFO] [stderr]    Compiling thiserror v2.0.17
[INFO] [stderr]    Compiling futures-intrusive v0.5.0
[INFO] [stderr]    Compiling either v1.15.0
[INFO] [stderr]    Compiling parse-zoneinfo v0.3.1
[INFO] [stderr]    Compiling unicode-normalization v0.1.25
[INFO] [stderr]    Compiling phf v0.11.3
[INFO] [stderr]    Compiling hmac v0.12.1
[INFO] [stderr]    Compiling proc-macro2-diagnostics v0.10.1
[INFO] [stderr]    Compiling unicode-properties v0.1.4
[INFO] [stderr]    Compiling unicode-bidi v0.3.18
[INFO] [stderr]    Compiling pest v2.8.5
[INFO] [stderr]    Compiling darling_core v0.20.11
[INFO] [stderr]    Compiling hkdf v0.12.4
[INFO] [stderr]    Compiling stringprep v0.1.5
[INFO] [stderr]    Compiling chrono-tz-build v0.3.0
[INFO] [stderr]    Compiling tiny-keccak v2.0.2
[INFO] [stderr]    Compiling md-5 v0.10.6
[INFO] [stderr]    Compiling atoi v2.0.0
[INFO] [stderr]    Compiling bstr v1.12.1
[INFO] [stderr]    Compiling yansi v1.0.1
[INFO] [stderr]    Compiling whoami v1.6.1
[INFO] [stderr]    Compiling dotenvy v0.15.7
[INFO] [stderr]    Compiling home v0.5.12
[INFO] [stderr]    Compiling globset v0.4.18
[INFO] [stderr]    Compiling const-random-macro v0.1.16
[INFO] [stderr]    Compiling darling_macro v0.20.11
[INFO] [stderr]    Compiling chrono-tz v0.9.0
[INFO] [stderr]    Compiling pest_meta v2.8.5
[INFO] [stderr]    Compiling tower v0.5.2
[INFO] [stderr]    Compiling inherent v1.0.13
[INFO] [stderr]    Compiling http-body-util v0.1.3
[INFO] [stderr]    Compiling ordered-float v4.6.0
[INFO] [stderr]    Compiling smartstring v1.0.1
[INFO] [stderr]    Compiling ahash v0.8.12
[INFO] [stderr]    Compiling openssl-probe v0.2.0
[INFO] [stderr]    Compiling ryu v1.0.22
[INFO] [stderr]    Compiling rustls v0.21.12
[INFO] [stderr]    Compiling nix v0.30.1
[INFO] [stderr]    Compiling derive_more-impl v2.1.1
[INFO] [stderr]    Compiling pest_generator v2.8.5
[INFO] [stderr]    Compiling hyper v1.8.1
[INFO] [stderr]    Compiling rustls-native-certs v0.8.3
[INFO] [stderr]    Compiling sea-query v0.32.7
[INFO] [stderr]    Compiling darling v0.20.11
[INFO] [stderr]    Compiling const-random v0.1.18
[INFO] [stderr]    Compiling ignore v0.4.25
[INFO] [stderr]    Compiling ouroboros_macro v0.18.5
[INFO] [stderr]    Compiling hyper-util v0.1.19
[INFO] [stderr]    Compiling sea-bae v0.2.1
[INFO] [stderr]    Compiling rustls-webpki v0.101.7
[INFO] [stderr]    Compiling sct v0.7.1
[INFO] [stderr]    Compiling async-stream-impl v0.3.6
[INFO] [stderr]    Compiling iri-string v0.7.10
[INFO] [stderr]    Compiling ucd-trie v0.1.7
[INFO] [stderr]    Compiling deunicode v1.6.2
[INFO] [stderr]    Compiling aliasable v0.1.3
[INFO] [stderr]    Compiling ouroboros v0.18.5
[INFO] [stderr]    Compiling clap_builder v4.5.54
[INFO] [stderr]    Compiling slug v0.1.6
[INFO] [stderr]    Compiling async-stream v0.3.6
[INFO] [stderr]    Compiling sea-orm-macros v1.1.19
[INFO] [stderr]    Compiling tower-http v0.6.8
[INFO] [stderr]    Compiling globwalk v0.9.1
[INFO] [stderr]    Compiling validator_derive v0.20.0
[INFO] [stderr]    Compiling derive_more v2.1.1
[INFO] [stderr]    Compiling pest_derive v2.8.5
[INFO] [stderr]    Compiling serde_urlencoded v0.7.1
[INFO] [stderr]    Compiling axum-core v0.5.6
[INFO] [stderr]    Compiling clap_derive v4.5.49
[INFO] [stderr]    Compiling yasna v0.5.2
[INFO] [stderr]    Compiling matchers v0.2.0
[INFO] [stderr]    Compiling rhai_codegen v3.1.0
[INFO] [stderr]    Compiling async-trait v0.1.89
[INFO] [stderr]    Compiling humansize v2.1.3
[INFO] [stderr]    Compiling serde_path_to_error v0.1.20
[INFO] [stderr]    Compiling tracing-log v0.2.0
[INFO] [stderr]    Compiling pem v3.0.6
[INFO] [stderr]    Compiling fixedbitset v0.5.7
[INFO] [stderr]    Compiling thin-vec v0.2.14
[INFO] [stderr]    Compiling libyaml-rs v0.3.0
[INFO] [stderr]    Compiling strum v0.26.3
[INFO] [stderr]    Compiling axum v0.8.8
[INFO] [stderr]    Compiling rhai v1.23.6
[INFO] [stderr]    Compiling petgraph v0.8.3
[INFO] [stderr]    Compiling yaml_serde v0.10.4
[INFO] [stderr]    Compiling rcgen v0.12.1
[INFO] [stderr]    Compiling tera v1.20.1
[INFO] [stderr]    Compiling tracing-subscriber v0.3.22
[INFO] [stderr]    Compiling clap v4.5.54
[INFO] [stderr]    Compiling validator v0.20.0
[INFO] [stderr]    Compiling tokio-rustls v0.24.1
[INFO] [stderr]    Compiling colored v2.2.0
[INFO] [stderr]    Compiling sysinfo v0.37.2
[INFO] [stderr]    Compiling rustls-pemfile v2.2.0
[INFO] [stderr]    Compiling rustls-webpki v0.103.8
[INFO] [stderr]    Compiling sqlx-core v0.8.6
[INFO] [stderr]    Compiling tokio-rustls v0.26.4
[INFO] [stderr]    Compiling rustls-platform-verifier v0.6.2
[INFO] [stderr]    Compiling hyper-rustls v0.27.7
[INFO] [stderr]    Compiling reqwest v0.13.1
[INFO] [stderr]    Compiling sqlx-postgres v0.8.6
[INFO] [stderr]    Compiling sqlx v0.8.6
[INFO] [stderr]    Compiling sea-query-binder v0.7.0
[INFO] [stderr]    Compiling sea-orm v1.1.19
[INFO] [stderr]    Compiling pupoxide v0.2.3 (/opt/rustwide/workdir)
[INFO] [stderr] warning: unused dependency `rustls-pemfile`
[INFO] [stderr]   --> Cargo.toml:43:15
[INFO] [stderr]    |
[INFO] [stderr] 43 | [dependencies.rustls-pemfile]
[INFO] [stderr]    |               ^^^^^^^^^^^^^^^
[INFO] [stderr]    |
[INFO] [stderr]    = note: `cargo::unused_dependencies` is set to `warn` by default
[INFO] [stderr] help: consider removing the dependency on `rustls-pemfile`
[INFO] [stderr] warning: unused dependency `sea-orm`
[INFO] [stderr]   --> Cargo.toml:46:15
[INFO] [stderr]    |
[INFO] [stderr] 46 | [dependencies.sea-orm]
[INFO] [stderr]    |               ^^^^^^^^
[INFO] [stderr]    |
[INFO] [stderr] help: consider removing the dependency on `sea-orm`
[INFO] [stderr] warning: unused dependency `tokio-rustls`
[INFO] [stderr]   --> Cargo.toml:76:15
[INFO] [stderr]    |
[INFO] [stderr] 76 | [dependencies.tokio-rustls]
[INFO] [stderr]    |               ^^^^^^^^^^^^^
[INFO] [stderr]    |
[INFO] [stderr] help: consider removing the dependency on `tokio-rustls`
[INFO] [stderr] warning: `pupoxide` (manifest) generated 3 warnings
[INFO] [stderr]     Finished `release` profile [optimized] target(s) in 11m 37s
[INFO] [stderr] warning: the following packages contain code that will be rejected by a future version of Rust: nix v0.30.1, proc-macro-error2 v2.0.1
[INFO] [stderr] note: to see what the problems were, use the option `--future-incompat-report`, or run `cargo report future-incompatibilities --id 3`
[INFO] running `Command { std: "docker" "inspect" "ea85992fd2d8ade54db6c8cf0d2cd7891fc0556d962c9c34d698b12094e12d2a", kill_on_drop: false }`
[INFO] running `Command { std: "docker" "exec" "-e" "SOURCE_DIR=/opt/rustwide/workdir" "-e" "CARGO_HOME=/opt/rustwide/cargo-home" "-e" "RUSTUP_HOME=/opt/rustwide/rustup-home" "-e" "CARGO_TARGET_DIR=/opt/rustwide/target" "-e" "CARGO_INCREMENTAL=0" "-e" "RUST_BACKTRACE=full" "-e" "RUSTFLAGS=--cap-lints=warn" "-e" "RUSTDOCFLAGS=--cap-lints=warn" "-w" "/opt/rustwide/workdir" "--user" "0:0" "ea85992fd2d8ade54db6c8cf0d2cd7891fc0556d962c9c34d698b12094e12d2a" "/opt/rustwide/cargo-home/bin/cargo" "+1.100.0-beta.1" "test" "--frozen" "--no-run" "--message-format=json" "--release", kill_on_drop: false }`
[INFO] [stderr] warning: `package.homepage` is redundant with `package.repository`
[INFO] [stderr]    --> Cargo.toml:115:12
[INFO] [stderr]     |
[INFO] [stderr] 115 | homepage = "https://gitverse.ru/itmagelab/pupoxide"
[INFO] [stderr]     |            ^^^^^^^^^^^^^^^^^^^^^^^^^^^^^^^^^^^^^^^^
[INFO] [stderr] ...
[INFO] [stderr] 120 | repository = "https://gitverse.ru/itmagelab/pupoxide"
[INFO] [stderr]     |              ----------------------------------------
[INFO] [stderr]     |
[INFO] [stderr]     = note: `cargo::redundant_homepage` is set to `warn` by default
[INFO] [stderr] help: consider removing `package.homepage`
[INFO] [stderr] warning: `pupoxide` (manifest) generated 1 warning
[INFO] [stderr]    Compiling sqlx-postgres v0.8.6
[INFO] [stderr]    Compiling tower-http v0.6.8
[INFO] [stderr]    Compiling globwalk v0.9.1
[INFO] [stderr]    Compiling rustix v1.1.3
[INFO] [stderr]    Compiling rhai v1.23.6
[INFO] [stderr]    Compiling nix v0.30.1
[INFO] [stderr]    Compiling tera v1.20.1
[INFO] [stderr]    Compiling reqwest v0.13.1
[INFO] [stderr]    Compiling tempfile v3.24.0
[INFO] [stderr]    Compiling sqlx v0.8.6
[INFO] [stderr]    Compiling sea-query-binder v0.7.0
[INFO] [stderr]    Compiling sea-orm v1.1.19
[INFO] [stderr]    Compiling pupoxide v0.2.3 (/opt/rustwide/workdir)
[INFO] [stderr] warning: unused dependency `rustls-pemfile`
[INFO] [stderr]   --> Cargo.toml:43:15
[INFO] [stderr]    |
[INFO] [stderr] 43 | [dependencies.rustls-pemfile]
[INFO] [stderr]    |               ^^^^^^^^^^^^^^^
[INFO] [stderr]    |
[INFO] [stderr]    = note: `cargo::unused_dependencies` is set to `warn` by default
[INFO] [stderr] help: consider removing the dependency on `rustls-pemfile`
[INFO] [stderr] warning: unused dependency `sea-orm`
[INFO] [stderr]   --> Cargo.toml:46:15
[INFO] [stderr]    |
[INFO] [stderr] 46 | [dependencies.sea-orm]
[INFO] [stderr]    |               ^^^^^^^^
[INFO] [stderr]    |
[INFO] [stderr] help: consider removing the dependency on `sea-orm`
[INFO] [stderr] warning: unused dependency `tokio-rustls`
[INFO] [stderr]   --> Cargo.toml:76:15
[INFO] [stderr]    |
[INFO] [stderr] 76 | [dependencies.tokio-rustls]
[INFO] [stderr]    |               ^^^^^^^^^^^^^
[INFO] [stderr]    |
[INFO] [stderr] help: consider removing the dependency on `tokio-rustls`
[INFO] [stderr] warning: `pupoxide` (manifest) generated 3 warnings
[INFO] [stderr]     Finished `release` profile [optimized] target(s) in 5m 11s
[INFO] [stderr] warning: the following packages contain code that will be rejected by a future version of Rust: nix v0.30.1, proc-macro-error2 v2.0.1
[INFO] [stderr] note: to see what the problems were, use the option `--future-incompat-report`, or run `cargo report future-incompatibilities --id 3`
[INFO] running `Command { std: "docker" "inspect" "ea85992fd2d8ade54db6c8cf0d2cd7891fc0556d962c9c34d698b12094e12d2a", kill_on_drop: false }`
[INFO] running `Command { std: "docker" "exec" "-e" "SOURCE_DIR=/opt/rustwide/workdir" "-e" "CARGO_HOME=/opt/rustwide/cargo-home" "-e" "RUSTUP_HOME=/opt/rustwide/rustup-home" "-e" "CARGO_TARGET_DIR=/opt/rustwide/target" "-e" "CARGO_INCREMENTAL=0" "-e" "RUST_BACKTRACE=full" "-e" "RUSTFLAGS=--cap-lints=warn" "-e" "RUSTDOCFLAGS=--cap-lints=warn" "-w" "/opt/rustwide/workdir" "--user" "0:0" "ea85992fd2d8ade54db6c8cf0d2cd7891fc0556d962c9c34d698b12094e12d2a" "/opt/rustwide/cargo-home/bin/cargo" "+1.100.0-beta.1" "test" "--frozen" "--release", kill_on_drop: false }`
[INFO] [stderr] warning: `package.homepage` is redundant with `package.repository`
[INFO] [stderr]    --> Cargo.toml:115:12
[INFO] [stderr]     |
[INFO] [stderr] 115 | homepage = "https://gitverse.ru/itmagelab/pupoxide"
[INFO] [stderr]     |            ^^^^^^^^^^^^^^^^^^^^^^^^^^^^^^^^^^^^^^^^
[INFO] [stderr] ...
[INFO] [stderr] 120 | repository = "https://gitverse.ru/itmagelab/pupoxide"
[INFO] [stderr]     |              ----------------------------------------
[INFO] [stderr]     |
[INFO] [stderr]     = note: `cargo::redundant_homepage` is set to `warn` by default
[INFO] [stderr] help: consider removing `package.homepage`
[INFO] [stderr] warning: `pupoxide` (manifest) generated 1 warning
[INFO] [stderr] warning: unused dependency `rustls-pemfile`
[INFO] [stderr]   --> Cargo.toml:43:15
[INFO] [stderr]    |
[INFO] [stderr] 43 | [dependencies.rustls-pemfile]
[INFO] [stderr]    |               ^^^^^^^^^^^^^^^
[INFO] [stderr]    |
[INFO] [stderr]    = note: `cargo::unused_dependencies` is set to `warn` by default
[INFO] [stderr] help: consider removing the dependency on `rustls-pemfile`
[INFO] [stderr] warning: unused dependency `sea-orm`
[INFO] [stderr]   --> Cargo.toml:46:15
[INFO] [stderr]    |
[INFO] [stderr] 46 | [dependencies.sea-orm]
[INFO] [stderr]    |               ^^^^^^^^
[INFO] [stderr]    |
[INFO] [stderr] help: consider removing the dependency on `sea-orm`
[INFO] [stderr] warning: unused dependency `tokio-rustls`
[INFO] [stderr]   --> Cargo.toml:76:15
[INFO] [stderr]    |
[INFO] [stderr] 76 | [dependencies.tokio-rustls]
[INFO] [stderr]    |               ^^^^^^^^^^^^^
[INFO] [stderr]    |
[INFO] [stderr] help: consider removing the dependency on `tokio-rustls`
[INFO] [stderr] warning: `pupoxide` (manifest) generated 3 warnings
[INFO] [stderr]     Finished `release` profile [optimized] target(s) in 0.67s
[INFO] [stderr] warning: the following packages contain code that will be rejected by a future version of Rust: nix v0.30.1, proc-macro-error2 v2.0.1
[INFO] [stderr] note: to see what the problems were, use the option `--future-incompat-report`, or run `cargo report future-incompatibilities --id 3`
[INFO] [stderr]      Running unittests src/lib.rs (/opt/rustwide/target/release/build/pupoxide/a1e70e4b4526c85f/out/pupoxide-a1e70e4b4526c85f)
[INFO] [stdout] 
[INFO] [stdout] running 7 tests
[INFO] [stdout] test infrastructure::certificate::tests::test_ca_generation ... ok
[INFO] [stdout] test infrastructure::certificate::tests::test_csr_generation ... ok
[INFO] [stdout] test infrastructure::certificate::tests::test_sign_csr ... ok
[INFO] [stdout] test infrastructure::bootstrap::tests::test_create_request ... ok
[INFO] [stdout] test domain::bootstrap::tests::test_bootstrap_request_status ... ok
[INFO] [stdout] test infrastructure::bootstrap::tests::test_approve_request ... ok
[INFO] [stdout] test infrastructure::bootstrap::tests::test_register_agent ... ok
[INFO] [stdout] 
[INFO] [stdout] test result: ok. 7 passed; 0 failed; 0 ignored; 0 measured; 0 filtered out; finished in 0.02s
[INFO] [stdout] 
[INFO] [stderr]      Running unittests src/main.rs (/opt/rustwide/target/release/build/pupoxide/624bbe8c022861ca/out/pupoxide-624bbe8c022861ca)
[INFO] [stdout] 
[INFO] [stdout] running 0 tests
[INFO] [stdout] 
[INFO] [stdout] test result: ok. 0 passed; 0 failed; 0 ignored; 0 measured; 0 filtered out; finished in 0.00s
[INFO] [stdout] 
[INFO] [stderr]      Running tests/environment_test.rs (/opt/rustwide/target/release/build/pupoxide/4e89a603dfd38eda/out/environment_test-4e89a603dfd38eda)
[INFO] [stdout] 
[INFO] [stdout] running 4 tests
[INFO] [stdout] test test_module_dependency_chain ... ok
[INFO] [stdout] test test_module_inclusion ... ok
[INFO] [stdout] test test_environment_loading_and_execution ... ok
[INFO] [stdout] test test_facts_availability_in_rhai ... ok
[INFO] [stdout] 
[INFO] [stdout] test result: ok. 4 passed; 0 failed; 0 ignored; 0 measured; 0 filtered out; finished in 0.02s
[INFO] [stdout] 
[INFO] [stderr]      Running tests/exec_test.rs (/opt/rustwide/target/release/build/pupoxide/73a97596bc9826e4/out/exec_test-73a97596bc9826e4)
[INFO] [stdout] 
[INFO] [stdout] running 5 tests
[INFO] [stdout] test test_exec_with_cwd ... ok
[INFO] [stdout] test test_exec_unless_condition ... ok
[INFO] [stdout] test test_exec_command_failure ... ok
[INFO] [stdout] test test_exec_creates_idempotency ... ok
[INFO] [stdout] test test_exec_with_environment ... ok
[INFO] [stdout] 
[INFO] [stdout] test result: ok. 5 passed; 0 failed; 0 ignored; 0 measured; 0 filtered out; finished in 0.01s
[INFO] [stdout] 
[INFO] [stderr]      Running tests/fs_test.rs (/opt/rustwide/target/release/build/pupoxide/5bc49ed9bb8e3cb7/out/fs_test-5bc49ed9bb8e3cb7)
[INFO] [stdout] 
[INFO] [stdout] running 2 tests
[INFO] [stdout] test test_file_resource_present ... ok
[INFO] [stderr]      Running tests/import_test.rs (/opt/rustwide/target/release/build/pupoxide/82861dc90bc453f0/out/import_test-82861dc90bc453f0)
[INFO] [stdout] test test_file_resource_absent ... ok
[INFO] [stdout] 
[INFO] [stdout] test result: ok. 2 passed; 0 failed; 0 ignored; 0 measured; 0 filtered out; finished in 0.01s
[INFO] [stdout] 
[INFO] [stdout] 
[INFO] [stdout] running 2 tests
[INFO] [stdout] test test_native_import_and_dependencies ... ok
[INFO] [stdout] test test_relative_include ... ok
[INFO] [stdout] 
[INFO] [stdout] test result: ok. 2 passed; 0 failed; 0 ignored; 0 measured; 0 filtered out; finished in 0.01s
[INFO] [stdout] 
[INFO] [stderr]      Running tests/package_test.rs (/opt/rustwide/target/release/build/pupoxide/b4df74ab98f9421e/out/package_test-b4df74ab98f9421e)
[INFO] [stdout] 
[INFO] [stdout] running 2 tests
[INFO] [stdout] test test_package_provider_mapping ... ok
[INFO] [stdout] test test_package_resource_compilation ... FAILED
[INFO] [stderr] error: test failed, to rerun pass `--test package_test`
[INFO] [stdout] 
[INFO] [stdout] failures:
[INFO] [stdout] 
[INFO] [stdout] ---- test_package_resource_compilation stdout ----
[INFO] [stdout] 
[INFO] [stdout] thread 'test_package_resource_compilation' (5911) panicked at tests/package_test.rs:36:9:
[INFO] [stdout] assertion `left == right` failed
[INFO] [stdout]   left: "apt"
[INFO] [stdout]  right: "brew"
[INFO] [stdout] stack backtrace:
[INFO] [stdout]    0:     0x6468688e7421 - <<std[617be2ca0a6fd877]::sys::backtrace::BacktraceLock>::print::DisplayBacktrace as core[a373ad73a504971]::fmt::Display>::fmt
[INFO] [stdout]    1:     0x64686890044a - core[a373ad73a504971]::fmt::write
[INFO] [stdout]    2:     0x6468688ec0cc - <alloc[2e1b2a31b91974c5]::vec::Vec<u8> as core[a373ad73a504971]::io::write::Write>::write_fmt
[INFO] [stdout]    3:     0x6468688c0d46 - std[617be2ca0a6fd877]::panicking::default_hook::{closure#0}
[INFO] [stdout]    4:     0x6468688dece9 - std[617be2ca0a6fd877]::panicking::default_hook
[INFO] [stdout]    5:     0x6468685e2f00 - test[aada8e7e76ba119b]::test_main_inner::{closure#0}
[INFO] [stdout]    6:     0x6468688deea2 - std[617be2ca0a6fd877]::panicking::panic_with_hook
[INFO] [stdout]    7:     0x6468688c0df2 - std[617be2ca0a6fd877]::panicking::panic_handler::{closure#0}
[INFO] [stdout]    8:     0x6468688b9389 - std[617be2ca0a6fd877]::sys::backtrace::__rust_end_short_backtrace::<std[617be2ca0a6fd877]::panicking::panic_handler::{closure#0}, !>
[INFO] [stdout]    9:     0x6468688c1b0d - __rustc[ea4f61d10b84890b]::rust_begin_unwind
[INFO] [stdout]   10:     0x646868900bac - core[a373ad73a504971]::panicking::panic_fmt
[INFO] [stdout]   11:     0x646868900ac3 - core[a373ad73a504971]::panicking::assert_failed_inner
[INFO] [stdout]   12:     0x6468685d2670 - core[a373ad73a504971]::panicking::assert_failed::<alloc[2e1b2a31b91974c5]::string::String, &str>
[INFO] [stdout]   13:     0x6468685d4d80 - package_test[f9fce9407f3812aa]::test_package_resource_compilation::{closure#0}
[INFO] [stdout]   14:     0x6468685d53b3 - <tokio[2b8ea44bb6b105c8]::runtime::scheduler::current_thread::Context>::enter::<core[a373ad73a504971]::task::poll::Poll<()>, <tokio[2b8ea44bb6b105c8]::runtime::scheduler::current_thread::CoreGuard>::block_on<core[a373ad73a504971]::pin::Pin<&mut core[a373ad73a504971]::pin::Pin<&mut dyn core[a373ad73a504971]::future::future::Future<Output = ()>>>>::{closure#0}::{closure#0}>
[INFO] [stdout]   15:     0x6468685d1b8c - <tokio[2b8ea44bb6b105c8]::runtime::context::scoped::Scoped<tokio[2b8ea44bb6b105c8]::runtime::scheduler::Context>>::set::<<tokio[2b8ea44bb6b105c8]::runtime::scheduler::current_thread::CoreGuard>::enter<<tokio[2b8ea44bb6b105c8]::runtime::scheduler::current_thread::CoreGuard>::block_on<core[a373ad73a504971]::pin::Pin<&mut core[a373ad73a504971]::pin::Pin<&mut dyn core[a373ad73a504971]::future::future::Future<Output = ()>>>>::{closure#0}, core[a373ad73a504971]::option::Option<()>>::{closure#0}, (alloc[2e1b2a31b91974c5]::boxed::Box<tokio[2b8ea44bb6b105c8]::runtime::scheduler::current_thread::Core>, core[a373ad73a504971]::option::Option<()>)>
[INFO] [stdout]   16:     0x6468685d59d7 - <tokio[2b8ea44bb6b105c8]::runtime::scheduler::current_thread::CoreGuard>::block_on::<core[a373ad73a504971]::pin::Pin<&mut core[a373ad73a504971]::pin::Pin<&mut dyn core[a373ad73a504971]::future::future::Future<Output = ()>>>>
[INFO] [stdout]   17:     0x6468685d3f07 - tokio[2b8ea44bb6b105c8]::runtime::context::runtime::enter_runtime::<<tokio[2b8ea44bb6b105c8]::runtime::scheduler::current_thread::CurrentThread>::block_on<core[a373ad73a504971]::pin::Pin<&mut dyn core[a373ad73a504971]::future::future::Future<Output = ()>>>::{closure#0}, ()>
[INFO] [stdout]   18:     0x6468685d1a65 - <tokio[2b8ea44bb6b105c8]::runtime::runtime::Runtime>::block_on::<core[a373ad73a504971]::pin::Pin<&mut dyn core[a373ad73a504971]::future::future::Future<Output = ()>>>
[INFO] [stdout]   19:     0x6468685d524e - <package_test[f9fce9407f3812aa]::test_package_resource_compilation::{closure#0} as core[a373ad73a504971]::ops::function::FnOnce<()>>::call_once
[INFO] [stdout]   20:     0x6468685d634b - test[aada8e7e76ba119b]::__rust_begin_short_backtrace::<core[a373ad73a504971]::result::Result<(), alloc[2e1b2a31b91974c5]::string::String>, fn() -> core[a373ad73a504971]::result::Result<(), alloc[2e1b2a31b91974c5]::string::String>>
[INFO] [stdout]   21:     0x6468685e3525 - test[aada8e7e76ba119b]::run_test::{closure#0}
[INFO] [stdout]   22:     0x6468685dce14 - std[617be2ca0a6fd877]::sys::backtrace::__rust_begin_short_backtrace::<test[aada8e7e76ba119b]::run_test::{closure#1}, ()>
[INFO] [stdout]   23:     0x6468685e65b2 - <std[617be2ca0a6fd877]::thread::lifecycle::spawn_unchecked<test[aada8e7e76ba119b]::run_test::{closure#1}, ()>::{closure#1} as core[a373ad73a504971]::ops::function::FnOnce<()>>::call_once::{shim:vtable#0}
[INFO] [stdout]   24:     0x6468688e6a6f - <std[617be2ca0a6fd877]::sys::thread::unix::Thread>::new::thread_start
[INFO] [stdout]   25:     0x7c2969482dfa - <unknown>
[INFO] [stdout]   26:     0x7c29695163d4 - clone
[INFO] [stdout]   27:                0x0 - <unknown>
[INFO] [stdout] 
[INFO] [stdout] 
[INFO] [stdout] failures:
[INFO] [stdout]     test_package_resource_compilation
[INFO] [stdout] 
[INFO] [stdout] test result: FAILED. 1 passed; 1 failed; 0 ignored; 0 measured; 0 filtered out; finished in 0.01s
[INFO] [stdout] 
[INFO] running `Command { std: "docker" "inspect" "ea85992fd2d8ade54db6c8cf0d2cd7891fc0556d962c9c34d698b12094e12d2a", kill_on_drop: false }`
[INFO] running `Command { std: "docker" "rm" "-f" "ea85992fd2d8ade54db6c8cf0d2cd7891fc0556d962c9c34d698b12094e12d2a", kill_on_drop: false }`
[INFO] [stdout] ea85992fd2d8ade54db6c8cf0d2cd7891fc0556d962c9c34d698b12094e12d2a
