[INFO] fetching crate posthog-rs 0.27.0...
[INFO] testing posthog-rs-0.27.0 against 1.100.0-beta.1+cargoflags=--release for beta-release-1.100-2
[INFO] extracting crate posthog-rs 0.27.0 into /workspace/builds/worker-6-tc2/source
[INFO] started tweaking crates.io crate posthog-rs 0.27.0
[INFO] removed 0 missing examples
[INFO] removed 0 missing tests
[INFO] finished tweaking crates.io crate posthog-rs 0.27.0
[INFO] tweaked toml for crates.io crate posthog-rs 0.27.0 written to /workspace/builds/worker-6-tc2/source/Cargo.toml
[INFO] validating manifest of crates.io crate posthog-rs 0.27.0 on toolchain 1.100.0-beta.1
[INFO] running `Command { std: CARGO_HOME="/workspace/cargo-home" RUSTUP_HOME="/workspace/rustup-home" "/workspace/cargo-home/bin/cargo" "+1.100.0-beta.1" "metadata" "--manifest-path" "Cargo.toml" "--no-deps", kill_on_drop: false }`
[INFO] crate crates.io crate posthog-rs 0.27.0 already has a lockfile, it will not be regenerated
[INFO] running `Command { std: CARGO_HOME="/workspace/cargo-home" RUSTUP_HOME="/workspace/rustup-home" "/workspace/cargo-home/bin/cargo" "+1.100.0-beta.1" "fetch" "--manifest-path" "Cargo.toml", kill_on_drop: false }`
[INFO] running `Command { std: "docker" "create" "-v" "/var/lib/crater-agent-workspace/builds/worker-6-tc2/source:/opt/rustwide/workdir:ro,Z" "-v" "/var/lib/crater-agent-workspace/builds/worker-6-tc2/target:/opt/rustwide/target:rw,Z" "-v" "/var/lib/crater-agent-workspace/cargo-home:/opt/rustwide/cargo-home:ro,Z" "-v" "/var/lib/crater-agent-workspace/rustup-home:/opt/rustwide/rustup-home:ro,Z" "-m" "1610612736" "--network" "none" "ghcr.io/rust-lang/crates-build-env/linux@sha256:77db811e55d90add9212f6832c23229e3de5f1c1f9905e8cb07319ea15df73ac" "sleep" "infinity", kill_on_drop: false }`
[INFO] [stdout] 8e067b113d71367fe32ab9ea9ba0b7a1f15d67a0775daebc0113ccea2557ff6a
[INFO] running `Command { std: "docker" "start" "8e067b113d71367fe32ab9ea9ba0b7a1f15d67a0775daebc0113ccea2557ff6a", kill_on_drop: false }`
[INFO] running `Command { std: "docker" "inspect" "8e067b113d71367fe32ab9ea9ba0b7a1f15d67a0775daebc0113ccea2557ff6a", kill_on_drop: false }`
[INFO] running `Command { std: "docker" "exec" "-e" "SOURCE_DIR=/opt/rustwide/workdir" "-e" "CARGO_HOME=/opt/rustwide/cargo-home" "-e" "RUSTUP_HOME=/opt/rustwide/rustup-home" "-e" "CARGO_TARGET_DIR=/opt/rustwide/target" "-w" "/opt/rustwide/workdir" "--user" "0:0" "8e067b113d71367fe32ab9ea9ba0b7a1f15d67a0775daebc0113ccea2557ff6a" "/opt/rustwide/cargo-home/bin/cargo" "+1.100.0-beta.1" "metadata" "--no-deps" "--format-version=1", kill_on_drop: false }`
[INFO] running `Command { std: "docker" "inspect" "8e067b113d71367fe32ab9ea9ba0b7a1f15d67a0775daebc0113ccea2557ff6a", kill_on_drop: false }`
[INFO] running `Command { std: "docker" "exec" "-e" "SOURCE_DIR=/opt/rustwide/workdir" "-e" "CARGO_HOME=/opt/rustwide/cargo-home" "-e" "RUSTUP_HOME=/opt/rustwide/rustup-home" "-e" "CARGO_TARGET_DIR=/opt/rustwide/target" "-e" "CARGO_INCREMENTAL=0" "-e" "RUST_BACKTRACE=full" "-e" "RUSTFLAGS=--cap-lints=warn" "-e" "RUSTDOCFLAGS=--cap-lints=warn" "-w" "/opt/rustwide/workdir" "--user" "0:0" "8e067b113d71367fe32ab9ea9ba0b7a1f15d67a0775daebc0113ccea2557ff6a" "/opt/rustwide/cargo-home/bin/cargo" "+1.100.0-beta.1" "build" "--frozen" "--message-format=json" "--release", kill_on_drop: false }`
[INFO] [stderr]    Compiling libc v0.2.189
[INFO] [stderr]    Compiling serde_core v1.0.229
[INFO] [stderr]    Compiling serde v1.0.229
[INFO] [stderr]    Compiling smallvec v1.16.1
[INFO] [stderr]    Compiling find-msvc-tools v0.1.13
[INFO] [stderr]    Compiling shlex v2.0.1
[INFO] [stderr]    Compiling futures-core v0.3.34
[INFO] [stderr]    Compiling pkg-config v0.3.34
[INFO] [stderr]    Compiling futures-sink v0.3.34
[INFO] [stderr]    Compiling syn v3.0.6
[INFO] [stderr]    Compiling syn v2.0.119
[INFO] [stderr]    Compiling aws-lc-rs v1.18.1
[INFO] [stderr]    Compiling zeroize v1.9.0
[INFO] [stderr]    Compiling litemap v0.8.3
[INFO] [stderr]    Compiling writeable v0.6.4
[INFO] [stderr]    Compiling icu_normalizer_data v2.3.0
[INFO] [stderr]    Compiling log v0.4.34
[INFO] [stderr]    Compiling icu_properties_data v2.3.0
[INFO] [stderr]    Compiling futures-channel v0.3.34
[INFO] [stderr]    Compiling crc32fast v1.5.2
[INFO] [stderr]    Compiling tracing-core v0.1.36
[INFO] [stderr]    Compiling simd-adler32 v0.3.10
[INFO] [stderr]    Compiling rustls v0.23.45
[INFO] [stderr]    Compiling indexmap v2.14.2
[INFO] [stderr]    Compiling rustls-pki-types v1.15.1
[INFO] [stderr]    Compiling miniz_oxide v0.9.1
[INFO] [stderr]    Compiling subtle v2.6.1
[INFO] [stderr]    Compiling typenum v1.20.1
[INFO] [stderr]    Compiling cfg_aliases v0.2.2
[INFO] [stderr]    Compiling compression-core v0.4.33
[INFO] [stderr]    Compiling bitflags v2.13.2
[INFO] [stderr]    Compiling httpdate v1.0.3
[INFO] [stderr]    Compiling num-traits v0.2.19
[INFO] [stderr]    Compiling nix v0.31.3
[INFO] [stderr]    Compiling sync_wrapper v1.0.2
[INFO] [stderr]    Compiling getrandom v0.4.3
[INFO] [stderr]    Compiling tower-layer v0.3.3
[INFO] [stderr]    Compiling object v0.37.3
[INFO] [stderr]    Compiling ipnet v2.12.2
[INFO] [stderr]    Compiling serde_json v1.0.151
[INFO] [stderr]    Compiling flate2 v1.1.10
[INFO] [stderr]    Compiling rustls-native-certs v0.8.4
[INFO] [stderr]    Compiling const-oid v0.10.2
[INFO] [stderr]    Compiling gimli v0.32.3
[INFO] [stderr]    Compiling regex-automata v0.4.18
[INFO] [stderr]    Compiling miniz_oxide v0.8.9
[INFO] [stderr]    Compiling rustc-demangle v0.1.28
[INFO] [stderr]    Compiling hybrid-array v0.4.15
[INFO] [stderr]    Compiling compression-codecs v0.4.43
[INFO] [stderr]    Compiling jobserver v0.1.35
[INFO] [stderr]    Compiling base64 v0.23.1
[INFO] [stderr]    Compiling cc v1.4.7
[INFO] [stderr]    Compiling crypto-common v0.2.2
[INFO] [stderr]    Compiling block-buffer v0.12.1
[INFO] [stderr]    Compiling cpufeatures v0.3.1
[INFO] [stderr]    Compiling semver v1.0.28
[INFO] [stderr]    Compiling parking_lot_core v0.9.12
[INFO] [stderr]    Compiling errno v0.3.14
[INFO] [stderr]    Compiling mio v1.2.3
[INFO] [stderr]    Compiling socket2 v0.6.5
[INFO] [stderr]    Compiling signal-hook-registry v1.4.8
[INFO] [stderr]    Compiling parking_lot v0.12.5
[INFO] [stderr]    Compiling cmake v0.1.58
[INFO] [stderr]    Compiling findshlibs v0.10.2
[INFO] [stderr]    Compiling aws-lc-sys v0.45.0
[INFO] [stderr]    Compiling digest v0.11.3
[INFO] [stderr]    Compiling sha1 v0.11.0
[INFO] [stderr]    Compiling addr2line v0.25.1
[INFO] [stderr]    Compiling uuid v1.26.1
[INFO] [stderr]    Compiling darling_core v0.20.11
[INFO] [stderr]    Compiling tracing-attributes v0.1.31
[INFO] [stderr]    Compiling synstructure v0.14.0
[INFO] [stderr]    Compiling serde_derive v1.0.229
[INFO] [stderr]    Compiling zerofrom-derive v0.1.8
[INFO] [stderr]    Compiling yoke-derive v0.8.3
[INFO] [stderr]    Compiling zerovec-derive v0.11.6
[INFO] [stderr]    Compiling displaydoc v0.2.7
[INFO] [stderr]    Compiling tokio-macros v2.7.2
[INFO] [stderr]    Compiling futures-macro v0.3.34
[INFO] [stderr]    Compiling tracing v0.1.44
[INFO] [stderr]    Compiling futures-util v0.3.34
[INFO] [stderr]    Compiling regex v1.13.1
[INFO] [stderr]    Compiling backtrace v0.3.76
[INFO] [stderr]    Compiling zerofrom v0.1.8
[INFO] [stderr]    Compiling yoke v0.8.3
[INFO] [stderr]    Compiling darling_macro v0.20.11
[INFO] [stderr]    Compiling darling v0.20.11
[INFO] [stderr]    Compiling zerovec v0.11.8
[INFO] [stderr]    Compiling zerotrie v0.2.5
[INFO] [stderr]    Compiling derive_builder_core v0.20.2
[INFO] [stderr]    Compiling tinystr v0.8.4
[INFO] [stderr]    Compiling potential_utf v0.1.6
[INFO] [stderr]    Compiling icu_locale_core v2.3.0
[INFO] [stderr]    Compiling icu_collections v2.3.0
[INFO] [stderr]    Compiling derive_builder_macro v0.20.2
[INFO] [stderr]    Compiling derive_builder v0.20.2
[INFO] [stderr]    Compiling bytes v1.12.1
[INFO] [stderr]    Compiling os_info v3.15.0
[INFO] [stderr]    Compiling chrono v0.4.45
[INFO] [stderr]    Compiling icu_provider v2.3.1
[INFO] [stderr]    Compiling icu_properties v2.3.0
[INFO] [stderr]    Compiling icu_normalizer v2.3.0
[INFO] [stderr]    Compiling tokio v1.53.1
[INFO] [stderr]    Compiling http v1.5.0
[INFO] [stderr]    Compiling http-body v1.1.0
[INFO] [stderr]    Compiling http-body-util v0.1.5
[INFO] [stderr]    Compiling idna_adapter v1.2.2
[INFO] [stderr]    Compiling idna v1.1.0
[INFO] [stderr]    Compiling url v2.5.8
[INFO] [stderr]    Compiling tokio-util v0.7.19
[INFO] [stderr]    Compiling async-compression v0.4.48
[INFO] [stderr]    Compiling tower v0.5.3
[INFO] [stderr]    Compiling h2 v0.4.19
[INFO] [stderr]    Compiling tower-http v0.6.11
[INFO] [stderr]    Compiling hyper v1.11.1
[INFO] [stderr]    Compiling hyper-util v0.1.20
[INFO] [stderr]    Compiling rustls-webpki v0.103.15
[INFO] [stderr]    Compiling tokio-rustls v0.26.5
[INFO] [stderr]    Compiling rustls-platform-verifier v0.7.0
[INFO] [stderr]    Compiling hyper-rustls v0.27.10
[INFO] [stderr]    Compiling reqwest v0.13.5
[INFO] [stderr]    Compiling posthog-rs v0.27.0 (/opt/rustwide/workdir)
[INFO] [stdout] warning: use of deprecated method `std::sync::atomic::Atomic::<usize>::fetch_update`: renamed to `try_update` for consistency
[INFO] [stdout]    --> src/client/transport.rs:381:17
[INFO] [stdout]     |
[INFO] [stdout] 381 |     let _ = len.fetch_update(Ordering::AcqRel, Ordering::Acquire, |current| {
[INFO] [stdout]     |                 ^^^^^^^^^^^^
[INFO] [stdout]     |
[INFO] [stdout]     = note: `#[warn(deprecated)]` on by default
[INFO] [stdout] help: replace the use of the deprecated method
[INFO] [stdout]     |
[INFO] [stdout] 381 -     let _ = len.fetch_update(Ordering::AcqRel, Ordering::Acquire, |current| {
[INFO] [stdout] 381 +     let _ = len.try_update(Ordering::AcqRel, Ordering::Acquire, |current| {
[INFO] [stdout]     |
[INFO] [stdout] 
[INFO] [stdout] 
[INFO] [stderr]     Finished `release` profile [optimized] target(s) in 2m 42s
[INFO] running `Command { std: "docker" "inspect" "8e067b113d71367fe32ab9ea9ba0b7a1f15d67a0775daebc0113ccea2557ff6a", kill_on_drop: false }`
[INFO] running `Command { std: "docker" "exec" "-e" "SOURCE_DIR=/opt/rustwide/workdir" "-e" "CARGO_HOME=/opt/rustwide/cargo-home" "-e" "RUSTUP_HOME=/opt/rustwide/rustup-home" "-e" "CARGO_TARGET_DIR=/opt/rustwide/target" "-e" "CARGO_INCREMENTAL=0" "-e" "RUST_BACKTRACE=full" "-e" "RUSTFLAGS=--cap-lints=warn" "-e" "RUSTDOCFLAGS=--cap-lints=warn" "-w" "/opt/rustwide/workdir" "--user" "0:0" "8e067b113d71367fe32ab9ea9ba0b7a1f15d67a0775daebc0113ccea2557ff6a" "/opt/rustwide/cargo-home/bin/cargo" "+1.100.0-beta.1" "test" "--frozen" "--no-run" "--message-format=json" "--release", kill_on_drop: false }`
[INFO] [stderr]    Compiling generic-array v0.14.7
[INFO] [stderr]    Compiling parking v2.2.1
[INFO] [stderr]    Compiling thiserror v2.0.21
[INFO] [stderr]    Compiling headers-core v0.3.0
[INFO] [stderr]    Compiling eyre v0.6.14
[INFO] [stderr]    Compiling thiserror-impl v2.0.21
[INFO] [stderr]    Compiling mime v0.3.17
[INFO] [stderr]    Compiling tabwriter v1.4.1
[INFO] [stderr]    Compiling sharded-slab v0.1.7
[INFO] [stderr]    Compiling serde_regex v1.2.0
[INFO] [stderr]    Compiling assert-json-diff v2.0.2
[INFO] [stderr]    Compiling matchers v0.2.0
[INFO] [stderr]    Compiling futures-executor v0.3.34
[INFO] [stderr]    Compiling tracing-log v0.2.0
[INFO] [stderr]    Compiling path-tree v0.8.3
[INFO] [stderr]    Compiling thread_local v1.1.10
[INFO] [stderr]    Compiling async-trait v0.1.92
[INFO] [stderr]    Compiling event-listener v5.4.2
[INFO] [stderr]    Compiling futures-timer v3.0.4
[INFO] [stderr]    Compiling indenter v0.3.4
[INFO] [stderr]    Compiling nu-ansi-term v0.50.3
[INFO] [stderr]    Compiling linktime-proc-macro v0.2.3
[INFO] [stderr]    Compiling link-section v0.19.3
[INFO] [stderr]    Compiling similar v2.7.0
[INFO] [stderr]    Compiling stringmetrics v2.2.2
[INFO] [stderr]    Compiling event-listener-strategy v0.5.4
[INFO] [stderr]    Compiling futures v0.3.34
[INFO] [stderr]    Compiling dotenv v0.15.0
[INFO] [stderr]    Compiling async-lock v3.4.2
[INFO] [stdout] warning: use of deprecated method `std::sync::atomic::Atomic::<usize>::fetch_update`: renamed to `try_update` for consistency
[INFO] [stdout]    --> src/client/transport.rs:381:17
[INFO] [stdout]     |
[INFO] [stdout] 381 |     let _ = len.fetch_update(Ordering::AcqRel, Ordering::Acquire, |current| {
[INFO] [stdout]     |                 ^^^^^^^^^^^^
[INFO] [stdout]     |
[INFO] [stdout]     = note: `#[warn(deprecated)]` on by default
[INFO] [stdout] help: replace the use of the deprecated method
[INFO] [stdout]     |
[INFO] [stdout] 381 -     let _ = len.fetch_update(Ordering::AcqRel, Ordering::Acquire, |current| {
[INFO] [stdout] 381 +     let _ = len.try_update(Ordering::AcqRel, Ordering::Acquire, |current| {
[INFO] [stdout]     |
[INFO] [stdout] 
[INFO] [stdout] 
[INFO] [stderr]    Compiling crypto-common v0.1.7
[INFO] [stderr]    Compiling block-buffer v0.10.4
[INFO] [stderr]    Compiling digest v0.10.7
[INFO] [stderr]    Compiling tracing-subscriber v0.3.23
[INFO] [stderr]    Compiling ctor v1.0.13
[INFO] [stderr]    Compiling sha1 v0.10.7
[INFO] [stderr]    Compiling headers v0.4.1
[INFO] [stderr]    Compiling async-object-pool v0.2.0
[INFO] [stderr]    Compiling httpmock v0.8.3
[INFO] [stderr]    Compiling posthog-rs v0.27.0 (/opt/rustwide/workdir)
[INFO] [stdout] warning: use of deprecated method `httpmock::When::matches`: Please use the `is_true` and `is_false` function instead
[INFO] [stdout]    --> tests/test_group_identify.rs:278:22
[INFO] [stdout]     |
[INFO] [stdout] 278 |                     .matches(request_has_well_formed_group_identify_event)
[INFO] [stdout]     |                      ^^^^^^^
[INFO] [stdout]     |
[INFO] [stdout]     = note: `#[warn(deprecated)]` on by default
[INFO] [stdout] 
[INFO] [stdout] 
[INFO] [stdout] warning: use of deprecated method `httpmock::When::matches`: Please use the `is_true` and `is_false` function instead
[INFO] [stdout]    --> tests/test_group_identify.rs:279:22
[INFO] [stdout]     |
[INFO] [stdout] 279 |                     .matches(request_does_not_disable_person_processing);
[INFO] [stdout]     |                      ^^^^^^^
[INFO] [stdout] 
[INFO] [stdout] 
[INFO] [stdout] warning: use of deprecated method `httpmock::When::matches`: Please use the `is_true` and `is_false` function instead
[INFO] [stdout]    --> tests/test_group_identify.rs:307:22
[INFO] [stdout]     |
[INFO] [stdout] 307 |                     .matches(request_has_well_formed_group_identify_event);
[INFO] [stdout]     |                      ^^^^^^^
[INFO] [stdout] 
[INFO] [stdout] 
[INFO] [stdout] warning: use of deprecated method `httpmock::When::matches`: Please use the `is_true` and `is_false` function instead
[INFO] [stdout]    --> tests/test_group_identify.rs:335:22
[INFO] [stdout]     |
[INFO] [stdout] 335 |                     .matches(request_has_two_distinct_event_uuids);
[INFO] [stdout]     |                      ^^^^^^^
[INFO] [stdout] 
[INFO] [stdout] 
[INFO] [stdout] warning: use of deprecated method `httpmock::Mock::<'a>::assert_hits_async`: please use `assert_calls_async` instead
[INFO] [stdout]    --> tests/test_group_identify.rs:369:26
[INFO] [stdout]     |
[INFO] [stdout] 369 |             capture_mock.assert_hits_async(0).await;
[INFO] [stdout]     |                          ^^^^^^^^^^^^^^^^^
[INFO] [stdout] 
[INFO] [stdout] 
[INFO] [stdout] warning: use of deprecated method `httpmock::Mock::<'a>::assert_hits_async`: please use `assert_calls_async` instead
[INFO] [stdout]    --> tests/test_group_identify.rs:390:26
[INFO] [stdout]     |
[INFO] [stdout] 390 |             capture_mock.assert_hits_async(0).await;
[INFO] [stdout]     |                          ^^^^^^^^^^^^^^^^^
[INFO] [stdout] 
[INFO] [stdout] 
[INFO] [stdout] warning: use of deprecated method `httpmock::Mock::<'a>::assert_hits_async`: please use `assert_calls_async` instead
[INFO] [stdout]    --> tests/test_group_identify.rs:416:22
[INFO] [stdout]     |
[INFO] [stdout] 416 |         capture_mock.assert_hits_async(0).await;
[INFO] [stdout]     |                      ^^^^^^^^^^^^^^^^^
[INFO] [stdout] 
[INFO] [stdout] 
[INFO] [stdout] warning: use of deprecated method `httpmock::When::matches`: Please use the `is_true` and `is_false` function instead
[INFO] [stdout]    --> tests/test_panic_global.rs:100:27
[INFO] [stdout]     |
[INFO] [stdout] 100 |         when.method(POST).matches(is_panic_exception);
[INFO] [stdout]     |                           ^^^^^^^
[INFO] [stdout]     |
[INFO] [stdout]     = note: `#[warn(deprecated)]` on by default
[INFO] [stdout] 
[INFO] [stdout] 
[INFO] [stdout] warning: use of deprecated method `httpmock::Mock::<'a>::assert_hits`: please use `assert_calls` instead
[INFO] [stdout]    --> tests/test_panic_global.rs:126:10
[INFO] [stdout]     |
[INFO] [stdout] 126 |     mock.assert_hits(1);
[INFO] [stdout]     |          ^^^^^^^^^^^
[INFO] [stdout] 
[INFO] [stdout] 
[INFO] [stdout] warning: use of deprecated method `httpmock::When::matches`: Please use the `is_true` and `is_false` function instead
[INFO] [stdout]    --> tests/test_error_tracking.rs:220:18
[INFO] [stdout]     |
[INFO] [stdout] 220 |                 .matches(request_has_capture_exception_user_frame_last);
[INFO] [stdout]     |                  ^^^^^^^
[INFO] [stdout]     |
[INFO] [stdout]     = note: `#[warn(deprecated)]` on by default
[INFO] [stdout] 
[INFO] [stdout] 
[INFO] [stdout] warning: use of deprecated method `httpmock::Mock::<'a>::assert_hits`: please use `assert_calls` instead
[INFO] [stdout]    --> tests/test_error_tracking.rs:228:22
[INFO] [stdout]     |
[INFO] [stdout] 228 |         capture_mock.assert_hits(1);
[INFO] [stdout]     |                      ^^^^^^^^^^^
[INFO] [stdout] 
[INFO] [stdout] 
[INFO] [stdout] warning: use of deprecated method `httpmock::When::matches`: Please use the `is_true` and `is_false` function instead
[INFO] [stdout]    --> tests/test_error_tracking.rs:243:18
[INFO] [stdout]     |
[INFO] [stdout] 243 |                 .matches(request_has_capture_exception_with_user_frame_last);
[INFO] [stdout]     |                  ^^^^^^^
[INFO] [stdout] 
[INFO] [stdout] 
[INFO] [stdout] warning: use of deprecated method `httpmock::Mock::<'a>::assert_hits`: please use `assert_calls` instead
[INFO] [stdout]    --> tests/test_error_tracking.rs:263:22
[INFO] [stdout]     |
[INFO] [stdout] 263 |         capture_mock.assert_hits(1);
[INFO] [stdout]     |                      ^^^^^^^^^^^
[INFO] [stdout] 
[INFO] [stdout] 
[INFO] [stdout] warning: use of deprecated method `httpmock::When::matches`: Please use the `is_true` and `is_false` function instead
[INFO] [stdout]    --> tests/test_error_tracking.rs:294:18
[INFO] [stdout]     |
[INFO] [stdout] 294 |                 .matches(request_has_no_stacktrace);
[INFO] [stdout]     |                  ^^^^^^^
[INFO] [stdout] 
[INFO] [stdout] 
[INFO] [stdout] warning: use of deprecated method `httpmock::Mock::<'a>::assert_hits`: please use `assert_calls` instead
[INFO] [stdout]    --> tests/test_error_tracking.rs:314:22
[INFO] [stdout]     |
[INFO] [stdout] 314 |         capture_mock.assert_hits(1);
[INFO] [stdout]     |                      ^^^^^^^^^^^
[INFO] [stdout] 
[INFO] [stdout] 
[INFO] [stdout] warning: use of deprecated method `httpmock::When::matches`: Please use the `is_true` and `is_false` function instead
[INFO] [stdout]    --> tests/test_alias.rs:233:18
[INFO] [stdout]     |
[INFO] [stdout] 233 |                 .matches(request_has_well_formed_alias_event)
[INFO] [stdout]     |                  ^^^^^^^
[INFO] [stdout]     |
[INFO] [stdout]     = note: `#[warn(deprecated)]` on by default
[INFO] [stdout] 
[INFO] [stdout] 
[INFO] [stdout] warning: use of deprecated method `httpmock::When::matches`: Please use the `is_true` and `is_false` function instead
[INFO] [stdout]    --> tests/test_alias.rs:234:18
[INFO] [stdout]     |
[INFO] [stdout] 234 |                 .matches(request_does_not_disable_person_processing);
[INFO] [stdout]     |                  ^^^^^^^
[INFO] [stdout] 
[INFO] [stdout] 
[INFO] [stdout] warning: use of deprecated method `httpmock::When::matches`: Please use the `is_true` and `is_false` function instead
[INFO] [stdout]    --> tests/test_alias.rs:251:18
[INFO] [stdout]     |
[INFO] [stdout] 251 |                 .matches(request_has_well_formed_alias_event);
[INFO] [stdout]     |                  ^^^^^^^
[INFO] [stdout] 
[INFO] [stdout] 
[INFO] [stdout] warning: use of deprecated method `httpmock::When::matches`: Please use the `is_true` and `is_false` function instead
[INFO] [stdout]    --> tests/test_alias.rs:269:18
[INFO] [stdout]     |
[INFO] [stdout] 269 |                 .matches(request_has_two_distinct_event_uuids);
[INFO] [stdout]     |                  ^^^^^^^
[INFO] [stdout] 
[INFO] [stdout] 
[INFO] [stdout] warning: use of deprecated method `httpmock::Mock::<'a>::assert_hits`: please use `assert_calls` instead
[INFO] [stdout]    --> tests/test_alias.rs:294:26
[INFO] [stdout]     |
[INFO] [stdout] 294 |             capture_mock.assert_hits(0);
[INFO] [stdout]     |                          ^^^^^^^^^^^
[INFO] [stdout] 
[INFO] [stdout] 
[INFO] [stdout] warning: use of deprecated method `httpmock::Mock::<'a>::assert_hits`: please use `assert_calls` instead
[INFO] [stdout]    --> tests/test_capture_immediate.rs:335:14
[INFO] [stdout]     |
[INFO] [stdout] 335 |         mock.assert_hits(1);
[INFO] [stdout]     |              ^^^^^^^^^^^
[INFO] [stdout]     |
[INFO] [stdout]     = note: `#[warn(deprecated)]` on by default
[INFO] [stdout] 
[INFO] [stdout] 
[INFO] [stdout] warning: use of deprecated method `httpmock::Mock::<'a>::assert_hits`: please use `assert_calls` instead
[INFO] [stdout]    --> tests/test_alias.rs:311:26
[INFO] [stdout]     |
[INFO] [stdout] 311 |             capture_mock.assert_hits(0);
[INFO] [stdout]     |                          ^^^^^^^^^^^
[INFO] [stdout] 
[INFO] [stdout] 
[INFO] [stdout] warning: use of deprecated method `httpmock::Mock::<'a>::assert_hits`: please use `assert_calls` instead
[INFO] [stdout]    --> tests/test_alias.rs:333:22
[INFO] [stdout]     |
[INFO] [stdout] 333 |         capture_mock.assert_hits(0);
[INFO] [stdout]     |                      ^^^^^^^^^^^
[INFO] [stdout] 
[INFO] [stdout] 
[INFO] [stdout] warning: use of deprecated method `httpmock::Mock::<'a>::assert_hits`: please use `assert_calls` instead
[INFO] [stdout]    --> tests/test_on_error.rs:309:15
[INFO] [stdout]     |
[INFO] [stdout] 309 |         flags.assert_hits(1);
[INFO] [stdout]     |               ^^^^^^^^^^^
[INFO] [stdout]     |
[INFO] [stdout]     = note: `#[warn(deprecated)]` on by default
[INFO] [stdout] 
[INFO] [stdout] 
[INFO] [stdout] warning: use of deprecated method `httpmock::Mock::<'a>::assert_hits`: please use `assert_calls` instead
[INFO] [stdout]    --> tests/test_capture_immediate.rs:359:18
[INFO] [stdout]     |
[INFO] [stdout] 359 |             mock.assert_hits(3);
[INFO] [stdout]     |                  ^^^^^^^^^^^
[INFO] [stdout] 
[INFO] [stdout] 
[INFO] [stdout] warning: use of deprecated method `httpmock::Mock::<'a>::assert_hits`: please use `assert_calls` instead
[INFO] [stdout]    --> tests/test_capture_immediate.rs:377:18
[INFO] [stdout]     |
[INFO] [stdout] 377 |             mock.assert_hits(1);
[INFO] [stdout]     |                  ^^^^^^^^^^^
[INFO] [stdout] 
[INFO] [stdout] 
[INFO] [stdout] warning: use of deprecated method `httpmock::Mock::<'a>::assert_hits`: please use `assert_calls` instead
[INFO] [stdout]    --> tests/test_capture_immediate.rs:396:14
[INFO] [stdout]     |
[INFO] [stdout] 396 |         mock.assert_hits(1);
[INFO] [stdout]     |              ^^^^^^^^^^^
[INFO] [stdout] 
[INFO] [stdout] 
[INFO] [stdout] warning: use of deprecated method `httpmock::When::matches`: Please use the `is_true` and `is_false` function instead
[INFO] [stdout]    --> tests/test_capture_immediate.rs:416:18
[INFO] [stdout]     |
[INFO] [stdout] 416 |                 .matches(body_gunzips_to_user1);
[INFO] [stdout]     |                  ^^^^^^^
[INFO] [stdout] 
[INFO] [stdout] 
[INFO] [stdout] warning: use of deprecated method `posthog_rs::ClientOptionsBuilder::personal_api_key`: use `secret_key` instead; it accepts a Personal API Key or a Project Secret API Key
[INFO] [stdout]    --> tests/test_on_error.rs:337:18
[INFO] [stdout]     |
[INFO] [stdout] 337 |                 .personal_api_key("phx_test".to_string())
[INFO] [stdout]     |                  ^^^^^^^^^^^^^^^^
[INFO] [stdout] 
[INFO] [stdout] 
[INFO] [stdout] warning: use of deprecated method `httpmock::Mock::<'a>::assert_hits`: please use `assert_calls` instead
[INFO] [stdout]    --> tests/test_capture_immediate.rs:433:14
[INFO] [stdout]     |
[INFO] [stdout] 433 |         mock.assert_hits(1);
[INFO] [stdout]     |              ^^^^^^^^^^^
[INFO] [stdout] 
[INFO] [stdout] 
[INFO] [stdout] warning: use of deprecated method `httpmock::Mock::<'a>::assert_hits`: please use `assert_calls` instead
[INFO] [stdout]    --> tests/test_on_error.rs:354:15
[INFO] [stdout]     |
[INFO] [stdout] 354 |         flags.assert_hits(1);
[INFO] [stdout]     |               ^^^^^^^^^^^
[INFO] [stdout] 
[INFO] [stdout] 
[INFO] [stdout] warning: use of deprecated method `posthog_rs::ClientOptionsBuilder::personal_api_key`: use `secret_key` instead; it accepts a Personal API Key or a Project Secret API Key
[INFO] [stdout]    --> tests/test_on_error.rs:373:18
[INFO] [stdout]     |
[INFO] [stdout] 373 |                 .personal_api_key("phx_test".to_string())
[INFO] [stdout]     |                  ^^^^^^^^^^^^^^^^
[INFO] [stdout] 
[INFO] [stdout] 
[INFO] [stdout] warning: use of deprecated method `httpmock::Mock::<'a>::hits`: please use `calls` instead
[INFO] [stdout]   --> tests/test_transport.rs:37:17
[INFO] [stdout]    |
[INFO] [stdout] 37 |         if mock.hits() >= want {
[INFO] [stdout]    |                 ^^^^
[INFO] [stdout]    |
[INFO] [stdout]    = note: `#[warn(deprecated)]` on by default
[INFO] [stdout] 
[INFO] [stdout] 
[INFO] [stdout] warning: use of deprecated method `httpmock::Mock::<'a>::hits`: please use `calls` instead
[INFO] [stdout]   --> tests/test_transport.rs:42:21
[INFO] [stdout]    |
[INFO] [stdout] 42 |     assert_eq!(mock.hits(), want, "timed out waiting for {want} hits");
[INFO] [stdout]    |                     ^^^^
[INFO] [stdout] 
[INFO] [stdout] 
[INFO] [stdout] warning: use of deprecated method `httpmock::Mock::<'a>::assert_hits`: please use `assert_calls` instead
[INFO] [stdout]    --> tests/test_on_error.rs:382:14
[INFO] [stdout]     |
[INFO] [stdout] 382 |         defs.assert_hits(1);
[INFO] [stdout]     |              ^^^^^^^^^^^
[INFO] [stdout] 
[INFO] [stdout] 
[INFO] [stdout] warning: use of deprecated method `httpmock::When::matches`: Please use the `is_true` and `is_false` function instead
[INFO] [stdout]   --> tests/test_transport.rs:56:14
[INFO] [stdout]    |
[INFO] [stdout] 56 |             .matches(|r| body_contains(r, "\"event\":\"First\""))
[INFO] [stdout]    |              ^^^^^^^
[INFO] [stdout] 
[INFO] [stdout] 
[INFO] [stdout] warning: use of deprecated method `httpmock::When::matches`: Please use the `is_true` and `is_false` function instead
[INFO] [stdout]   --> tests/test_transport.rs:57:14
[INFO] [stdout]    |
[INFO] [stdout] 57 |             .matches(|r| body_contains(r, "\"event\":\"Second\""));
[INFO] [stdout]    |              ^^^^^^^
[INFO] [stdout] 
[INFO] [stdout] 
[INFO] [stdout] warning: use of deprecated method `httpmock::Mock::<'a>::assert_hits`: please use `assert_calls` instead
[INFO] [stdout]   --> tests/test_transport.rs:67:10
[INFO] [stdout]    |
[INFO] [stdout] 67 |     mock.assert_hits(1);
[INFO] [stdout]    |          ^^^^^^^^^^^
[INFO] [stdout] 
[INFO] [stdout] 
[INFO] [stdout] warning: use of deprecated method `httpmock::Mock::<'a>::assert_hits`: please use `assert_calls` instead
[INFO] [stdout]   --> tests/test_transport.rs:81:10
[INFO] [stdout]    |
[INFO] [stdout] 81 |     mock.assert_hits(0);
[INFO] [stdout]    |          ^^^^^^^^^^^
[INFO] [stdout] 
[INFO] [stdout] 
[INFO] [stdout] warning: use of deprecated method `httpmock::Mock::<'a>::assert_hits`: please use `assert_calls` instead
[INFO] [stdout]   --> tests/test_transport.rs:97:10
[INFO] [stdout]    |
[INFO] [stdout] 97 |     fail.assert_hits(1);
[INFO] [stdout]    |          ^^^^^^^^^^^
[INFO] [stdout] 
[INFO] [stdout] 
[INFO] [stdout] warning: use of deprecated method `httpmock::When::matches`: Please use the `is_true` and `is_false` function instead
[INFO] [stdout]    --> tests/test_transport.rs:103:14
[INFO] [stdout]     |
[INFO] [stdout] 103 |             .matches(|r| body_contains(r, "\"event\":\"Save\""));
[INFO] [stdout]     |              ^^^^^^^
[INFO] [stdout] 
[INFO] [stdout] 
[INFO] [stdout] warning: use of deprecated method `httpmock::Mock::<'a>::assert_hits`: please use `assert_calls` instead
[INFO] [stdout]    --> tests/test_transport.rs:107:8
[INFO] [stdout]     |
[INFO] [stdout] 107 |     ok.assert_hits(1);
[INFO] [stdout]     |        ^^^^^^^^^^^
[INFO] [stdout] 
[INFO] [stdout] 
[INFO] [stdout] warning: use of deprecated method `httpmock::Mock::<'a>::assert_hits`: please use `assert_calls` instead
[INFO] [stdout]    --> tests/test_transport.rs:111:8
[INFO] [stdout]     |
[INFO] [stdout] 111 |     ok.assert_hits(1);
[INFO] [stdout]     |        ^^^^^^^^^^^
[INFO] [stdout] 
[INFO] [stdout] 
[INFO] [stdout] warning: use of deprecated method `httpmock::When::matches`: Please use the `is_true` and `is_false` function instead
[INFO] [stdout]    --> tests/test_transport.rs:121:14
[INFO] [stdout]     |
[INFO] [stdout] 121 |             .matches(|r| body_contains(r, "\"event\":\"Save\""));
[INFO] [stdout]     |              ^^^^^^^
[INFO] [stdout] 
[INFO] [stdout] 
[INFO] [stdout] warning: use of deprecated method `httpmock::Mock::<'a>::assert_hits`: please use `assert_calls` instead
[INFO] [stdout]    --> tests/test_transport.rs:128:10
[INFO] [stdout]     |
[INFO] [stdout] 128 |     mock.assert_hits(1);
[INFO] [stdout]     |          ^^^^^^^^^^^
[INFO] [stdout] 
[INFO] [stdout] 
[INFO] [stdout] warning: use of deprecated method `httpmock::Mock::<'a>::assert_hits`: please use `assert_calls` instead
[INFO] [stdout]    --> tests/test_transport.rs:133:10
[INFO] [stdout]     |
[INFO] [stdout] 133 |     mock.assert_hits(1);
[INFO] [stdout]     |          ^^^^^^^^^^^
[INFO] [stdout] 
[INFO] [stdout] 
[INFO] [stdout] warning: use of deprecated method `httpmock::Mock::<'a>::assert_hits`: please use `assert_calls` instead
[INFO] [stdout]     --> tests/test_evaluate_flags.rs:1008:20
[INFO] [stdout]      |
[INFO] [stdout] 1008 |         flags_mock.assert_hits(1);
[INFO] [stdout]      |                    ^^^^^^^^^^^
[INFO] [stdout]      |
[INFO] [stdout]      = note: `#[warn(deprecated)]` on by default
[INFO] [stdout] 
[INFO] [stdout] 
[INFO] [stdout] warning: use of deprecated method `httpmock::Mock::<'a>::assert_hits`: please use `assert_calls` instead
[INFO] [stdout]    --> tests/test_transport.rs:160:10
[INFO] [stdout]     |
[INFO] [stdout] 160 |     mock.assert_hits(1);
[INFO] [stdout]     |          ^^^^^^^^^^^
[INFO] [stdout] 
[INFO] [stdout] 
[INFO] [stdout] warning: use of deprecated method `posthog_rs::ClientOptionsBuilder::personal_api_key`: use `secret_key` instead; it accepts a Personal API Key or a Project Secret API Key
[INFO] [stdout]    --> tests/test_on_error.rs:403:18
[INFO] [stdout]     |
[INFO] [stdout] 403 |                 .personal_api_key("phx_test".to_string())
[INFO] [stdout]     |                  ^^^^^^^^^^^^^^^^
[INFO] [stdout] 
[INFO] [stdout] 
[INFO] [stdout] warning: use of deprecated method `httpmock::When::matches`: Please use the `is_true` and `is_false` function instead
[INFO] [stdout]    --> tests/test_transport.rs:186:27
[INFO] [stdout]     |
[INFO] [stdout] 186 |         when.method(POST).matches(|r| {
[INFO] [stdout]     |                           ^^^^^^^
[INFO] [stdout] 
[INFO] [stdout] 
[INFO] [stdout] warning: use of deprecated method `httpmock::Mock::<'a>::assert_hits`: please use `assert_calls` instead
[INFO] [stdout]    --> tests/test_transport.rs:217:10
[INFO] [stdout]     |
[INFO] [stdout] 217 |     mock.assert_hits(1);
[INFO] [stdout]     |          ^^^^^^^^^^^
[INFO] [stdout] 
[INFO] [stdout] 
[INFO] [stdout] warning: use of deprecated method `httpmock::Mock::<'a>::assert_hits`: please use `assert_calls` instead
[INFO] [stdout]    --> tests/test_transport.rs:221:10
[INFO] [stdout]     |
[INFO] [stdout] 221 |     mock.assert_hits(1);
[INFO] [stdout]     |          ^^^^^^^^^^^
[INFO] [stdout] 
[INFO] [stdout] 
[INFO] [stdout] warning: use of deprecated method `httpmock::Mock::<'a>::assert_hits`: please use `assert_calls` instead
[INFO] [stdout]     --> tests/test_evaluate_flags.rs:1106:24
[INFO] [stdout]      |
[INFO] [stdout] 1106 |             flags_mock.assert_hits(2);
[INFO] [stdout]      |                        ^^^^^^^^^^^
[INFO] [stdout] 
[INFO] [stdout] 
[INFO] [stdout] warning: use of deprecated method `httpmock::Mock::<'a>::assert_hits`: please use `assert_calls` instead
[INFO] [stdout]     --> tests/test_evaluate_flags.rs:1133:20
[INFO] [stdout]      |
[INFO] [stdout] 1133 |         flags_mock.assert_hits(1);
[INFO] [stdout]      |                    ^^^^^^^^^^^
[INFO] [stdout] 
[INFO] [stdout] 
[INFO] [stdout] warning: use of deprecated method `httpmock::Mock::<'a>::assert_hits`: please use `assert_calls` instead
[INFO] [stdout]     --> tests/test_evaluate_flags.rs:1178:22
[INFO] [stdout]      |
[INFO] [stdout] 1178 |         capture_mock.assert_hits(2);
[INFO] [stdout]      |                      ^^^^^^^^^^^
[INFO] [stdout] 
[INFO] [stdout] 
[INFO] [stdout] warning: use of deprecated method `httpmock::Mock::<'a>::hits`: please use `calls` instead
[INFO] [stdout]   --> tests/test_v0_retry.rs:50:17
[INFO] [stdout]    |
[INFO] [stdout] 50 |         if mock.hits() >= want {
[INFO] [stdout]    |                 ^^^^
[INFO] [stdout]    |
[INFO] [stdout]    = note: `#[warn(deprecated)]` on by default
[INFO] [stdout] 
[INFO] [stdout] 
[INFO] [stdout] warning: use of deprecated method `httpmock::Mock::<'a>::hits`: please use `calls` instead
[INFO] [stdout]   --> tests/test_v0_retry.rs:55:21
[INFO] [stdout]    |
[INFO] [stdout] 55 |     assert_eq!(mock.hits(), want, "timed out waiting for {want} hits");
[INFO] [stdout]    |                     ^^^^
[INFO] [stdout] 
[INFO] [stdout] 
[INFO] [stdout] warning: use of deprecated method `httpmock::Mock::<'a>::assert_hits`: please use `assert_calls` instead
[INFO] [stdout]   --> tests/test_v0_retry.rs:76:18
[INFO] [stdout]    |
[INFO] [stdout] 76 |             mock.assert_hits(3);
[INFO] [stdout]    |                  ^^^^^^^^^^^
[INFO] [stdout] 
[INFO] [stdout] 
[INFO] [stdout] warning: use of deprecated method `httpmock::Mock::<'a>::assert_hits`: please use `assert_calls` instead
[INFO] [stdout]   --> tests/test_v0_retry.rs:80:18
[INFO] [stdout]    |
[INFO] [stdout] 80 |             mock.assert_hits(3);
[INFO] [stdout]    |                  ^^^^^^^^^^^
[INFO] [stdout] 
[INFO] [stdout] 
[INFO] [stdout] warning: use of deprecated method `httpmock::Mock::<'a>::assert_hits`: please use `assert_calls` instead
[INFO] [stdout]     --> tests/test_evaluate_flags.rs:1203:22
[INFO] [stdout]      |
[INFO] [stdout] 1203 |         capture_mock.assert_hits(1);
[INFO] [stdout]      |                      ^^^^^^^^^^^
[INFO] [stdout] 
[INFO] [stdout] 
[INFO] [stdout] warning: use of deprecated method `httpmock::Mock::<'a>::assert_hits`: please use `assert_calls` instead
[INFO] [stdout]     --> tests/test_evaluate_flags.rs:1224:22
[INFO] [stdout]      |
[INFO] [stdout] 1224 |         capture_mock.assert_hits(0);
[INFO] [stdout]      |                      ^^^^^^^^^^^
[INFO] [stdout] 
[INFO] [stdout] 
[INFO] [stdout] warning: use of deprecated method `httpmock::Mock::<'a>::assert_hits`: please use `assert_calls` instead
[INFO] [stdout]     --> tests/test_evaluate_flags.rs:1242:20
[INFO] [stdout]      |
[INFO] [stdout] 1242 |         flags_mock.assert_hits(1);
[INFO] [stdout]      |                    ^^^^^^^^^^^
[INFO] [stdout] 
[INFO] [stdout] 
[INFO] [stdout] warning: use of deprecated method `httpmock::Mock::<'a>::assert_hits`: please use `assert_calls` instead
[INFO] [stdout]    --> tests/test_v0_retry.rs:100:18
[INFO] [stdout]     |
[INFO] [stdout] 100 |             mock.assert_hits(1);
[INFO] [stdout]     |                  ^^^^^^^^^^^
[INFO] [stdout] 
[INFO] [stdout] 
[INFO] [stdout] warning: use of deprecated method `httpmock::Mock::<'a>::assert_hits`: please use `assert_calls` instead
[INFO] [stdout]    --> tests/test_v0_retry.rs:104:18
[INFO] [stdout]     |
[INFO] [stdout] 104 |             mock.assert_hits(1);
[INFO] [stdout]     |                  ^^^^^^^^^^^
[INFO] [stdout] 
[INFO] [stdout] 
[INFO] [stdout] warning: use of deprecated method `httpmock::Mock::<'a>::assert_hits`: please use `assert_calls` instead
[INFO] [stdout]    --> tests/test_v0_retry.rs:121:14
[INFO] [stdout]     |
[INFO] [stdout] 121 |         mock.assert_hits(1);
[INFO] [stdout]     |              ^^^^^^^^^^^
[INFO] [stdout] 
[INFO] [stdout] 
[INFO] [stdout] warning: use of deprecated method `httpmock::Mock::<'a>::assert_hits`: please use `assert_calls` instead
[INFO] [stdout]    --> tests/test_v0_retry.rs:143:10
[INFO] [stdout]     |
[INFO] [stdout] 143 |     mock.assert_hits(3);
[INFO] [stdout]     |          ^^^^^^^^^^^
[INFO] [stdout] 
[INFO] [stdout] 
[INFO] [stdout] warning: use of deprecated method `httpmock::When::matches`: Please use the `is_true` and `is_false` function instead
[INFO] [stdout]    --> tests/test_v0_retry.rs:163:14
[INFO] [stdout]     |
[INFO] [stdout] 163 |             .matches(body_gunzips_to_user1);
[INFO] [stdout]     |              ^^^^^^^
[INFO] [stdout] 
[INFO] [stdout] 
[INFO] [stdout] warning: use of deprecated method `httpmock::Mock::<'a>::assert_hits`: please use `assert_calls` instead
[INFO] [stdout]     --> tests/test_evaluate_flags.rs:1302:20
[INFO] [stdout]      |
[INFO] [stdout] 1302 |         flags_mock.assert_hits(0);
[INFO] [stdout]      |                    ^^^^^^^^^^^
[INFO] [stdout] 
[INFO] [stdout] 
[INFO] [stdout] warning: use of deprecated method `httpmock::Mock::<'a>::assert_hits`: please use `assert_calls` instead
[INFO] [stdout]     --> tests/test_evaluate_flags.rs:1303:22
[INFO] [stdout]      |
[INFO] [stdout] 1303 |         capture_mock.assert_hits(0);
[INFO] [stdout]      |                      ^^^^^^^^^^^
[INFO] [stdout] 
[INFO] [stdout] 
[INFO] [stdout] warning: use of deprecated method `httpmock::Mock::<'a>::assert_hits`: please use `assert_calls` instead
[INFO] [stdout]    --> tests/test_v0_retry.rs:199:10
[INFO] [stdout]     |
[INFO] [stdout] 199 |     mock.assert_hits(1);
[INFO] [stdout]     |          ^^^^^^^^^^^
[INFO] [stdout] 
[INFO] [stdout] 
[INFO] [stdout] warning: use of deprecated method `httpmock::Mock::<'a>::assert_hits`: please use `assert_calls` instead
[INFO] [stdout]    --> tests/test_v0_retry.rs:203:10
[INFO] [stdout]     |
[INFO] [stdout] 203 |     mock.assert_hits(2);
[INFO] [stdout]     |          ^^^^^^^^^^^
[INFO] [stdout] 
[INFO] [stdout] 
[INFO] [stdout] warning: use of deprecated method `httpmock::Mock::<'a>::assert_hits`: please use `assert_calls` instead
[INFO] [stdout]     --> tests/test_evaluate_flags.rs:1404:20
[INFO] [stdout]      |
[INFO] [stdout] 1404 |         flags_mock.assert_hits(1);
[INFO] [stdout]      |                    ^^^^^^^^^^^
[INFO] [stdout] 
[INFO] [stdout] 
[INFO] [stdout] warning: use of deprecated method `httpmock::Mock::<'a>::assert_hits`: please use `assert_calls` instead
[INFO] [stdout]     --> tests/test_evaluate_flags.rs:1405:22
[INFO] [stdout]      |
[INFO] [stdout] 1405 |         capture_mock.assert_hits(1);
[INFO] [stdout]      |                      ^^^^^^^^^^^
[INFO] [stdout] 
[INFO] [stdout] 
[INFO] [stdout] warning: use of deprecated method `std::sync::atomic::Atomic::<usize>::fetch_update`: renamed to `try_update` for consistency
[INFO] [stdout]    --> src/client/transport.rs:381:17
[INFO] [stdout]     |
[INFO] [stdout] 381 |     let _ = len.fetch_update(Ordering::AcqRel, Ordering::Acquire, |current| {
[INFO] [stdout]     |                 ^^^^^^^^^^^^
[INFO] [stdout]     |
[INFO] [stdout]     = note: `#[warn(deprecated)]` on by default
[INFO] [stdout] help: replace the use of the deprecated method
[INFO] [stdout]     |
[INFO] [stdout] 381 -     let _ = len.fetch_update(Ordering::AcqRel, Ordering::Acquire, |current| {
[INFO] [stdout] 381 +     let _ = len.try_update(Ordering::AcqRel, Ordering::Acquire, |current| {
[INFO] [stdout]     |
[INFO] [stdout] 
[INFO] [stdout] 
[INFO] [stdout] warning: use of deprecated method `httpmock::Mock::<'a>::assert_hits`: please use `assert_calls` instead
[INFO] [stdout]     --> src/client/transport.rs:1450:14
[INFO] [stdout]      |
[INFO] [stdout] 1450 |         mock.assert_hits(0);
[INFO] [stdout]      |              ^^^^^^^^^^^
[INFO] [stdout] 
[INFO] [stdout] 
[INFO] [stdout] warning: use of deprecated method `httpmock::Mock::<'a>::assert_hits`: please use `assert_calls` instead
[INFO] [stdout]     --> src/client/transport.rs:1459:14
[INFO] [stdout]      |
[INFO] [stdout] 1459 |         mock.assert_hits(1);
[INFO] [stdout]      |              ^^^^^^^^^^^
[INFO] [stdout] 
[INFO] [stdout] 
[INFO] [stdout] warning: use of deprecated method `httpmock::Mock::<'a>::assert_hits`: please use `assert_calls` instead
[INFO] [stdout]     --> src/client/transport.rs:1489:14
[INFO] [stdout]      |
[INFO] [stdout] 1489 |         fail.assert_hits(1);
[INFO] [stdout]      |              ^^^^^^^^^^^
[INFO] [stdout] 
[INFO] [stdout] 
[INFO] [stdout] warning: use of deprecated method `httpmock::Mock::<'a>::assert_hits`: please use `assert_calls` instead
[INFO] [stdout]     --> src/client/transport.rs:1492:14
[INFO] [stdout]      |
[INFO] [stdout] 1492 |         fail.assert_hits(1);
[INFO] [stdout]      |              ^^^^^^^^^^^
[INFO] [stdout] 
[INFO] [stdout] 
[INFO] [stdout] warning: use of deprecated method `httpmock::Mock::<'a>::assert_hits`: please use `assert_calls` instead
[INFO] [stdout]     --> src/client/transport.rs:1498:12
[INFO] [stdout]      |
[INFO] [stdout] 1498 |         ok.assert_hits(1);
[INFO] [stdout]      |            ^^^^^^^^^^^
[INFO] [stdout] 
[INFO] [stdout] 
[INFO] [stdout] warning: use of deprecated method `httpmock::Mock::<'a>::assert_hits`: please use `assert_calls` instead
[INFO] [stdout]     --> src/client/transport.rs:1537:14
[INFO] [stdout]      |
[INFO] [stdout] 1537 |         fail.assert_hits(1);
[INFO] [stdout]      |              ^^^^^^^^^^^
[INFO] [stdout] 
[INFO] [stdout] 
[INFO] [stdout] warning: use of deprecated method `httpmock::When::matches`: Please use the `is_true` and `is_false` function instead
[INFO] [stdout]     --> src/client/transport.rs:1593:31
[INFO] [stdout]      |
[INFO] [stdout] 1593 |             when.method(POST).matches(|req| {
[INFO] [stdout]      |                               ^^^^^^^
[INFO] [stdout] 
[INFO] [stdout] 
[INFO] [stdout] warning: use of deprecated method `httpmock::Mock::<'a>::assert_hits`: please use `assert_calls` instead
[INFO] [stdout]     --> src/client/transport.rs:1623:14
[INFO] [stdout]      |
[INFO] [stdout] 1623 |         mock.assert_hits(1);
[INFO] [stdout]      |              ^^^^^^^^^^^
[INFO] [stdout] 
[INFO] [stdout] 
[INFO] [stdout] warning: use of deprecated method `httpmock::Mock::<'a>::assert_hits`: please use `assert_calls` instead
[INFO] [stdout]     --> src/client/transport.rs:1646:14
[INFO] [stdout]      |
[INFO] [stdout] 1646 |         mock.assert_hits(0);
[INFO] [stdout]      |              ^^^^^^^^^^^
[INFO] [stdout] 
[INFO] [stdout] 
[INFO] [stdout] warning: use of deprecated method `httpmock::Mock::<'a>::assert_hits`: please use `assert_calls` instead
[INFO] [stdout]     --> src/client/transport.rs:1676:14
[INFO] [stdout]      |
[INFO] [stdout] 1676 |         mock.assert_hits(2); // 3 events / max_batch_size 2 -> two requests
[INFO] [stdout]      |              ^^^^^^^^^^^
[INFO] [stdout] 
[INFO] [stdout] 
[INFO] [stdout] warning: use of deprecated method `httpmock::Mock::<'a>::assert_hits`: please use `assert_calls` instead
[INFO] [stdout]     --> src/client/transport.rs:1701:14
[INFO] [stdout]      |
[INFO] [stdout] 1701 |         mock.assert_hits(0);
[INFO] [stdout]      |              ^^^^^^^^^^^
[INFO] [stdout] 
[INFO] [stdout] 
[INFO] [stdout] warning: use of deprecated method `httpmock::Mock::<'a>::assert_hits`: please use `assert_calls` instead
[INFO] [stdout]     --> src/client/transport.rs:1726:14
[INFO] [stdout]      |
[INFO] [stdout] 1726 |         mock.assert_hits(1);
[INFO] [stdout]      |              ^^^^^^^^^^^
[INFO] [stdout] 
[INFO] [stdout] 
[INFO] [stdout] warning: use of deprecated method `httpmock::When::matches`: Please use the `is_true` and `is_false` function instead
[INFO] [stdout]     --> src/error_tracking.rs:1843:31
[INFO] [stdout]      |
[INFO] [stdout] 1843 |             when.method(POST).matches(request_has_panic_payload);
[INFO] [stdout]      |                               ^^^^^^^
[INFO] [stdout] 
[INFO] [stdout] 
[INFO] [stdout] warning: use of deprecated method `httpmock::Mock::<'a>::assert_hits`: please use `assert_calls` instead
[INFO] [stdout]     --> src/error_tracking.rs:1864:22
[INFO] [stdout]      |
[INFO] [stdout] 1864 |         capture_mock.assert_hits(1);
[INFO] [stdout]      |                      ^^^^^^^^^^^
[INFO] [stdout] 
[INFO] [stdout] 
[INFO] [stdout] warning: use of deprecated method `httpmock::Mock::<'a>::assert_hits`: please use `assert_calls` instead
[INFO] [stdout]     --> src/error_tracking.rs:1894:22
[INFO] [stdout]      |
[INFO] [stdout] 1894 |         capture_mock.assert_hits(0);
[INFO] [stdout]      |                      ^^^^^^^^^^^
[INFO] [stdout] 
[INFO] [stdout] 
[INFO] [stdout] warning: use of deprecated method `httpmock::Mock::<'a>::assert_hits`: please use `assert_calls` instead
[INFO] [stdout]     --> src/error_tracking.rs:1950:22
[INFO] [stdout]      |
[INFO] [stdout] 1950 |         capture_mock.assert_hits(2);
[INFO] [stdout]      |                      ^^^^^^^^^^^
[INFO] [stdout] 
[INFO] [stdout] 
[INFO] [stdout] warning: panic message contains an unused formatting placeholder
[INFO] [stdout]     --> src/error_tracking.rs:2239:68
[INFO] [stdout]      |
[INFO] [stdout] 2239 |             assert!(is_internal_capture_frame(name), "should strip {name:?}");
[INFO] [stdout]      |                                                                    ^^^^^^^^
[INFO] [stdout]      |
[INFO] [stdout]      = note: this message is not used as a format string when given without arguments, but will be in Rust 2021
[INFO] [stdout]      = note: for more information, see <https://doc.rust-lang.org/edition-guide/rust-2021/panic-macro-consistency.html>
[INFO] [stdout]      = note: `#[warn(non_fmt_panics)]` (part of `#[warn(rust_2021_compatibility)]`) on by default
[INFO] [stdout] help: add the missing argument
[INFO] [stdout]      |
[INFO] [stdout] 2239 |             assert!(is_internal_capture_frame(name), "should strip {name:?}", ...);
[INFO] [stdout]      |                                                                             +++++
[INFO] [stdout] help: or add a "{}" format string to use the message literally
[INFO] [stdout]      |
[INFO] [stdout] 2239 |             assert!(is_internal_capture_frame(name), "{}", "should strip {name:?}");
[INFO] [stdout]      |                                                      +++++
[INFO] [stdout] 
[INFO] [stdout] 
[INFO] [stderr]     Finished `release` profile [optimized] target(s) in 2m 52s
[INFO] running `Command { std: "docker" "inspect" "8e067b113d71367fe32ab9ea9ba0b7a1f15d67a0775daebc0113ccea2557ff6a", kill_on_drop: false }`
[INFO] running `Command { std: "docker" "exec" "-e" "SOURCE_DIR=/opt/rustwide/workdir" "-e" "CARGO_HOME=/opt/rustwide/cargo-home" "-e" "RUSTUP_HOME=/opt/rustwide/rustup-home" "-e" "CARGO_TARGET_DIR=/opt/rustwide/target" "-e" "CARGO_INCREMENTAL=0" "-e" "RUST_BACKTRACE=full" "-e" "RUSTFLAGS=--cap-lints=warn" "-e" "RUSTDOCFLAGS=--cap-lints=warn" "-w" "/opt/rustwide/workdir" "--user" "0:0" "8e067b113d71367fe32ab9ea9ba0b7a1f15d67a0775daebc0113ccea2557ff6a" "/opt/rustwide/cargo-home/bin/cargo" "+1.100.0-beta.1" "test" "--frozen" "--release", kill_on_drop: false }`
[INFO] [stderr] warning: use of deprecated method `std::sync::atomic::Atomic::<usize>::fetch_update`: renamed to `try_update` for consistency
[INFO] [stderr]    --> src/client/transport.rs:381:17
[INFO] [stderr]     |
[INFO] [stderr] 381 |     let _ = len.fetch_update(Ordering::AcqRel, Ordering::Acquire, |current| {
[INFO] [stderr]     |                 ^^^^^^^^^^^^
[INFO] [stderr]     |
[INFO] [stderr]     = note: `#[warn(deprecated)]` on by default
[INFO] [stderr] help: replace the use of the deprecated method
[INFO] [stderr]     |
[INFO] [stderr] 381 -     let _ = len.fetch_update(Ordering::AcqRel, Ordering::Acquire, |current| {
[INFO] [stderr] 381 +     let _ = len.try_update(Ordering::AcqRel, Ordering::Acquire, |current| {
[INFO] [stderr]     |
[INFO] [stderr] 
[INFO] [stderr] warning: `posthog-rs` (lib) generated 1 warning (run `cargo fix --lib -p posthog-rs` to apply 1 suggestion)
[INFO] [stderr] warning: use of deprecated method `httpmock::Mock::<'a>::assert_hits`: please use `assert_calls` instead
[INFO] [stderr]    --> tests/test_on_error.rs:309:15
[INFO] [stderr]     |
[INFO] [stderr] 309 |         flags.assert_hits(1);
[INFO] [stderr]     |               ^^^^^^^^^^^
[INFO] [stderr]     |
[INFO] [stderr]     = note: `#[warn(deprecated)]` on by default
[INFO] [stderr] 
[INFO] [stderr] warning: use of deprecated method `posthog_rs::ClientOptionsBuilder::personal_api_key`: use `secret_key` instead; it accepts a Personal API Key or a Project Secret API Key
[INFO] [stderr]    --> tests/test_on_error.rs:337:18
[INFO] [stderr]     |
[INFO] [stderr] 337 |                 .personal_api_key("phx_test".to_string())
[INFO] [stderr]     |                  ^^^^^^^^^^^^^^^^
[INFO] [stderr] 
[INFO] [stderr] warning: use of deprecated method `httpmock::Mock::<'a>::assert_hits`: please use `assert_calls` instead
[INFO] [stderr]    --> tests/test_on_error.rs:354:15
[INFO] [stderr]     |
[INFO] [stderr] 354 |         flags.assert_hits(1);
[INFO] [stderr]     |               ^^^^^^^^^^^
[INFO] [stderr] 
[INFO] [stderr] warning: use of deprecated method `posthog_rs::ClientOptionsBuilder::personal_api_key`: use `secret_key` instead; it accepts a Personal API Key or a Project Secret API Key
[INFO] [stderr]    --> tests/test_on_error.rs:373:18
[INFO] [stderr]     |
[INFO] [stderr] 373 |                 .personal_api_key("phx_test".to_string())
[INFO] [stderr]     |                  ^^^^^^^^^^^^^^^^
[INFO] [stderr] 
[INFO] [stderr] warning: use of deprecated method `httpmock::Mock::<'a>::assert_hits`: please use `assert_calls` instead
[INFO] [stderr]    --> tests/test_on_error.rs:382:14
[INFO] [stderr]     |
[INFO] [stderr] 382 |         defs.assert_hits(1);
[INFO] [stderr]     |              ^^^^^^^^^^^
[INFO] [stderr] 
[INFO] [stderr] warning: use of deprecated method `posthog_rs::ClientOptionsBuilder::personal_api_key`: use `secret_key` instead; it accepts a Personal API Key or a Project Secret API Key
[INFO] [stderr]    --> tests/test_on_error.rs:403:18
[INFO] [stderr]     |
[INFO] [stderr] 403 |                 .personal_api_key("phx_test".to_string())
[INFO] [stderr]     |                  ^^^^^^^^^^^^^^^^
[INFO] [stderr] 
[INFO] [stderr] warning: use of deprecated method `httpmock::When::matches`: Please use the `is_true` and `is_false` function instead
[INFO] [stderr]    --> tests/test_panic_global.rs:100:27
[INFO] [stderr]     |
[INFO] [stderr] 100 |         when.method(POST).matches(is_panic_exception);
[INFO] [stderr]     |                           ^^^^^^^
[INFO] [stderr]     |
[INFO] [stderr]     = note: `#[warn(deprecated)]` on by default
[INFO] [stderr] 
[INFO] [stderr] warning: use of deprecated method `httpmock::Mock::<'a>::assert_hits`: please use `assert_calls` instead
[INFO] [stderr]    --> tests/test_panic_global.rs:126:10
[INFO] [stderr]     |
[INFO] [stderr] 126 |     mock.assert_hits(1);
[INFO] [stderr]     |          ^^^^^^^^^^^
[INFO] [stderr] 
[INFO] [stderr] warning: use of deprecated method `httpmock::Mock::<'a>::hits`: please use `calls` instead
[INFO] [stderr]   --> tests/test_transport.rs:37:17
[INFO] [stderr]    |
[INFO] [stderr] 37 |         if mock.hits() >= want {
[INFO] [stderr]    |                 ^^^^
[INFO] [stderr]    |
[INFO] [stderr]    = note: `#[warn(deprecated)]` on by default
[INFO] [stderr] 
[INFO] [stderr] warning: use of deprecated method `httpmock::Mock::<'a>::hits`: please use `calls` instead
[INFO] [stderr]   --> tests/test_transport.rs:42:21
[INFO] [stderr]    |
[INFO] [stderr] 42 |     assert_eq!(mock.hits(), want, "timed out waiting for {want} hits");
[INFO] [stderr]    |                     ^^^^
[INFO] [stderr] 
[INFO] [stderr] warning: use of deprecated method `httpmock::When::matches`: Please use the `is_true` and `is_false` function instead
[INFO] [stderr]   --> tests/test_transport.rs:56:14
[INFO] [stderr]    |
[INFO] [stderr] 56 |             .matches(|r| body_contains(r, "\"event\":\"First\""))
[INFO] [stderr]    |              ^^^^^^^
[INFO] [stderr] 
[INFO] [stderr] warning: use of deprecated method `httpmock::When::matches`: Please use the `is_true` and `is_false` function instead
[INFO] [stderr]   --> tests/test_transport.rs:57:14
[INFO] [stderr]    |
[INFO] [stderr] 57 |             .matches(|r| body_contains(r, "\"event\":\"Second\""));
[INFO] [stderr]    |              ^^^^^^^
[INFO] [stderr] 
[INFO] [stderr] warning: use of deprecated method `httpmock::Mock::<'a>::assert_hits`: please use `assert_calls` instead
[INFO] [stderr]   --> tests/test_transport.rs:67:10
[INFO] [stderr]    |
[INFO] [stderr] 67 |     mock.assert_hits(1);
[INFO] [stderr]    |          ^^^^^^^^^^^
[INFO] [stderr] 
[INFO] [stderr] warning: use of deprecated method `httpmock::Mock::<'a>::assert_hits`: please use `assert_calls` instead
[INFO] [stderr]   --> tests/test_transport.rs:81:10
[INFO] [stderr]    |
[INFO] [stderr] 81 |     mock.assert_hits(0);
[INFO] [stderr]    |          ^^^^^^^^^^^
[INFO] [stderr] 
[INFO] [stderr] warning: use of deprecated method `httpmock::Mock::<'a>::assert_hits`: please use `assert_calls` instead
[INFO] [stderr]   --> tests/test_transport.rs:97:10
[INFO] [stderr]    |
[INFO] [stderr] 97 |     fail.assert_hits(1);
[INFO] [stderr]    |          ^^^^^^^^^^^
[INFO] [stderr] 
[INFO] [stderr] warning: use of deprecated method `httpmock::When::matches`: Please use the `is_true` and `is_false` function instead
[INFO] [stderr]    --> tests/test_transport.rs:103:14
[INFO] [stderr]     |
[INFO] [stderr] 103 |             .matches(|r| body_contains(r, "\"event\":\"Save\""));
[INFO] [stderr]     |              ^^^^^^^
[INFO] [stderr] 
[INFO] [stderr] warning: use of deprecated method `httpmock::Mock::<'a>::assert_hits`: please use `assert_calls` instead
[INFO] [stderr]    --> tests/test_transport.rs:107:8
[INFO] [stderr]     |
[INFO] [stderr] 107 |     ok.assert_hits(1);
[INFO] [stderr]     |        ^^^^^^^^^^^
[INFO] [stderr] 
[INFO] [stderr] warning: use of deprecated method `httpmock::Mock::<'a>::assert_hits`: please use `assert_calls` instead
[INFO] [stderr]    --> tests/test_transport.rs:111:8
[INFO] [stderr]     |
[INFO] [stderr] 111 |     ok.assert_hits(1);
[INFO] [stderr]     |        ^^^^^^^^^^^
[INFO] [stderr] 
[INFO] [stderr] warning: use of deprecated method `httpmock::When::matches`: Please use the `is_true` and `is_false` function instead
[INFO] [stderr]    --> tests/test_transport.rs:121:14
[INFO] [stderr]     |
[INFO] [stderr] 121 |             .matches(|r| body_contains(r, "\"event\":\"Save\""));
[INFO] [stderr]     |              ^^^^^^^
[INFO] [stderr] 
[INFO] [stderr] warning: use of deprecated method `httpmock::Mock::<'a>::assert_hits`: please use `assert_calls` instead
[INFO] [stderr]    --> tests/test_transport.rs:128:10
[INFO] [stderr]     |
[INFO] [stderr] 128 |     mock.assert_hits(1);
[INFO] [stderr]     |          ^^^^^^^^^^^
[INFO] [stderr] 
[INFO] [stderr] warning: use of deprecated method `httpmock::Mock::<'a>::assert_hits`: please use `assert_calls` instead
[INFO] [stderr]    --> tests/test_transport.rs:133:10
[INFO] [stderr]     |
[INFO] [stderr] 133 |     mock.assert_hits(1);
[INFO] [stderr]     |          ^^^^^^^^^^^
[INFO] [stderr] 
[INFO] [stderr] warning: use of deprecated method `httpmock::Mock::<'a>::assert_hits`: please use `assert_calls` instead
[INFO] [stderr]    --> tests/test_transport.rs:160:10
[INFO] [stderr]     |
[INFO] [stderr] 160 |     mock.assert_hits(1);
[INFO] [stderr]     |          ^^^^^^^^^^^
[INFO] [stderr] 
[INFO] [stderr] warning: use of deprecated method `httpmock::When::matches`: Please use the `is_true` and `is_false` function instead
[INFO] [stderr]    --> tests/test_transport.rs:186:27
[INFO] [stderr]     |
[INFO] [stderr] 186 |         when.method(POST).matches(|r| {
[INFO] [stderr]     |                           ^^^^^^^
[INFO] [stderr] 
[INFO] [stderr] warning: use of deprecated method `httpmock::Mock::<'a>::assert_hits`: please use `assert_calls` instead
[INFO] [stderr]    --> tests/test_transport.rs:217:10
[INFO] [stderr]     |
[INFO] [stderr] 217 |     mock.assert_hits(1);
[INFO] [stderr]     |          ^^^^^^^^^^^
[INFO] [stderr] 
[INFO] [stderr] warning: use of deprecated method `httpmock::Mock::<'a>::assert_hits`: please use `assert_calls` instead
[INFO] [stderr]    --> tests/test_transport.rs:221:10
[INFO] [stderr]     |
[INFO] [stderr] 221 |     mock.assert_hits(1);
[INFO] [stderr]     |          ^^^^^^^^^^^
[INFO] [stderr] 
[INFO] [stderr] warning: use of deprecated method `httpmock::Mock::<'a>::hits`: please use `calls` instead
[INFO] [stderr]   --> tests/test_v0_retry.rs:50:17
[INFO] [stderr]    |
[INFO] [stderr] 50 |         if mock.hits() >= want {
[INFO] [stderr]    |                 ^^^^
[INFO] [stderr]    |
[INFO] [stderr]    = note: `#[warn(deprecated)]` on by default
[INFO] [stderr] 
[INFO] [stderr] warning: use of deprecated method `httpmock::Mock::<'a>::hits`: please use `calls` instead
[INFO] [stderr]   --> tests/test_v0_retry.rs:55:21
[INFO] [stderr]    |
[INFO] [stderr] 55 |     assert_eq!(mock.hits(), want, "timed out waiting for {want} hits");
[INFO] [stderr]    |                     ^^^^
[INFO] [stderr] 
[INFO] [stderr] warning: use of deprecated method `httpmock::Mock::<'a>::assert_hits`: please use `assert_calls` instead
[INFO] [stderr]   --> tests/test_v0_retry.rs:76:18
[INFO] [stderr]    |
[INFO] [stderr] 76 |             mock.assert_hits(3);
[INFO] [stderr]    |                  ^^^^^^^^^^^
[INFO] [stderr] 
[INFO] [stderr] warning: use of deprecated method `httpmock::Mock::<'a>::assert_hits`: please use `assert_calls` instead
[INFO] [stderr]   --> tests/test_v0_retry.rs:80:18
[INFO] [stderr]    |
[INFO] [stderr] 80 |             mock.assert_hits(3);
[INFO] [stderr]    |                  ^^^^^^^^^^^
[INFO] [stderr] 
[INFO] [stderr] warning: use of deprecated method `httpmock::Mock::<'a>::assert_hits`: please use `assert_calls` instead
[INFO] [stderr]    --> tests/test_v0_retry.rs:100:18
[INFO] [stderr]     |
[INFO] [stderr] 100 |             mock.assert_hits(1);
[INFO] [stderr]     |                  ^^^^^^^^^^^
[INFO] [stderr] 
[INFO] [stderr] warning: use of deprecated method `httpmock::Mock::<'a>::assert_hits`: please use `assert_calls` instead
[INFO] [stderr]    --> tests/test_v0_retry.rs:104:18
[INFO] [stderr]     |
[INFO] [stderr] 104 |             mock.assert_hits(1);
[INFO] [stderr]     |                  ^^^^^^^^^^^
[INFO] [stderr] 
[INFO] [stderr] warning: use of deprecated method `httpmock::Mock::<'a>::assert_hits`: please use `assert_calls` instead
[INFO] [stderr]    --> tests/test_v0_retry.rs:121:14
[INFO] [stderr]     |
[INFO] [stderr] 121 |         mock.assert_hits(1);
[INFO] [stderr]     |              ^^^^^^^^^^^
[INFO] [stderr] 
[INFO] [stderr] warning: use of deprecated method `httpmock::Mock::<'a>::assert_hits`: please use `assert_calls` instead
[INFO] [stderr]    --> tests/test_v0_retry.rs:143:10
[INFO] [stderr]     |
[INFO] [stderr] 143 |     mock.assert_hits(3);
[INFO] [stderr]     |          ^^^^^^^^^^^
[INFO] [stderr] 
[INFO] [stderr] warning: use of deprecated method `httpmock::When::matches`: Please use the `is_true` and `is_false` function instead
[INFO] [stderr]    --> tests/test_v0_retry.rs:163:14
[INFO] [stderr]     |
[INFO] [stderr] 163 |             .matches(body_gunzips_to_user1);
[INFO] [stderr]     |              ^^^^^^^
[INFO] [stderr] 
[INFO] [stderr] warning: use of deprecated method `httpmock::Mock::<'a>::assert_hits`: please use `assert_calls` instead
[INFO] [stderr]    --> tests/test_v0_retry.rs:199:10
[INFO] [stderr]     |
[INFO] [stderr] 199 |     mock.assert_hits(1);
[INFO] [stderr]     |          ^^^^^^^^^^^
[INFO] [stderr] 
[INFO] [stderr] warning: use of deprecated method `httpmock::Mock::<'a>::assert_hits`: please use `assert_calls` instead
[INFO] [stderr]    --> tests/test_v0_retry.rs:203:10
[INFO] [stderr]     |
[INFO] [stderr] 203 |     mock.assert_hits(2);
[INFO] [stderr]     |          ^^^^^^^^^^^
[INFO] [stderr] 
[INFO] [stderr] warning: `posthog-rs` (test "test_on_error") generated 6 warnings
[INFO] [stderr] warning: `posthog-rs` (test "test_panic_global") generated 2 warnings
[INFO] [stderr] warning: `posthog-rs` (test "test_transport") generated 17 warnings
[INFO] [stderr] warning: `posthog-rs` (test "test_v0_retry") generated 11 warnings
[INFO] [stderr] warning: use of deprecated method `httpmock::Mock::<'a>::assert_hits`: please use `assert_calls` instead
[INFO] [stderr]     --> src/client/transport.rs:1450:14
[INFO] [stderr]      |
[INFO] [stderr] 1450 |         mock.assert_hits(0);
[INFO] [stderr]      |              ^^^^^^^^^^^
[INFO] [stderr] 
[INFO] [stderr] warning: use of deprecated method `httpmock::Mock::<'a>::assert_hits`: please use `assert_calls` instead
[INFO] [stderr]     --> src/client/transport.rs:1459:14
[INFO] [stderr]      |
[INFO] [stderr] 1459 |         mock.assert_hits(1);
[INFO] [stderr]      |              ^^^^^^^^^^^
[INFO] [stderr] 
[INFO] [stderr] warning: use of deprecated method `httpmock::Mock::<'a>::assert_hits`: please use `assert_calls` instead
[INFO] [stderr]     --> src/client/transport.rs:1489:14
[INFO] [stderr]      |
[INFO] [stderr] 1489 |         fail.assert_hits(1);
[INFO] [stderr]      |              ^^^^^^^^^^^
[INFO] [stderr] 
[INFO] [stderr] warning: use of deprecated method `httpmock::Mock::<'a>::assert_hits`: please use `assert_calls` instead
[INFO] [stderr]     --> src/client/transport.rs:1492:14
[INFO] [stderr]      |
[INFO] [stderr] 1492 |         fail.assert_hits(1);
[INFO] [stderr]      |              ^^^^^^^^^^^
[INFO] [stderr] 
[INFO] [stderr] warning: use of deprecated method `httpmock::Mock::<'a>::assert_hits`: please use `assert_calls` instead
[INFO] [stderr]     --> src/client/transport.rs:1498:12
[INFO] [stderr]      |
[INFO] [stderr] 1498 |         ok.assert_hits(1);
[INFO] [stderr]      |            ^^^^^^^^^^^
[INFO] [stderr] 
[INFO] [stderr] warning: use of deprecated method `httpmock::Mock::<'a>::assert_hits`: please use `assert_calls` instead
[INFO] [stderr]     --> src/client/transport.rs:1537:14
[INFO] [stderr]      |
[INFO] [stderr] 1537 |         fail.assert_hits(1);
[INFO] [stderr]      |              ^^^^^^^^^^^
[INFO] [stderr] 
[INFO] [stderr] warning: use of deprecated method `httpmock::When::matches`: Please use the `is_true` and `is_false` function instead
[INFO] [stderr]     --> src/client/transport.rs:1593:31
[INFO] [stderr]      |
[INFO] [stderr] 1593 |             when.method(POST).matches(|req| {
[INFO] [stderr]      |                               ^^^^^^^
[INFO] [stderr] 
[INFO] [stderr] warning: use of deprecated method `httpmock::Mock::<'a>::assert_hits`: please use `assert_calls` instead
[INFO] [stderr]     --> src/client/transport.rs:1623:14
[INFO] [stderr]      |
[INFO] [stderr] 1623 |         mock.assert_hits(1);
[INFO] [stderr]      |              ^^^^^^^^^^^
[INFO] [stderr] 
[INFO] [stderr] warning: use of deprecated method `httpmock::Mock::<'a>::assert_hits`: please use `assert_calls` instead
[INFO] [stderr]     --> src/client/transport.rs:1646:14
[INFO] [stderr]      |
[INFO] [stderr] 1646 |         mock.assert_hits(0);
[INFO] [stderr]      |              ^^^^^^^^^^^
[INFO] [stderr] 
[INFO] [stderr] warning: use of deprecated method `httpmock::Mock::<'a>::assert_hits`: please use `assert_calls` instead
[INFO] [stderr]     --> src/client/transport.rs:1676:14
[INFO] [stderr]      |
[INFO] [stderr] 1676 |         mock.assert_hits(2); // 3 events / max_batch_size 2 -> two requests
[INFO] [stderr]      |              ^^^^^^^^^^^
[INFO] [stderr] 
[INFO] [stderr] warning: use of deprecated method `httpmock::Mock::<'a>::assert_hits`: please use `assert_calls` instead
[INFO] [stderr]     --> src/client/transport.rs:1701:14
[INFO] [stderr]      |
[INFO] [stderr] 1701 |         mock.assert_hits(0);
[INFO] [stderr]      |              ^^^^^^^^^^^
[INFO] [stderr] 
[INFO] [stderr] warning: use of deprecated method `httpmock::Mock::<'a>::assert_hits`: please use `assert_calls` instead
[INFO] [stderr]     --> src/client/transport.rs:1726:14
[INFO] [stderr]      |
[INFO] [stderr] 1726 |         mock.assert_hits(1);
[INFO] [stderr]      |              ^^^^^^^^^^^
[INFO] [stderr] 
[INFO] [stderr] warning: use of deprecated method `httpmock::When::matches`: Please use the `is_true` and `is_false` function instead
[INFO] [stderr]     --> src/error_tracking.rs:1843:31
[INFO] [stderr]      |
[INFO] [stderr] 1843 |             when.method(POST).matches(request_has_panic_payload);
[INFO] [stderr]      |                               ^^^^^^^
[INFO] [stderr] 
[INFO] [stderr] warning: use of deprecated method `httpmock::Mock::<'a>::assert_hits`: please use `assert_calls` instead
[INFO] [stderr]     --> src/error_tracking.rs:1864:22
[INFO] [stderr]      |
[INFO] [stderr] 1864 |         capture_mock.assert_hits(1);
[INFO] [stderr]      |                      ^^^^^^^^^^^
[INFO] [stderr] 
[INFO] [stderr] warning: use of deprecated method `httpmock::Mock::<'a>::assert_hits`: please use `assert_calls` instead
[INFO] [stderr]     --> src/error_tracking.rs:1894:22
[INFO] [stderr]      |
[INFO] [stderr] 1894 |         capture_mock.assert_hits(0);
[INFO] [stderr]      |                      ^^^^^^^^^^^
[INFO] [stderr] 
[INFO] [stderr] warning: use of deprecated method `httpmock::Mock::<'a>::assert_hits`: please use `assert_calls` instead
[INFO] [stderr]     --> src/error_tracking.rs:1950:22
[INFO] [stderr]      |
[INFO] [stderr] 1950 |         capture_mock.assert_hits(2);
[INFO] [stderr]      |                      ^^^^^^^^^^^
[INFO] [stderr] 
[INFO] [stderr] warning: panic message contains an unused formatting placeholder
[INFO] [stderr]     --> src/error_tracking.rs:2239:68
[INFO] [stderr]      |
[INFO] [stderr] 2239 |             assert!(is_internal_capture_frame(name), "should strip {name:?}");
[INFO] [stderr]      |                                                                    ^^^^^^^^
[INFO] [stderr]      |
[INFO] [stderr]      = note: this message is not used as a format string when given without arguments, but will be in Rust 2021
[INFO] [stderr]      = note: for more information, see <https://doc.rust-lang.org/edition-guide/rust-2021/panic-macro-consistency.html>
[INFO] [stderr]      = note: `#[warn(non_fmt_panics)]` (part of `#[warn(rust_2021_compatibility)]`) on by default
[INFO] [stderr] help: add the missing argument
[INFO] [stderr]      |
[INFO] [stderr] 2239 |             assert!(is_internal_capture_frame(name), "should strip {name:?}", ...);
[INFO] [stderr]      |                                                                             +++++
[INFO] [stderr] help: or add a "{}" format string to use the message literally
[INFO] [stderr]      |
[INFO] [stderr] 2239 |             assert!(is_internal_capture_frame(name), "{}", "should strip {name:?}");
[INFO] [stderr]      |                                                      +++++
[INFO] [stderr] 
[INFO] [stderr] warning: use of deprecated method `httpmock::When::matches`: Please use the `is_true` and `is_false` function instead
[INFO] [stderr]    --> tests/test_alias.rs:233:18
[INFO] [stderr]     |
[INFO] [stderr] 233 |                 .matches(request_has_well_formed_alias_event)
[INFO] [stderr]     |                  ^^^^^^^
[INFO] [stderr]     |
[INFO] [stderr]     = note: `#[warn(deprecated)]` on by default
[INFO] [stderr] 
[INFO] [stderr] warning: use of deprecated method `httpmock::When::matches`: Please use the `is_true` and `is_false` function instead
[INFO] [stderr]    --> tests/test_alias.rs:234:18
[INFO] [stderr]     |
[INFO] [stderr] 234 |                 .matches(request_does_not_disable_person_processing);
[INFO] [stderr]     |                  ^^^^^^^
[INFO] [stderr] 
[INFO] [stderr] warning: use of deprecated method `httpmock::When::matches`: Please use the `is_true` and `is_false` function instead
[INFO] [stderr]    --> tests/test_alias.rs:251:18
[INFO] [stderr]     |
[INFO] [stderr] 251 |                 .matches(request_has_well_formed_alias_event);
[INFO] [stderr]     |                  ^^^^^^^
[INFO] [stderr] 
[INFO] [stderr] warning: use of deprecated method `httpmock::When::matches`: Please use the `is_true` and `is_false` function instead
[INFO] [stderr]    --> tests/test_alias.rs:269:18
[INFO] [stderr]     |
[INFO] [stderr] 269 |                 .matches(request_has_two_distinct_event_uuids);
[INFO] [stderr]     |                  ^^^^^^^
[INFO] [stderr] 
[INFO] [stderr] warning: use of deprecated method `httpmock::Mock::<'a>::assert_hits`: please use `assert_calls` instead
[INFO] [stderr]    --> tests/test_alias.rs:294:26
[INFO] [stderr]     |
[INFO] [stderr] 294 |             capture_mock.assert_hits(0);
[INFO] [stderr]     |                          ^^^^^^^^^^^
[INFO] [stderr] 
[INFO] [stderr] warning: use of deprecated method `httpmock::Mock::<'a>::assert_hits`: please use `assert_calls` instead
[INFO] [stderr]    --> tests/test_alias.rs:311:26
[INFO] [stderr]     |
[INFO] [stderr] 311 |             capture_mock.assert_hits(0);
[INFO] [stderr]     |                          ^^^^^^^^^^^
[INFO] [stderr] 
[INFO] [stderr] warning: use of deprecated method `httpmock::Mock::<'a>::assert_hits`: please use `assert_calls` instead
[INFO] [stderr]    --> tests/test_alias.rs:333:22
[INFO] [stderr]     |
[INFO] [stderr] 333 |         capture_mock.assert_hits(0);
[INFO] [stderr]     |                      ^^^^^^^^^^^
[INFO] [stderr] 
[INFO] [stderr] warning: use of deprecated method `httpmock::Mock::<'a>::assert_hits`: please use `assert_calls` instead
[INFO] [stderr]    --> tests/test_capture_immediate.rs:335:14
[INFO] [stderr]     |
[INFO] [stderr] 335 |         mock.assert_hits(1);
[INFO] [stderr]     |              ^^^^^^^^^^^
[INFO] [stderr]     |
[INFO] [stderr]     = note: `#[warn(deprecated)]` on by default
[INFO] [stderr] 
[INFO] [stderr] warning: use of deprecated method `httpmock::Mock::<'a>::assert_hits`: please use `assert_calls` instead
[INFO] [stderr]    --> tests/test_capture_immediate.rs:359:18
[INFO] [stderr]     |
[INFO] [stderr] 359 |             mock.assert_hits(3);
[INFO] [stderr]     |                  ^^^^^^^^^^^
[INFO] [stderr] 
[INFO] [stderr] warning: use of deprecated method `httpmock::Mock::<'a>::assert_hits`: please use `assert_calls` instead
[INFO] [stderr]    --> tests/test_capture_immediate.rs:377:18
[INFO] [stderr]     |
[INFO] [stderr] 377 |             mock.assert_hits(1);
[INFO] [stderr]     |                  ^^^^^^^^^^^
[INFO] [stderr] 
[INFO] [stderr] warning: use of deprecated method `httpmock::Mock::<'a>::assert_hits`: please use `assert_calls` instead
[INFO] [stderr]    --> tests/test_capture_immediate.rs:396:14
[INFO] [stderr]     |
[INFO] [stderr] 396 |         mock.assert_hits(1);
[INFO] [stderr]     |              ^^^^^^^^^^^
[INFO] [stderr] 
[INFO] [stderr] warning: use of deprecated method `httpmock::When::matches`: Please use the `is_true` and `is_false` function instead
[INFO] [stderr]    --> tests/test_capture_immediate.rs:416:18
[INFO] [stderr]     |
[INFO] [stderr] 416 |                 .matches(body_gunzips_to_user1);
[INFO] [stderr]     |                  ^^^^^^^
[INFO] [stderr] 
[INFO] [stderr] warning: use of deprecated method `httpmock::Mock::<'a>::assert_hits`: please use `assert_calls` instead
[INFO] [stderr]    --> tests/test_capture_immediate.rs:433:14
[INFO] [stderr]     |
[INFO] [stderr] 433 |         mock.assert_hits(1);
[INFO] [stderr]     |              ^^^^^^^^^^^
[INFO] [stderr] 
[INFO] [stderr] warning: use of deprecated method `httpmock::When::matches`: Please use the `is_true` and `is_false` function instead
[INFO] [stderr]    --> tests/test_error_tracking.rs:220:18
[INFO] [stderr]     |
[INFO] [stderr] 220 |                 .matches(request_has_capture_exception_user_frame_last);
[INFO] [stderr]     |                  ^^^^^^^
[INFO] [stderr]     |
[INFO] [stderr]     = note: `#[warn(deprecated)]` on by default
[INFO] [stderr] 
[INFO] [stderr] warning: use of deprecated method `httpmock::Mock::<'a>::assert_hits`: please use `assert_calls` instead
[INFO] [stderr]    --> tests/test_error_tracking.rs:228:22
[INFO] [stderr]     |
[INFO] [stderr] 228 |         capture_mock.assert_hits(1);
[INFO] [stderr]     |                      ^^^^^^^^^^^
[INFO] [stderr] 
[INFO] [stderr] warning: use of deprecated method `httpmock::When::matches`: Please use the `is_true` and `is_false` function instead
[INFO] [stderr]    --> tests/test_error_tracking.rs:243:18
[INFO] [stderr]     |
[INFO] [stderr] 243 |                 .matches(request_has_capture_exception_with_user_frame_last);
[INFO] [stderr]     |                  ^^^^^^^
[INFO] [stderr] 
[INFO] [stderr] warning: use of deprecated method `httpmock::Mock::<'a>::assert_hits`: please use `assert_calls` instead
[INFO] [stderr]    --> tests/test_error_tracking.rs:263:22
[INFO] [stderr]     |
[INFO] [stderr] 263 |         capture_mock.assert_hits(1);
[INFO] [stderr]     |                      ^^^^^^^^^^^
[INFO] [stderr] 
[INFO] [stderr] warning: use of deprecated method `httpmock::When::matches`: Please use the `is_true` and `is_false` function instead
[INFO] [stderr]    --> tests/test_error_tracking.rs:294:18
[INFO] [stderr]     |
[INFO] [stderr] 294 |                 .matches(request_has_no_stacktrace);
[INFO] [stderr]     |                  ^^^^^^^
[INFO] [stderr] 
[INFO] [stderr] warning: use of deprecated method `httpmock::Mock::<'a>::assert_hits`: please use `assert_calls` instead
[INFO] [stderr]    --> tests/test_error_tracking.rs:314:22
[INFO] [stderr]     |
[INFO] [stderr] 314 |         capture_mock.assert_hits(1);
[INFO] [stderr]     |                      ^^^^^^^^^^^
[INFO] [stderr] 
[INFO] [stderr] warning: use of deprecated method `httpmock::Mock::<'a>::assert_hits`: please use `assert_calls` instead
[INFO] [stderr]     --> tests/test_evaluate_flags.rs:1008:20
[INFO] [stderr]      |
[INFO] [stderr] 1008 |         flags_mock.assert_hits(1);
[INFO] [stderr]      |                    ^^^^^^^^^^^
[INFO] [stderr]      |
[INFO] [stderr]      = note: `#[warn(deprecated)]` on by default
[INFO] [stderr] 
[INFO] [stderr] warning: use of deprecated method `httpmock::Mock::<'a>::assert_hits`: please use `assert_calls` instead
[INFO] [stderr]     --> tests/test_evaluate_flags.rs:1106:24
[INFO] [stderr]      |
[INFO] [stderr] 1106 |             flags_mock.assert_hits(2);
[INFO] [stderr]      |                        ^^^^^^^^^^^
[INFO] [stderr] 
[INFO] [stderr] warning: use of deprecated method `httpmock::Mock::<'a>::assert_hits`: please use `assert_calls` instead
[INFO] [stderr]     --> tests/test_evaluate_flags.rs:1133:20
[INFO] [stderr]      |
[INFO] [stderr] 1133 |         flags_mock.assert_hits(1);
[INFO] [stderr]      |                    ^^^^^^^^^^^
[INFO] [stderr] 
[INFO] [stderr] warning: use of deprecated method `httpmock::Mock::<'a>::assert_hits`: please use `assert_calls` instead
[INFO] [stderr]     --> tests/test_evaluate_flags.rs:1178:22
[INFO] [stderr]      |
[INFO] [stderr] 1178 |         capture_mock.assert_hits(2);
[INFO] [stderr]      |                      ^^^^^^^^^^^
[INFO] [stderr] 
[INFO] [stderr] warning: use of deprecated method `httpmock::Mock::<'a>::assert_hits`: please use `assert_calls` instead
[INFO] [stderr]     --> tests/test_evaluate_flags.rs:1203:22
[INFO] [stderr]      |
[INFO] [stderr] 1203 |         capture_mock.assert_hits(1);
[INFO] [stderr]      |                      ^^^^^^^^^^^
[INFO] [stderr] 
[INFO] [stderr] warning: use of deprecated method `httpmock::Mock::<'a>::assert_hits`: please use `assert_calls` instead
[INFO] [stderr]     --> tests/test_evaluate_flags.rs:1224:22
[INFO] [stderr]      |
[INFO] [stderr] 1224 |         capture_mock.assert_hits(0);
[INFO] [stderr]      |                      ^^^^^^^^^^^
[INFO] [stderr] 
[INFO] [stderr] warning: use of deprecated method `httpmock::Mock::<'a>::assert_hits`: please use `assert_calls` instead
[INFO] [stderr]     --> tests/test_evaluate_flags.rs:1242:20
[INFO] [stderr]      |
[INFO] [stderr] 1242 |         flags_mock.assert_hits(1);
[INFO] [stderr]      |                    ^^^^^^^^^^^
[INFO] [stderr] 
[INFO] [stderr] warning: use of deprecated method `httpmock::Mock::<'a>::assert_hits`: please use `assert_calls` instead
[INFO] [stderr]     --> tests/test_evaluate_flags.rs:1302:20
[INFO] [stderr]      |
[INFO] [stderr] 1302 |         flags_mock.assert_hits(0);
[INFO] [stderr]      |                    ^^^^^^^^^^^
[INFO] [stderr] 
[INFO] [stderr] warning: use of deprecated method `httpmock::Mock::<'a>::assert_hits`: please use `assert_calls` instead
[INFO] [stderr]     --> tests/test_evaluate_flags.rs:1303:22
[INFO] [stderr]      |
[INFO] [stderr] 1303 |         capture_mock.assert_hits(0);
[INFO] [stderr]      |                      ^^^^^^^^^^^
[INFO] [stderr] 
[INFO] [stderr] warning: use of deprecated method `httpmock::Mock::<'a>::assert_hits`: please use `assert_calls` instead
[INFO] [stderr]     --> tests/test_evaluate_flags.rs:1404:20
[INFO] [stderr]      |
[INFO] [stderr] 1404 |         flags_mock.assert_hits(1);
[INFO] [stderr]      |                    ^^^^^^^^^^^
[INFO] [stderr] 
[INFO] [stderr] warning: use of deprecated method `httpmock::Mock::<'a>::assert_hits`: please use `assert_calls` instead
[INFO] [stderr]     --> tests/test_evaluate_flags.rs:1405:22
[INFO] [stderr]      |
[INFO] [stderr] 1405 |         capture_mock.assert_hits(1);
[INFO] [stderr]      |                      ^^^^^^^^^^^
[INFO] [stderr] 
[INFO] [stderr] warning: use of deprecated method `httpmock::When::matches`: Please use the `is_true` and `is_false` function instead
[INFO] [stderr]    --> tests/test_group_identify.rs:278:22
[INFO] [stderr]     |
[INFO] [stderr] 278 |                     .matches(request_has_well_formed_group_identify_event)
[INFO] [stderr]     |                      ^^^^^^^
[INFO] [stderr]     |
[INFO] [stderr]     = note: `#[warn(deprecated)]` on by default
[INFO] [stderr] 
[INFO] [stderr] warning: use of deprecated method `httpmock::When::matches`: Please use the `is_true` and `is_false` function instead
[INFO] [stderr]    --> tests/test_group_identify.rs:279:22
[INFO] [stderr]     |
[INFO] [stderr] 279 |                     .matches(request_does_not_disable_person_processing);
[INFO] [stderr]     |                      ^^^^^^^
[INFO] [stderr] 
[INFO] [stderr] warning: use of deprecated method `httpmock::When::matches`: Please use the `is_true` and `is_false` function instead
[INFO] [stderr]    --> tests/test_group_identify.rs:307:22
[INFO] [stderr]     |
[INFO] [stderr] 307 |                     .matches(request_has_well_formed_group_identify_event);
[INFO] [stderr]     |                      ^^^^^^^
[INFO] [stderr] 
[INFO] [stderr] warning: use of deprecated method `httpmock::When::matches`: Please use the `is_true` and `is_false` function instead
[INFO] [stderr]    --> tests/test_group_identify.rs:335:22
[INFO] [stderr]     |
[INFO] [stderr] 335 |                     .matches(request_has_two_distinct_event_uuids);
[INFO] [stderr]     |                      ^^^^^^^
[INFO] [stderr] 
[INFO] [stderr] warning: use of deprecated method `httpmock::Mock::<'a>::assert_hits_async`: please use `assert_calls_async` instead
[INFO] [stderr]    --> tests/test_group_identify.rs:369:26
[INFO] [stderr]     |
[INFO] [stderr] 369 |             capture_mock.assert_hits_async(0).await;
[INFO] [stderr]     |                          ^^^^^^^^^^^^^^^^^
[INFO] [stderr] 
[INFO] [stderr] warning: use of deprecated method `httpmock::Mock::<'a>::assert_hits_async`: please use `assert_calls_async` instead
[INFO] [stderr]    --> tests/test_group_identify.rs:390:26
[INFO] [stderr]     |
[INFO] [stderr] 390 |             capture_mock.assert_hits_async(0).await;
[INFO] [stderr]     |                          ^^^^^^^^^^^^^^^^^
[INFO] [stderr] 
[INFO] [stderr] warning: use of deprecated method `httpmock::Mock::<'a>::assert_hits_async`: please use `assert_calls_async` instead
[INFO] [stderr]    --> tests/test_group_identify.rs:416:22
[INFO] [stderr]     |
[INFO] [stderr] 416 |         capture_mock.assert_hits_async(0).await;
[INFO] [stderr]     |                      ^^^^^^^^^^^^^^^^^
[INFO] [stderr] 
[INFO] [stderr] warning: `posthog-rs` (lib test) generated 18 warnings (1 duplicate) (run `cargo fix --lib -p posthog-rs --tests` to apply 1 suggestion)
[INFO] [stderr] warning: `posthog-rs` (test "test_alias") generated 7 warnings
[INFO] [stderr] warning: `posthog-rs` (test "test_capture_immediate") generated 6 warnings
[INFO] [stderr] warning: `posthog-rs` (test "test_error_tracking") generated 6 warnings
[INFO] [stderr] warning: `posthog-rs` (test "test_evaluate_flags") generated 11 warnings
[INFO] [stderr] warning: `posthog-rs` (test "test_group_identify") generated 7 warnings
[INFO] [stderr]     Finished `release` profile [optimized] target(s) in 0.53s
[INFO] [stderr]      Running unittests src/lib.rs (/opt/rustwide/target/release/build/posthog-rs/a6d7c6a3145ca896/out/posthog_rs-a6d7c6a3145ca896)
[INFO] [stdout] 
[INFO] [stdout] running 237 tests
[INFO] [stdout] test client::common::tests::flag_called_event_adds_defaults_when_missing ... ok
[INFO] [stdout] test client::common::tests::before_send_hooks_mutate_and_drop_events ... ok
[INFO] [stdout] test client::common::tests::dedup_key_canonicalizes_group_order_and_escapes_separators ... ok
[INFO] [stdout] test client::common::tests::flag_called_event_leaves_runtime_context_to_capture_path ... ok
[INFO] [stdout] test client::common::tests::flag_called_event_applies_defaults_groups_and_preserves_caller_properties ... ok
[INFO] [stdout] test client::retry::tests::backoff_clamps_retry_after_to_max_backoff ... ok
[INFO] [stdout] test client::common::tests::before_send_hook_panic_drops_event ... ok
[INFO] [stdout] test client::retry::tests::non_retryable_statuses ... ok
[INFO] [stdout] test client::retry::tests::backoff_retry_after_minimum_semantics ... ok
[INFO] [stdout] test client::retry::tests::feature_flags_http_status_uses_retry_budget_for_502_and_504_only ... ok
[INFO] [stdout] test client::retry::tests::retryable_statuses ... ok
[INFO] [stdout] test client::retry::tests::v0_after_response_terminal_and_success ... ok
[INFO] [stdout] test client::retry::tests::v0_backoff_schedule_starts_at_initial ... ok
[INFO] [stdout] test client::retry::tests::backoff_clamped_to_max ... ok
[INFO] [stdout] test client::retry::tests::backoff_exponential_growth ... ok
[INFO] [stdout] test client::retry::tests::v0_exhausts_attempt_budget ... ok
[INFO] [stdout] test client::common::tests::http_client_build_failure_disables_client ... ok
[INFO] [stdout] test client::tests::builder_allows_missing_api_key_and_disables_client ... ok
[INFO] [stdout] test client::retry::tests::v0_retries_429_only_with_retry_after ... ok
[INFO] [stdout] test client::tests::trims_whitespace_sensitive_options ... ok
[INFO] [stdout] test client::tests::builder_disables_client_for_trim_empty_api_key ... ok
[INFO] [stdout] test client::tests::personal_api_key_forwards_to_secret_key_last_call_wins ... ok
[INFO] [stdout] test client::tests::defaults_blank_host_after_trimming_whitespace ... ok
[INFO] [stdout] test client::transport::tests::compute_wait_picks_interval_then_zero_when_elapsed ... ok
[INFO] [stdout] test client::transport::tests::compute_wait_blocks_when_idle_and_prefers_earliest ... ok
[INFO] [stdout] test client::transport::tests::drain_pending_completions_signals_and_releases_queued_controls ... ok
[INFO] [stdout] test client::retry::tests::parse_retry_after_cases ... ok
[INFO] [stdout] test client::retry::tests::feature_flags_transport_error_uses_retry_budget ... ok
[INFO] [stdout] test client::common::tests::runtime_context_adds_missing_os_properties_only ... ok
[INFO] [stdout] test client::transport::tests::close_from_worker_callback_does_not_wait_or_self_join ... ok
[INFO] [stdout] test client::transport::tests::event_timestamp_is_capture_time_not_publish_time ... ok
[INFO] [stdout] test client::async_client::local_payload_tests::local_payload_is_keyed_by_the_matched_variant ... ok
[INFO] [stdout] test client::async_client::local_payload_tests::local_payload_is_absent_without_a_matching_payload ... ok
[INFO] [stdout] test client::async_client::minimal_gate_tests::local_gate_pinned_at_evaluation_survives_cache_mutation_to_on ... ok
[INFO] [stdout] test client::transport::tests::try_reserve_bounds_at_capacity_and_warns_once ... ok
[INFO] [stdout] test client::async_client::minimal_gate_tests::local_gate_pinned_at_evaluation_survives_cache_mutation_to_off ... ok
[INFO] [stdout] test client::transport::tests::try_reserve_rearms_warning_after_full_drain ... ok
[INFO] [stdout] test client::v0_capture::tests::before_send_hook_cannot_reintroduce_properties_after_minimal_trim ... ok
[INFO] [stdout] test client::v0_capture::tests::minimal_flag_called_event_keeps_only_allowlisted_properties ... ok
[INFO] [stdout] test client::async_client::minimal_gate_tests::local_has_experiment_is_threaded_from_definitions ... ok
[INFO] [stdout] test client::v0_capture::tests::non_minimal_flag_called_event_keeps_everything ... ok
[INFO] [stdout] test client::async_client::local_payload_tests::local_evaluation_surfaces_payloads_matching_the_remote_shape ... ok
[INFO] [stdout] test compression::tests::compress_non_gzip_falls_back_to_uncompressed_in_v0 ... ok
[INFO] [stdout] test endpoints::tests::test_build_custom_url ... ok
[INFO] [stdout] test compression::tests::gzip_helper_roundtrips ... ok
[INFO] [stdout] test compression::tests::compress_gzip_roundtrips ... ok
[INFO] [stdout] test client::transport::tests::historical_batch_flushes_at_size_threshold ... ok
[INFO] [stdout] test client::transport::tests::historical_batch_sends_chunked ... ok
[INFO] [stdout] test error::tests::payload_too_large ... ok
[INFO] [stdout] test client::transport::tests::capture_failure_hook_fires_on_terminal_reject ... ok
[INFO] [stdout] test error::tests::bad_request_preserves_body ... ok
[INFO] [stdout] test endpoints::tests::test_determine_server_host ... ok
[INFO] [stdout] test error::tests::unexpected_status_becomes_connection_error ... ok
[INFO] [stdout] test client::transport::tests::historical_batch_respects_shutdown_timeout ... ok
[INFO] [stdout] test error_tracking::tests::arch_normalizes_to_the_shared_native_vocabulary ... ok
[INFO] [stdout] test error::tests::rate_limit ... ok
[INFO] [stdout] test error::tests::server_error_preserves_status_and_body ... ok
[INFO] [stdout] test error::tests::success_returns_none ... ok
[INFO] [stdout] test client::transport::tests::interval_flush_fires_on_clock_advance ... ok
[INFO] [stdout] test error_tracking::tests::build_exception_event_defaults_to_personless ... ok
[INFO] [stdout] test error_tracking::tests::build_exception_event_applies_options ... ok
[INFO] [stdout] test client::transport::tests::retry_backoff_is_honored_against_the_clock ... ok
[INFO] [stdout] test error_tracking::tests::find_module_matches_address_ranges ... ok
[INFO] [stdout] test error_tracking::tests::frames_are_trimmed_to_max_frames_keeping_the_crash_site ... ok
[INFO] [stdout] test error_tracking::tests::captured_stacks_reference_loaded_debug_images ... ok
[INFO] [stdout] test error_tracking::tests::custom_properties_cannot_override_reserved_exception_payload ... ok
[INFO] [stdout] test error_tracking::tests::build_exception_event_reads_trace_context_provider ... ok
[INFO] [stdout] test endpoints::tests::test_build_url ... ok
[INFO] [stdout] test error_tracking::tests::from_error_accepts_borrowed_error_types ... ok
[INFO] [stdout] test error_tracking::tests::explicit_trace_context_takes_precedence_over_provider ... ok
[INFO] [stdout] test error_tracking::tests::from_error_builds_exception_list_with_stacktrace ... ok
[INFO] [stdout] test error_tracking::tests::internal_capture_frames_match_both_demangler_renderings ... ok
[INFO] [stdout] test error_tracking::tests::options_can_disable_stacktrace ... ok
[INFO] [stdout] test error_tracking::tests::in_app_defaults_cover_docker_cargo_home_and_dwarf_names ... ok
[INFO] [stdout] test error_tracking::tests::function_names_strip_rust_symbol_hashes ... ok
[INFO] [stdout] test error_tracking::tests::function_names_strip_v0_crate_disambiguators ... ok
[INFO] [stdout] test error_tracking::tests::gnu_build_ids_convert_to_debug_ids_like_the_server ... ok
[INFO] [stdout] test error_tracking::tests::inlined_frames_emit_expanded_groups ... FAILED
[INFO] [stdout] test error_tracking::tests::panic_machinery_frames_classify_out_of_app ... ok
[INFO] [stdout] test error_tracking::tests::personless_capture_disables_person_profile ... ok
[INFO] [stdout] test error_tracking::tests::panicking_trace_context_provider_is_ignored ... ok
[INFO] [stdout] test error_tracking::tests::stacktrace_keeps_crash_frame_last ... FAILED
[INFO] [stdout] test error_tracking::tests::global_capture_panics_defaults_off_and_is_configurable ... ok
[INFO] [stdout] test error_tracking::tests::in_app_path_defaults_and_overrides_are_applied ... ok
[INFO] [stdout] test error_tracking::tests::trim_drops_whole_inline_groups ... ok
[INFO] [stdout] test error_tracking::tests::type_names_keep_path_and_strip_generics ... ok
[INFO] [stdout] test event::test::test_timestamp_is_correctly_set_with_future_date ... ok
[INFO] [stdout] test client::transport::tests::concurrent_external_close_is_idempotent_and_durable ... ok
[INFO] [stdout] test event::test::ensure_timestamp_stamps_only_when_unset ... ok
[INFO] [stdout] test event::test::test_timestamp_is_correctly_set ... ok
[INFO] [stdout] test event::tests::group_identify_rejects_blank_keys ... ok
[INFO] [stdout] test client::transport::tests::before_send_dropped_events_are_not_counted_in_flight ... ok
[INFO] [stdout] test event::tests::group_identify_rejects_non_object_properties ... ok
[INFO] [stdout] test event::tests::v0_add_group_overrides_anon_person_profile ... ok
[INFO] [stdout] test event::tests::v0_batch_serializes_distinct_id_at_root ... ok
[INFO] [stdout] test event::tests::v0_group_identify_payload ... ok
[INFO] [stdout] test event::tests::v0_adds_lib_properties ... ok
[INFO] [stdout] test event::tests::v0_injects_process_person_profile_for_group ... ok
[INFO] [stdout] test event::tests::v0_preserves_existing_lib_properties ... ok
[INFO] [stdout] test event::tests::v0_identified_event_with_explicit_personless ... ok
[INFO] [stdout] test event::tests::v0_no_process_person_profile_when_unset ... ok
[INFO] [stdout] test event::tests::v0_serializes_non_utc_timestamp_as_equivalent_utc_instant ... ok
[INFO] [stdout] test event::tests::v0_user_property_wins_over_constructor_default ... ok
[INFO] [stdout] test feature_flag_evaluations::tests::empty_distinct_id_does_not_fire_events ... ok
[INFO] [stdout] test feature_flag_evaluations::tests::errors_while_computing_propagates_to_event ... ok
[INFO] [stdout] test feature_flag_evaluations::tests::event_properties_attaches_active_flags_sorted ... ok
[INFO] [stdout] test feature_flag_evaluations::tests::filtered_snapshots_do_not_back_propagate_access_to_parent ... ok
[INFO] [stdout] test feature_flag_evaluations::tests::gate_is_pinned_per_flag_not_shared_across_a_snapshot ... ok
[INFO] [stdout] test feature_flag_evaluations::tests::get_flag_payload_does_not_record_access_or_fire_event ... ok
[INFO] [stdout] test event::tests::v0_includes_auto_generated_uuid ... ok
[INFO] [stdout] test feature_flag_evaluations::tests::has_experiment_false_sets_property ... ok
[INFO] [stdout] test event::tests::v0_preserves_overridden_uuid ... ok
[INFO] [stdout] test event::tests::v0_serializes_distinct_id_at_root ... ok
[INFO] [stdout] test error_tracking::tests::disabled_panic_hook_does_not_send ... ok
[INFO] [stdout] test event::tests::v0_injects_process_person_profile_for_anon ... ok
[INFO] [stdout] test feature_flag_evaluations::tests::has_experiment_true_sets_property ... ok
[INFO] [stdout] test client::transport::tests::shutdown_timeout_drops_undelivered_without_blocking ... ok
[INFO] [stdout] test client::async_client::teardown_tests::shutdown_from_worker_callback_closes_without_blocking ... ok
[INFO] [stdout] test feature_flag_evaluations::tests::has_experiment_unknown_omits_property ... ok
[INFO] [stdout] test feature_flag_evaluations::tests::is_enabled_records_access_and_fires_event ... ok
[INFO] [stdout] test feature_flag_evaluations::tests::locally_evaluated_event_omits_evaluated_at_and_carries_locally_evaluated_flag ... ok
[INFO] [stdout] test feature_flag_evaluations::tests::minimizes_only_when_gate_on_and_no_experiment ... ok
[INFO] [stdout] test feature_flag_evaluations::tests::missing_flag_is_never_minimized ... ok
[INFO] [stdout] test feature_flag_evaluations::tests::missing_flag_records_flag_missing_error ... ok
[INFO] [stdout] test feature_flag_evaluations::tests::only_accessed_filters_to_accessed_keys ... ok
[INFO] [stdout] test feature_flag_evaluations::tests::missing_flag_with_no_response_errors_emits_no_error_for_present_flag ... ok
[INFO] [stdout] test feature_flag_evaluations::tests::only_drops_unknown_keys_with_warning ... ok
[INFO] [stdout] test feature_flag_evaluations::tests::payload_can_be_set_directly ... ok
[INFO] [stdout] test feature_flag_evaluations::tests::only_accessed_returns_empty_when_nothing_accessed ... ok
[INFO] [stdout] test feature_flag_evaluations::tests::quota_limited_combines_with_flag_missing_in_error_string ... ok
[INFO] [stdout] test feature_flags::tests::test_cohort_chain_within_the_depth_limit_still_resolves ... ok
[INFO] [stdout] test client::async_client::teardown_tests::drop_from_worker_callback_closes_without_blocking ... ok
[INFO] [stdout] test feature_flags::tests::test_cohort_leaf_negation ... ok
[INFO] [stdout] test feature_flags::tests::test_cohort_membership_in ... ok
[INFO] [stdout] test feature_flags::tests::test_cohort_membership_not_in ... ok
[INFO] [stdout] test feature_flags::tests::test_cohort_nested_cohort_reference ... ok
[INFO] [stdout] test feature_flags::tests::test_cohort_nested_and_of_or ... ok
[INFO] [stdout] test feature_flags::tests::test_cohort_not_found_returns_inconclusive ... ok
[INFO] [stdout] test feature_flags::tests::test_cohort_or_group ... ok
[INFO] [stdout] test feature_flags::tests::test_cyclic_cohort_reference_is_inconclusive ... ok
[INFO] [stdout] test feature_flags::tests::test_early_exit_does_not_short_circuit_when_prior_group_inconclusive ... ok
[INFO] [stdout] test feature_flags::tests::test_early_exit_enabled_returns_false_without_evaluating_later_group ... ok
[INFO] [stdout] test feature_flags::tests::test_early_exit_default_is_false_from_json ... ok
[INFO] [stdout] test feature_flags::tests::test_empty_groups ... ok
[INFO] [stdout] test feature_flags::tests::test_exact_boolean_coercion_matches_flags_service ... ok
[INFO] [stdout] test feature_flags::tests::test_deep_acyclic_cohort_chain_is_inconclusive ... ok
[INFO] [stdout] test feature_flags::tests::test_early_exit_explicit_false_falls_through ... ok
[INFO] [stdout] test feature_flags::tests::test_flag_dependency_disabled ... ok
[INFO] [stdout] test feature_flags::tests::test_ends_with_operator ... ok
[INFO] [stdout] test feature_flags::tests::test_early_exit_enabled_short_circuits_with_context ... ok
[INFO] [stdout] test feature_flags::tests::test_flag_dependency_enabled ... ok
[INFO] [stdout] test feature_flags::tests::test_hash_scale_constant ... ok
[INFO] [stdout] test feature_flags::tests::test_icontains_operator ... ok
[INFO] [stdout] test feature_flags::tests::test_inactive_flag ... ok
[INFO] [stdout] test feature_flags::tests::test_is_date_after_with_relative_date ... ok
[INFO] [stdout] test feature_flags::tests::test_flag_dependency_not_found_returns_inconclusive ... ok
[INFO] [stdout] test feature_flags::tests::test_early_exit_property_mismatch_does_not_short_circuit ... ok
[INFO] [stdout] test feature_flags::tests::test_is_date_before_with_iso_date ... ok
[INFO] [stdout] test feature_flags::tests::test_flag_dependency_variant_match ... ok
[INFO] [stdout] test feature_flags::tests::test_is_date_with_relative_hours ... ok
[INFO] [stdout] test feature_flags::tests::test_is_date_with_relative_months ... ok
[INFO] [stdout] test feature_flags::tests::test_is_date_with_relative_weeks ... ok
[INFO] [stdout] test feature_flags::tests::test_is_date_with_relative_years ... ok
[INFO] [stdout] test feature_flags::tests::test_is_not_set_operator ... ok
[INFO] [stdout] test feature_flags::tests::test_is_set_operator ... ok
[INFO] [stdout] test feature_flags::tests::test_is_date_after_with_iso_date ... ok
[INFO] [stdout] test feature_flags::tests::test_is_date_with_iso_datetime ... ok
[INFO] [stdout] test feature_flags::tests::test_hash_key_matches_known_vectors ... ok
[INFO] [stdout] test feature_flags::tests::test_malformed_cohort_groups_are_inconclusive ... ok
[INFO] [stdout] test feature_flags::tests::test_multivariate_variants ... ok
[INFO] [stdout] test feature_flags::tests::test_not_regex_with_invalid_pattern_returns_true ... ok
[INFO] [stdout] test feature_flags::tests::test_is_date_before_with_relative_date ... ok
[INFO] [stdout] test feature_flags::tests::test_hash_key ... ok
[INFO] [stdout] test feature_flags::tests::test_match_property_semver_rejects_leading_zeros ... ok
[INFO] [stdout] test feature_flags::tests::test_missing_nested_cohort_is_not_suppressed ... ok
[INFO] [stdout] test feature_flags::tests::test_parse_semver_extra_components_ignored ... ok
[INFO] [stdout] test feature_flags::tests::test_parse_relative_date_large_values ... ok
[INFO] [stdout] test feature_flags::tests::test_parse_semver_basic ... ok
[INFO] [stdout] test feature_flags::tests::test_parse_semver_partial_versions ... ok
[INFO] [stdout] test feature_flags::tests::test_parse_semver_invalid ... ok
[INFO] [stdout] test feature_flags::tests::test_parse_semver_prerelease_stripped ... ok
[INFO] [stdout] test feature_flags::tests::test_parse_semver_leading_zeros_rejected ... ok
[INFO] [stdout] test feature_flags::tests::test_parse_semver_v_prefix ... ok
[INFO] [stdout] test feature_flags::tests::test_parse_semver_whitespace ... ok
[INFO] [stdout] test feature_flags::tests::test_property_case_folding_matches_flags_service ... ok
[INFO] [stdout] test feature_flags::tests::test_numeric_operators ... ok
[INFO] [stdout] test feature_flags::tests::test_parse_relative_date_edge_cases ... ok
[INFO] [stdout] test feature_flags::tests::test_early_exit_unset_falls_through_to_matching_group ... ok
[INFO] [stdout] test feature_flags::tests::test_null_property_operator_defaults_to_exact ... ok
[INFO] [stdout] test feature_flags::tests::test_repeated_cohort_reference_is_not_a_cycle ... ok
[INFO] [stdout] test feature_flags::tests::test_rollout_percentage ... ok
[INFO] [stdout] test feature_flags::tests::test_regex_operator ... ok
[INFO] [stdout] test feature_flags::tests::test_is_date_with_invalid_date_format ... ok
[INFO] [stdout] test feature_flags::tests::test_semver_comparison_ordering ... ok
[INFO] [stdout] test feature_flags::tests::test_semver_caret_major_zero_minor_nonzero ... ok
[INFO] [stdout] test feature_flags::tests::test_property_matching ... ok
[INFO] [stdout] test feature_flags::tests::test_semver_eq_basic ... ok
[INFO] [stdout] test feature_flags::tests::test_semver_caret_major_zero_minor_zero ... ok
[INFO] [stdout] test feature_flags::tests::test_self_referencing_cohort_is_inconclusive ... ok
[INFO] [stdout] test feature_flags::tests::test_regex_with_various_invalid_patterns ... ok
[INFO] [stdout] test feature_flags::tests::test_regex_with_invalid_pattern_returns_false ... ok
[INFO] [stdout] test feature_flags::tests::test_semver_eq_prerelease_stripped ... ok
[INFO] [stdout] test feature_flags::tests::test_semver_four_part_versions ... ok
[INFO] [stdout] test feature_flags::tests::test_semver_invalid_property_value ... ok
[INFO] [stdout] test feature_flags::tests::test_semver_eq_partial_versions ... ok
[INFO] [stdout] test feature_flags::tests::test_semver_caret_major_nonzero ... ok
[INFO] [stdout] test feature_flags::tests::test_semver_invalid_target_value ... ok
[INFO] [stdout] test feature_flags::tests::test_semver_invalid_wildcard_pattern ... ok
[INFO] [stdout] test feature_flags::tests::test_semver_neq ... ok
[INFO] [stdout] test feature_flags::tests::test_semver_eq_with_v_prefix ... ok
[INFO] [stdout] test feature_flags::tests::test_semver_gt ... ok
[INFO] [stdout] test feature_flags::tests::test_semver_gte ... ok
[INFO] [stdout] test feature_flags::tests::test_early_exit_unset_falls_through_with_context ... ok
[INFO] [stdout] test feature_flags::tests::test_semver_numeric_property_value ... ok
[INFO] [stdout] test feature_flags::tests::test_semver_null_property_value ... ok
[INFO] [stdout] test feature_flags::tests::test_semver_lt ... ok
[INFO] [stdout] test feature_flags::tests::test_semver_lte ... ok
[INFO] [stdout] test feature_flags::tests::test_semver_tilde_zero_versions ... ok
[INFO] [stdout] test feature_flags::tests::test_semver_tilde_basic ... ok
[INFO] [stdout] test feature_flags::tests::test_semver_missing_property ... ok
[INFO] [stdout] test feature_flags::tests::test_semver_large_version_numbers ... ok
[INFO] [stdout] test feature_flags::tests::test_unknown_operator_returns_inconclusive_error ... ok
[INFO] [stdout] test feature_flags::tests::test_simple_flag_match ... ok
[INFO] [stdout] test feature_flags::tests::test_starts_with_operator ... ok
[INFO] [stdout] test local_evaluation::tests::evaluated_details_survive_a_cache_refresh ... ok
[INFO] [stdout] test feature_flags::tests::test_semver_wildcard_minor ... ok
[INFO] [stdout] test feature_flags::tests::test_semver_wildcard_major ... ok
[INFO] [stdout] test feature_flags::tests::test_semver_wildcard_zero ... ok
[INFO] [stdout] test local_evaluation::tests::an_async_poller_without_an_http_client_reports_an_error_and_does_not_start ... ok
[INFO] [stdout] test local_evaluation::tests::a_poller_without_an_http_client_reports_an_error_and_does_not_start ... ok
[INFO] [stdout] test error_tracking::tests::panic_hook_captures_panics_on_tokio_runtime_threads ... ok
[INFO] [stdout] test error_tracking::tests::install_panic_hook_on_disabled_client_does_not_latch ... ok
[INFO] [stdout] test error_tracking::tests::should_capture_global_panics_gates_on_enabled_and_flag ... ok
[INFO] [stdout] test client::transport::tests::shutdown_timeout_bounds_a_stalled_in_flight_send ... ok
[INFO] [stdout] test error_tracking::tests::panic_hook_flush_is_bounded_when_before_send_needs_a_panic_held_lock ... ok
[INFO] [stdout] test error_tracking::tests::panic_in_before_send_on_worker_neither_deadlocks_nor_recurses ... ok
[INFO] [stdout] test error_tracking::tests::panic_hook_sends_personless_exception_and_calls_previous_hook ... ok
[INFO] [stdout] 
[INFO] [stdout] failures:
[INFO] [stdout] 
[INFO] [stdout] failures:
[INFO] [stdout]     error_tracking::tests::inlined_frames_emit_expanded_groups
[INFO] [stdout]     error_tracking::tests::stacktrace_keeps_crash_frame_last
[INFO] [stdout] 
[INFO] [stdout] test result: FAILED. 235 passed; 2 failed; 0 ignored; 0 measured; 0 filtered out; finished in 0.78s
[INFO] [stdout] 
[INFO] [stderr] error: test failed, to rerun pass `--lib`
[INFO] running `Command { std: "docker" "inspect" "8e067b113d71367fe32ab9ea9ba0b7a1f15d67a0775daebc0113ccea2557ff6a", kill_on_drop: false }`
[INFO] running `Command { std: "docker" "rm" "-f" "8e067b113d71367fe32ab9ea9ba0b7a1f15d67a0775daebc0113ccea2557ff6a", kill_on_drop: false }`
[INFO] [stdout] 8e067b113d71367fe32ab9ea9ba0b7a1f15d67a0775daebc0113ccea2557ff6a
