[INFO] fetching crate podman-lens 0.2.5...
[INFO] testing podman-lens-0.2.5 against 1.100.0-beta.1+cargoflags=--release for beta-release-1.100-2
[INFO] extracting crate podman-lens 0.2.5 into /workspace/builds/worker-7-tc2/source
[INFO] removed /workspace/builds/worker-7-tc2/source/.cargo/config.toml
[INFO] removed /workspace/builds/worker-7-tc2/source/rust-toolchain.toml
[INFO] started tweaking crates.io crate podman-lens 0.2.5
[INFO] removed 0 missing examples
[INFO] removed 0 missing tests
[INFO] finished tweaking crates.io crate podman-lens 0.2.5
[INFO] tweaked toml for crates.io crate podman-lens 0.2.5 written to /workspace/builds/worker-7-tc2/source/Cargo.toml
[INFO] validating manifest of crates.io crate podman-lens 0.2.5 on toolchain 1.100.0-beta.1
[INFO] running `Command { std: CARGO_HOME="/workspace/cargo-home" RUSTUP_HOME="/workspace/rustup-home" "/workspace/cargo-home/bin/cargo" "+1.100.0-beta.1" "metadata" "--manifest-path" "Cargo.toml" "--no-deps", kill_on_drop: false }`
[INFO] crate crates.io crate podman-lens 0.2.5 already has a lockfile, it will not be regenerated
[INFO] running `Command { std: CARGO_HOME="/workspace/cargo-home" RUSTUP_HOME="/workspace/rustup-home" "/workspace/cargo-home/bin/cargo" "+1.100.0-beta.1" "fetch" "--manifest-path" "Cargo.toml", kill_on_drop: false }`
[INFO] running `Command { std: "docker" "create" "-v" "/var/lib/crater-agent-workspace/builds/worker-7-tc2/source:/opt/rustwide/workdir:ro,Z" "-v" "/var/lib/crater-agent-workspace/builds/worker-7-tc2/target:/opt/rustwide/target:rw,Z" "-v" "/var/lib/crater-agent-workspace/cargo-home:/opt/rustwide/cargo-home:ro,Z" "-v" "/var/lib/crater-agent-workspace/rustup-home:/opt/rustwide/rustup-home:ro,Z" "-m" "1610612736" "--network" "none" "ghcr.io/rust-lang/crates-build-env/linux@sha256:77db811e55d90add9212f6832c23229e3de5f1c1f9905e8cb07319ea15df73ac" "sleep" "infinity", kill_on_drop: false }`
[INFO] [stdout] 02beeb5a06d30fe368861b953aec301e493288795f1494cde6c8e9f7c22472f7
[INFO] running `Command { std: "docker" "start" "02beeb5a06d30fe368861b953aec301e493288795f1494cde6c8e9f7c22472f7", kill_on_drop: false }`
[INFO] running `Command { std: "docker" "inspect" "02beeb5a06d30fe368861b953aec301e493288795f1494cde6c8e9f7c22472f7", kill_on_drop: false }`
[INFO] running `Command { std: "docker" "exec" "-e" "SOURCE_DIR=/opt/rustwide/workdir" "-e" "CARGO_HOME=/opt/rustwide/cargo-home" "-e" "RUSTUP_HOME=/opt/rustwide/rustup-home" "-e" "CARGO_TARGET_DIR=/opt/rustwide/target" "-w" "/opt/rustwide/workdir" "--user" "0:0" "02beeb5a06d30fe368861b953aec301e493288795f1494cde6c8e9f7c22472f7" "/opt/rustwide/cargo-home/bin/cargo" "+1.100.0-beta.1" "metadata" "--no-deps" "--format-version=1", kill_on_drop: false }`
[INFO] running `Command { std: "docker" "inspect" "02beeb5a06d30fe368861b953aec301e493288795f1494cde6c8e9f7c22472f7", kill_on_drop: false }`
[INFO] running `Command { std: "docker" "exec" "-e" "SOURCE_DIR=/opt/rustwide/workdir" "-e" "CARGO_HOME=/opt/rustwide/cargo-home" "-e" "RUSTUP_HOME=/opt/rustwide/rustup-home" "-e" "CARGO_TARGET_DIR=/opt/rustwide/target" "-e" "CARGO_INCREMENTAL=0" "-e" "RUST_BACKTRACE=full" "-e" "RUSTFLAGS=--cap-lints=warn" "-e" "RUSTDOCFLAGS=--cap-lints=warn" "-w" "/opt/rustwide/workdir" "--user" "0:0" "02beeb5a06d30fe368861b953aec301e493288795f1494cde6c8e9f7c22472f7" "/opt/rustwide/cargo-home/bin/cargo" "+1.100.0-beta.1" "build" "--frozen" "--message-format=json" "--release", kill_on_drop: false }`
[INFO] [stderr]    Compiling litemap v0.8.3
[INFO] [stderr]    Compiling proc-macro2 v1.0.107
[INFO] [stderr]    Compiling writeable v0.6.4
[INFO] [stderr]    Compiling libc v0.2.189
[INFO] [stderr]    Compiling smallvec v1.15.2
[INFO] [stderr]    Compiling serde_core v1.0.229
[INFO] [stderr]    Compiling bytes v1.12.1
[INFO] [stderr]    Compiling futures-core v0.3.34
[INFO] [stderr]    Compiling serde_json v1.0.151
[INFO] [stderr]    Compiling serde v1.0.229
[INFO] [stderr]    Compiling memchr v2.8.3
[INFO] [stderr]    Compiling futures-channel v0.3.34
[INFO] [stderr]    Compiling quote v1.0.47
[INFO] [stderr]    Compiling syn v3.0.3
[INFO] [stderr]    Compiling syn v2.0.119
[INFO] [stderr]    Compiling http v1.5.0
[INFO] [stderr]    Compiling mio v1.2.2
[INFO] [stderr]    Compiling socket2 v0.6.5
[INFO] [stderr]    Compiling synstructure v0.13.2
[INFO] [stderr]    Compiling http-body v1.1.0
[INFO] [stderr]    Compiling http-body-util v0.1.5
[INFO] [stderr]    Compiling zerofrom-derive v0.1.7
[INFO] [stderr]    Compiling yoke-derive v0.8.2
[INFO] [stderr]    Compiling zerofrom v0.1.8
[INFO] [stderr]    Compiling yoke v0.8.3
[INFO] [stderr]    Compiling semver v1.0.28
[INFO] [stderr]    Compiling zerovec-derive v0.11.5
[INFO] [stderr]    Compiling displaydoc v0.2.7
[INFO] [stderr]    Compiling tokio-macros v2.7.2
[INFO] [stderr]    Compiling serde_derive v1.0.229
[INFO] [stderr]    Compiling tokio v1.53.1
[INFO] [stderr]    Compiling zerotrie v0.2.5
[INFO] [stderr]    Compiling zerovec v0.11.8
[INFO] [stderr]    Compiling tinystr v0.8.4
[INFO] [stderr]    Compiling potential_utf v0.1.6
[INFO] [stderr]    Compiling icu_collections v2.1.1
[INFO] [stderr]    Compiling icu_locale_core v2.1.1
[INFO] [stderr]    Compiling icu_provider v2.1.1
[INFO] [stderr]    Compiling icu_properties v2.1.2
[INFO] [stderr]    Compiling icu_normalizer v2.1.1
[INFO] [stderr]    Compiling idna_adapter v1.2.1
[INFO] [stderr]    Compiling idna v1.1.0
[INFO] [stderr]    Compiling hyper v1.11.0
[INFO] [stderr]    Compiling url v2.5.8
[INFO] [stderr]    Compiling hyper-util v0.1.20
[INFO] [stderr]    Compiling podman-lens v0.2.5 (/opt/rustwide/workdir)
[INFO] [stderr]     Finished `release` profile [optimized] target(s) in 58.89s
[INFO] running `Command { std: "docker" "inspect" "02beeb5a06d30fe368861b953aec301e493288795f1494cde6c8e9f7c22472f7", kill_on_drop: false }`
[INFO] running `Command { std: "docker" "exec" "-e" "SOURCE_DIR=/opt/rustwide/workdir" "-e" "CARGO_HOME=/opt/rustwide/cargo-home" "-e" "RUSTUP_HOME=/opt/rustwide/rustup-home" "-e" "CARGO_TARGET_DIR=/opt/rustwide/target" "-e" "CARGO_INCREMENTAL=0" "-e" "RUST_BACKTRACE=full" "-e" "RUSTFLAGS=--cap-lints=warn" "-e" "RUSTDOCFLAGS=--cap-lints=warn" "-w" "/opt/rustwide/workdir" "--user" "0:0" "02beeb5a06d30fe368861b953aec301e493288795f1494cde6c8e9f7c22472f7" "/opt/rustwide/cargo-home/bin/cargo" "+1.100.0-beta.1" "test" "--frozen" "--no-run" "--message-format=json" "--release", kill_on_drop: false }`
[INFO] [stderr]    Compiling serde_json v1.0.151
[INFO] [stderr]    Compiling zerocopy v0.8.56
[INFO] [stderr]    Compiling getrandom v0.3.4
[INFO] [stderr]    Compiling ahash v0.8.12
[INFO] [stderr]    Compiling typenum v1.20.1
[INFO] [stderr]    Compiling num-integer v0.1.47
[INFO] [stderr]    Compiling num-complex v0.4.6
[INFO] [stderr]    Compiling ref-cast-impl v1.0.27
[INFO] [stderr]    Compiling aho-corasick v1.1.5
[INFO] [stderr]    Compiling serde v1.0.229
[INFO] [stderr]    Compiling parking_lot_core v0.9.12
[INFO] [stderr]    Compiling borrow-or-share v0.2.4
[INFO] [stderr]    Compiling unicode-general-category v1.1.0
[INFO] [stderr]    Compiling bit-vec v0.8.0
[INFO] [stderr]    Compiling idna v1.1.0
[INFO] [stderr]    Compiling strum_macros v0.28.0
[INFO] [stderr]    Compiling form_urlencoded v1.2.2
[INFO] [stderr]    Compiling bytecount v0.6.9
[INFO] [stderr]    Compiling outref v0.5.2
[INFO] [stderr]    Compiling vsimd v0.8.0
[INFO] [stderr]    Compiling bit-set v0.8.0
[INFO] [stderr]    Compiling parking_lot v0.12.5
[INFO] [stderr]    Compiling const-oid v0.10.2
[INFO] [stderr]    Compiling num-bigint v0.4.8
[INFO] [stderr]    Compiling num-iter v0.1.46
[INFO] [stderr]    Compiling ref-cast v1.0.27
[INFO] [stderr]    Compiling micromap v0.3.0
[INFO] [stderr]    Compiling num-cmp v0.1.0
[INFO] [stderr]    Compiling url v2.5.8
[INFO] [stderr]    Compiling uuid-simd v0.8.0
[INFO] [stderr]    Compiling semver v1.0.28
[INFO] [stderr]    Compiling jsonschema-regex v0.49.9
[INFO] [stderr]    Compiling data-encoding v2.11.1
[INFO] [stderr]    Compiling hybrid-array v0.4.14
[INFO] [stderr]    Compiling fluent-uri v0.4.1
[INFO] [stderr]    Compiling email_address v0.2.9
[INFO] [stderr]    Compiling crypto-common v0.2.2
[INFO] [stderr]    Compiling block-buffer v0.12.1
[INFO] [stderr]    Compiling strum v0.28.0
[INFO] [stderr]    Compiling digest v0.11.3
[INFO] [stderr]    Compiling regex-automata v0.4.18
[INFO] [stderr]    Compiling sha2 v0.11.0
[INFO] [stderr]    Compiling podman-lens v0.2.5 (/opt/rustwide/workdir)
[INFO] [stderr]    Compiling num-rational v0.4.2
[INFO] [stderr]    Compiling num v0.4.3
[INFO] [stderr]    Compiling fraction v0.15.4
[INFO] [stderr]    Compiling referencing v0.49.9
[INFO] [stderr]    Compiling jsonschema-value v0.49.9
[INFO] [stderr]    Compiling fancy-regex v0.19.0
[INFO] [stderr]    Compiling regex v1.13.1
[INFO] [stderr]    Compiling jsonschema v0.49.9
[INFO] [stderr]     Finished `release` profile [optimized] target(s) in 3m 31s
[INFO] running `Command { std: "docker" "inspect" "02beeb5a06d30fe368861b953aec301e493288795f1494cde6c8e9f7c22472f7", kill_on_drop: false }`
[INFO] running `Command { std: "docker" "exec" "-e" "SOURCE_DIR=/opt/rustwide/workdir" "-e" "CARGO_HOME=/opt/rustwide/cargo-home" "-e" "RUSTUP_HOME=/opt/rustwide/rustup-home" "-e" "CARGO_TARGET_DIR=/opt/rustwide/target" "-e" "CARGO_INCREMENTAL=0" "-e" "RUST_BACKTRACE=full" "-e" "RUSTFLAGS=--cap-lints=warn" "-e" "RUSTDOCFLAGS=--cap-lints=warn" "-w" "/opt/rustwide/workdir" "--user" "0:0" "02beeb5a06d30fe368861b953aec301e493288795f1494cde6c8e9f7c22472f7" "/opt/rustwide/cargo-home/bin/cargo" "+1.100.0-beta.1" "test" "--frozen" "--release", kill_on_drop: false }`
[INFO] [stderr]     Finished `release` profile [optimized] target(s) in 0.32s
[INFO] [stderr]      Running unittests src/lib.rs (/opt/rustwide/target/release/build/podman-lens/d6a82b496a831a1a/out/podman_lens-d6a82b496a831a1a)
[INFO] [stdout] 
[INFO] [stdout] running 38 tests
[INFO] [stdout] test coverage::tests::embedded_coverage_catalogue_is_strict_and_complete ... ok
[INFO] [stdout] test evidence::tests::embedded_catalogue_obeys_the_complete_policy ... ok
[INFO] [stdout] test evidence::tests::individual_evidence_policy_violations_are_rejected ... ok
[INFO] [stdout] test evidence::tests::reordered_catalogue_policy_is_rejected ... ok
[INFO] [stdout] test inventory::typed_observation_constructor_tests::captured_cli_shape_accepts_known_equals_options_without_retaining_them ... ok
[INFO] [stdout] test inventory::typed_observation_constructor_tests::creation_command_parser_stops_at_image_and_rejects_unknown_option_arity ... ok
[INFO] [stdout] test inventory::typed_observation_constructor_tests::creation_evidence_is_typed_indexed_and_redacts_command_values ... ok
[INFO] [stdout] test inventory::typed_observation_constructor_tests::creation_evidence_preserves_absent_malformed_conflicting_and_bounded_states ... ok
[INFO] [stdout] test inventory::typed_observation_constructor_tests::derived_native_cli_and_provider_fixture_preserves_authored_vs_absent_evidence ... ok
[INFO] [stdout] test inventory::typed_observation_constructor_tests::digest_pinned_authored_tag_only_matches_the_same_canonical_repository_and_digest ... ok
[INFO] [stdout] test inventory::typed_observation_constructor_tests::typed_mount_relabel_state_only_conflicts_when_observed_and_different ... ok
[INFO] [stdout] test inventory::typed_observation_constructor_tests::kind_safe_resource_observation_constructor_accepts_every_matching_detail_and_rejects_mismatches ... ok
[INFO] [stdout] test inventory::typed_observation_constructor_tests::unknown_structured_mount_option_is_unavailable_without_erasing_image_hint ... ok
[INFO] [stdout] test evidence::tests::malformed_catalogue_policy_is_rejected ... ok
[INFO] [stdout] test probe::tests::content_type_is_case_insensitive_and_allows_parameters ... ok
[INFO] [stdout] test probe::tests::legacy_probe_uses_the_advertised_podman_three_api_path ... ok
[INFO] [stdout] test inventory::typed_observation_constructor_tests::malformed_or_ambiguous_relabel_mounts_preserve_independent_image_evidence ... ok
[INFO] [stdout] test probe::tests::probe_json_is_bounded_before_decode ... ok
[INFO] [stdout] test render::tests::host_alias_rendering_uses_podmans_single_hostname_separator_for_both_ip_families ... ok
[INFO] [stdout] test inventory::typed_observation_constructor_tests::list_paths_use_the_normalized_protocol_version ... ok
[INFO] [stdout] test coverage::tests::malformed_or_incomplete_coverage_catalogue_is_rejected ... ok
[INFO] [stdout] test version::tests::legacy_distro_anchors_are_input_only_and_not_implicit_targets ... ok
[INFO] [stdout] test inventory::typed_observation_constructor_tests::native_timestamp_validation_accepts_rfc3339_boundaries_and_rejects_invalid_dates ... ok
[INFO] [stdout] test inventory::typed_observation_constructor_tests::creation_command_bounds_and_known_value_options_are_closed ... ok
[INFO] [stdout] test version::tests::unreviewed_legacy_patches_fail_closed ... ok
[INFO] [stdout] test coverage::tests::plausible_target_availability_swaps_are_rejected ... ok
[INFO] [stdout] test transport::tests::trusted_resource_paths_reject_preescaped_and_ambiguous_identifier_spelling ... ok
[INFO] [stdout] test transport::tests::trusted_resource_paths_use_the_normalized_protocol_version ... ok
[INFO] [stdout] test version::tests::legacy_anchors_require_the_exact_observed_api_version ... ok
[INFO] [stdout] test transport::tests::trusted_resource_paths_encode_raw_image_identifiers_exactly_once ... ok
[INFO] [stdout] test render::tests::renderer_catalogue_rejects_unknown_and_duplicate_json_keys ... ok
[INFO] [stdout] test coverage::tests::every_semantic_ledger_link_is_pinned_to_the_expected_row ... ok
[INFO] [stdout] test render::tests::renderer_catalogue_rejects_invalid_operation_evidence_revisions_and_noncanonical_versions ... ok
[INFO] [stdout] test render::tests::renderer_catalogue_rejects_b4_boundary_and_evidence_mutations ... ok
[INFO] [stdout] test render::tests::renderer_catalogue_requires_the_complete_strict_field_matrix ... ok
[INFO] [stdout] test render::tests::renderer_catalogue_rejects_nonimmutable_field_evidence_and_capability_substitutions ... ok
[INFO] [stdout] test render::tests::renderer_catalogue_rejects_b2_field_mutations_and_fabricated_pre_six_support ... ok
[INFO] [stdout] test render::tests::renderer_catalogue_rejects_b3_claim_and_per_release_evidence_mutations ... ok
[INFO] [stdout] 
[INFO] [stdout] test result: ok. 38 passed; 0 failed; 0 ignored; 0 measured; 0 filtered out; finished in 0.51s
[INFO] [stdout] 
[INFO] [stderr]      Running tests/boxferry_adapter.rs (/opt/rustwide/target/release/build/podman-lens/a865dd295fb1543f/out/boxferry_adapter-a865dd295fb1543f)
[INFO] [stdout] 
[INFO] [stdout] running 1 test
[INFO] [stderr]      Running tests/cassette_contract.rs (/opt/rustwide/target/release/build/podman-lens/524d8813baef9c9a/out/cassette_contract-524d8813baef9c9a)
[INFO] [stdout] test public_boxferry_adapter_scenario_is_deterministic ... ok
[INFO] [stdout] 
[INFO] [stdout] test result: ok. 1 passed; 0 failed; 0 ignored; 0 measured; 0 filtered out; finished in 0.01s
[INFO] [stdout] 
[INFO] [stdout] 
[INFO] [stdout] running 13 tests
[INFO] [stdout] test repeated_request_is_rejected_after_its_single_interaction_is_consumed ... ok
[INFO] [stdout] test valid_cassette_parses_and_replays_exact_requests_in_order ... ok
[INFO] [stdout] test query_string_and_parameter_order_are_part_of_exact_path_matching ... ok
[INFO] [stdout] test wrong_or_reordered_request_is_rejected_without_exposing_response_body ... ok
[INFO] [stdout] test duplicate_request_keys_are_rejected_for_mutation_and_transport_construction ... ok
[INFO] [stdout] test unconsumed_extra_interaction_is_reported ... ok
[INFO] [stdout] test missing_expected_interaction_rejects_the_extra_request ... ok
[INFO] [stdout] test unique_interaction_mutation_targets_method_and_path_not_an_offset ... ok
[INFO] [stdout] test raw_text_response_replays_exact_bytes_and_is_mutually_exclusive_with_json_body ... ok
[INFO] [stdout] test malformed_or_non_strict_cassettes_are_rejected_by_the_schema ... ok
[INFO] [stdout] test captured_privacy_admission_rejects_raw_private_mutations ... ok
[INFO] [stdout] test captured_privacy_admission_covers_paths_dates_timestamps_and_reference_shape ... ok
[INFO] [stdout] test captured_cassettes_require_complete_bounded_capture_provenance ... ok
[INFO] [stdout] 
[INFO] [stdout] test result: ok. 13 passed; 0 failed; 0 ignored; 0 measured; 0 filtered out; finished in 0.25s
[INFO] [stdout] 
[INFO] [stderr]      Running tests/complex_corpus.rs (/opt/rustwide/target/release/build/podman-lens/c1df009fc252a1f3/out/complex_corpus-c1df009fc252a1f3)
[INFO] [stdout] 
[INFO] [stdout] running 9 tests
[INFO] [stdout] test route_and_static_ip_observations_follow_exact_minor_boundaries ... ok
[INFO] [stdout] test label_presence_and_exact_value_roots_resolve_across_every_version_and_mode ... ok
[INFO] [stdout] test every_complex_inventory_has_exact_identities_and_typed_origins ... ok
[INFO] [stdout] test every_complex_cassette_is_provenance_bearing_request_bound_and_fully_consumed ... ok
[INFO] [stdout] test shared_network_crossing_is_stopped_by_default_and_only_authorized_explicitly ... ok
[INFO] [stdout] test exact_roots_cover_all_kinds_and_dependency_closure_preserves_pod_shared_prerequisites ... ok
[INFO] [stdout] test select_all_and_selector_permutations_are_byte_deterministic ... ok
[INFO] [stdout] test redaction_and_reviewed_full_topology_plan_render_hold_for_every_version_and_mode ... ok
[INFO] [stdout] test unavailable_malformed_and_ambiguous_overlays_remain_structured_for_every_cassette ... ok
[INFO] [stderr]      Running tests/current_patch_conformance.rs (/opt/rustwide/target/release/build/podman-lens/cd61dae867163948/out/current_patch_conformance-cd61dae867163948)
[INFO] [stdout] 
[INFO] [stdout] test result: ok. 9 passed; 0 failed; 0 ignored; 0 measured; 0 filtered out; finished in 0.60s
[INFO] [stdout] 
[INFO] [stdout] 
[INFO] [stderr]      Running tests/deployment.rs (/opt/rustwide/target/release/build/podman-lens/6441e19cea595380/out/deployment-6441e19cea595380)
[INFO] [stdout] running 1 test
[INFO] [stdout] test current_reviewed_patch_probes_read_only_service ... ignored, requires an explicit local Podman Unix socket and reviewed exact expected version
[INFO] [stdout] 
[INFO] [stdout] test result: ok. 0 passed; 0 failed; 1 ignored; 0 measured; 0 filtered out; finished in 0.00s
[INFO] [stdout] 
[INFO] [stdout] 
[INFO] [stdout] running 36 tests
[INFO] [stdout] test named_volume_mounts_keep_both_mode_values_and_reject_non_volume_sources ... ok
[INFO] [stdout] test network_alias_capacity_returns_the_duplicate_or_capacity_rule ... ok
[INFO] [stdout] test pod_assignment_rejects_duplicate_and_conflicting_second_values_without_overwrite ... ok
[INFO] [stdout] test pod_members_cannot_own_network_namespace_configuration ... ok
[INFO] [stdout] test missing_and_duplicate_or_conflicting_resources_are_structured_findings ... ok
[INFO] [stdout] test network_cidrs_validate_containment_ranges_and_duplicate_setters_without_mutation ... ok
[INFO] [stdout] test invalid_declaration_permutations_produce_identical_sorted_findings ... ok
[INFO] [stdout] test incomplete_pod_membership_is_rejected_before_operation_ordering ... ok
[INFO] [stdout] test external_preconditions_are_explicit_and_emit_no_operation ... ok
[INFO] [stdout] test independent_resource_kinds_have_stable_order_and_shared_prerequisites_are_emitted_once ... ok
[INFO] [stdout] test infra_container_mounts_support_managed_external_and_duplicate_boundaries ... ok
[INFO] [stdout] test pod_members_reject_explicit_hostname_before_rendering ... ok
[INFO] [stdout] test b4_typed_mounts_volume_ownership_and_secret_grants_preserve_all_optional_states ... ok
[INFO] [stdout] test duplicate_network_order_rejection_preserves_the_first_declared_order ... ok
[INFO] [stdout] test scalar_label_and_environment_grammars_cover_positive_and_negative_boundaries ... ok
[INFO] [stdout] test same_pod_order_and_start_cycles_are_rejected ... ok
[INFO] [stdout] test static_network_addresses_require_an_explicit_rootful_target_context ... ok
[INFO] [stdout] test public_constructors_reject_wrong_kinds_and_invalid_non_sensitive_references ... ok
[INFO] [stdout] test network_subnets_reject_duplicate_cidrs_even_when_settings_differ ... ok
[INFO] [stdout] test port_mappings_reject_duplicate_or_conflicting_host_sockets_only ... ok
[INFO] [stdout] test two_distinct_members_of_one_pod_cannot_have_a_startup_order ... ok
[INFO] [stdout] test pod_members_start_once_and_cross_pod_dependencies_are_lifted ... ok
[INFO] [stdout] test port_mapping_accepts_each_protocol_and_ipv6_bind_address ... ok
[INFO] [stdout] test typed_setting_collections_accept_exact_capacity_and_reject_one_more_value ... ok
[INFO] [stdout] test typed_settings_preserve_collection_order_and_redact_sensitive_environment_values ... ok
[INFO] [stdout] test scalar_user_path_and_hostname_grammars_cover_exact_boundaries ... ok
[INFO] [stdout] test supported_target_profiles_produce_the_same_semantic_plan ... ok
[INFO] [stdout] test typed_networking_values_reject_wrong_families_duplicates_and_invalid_values_without_mutation ... ok
[INFO] [stdout] test typed_setting_scalars_validate_values_and_reject_conflicts ... ok
[INFO] [stdout] test semantic_plan_retains_managed_intent_and_every_external_precondition_without_secret_leaks ... ok
[INFO] [stdout] test constructors_reject_wrong_kinds_invalid_images_and_sensitive_payload_spelling ... ok
[INFO] [stdout] test duplicate_startup_dependencies_report_the_second_edge_position ... ok
[INFO] [stdout] test image_source_grammar_classifies_safe_spellings_without_rewriting ... ok
[INFO] [stdout] test image_source_classification_requires_explicit_policy_and_preserves_manual_boundaries ... ok
[INFO] [stdout] test mounts_resolve_volume_dependencies_and_reject_duplicate_destinations ... ok
[INFO] [stderr]      Running tests/discovery.rs (/opt/rustwide/target/release/build/podman-lens/f5953ea2c5240455/out/discovery-f5953ea2c5240455)
[INFO] [stdout] test validation_collects_independent_missing_resources_and_startup_errors ... ok
[INFO] [stdout] 
[INFO] [stdout] test result: ok. 36 passed; 0 failed; 0 ignored; 0 measured; 0 filtered out; finished in 0.01s
[INFO] [stdout] 
[INFO] [stdout] 
[INFO] [stdout] running 22 tests
[INFO] [stdout] test boundary_and_group_explanations_cover_every_included_resource_and_ordering_decision ... ok
[INFO] [stdout] test container_closure_keeps_dependencies_and_pods_together_but_not_shared_prerequisites ... ok
[INFO] [stdout] test absent_relationship_collections_create_no_edges_or_conflict_findings ... ok
[INFO] [stdout] test malformed_mount_families_never_create_volume_dependencies_or_traversal ... ok
[INFO] [stdout] test label_roots_support_presence_exact_and_empty_values_without_debug_leaks ... ok
[INFO] [stdout] test boundary_failures_root_kinds_filtering_and_selector_order_are_deterministic ... ok
[INFO] [stdout] test resource_kind_canonical_rank_is_the_explicit_identity_order ... ok
[INFO] [stdout] test group_order_uses_canonical_resource_kind_ranks_under_selector_permutations ... ok
[INFO] [stdout] test malformed_relationship_fields_are_visible_but_never_traversed ... ok
[INFO] [stdout] test matching_complete_compose_alias_pairs_are_advisory_grouping_evidence ... ok
[INFO] [stdout] test all_seeds_only_pods_unpodded_non_infra_containers_standalone_prerequisites_and_owned_images ... ok
[INFO] [stdout] test configured_and_locally_resolved_container_images_remain_separate ... ok
[INFO] [stdout] test one_complete_compose_namespace_groups_without_a_second_alias_namespace ... ok
[INFO] [stdout] test resource_name_prefixes_select_all_matching_names_deterministically_without_glob_semantics ... ok
[INFO] [stdout] test native_secret_id_and_name_grants_are_coalesced_and_never_select_one_reference_silently ... ok
[INFO] [stdout] test root_explanations_preserve_redacted_selector_origin_and_select_all ... ok
[INFO] [stdout] test selector_and_compose_label_failures_are_structured_and_do_not_create_grouping_edges ... ok
[INFO] [stdout] test malformed_infra_marker_never_promotes_a_container_to_an_all_root ... ok
[INFO] [stdout] test compose_config_hash_aliases_cover_absent_equal_incomplete_empty_conflicting_and_orphan_values ... ok
[INFO] [stdout] test shared_networks_never_merge_groups_but_explicit_and_named_crossings_add_consumers ... ok
[INFO] [stdout] test relationship_ambiguity_is_reported_and_pod_membership_never_creates_a_directed_cycle ... ok
[INFO] [stdout] test one_malformed_relationship_member_blocks_its_entire_collection ... ok
[INFO] [stdout] 
[INFO] [stdout] test result: ok. 22 passed; 0 failed; 0 ignored; 0 measured; 0 filtered out; finished in 0.02s
[INFO] [stdout] 
[INFO] [stderr]      Running tests/input_corpus.rs (/opt/rustwide/target/release/build/podman-lens/0616ea77534b5057/out/input_corpus-0616ea77534b5057)
[INFO] [stdout] 
[INFO] [stdout] running 6 tests
[INFO] [stdout] test pinned_boxferry_corpus_covers_all_six_resource_kinds ... ok
[INFO] [stdout] test pinned_podman_six_network_ipam_and_route_corpus_preserves_typed_effective_evidence ... ok
[INFO] [stdout] test rootless_and_rootful_corpus_cases_acquire_then_discover ... ok
[INFO] [stdout] test graph_boundary_corpus_is_deterministic_and_respects_crossing_rules ... ok
[INFO] [stdout] test corpus_manifest_verifies_fixed_provenance_and_hashes ... ok
[INFO] [stdout] test malformed_corpus_is_structured_and_bounded_never_panics ... ok
[INFO] [stdout] 
[INFO] [stdout] test result: ok. 6 passed; 0 failed; 0 ignored; 0 measured; 0 filtered out; finished in 0.06s
[INFO] [stdout] 
[INFO] [stderr]      Running tests/inventory.rs (/opt/rustwide/target/release/build/podman-lens/ad8859c180378081/out/inventory-ad8859c180378081)
[INFO] [stdout] 
[INFO] [stdout] running 58 tests
[INFO] [stdout] test canonical_direct_secret_metadata_preserves_effective_zero_and_configured_aliases ... ok
[INFO] [stdout] test container_b3b_unknown_capabilities_and_namespace_modes_are_unmodelled ... ok
[INFO] [stdout] test container_b3_unknown_enums_are_bounded_unmodelled_metadata ... ok
[INFO] [stdout] test container_empty_pid_ipc_uts_modes_observe_private_defaults ... ok
[INFO] [stdout] test container_core_mount_and_secret_observations_are_typed_and_redacted ... ok
[INFO] [stdout] test conflicting_or_malformed_selinux_relabel_evidence_fails_the_mount_family_closed ... ok
[INFO] [stdout] test acquisition_probes_lists_every_kind_then_inspects_canonical_stable_ids ... ok
[INFO] [stdout] test container_network_aliases_are_effective_attachment_evidence_without_promoting_runtime_ids ... ok
[INFO] [stdout] test environment_boundaries_preserve_valid_entries_and_report_every_bad_occurrence ... ok
[INFO] [stdout] test container_security_namespaces_and_resources_are_typed_effective_observations ... ok
[INFO] [stdout] test inventory_json_content_type_is_case_insensitive_and_allows_parameters_for_lists_and_inspects ... ok
[INFO] [stdout] test creation_command_sentinels_never_leak_from_acquisition_debug_or_snapshot ... ok
[INFO] [stdout] test known_runtime_projection_fields_do_not_consume_unmodelled_retention ... ok
[INFO] [stdout] test container_restart_health_and_logging_are_typed_effective_observations ... ok
[INFO] [stdout] test malformed_and_duplicate_list_entries_do_not_hide_valid_resources ... ok
[INFO] [stdout] test malformed_mount_destination_or_local_backing_path_invalidates_the_complete_mount_family ... ok
[INFO] [stdout] test deprecated_infra_static_ip_covers_all_supported_5_x_patches_and_static_mac_is_never_promoted ... ok
[INFO] [stdout] test malformed_direct_secret_effective_metadata_invalidates_the_grant_family ... ok
[INFO] [stdout] test host_config_members_not_yet_modeled_are_retained_as_unknown_metadata ... ok
[INFO] [stdout] test explicit_environment_inclusion_is_opaque_and_preserves_duplicate_order ... ok
[INFO] [stdout] test infra_configuration_inconsistencies_and_malformed_members_fail_closed ... ok
[INFO] [stdout] test malformed_secret_aliases_and_unsupported_mounts_remain_non_deployable_evidence ... ok
[INFO] [stdout] test malformed_enclosing_config_marks_every_modeled_child_malformed ... ok
[INFO] [stdout] test mount_selinux_relabel_is_typed_without_retaining_native_bind_values ... ok
[INFO] [stdout] test native_network_cidr_preserves_host_bits_and_normalizes_only_for_containment ... ok
[INFO] [stdout] test native_image_volume_and_secret_metadata_are_typed_and_redacted ... ok
[INFO] [stdout] test native_network_ipam_and_routes_are_typed_effective_observations ... ok
[INFO] [stdout] test memory_swappiness_normalizes_system_default_and_rejects_invalid_values ... ok
[INFO] [stdout] test every_inspect_status_and_shape_failure_retains_a_partial_stable_identity ... ok
[INFO] [stdout] test pinned_inventory_fixture_manifest_covers_reviewed_5_4_and_6_1_boundaries ... ok
[INFO] [stdout] test missing_duplicate_or_non_json_content_type_is_structured_for_lists_and_inspects ... ok
[INFO] [stdout] test every_list_status_and_shape_failure_leaves_only_its_section_unavailable ... ok
[INFO] [stdout] test pod_infra_networking_is_authoritative_and_member_runtime_networking_is_not_promoted ... ok
[INFO] [stdout] test podman_five_route_without_gateway_poisons_the_complete_route_family ... ok
[INFO] [stdout] test noncanonical_secret_delivery_members_are_bounded_unmodelled_metadata ... ok
[INFO] [stdout] test reconciliation_keeps_member_runtime_networks_out_of_pod_topology ... ok
[INFO] [stdout] test public_debug_output_and_network_options_never_leak_protected_values ... ok
[INFO] [stdout] test unavailable_lists_and_disappeared_inspects_remain_visible_as_partial_inventory ... ok
[INFO] [stdout] test typed_section_and_resource_availability_preserve_their_failure_cause ... ok
[INFO] [stdout] test secret_driver_is_modeled_without_unsupported_metadata ... ok
[INFO] [stdout] test secret_payload_is_discarded_from_metadata_inspection ... ok
[INFO] [stdout] test unknown_podman_six_route_type_remains_bounded_unmodelled_metadata ... ok
[INFO] [stdout] test unpodded_host_config_networking_is_configured_and_management_gates_are_fail_closed ... ok
[INFO] [stdout] test unpodded_port_bindings_are_validated_without_a_new_network_namespace_gate ... ok
[INFO] [stdout] test malformed_labels_are_local_to_every_typed_resource_observation ... ok
[INFO] [stdout] test container_b3_malformed_counts_and_commands_fail_closed ... ok
[INFO] [stdout] test native_network_lease_endpoints_are_independently_optional_effective_evidence ... ok
[INFO] [stdout] test native_network_route_type_is_version_gated_and_malformed_families_do_not_partial_decode ... ok
[INFO] [stdout] test modeled_nested_boundaries_report_the_precise_path_without_hiding_the_record ... ok
[INFO] [stdout] test unpodded_network_settings_preserve_effective_attachment_names_and_reject_malformed_maps ... ok
[INFO] [stdout] test volume_owner_ids_preserve_absence_zero_bounds_and_unavailability ... ok
[INFO] [stdout] test public_typed_observations_exercise_every_field_state_without_promoting_unmodelled_data ... ok
[INFO] [stdout] test malformed_native_network_lease_members_poison_the_complete_subnet_family ... ok
[INFO] [stdout] test unknown_fields_are_bounded_per_record_and_across_the_inventory ... ok
[INFO] [stdout] test container_b3b_malformed_fields_fail_closed ... ok
[INFO] [stdout] test native_image_volume_and_secret_metadata_malformed_fields_fail_closed ... ok
[INFO] [stdout] test truncated_and_oversized_raw_list_json_only_malforms_its_section ... ok
[INFO] [stdout] test truncated_and_oversized_raw_inspect_json_retains_a_safe_partial_identity ... ok
[INFO] [stderr]      Running tests/legacy_api_3.rs (/opt/rustwide/target/release/build/podman-lens/1c495d8558bdfa6d/out/legacy_api_3-1c495d8558bdfa6d)
[INFO] [stdout] 
[INFO] [stdout] test result: ok. 58 passed; 0 failed; 0 ignored; 0 measured; 0 filtered out; finished in 0.15s
[INFO] [stdout] 
[INFO] [stdout] 
[INFO] [stdout] running 3 tests
[INFO] [stdout] test ubuntu_22_04_cni_network_inspect_decodes_as_reviewed_podman_3_4_input ... ok
[INFO] [stdout] test api_three_acquisition_uses_legacy_shapes_without_a_secret_request ... ok
[INFO] [stdout] test podman_3_cni_inspect_rejects_multiple_configurations ... ok
[INFO] [stdout] 
[INFO] [stdout] test result: ok. 3 passed; 0 failed; 0 ignored; 0 measured; 0 filtered out; finished in 0.01s
[INFO] [stdout] 
[INFO] [stderr]      Running tests/m1_contracts.rs (/opt/rustwide/target/release/build/podman-lens/2f6fe2c7cabc46b8/out/m1_contracts-2f6fe2c7cabc46b8)
[INFO] [stdout] 
[INFO] [stdout] running 8 tests
[INFO] [stdout] test transport_preserves_duplicate_headers_and_validates_paths ... ok
[INFO] [stdout] test transport_limits_and_formatting_are_bounded_and_redacted ... ok
[INFO] [stdout] test endpoint_formatting_and_diagnostics_are_redacted ... ok
[INFO] [stdout] test connection_endpoints_reject_ambient_insecure_and_ambiguous_forms ... ok
[INFO] [stderr]      Running tests/native_admission.rs (/opt/rustwide/target/release/build/podman-lens/34c6dad838b3f132/out/native_admission-34c6dad838b3f132)
[INFO] [stdout] test catalogue_covers_every_reviewed_minor_line_with_immutable_evidence ... ok
[INFO] [stdout] test versions_preserve_spelling_reject_prereleases_and_fail_closed ... ok
[INFO] [stdout] test connection_endpoints_accept_only_explicit_secure_forms ... ok
[INFO] [stdout] test unix_socket_paths_reject_non_utf8_spelling ... ok
[INFO] [stdout] 
[INFO] [stdout] test result: ok. 8 passed; 0 failed; 0 ignored; 0 measured; 0 filtered out; finished in 0.01s
[INFO] [stdout] 
[INFO] [stdout] 
[INFO] [stdout] running 2 tests
[INFO] [stdout] test manual_admission_requires_exact_current_reviewed_branch_and_both_actors ... FAILED
[INFO] [stderr] error: test failed, to rerun pass `--test native_admission`
[INFO] [stdout] test release_call_requires_current_default_branch_even_for_dispatch_event ... ok
[INFO] [stdout] 
[INFO] [stdout] failures:
[INFO] [stdout] 
[INFO] [stdout] ---- manual_admission_requires_exact_current_reviewed_branch_and_both_actors stdout ----
[INFO] [stdout] 
[INFO] [stdout] thread 'manual_admission_requires_exact_current_reviewed_branch_and_both_actors' (3354) panicked at tests/native_admission.rs:78:5:
[INFO] [stdout] assertion failed: fixture.run(&[])?
[INFO] [stdout] stack backtrace:
[INFO] [stdout]    0:     0x568d1c982771 - <<std[617be2ca0a6fd877]::sys::backtrace::BacktraceLock>::print::DisplayBacktrace as core[a373ad73a504971]::fmt::Display>::fmt
[INFO] [stdout]    1:     0x568d1c996fba - core[a373ad73a504971]::fmt::write
[INFO] [stdout]    2:     0x568d1c986c2c - <alloc[2e1b2a31b91974c5]::vec::Vec<u8> as core[a373ad73a504971]::io::write::Write>::write_fmt
[INFO] [stdout]    3:     0x568d1c95d146 - std[617be2ca0a6fd877]::panicking::default_hook::{closure#0}
[INFO] [stdout]    4:     0x568d1c97a029 - std[617be2ca0a6fd877]::panicking::default_hook
[INFO] [stdout]    5:     0x568d1c9152e0 - test[aada8e7e76ba119b]::test_main_inner::{closure#0}
[INFO] [stdout]    6:     0x568d1c97a1e2 - std[617be2ca0a6fd877]::panicking::panic_with_hook
[INFO] [stdout]    7:     0x568d1c95d224 - std[617be2ca0a6fd877]::panicking::panic_handler::{closure#0}
[INFO] [stdout]    8:     0x568d1c955c59 - std[617be2ca0a6fd877]::sys::backtrace::__rust_end_short_backtrace::<std[617be2ca0a6fd877]::panicking::panic_handler::{closure#0}, !>
[INFO] [stdout]    9:     0x568d1c95debd - __rustc[ea4f61d10b84890b]::rust_begin_unwind
[INFO] [stdout]   10:     0x568d1c9976ec - core[a373ad73a504971]::panicking::panic_fmt
[INFO] [stdout]   11:     0x568d1c9976b2 - core[a373ad73a504971]::panicking::panic
[INFO] [stdout]   12:     0x568d1c908387 - <native_admission[d5812f2f150666ae]::manual_admission_requires_exact_current_reviewed_branch_and_both_actors::{closure#0} as core[a373ad73a504971]::ops::function::FnOnce<()>>::call_once
[INFO] [stdout]   13:     0x568d1c90872b - test[aada8e7e76ba119b]::__rust_begin_short_backtrace::<core[a373ad73a504971]::result::Result<(), alloc[2e1b2a31b91974c5]::string::String>, fn() -> core[a373ad73a504971]::result::Result<(), alloc[2e1b2a31b91974c5]::string::String>>
[INFO] [stdout]   14:     0x568d1c915905 - test[aada8e7e76ba119b]::run_test::{closure#0}
[INFO] [stdout]   15:     0x568d1c90f1f4 - std[617be2ca0a6fd877]::sys::backtrace::__rust_begin_short_backtrace::<test[aada8e7e76ba119b]::run_test::{closure#1}, ()>
[INFO] [stdout]   16:     0x568d1c918992 - <std[617be2ca0a6fd877]::thread::lifecycle::spawn_unchecked<test[aada8e7e76ba119b]::run_test::{closure#1}, ()>::{closure#1} as core[a373ad73a504971]::ops::function::FnOnce<()>>::call_once::{shim:vtable#0}
[INFO] [stdout]   17:     0x568d1c981a8f - <std[617be2ca0a6fd877]::sys::thread::unix::Thread>::new::thread_start
[INFO] [stdout]   18:     0x7eabec657dfa - <unknown>
[INFO] [stdout]   19:     0x7eabec6eb3d4 - clone
[INFO] [stdout]   20:                0x0 - <unknown>
[INFO] [stdout] 
[INFO] [stdout] 
[INFO] [stdout] failures:
[INFO] [stdout]     manual_admission_requires_exact_current_reviewed_branch_and_both_actors
[INFO] [stdout] 
[INFO] [stdout] test result: FAILED. 1 passed; 1 failed; 0 ignored; 0 measured; 0 filtered out; finished in 0.11s
[INFO] [stdout] 
[INFO] running `Command { std: "docker" "inspect" "02beeb5a06d30fe368861b953aec301e493288795f1494cde6c8e9f7c22472f7", kill_on_drop: false }`
[INFO] running `Command { std: "docker" "rm" "-f" "02beeb5a06d30fe368861b953aec301e493288795f1494cde6c8e9f7c22472f7", kill_on_drop: false }`
[INFO] [stdout] 02beeb5a06d30fe368861b953aec301e493288795f1494cde6c8e9f7c22472f7
