[INFO] fetching crate podbox-cli 0.8.2...
[INFO] testing podbox-cli-0.8.2 against 1.100.0-beta.1+cargoflags=--release for beta-release-1.100-2
[INFO] extracting crate podbox-cli 0.8.2 into /workspace/builds/worker-7-tc2/source
[INFO] started tweaking crates.io crate podbox-cli 0.8.2
[INFO] removed 0 missing tests
[INFO] finished tweaking crates.io crate podbox-cli 0.8.2
[INFO] tweaked toml for crates.io crate podbox-cli 0.8.2 written to /workspace/builds/worker-7-tc2/source/Cargo.toml
[INFO] validating manifest of crates.io crate podbox-cli 0.8.2 on toolchain 1.100.0-beta.1
[INFO] running `Command { std: CARGO_HOME="/workspace/cargo-home" RUSTUP_HOME="/workspace/rustup-home" "/workspace/cargo-home/bin/cargo" "+1.100.0-beta.1" "metadata" "--manifest-path" "Cargo.toml" "--no-deps", kill_on_drop: false }`
[INFO] crate crates.io crate podbox-cli 0.8.2 already has a lockfile, it will not be regenerated
[INFO] running `Command { std: CARGO_HOME="/workspace/cargo-home" RUSTUP_HOME="/workspace/rustup-home" "/workspace/cargo-home/bin/cargo" "+1.100.0-beta.1" "fetch" "--manifest-path" "Cargo.toml", kill_on_drop: false }`
[INFO] running `Command { std: "docker" "create" "-v" "/var/lib/crater-agent-workspace/builds/worker-7-tc2/source:/opt/rustwide/workdir:ro,Z" "-v" "/var/lib/crater-agent-workspace/builds/worker-7-tc2/target:/opt/rustwide/target:rw,Z" "-v" "/var/lib/crater-agent-workspace/cargo-home:/opt/rustwide/cargo-home:ro,Z" "-v" "/var/lib/crater-agent-workspace/rustup-home:/opt/rustwide/rustup-home:ro,Z" "-m" "1610612736" "--network" "none" "ghcr.io/rust-lang/crates-build-env/linux@sha256:77db811e55d90add9212f6832c23229e3de5f1c1f9905e8cb07319ea15df73ac" "sleep" "infinity", kill_on_drop: false }`
[INFO] [stdout] b007b7e2849781c1825d2f276050f8481a9897cfcb382100a778ad9ae7436e49
[INFO] running `Command { std: "docker" "start" "b007b7e2849781c1825d2f276050f8481a9897cfcb382100a778ad9ae7436e49", kill_on_drop: false }`
[INFO] running `Command { std: "docker" "inspect" "b007b7e2849781c1825d2f276050f8481a9897cfcb382100a778ad9ae7436e49", kill_on_drop: false }`
[INFO] running `Command { std: "docker" "exec" "-e" "SOURCE_DIR=/opt/rustwide/workdir" "-e" "CARGO_HOME=/opt/rustwide/cargo-home" "-e" "RUSTUP_HOME=/opt/rustwide/rustup-home" "-e" "CARGO_TARGET_DIR=/opt/rustwide/target" "-w" "/opt/rustwide/workdir" "--user" "0:0" "b007b7e2849781c1825d2f276050f8481a9897cfcb382100a778ad9ae7436e49" "/opt/rustwide/cargo-home/bin/cargo" "+1.100.0-beta.1" "metadata" "--no-deps" "--format-version=1", kill_on_drop: false }`
[INFO] running `Command { std: "docker" "inspect" "b007b7e2849781c1825d2f276050f8481a9897cfcb382100a778ad9ae7436e49", kill_on_drop: false }`
[INFO] running `Command { std: "docker" "exec" "-e" "SOURCE_DIR=/opt/rustwide/workdir" "-e" "CARGO_HOME=/opt/rustwide/cargo-home" "-e" "RUSTUP_HOME=/opt/rustwide/rustup-home" "-e" "CARGO_TARGET_DIR=/opt/rustwide/target" "-e" "CARGO_INCREMENTAL=0" "-e" "RUST_BACKTRACE=full" "-e" "RUSTFLAGS=--cap-lints=warn" "-e" "RUSTDOCFLAGS=--cap-lints=warn" "-w" "/opt/rustwide/workdir" "--user" "0:0" "b007b7e2849781c1825d2f276050f8481a9897cfcb382100a778ad9ae7436e49" "/opt/rustwide/cargo-home/bin/cargo" "+1.100.0-beta.1" "build" "--frozen" "--message-format=json" "--release", kill_on_drop: false }`
[INFO] [stderr]    Compiling libc v0.2.186
[INFO] [stderr]    Compiling winnow v1.0.3
[INFO] [stderr]    Compiling serde_core v1.0.228
[INFO] [stderr]    Compiling serde v1.0.228
[INFO] [stderr]    Compiling rustix v1.1.4
[INFO] [stderr]    Compiling futures-io v0.3.32
[INFO] [stderr]    Compiling indexmap v2.14.0
[INFO] [stderr]    Compiling proc-macro2 v1.0.106
[INFO] [stderr]    Compiling quote v1.0.45
[INFO] [stderr]    Compiling concurrent-queue v2.5.0
[INFO] [stderr]    Compiling displaydoc v0.2.6
[INFO] [stderr]    Compiling enumflags2_derive v0.7.12
[INFO] [stderr]    Compiling zerofrom v0.1.8
[INFO] [stderr]    Compiling endi v1.1.1
[INFO] [stderr]    Compiling tracing v0.1.44
[INFO] [stderr]    Compiling thread_local v1.1.9
[INFO] [stderr]    Compiling yoke v0.8.3
[INFO] [stderr]    Compiling futures-lite v2.6.1
[INFO] [stderr]    Compiling getrandom v0.4.2
[INFO] [stderr]    Compiling event-listener v5.4.1
[INFO] [stderr]    Compiling zerovec v0.11.6
[INFO] [stderr]    Compiling log v0.4.32
[INFO] [stderr]    Compiling event-listener-strategy v0.5.4
[INFO] [stderr]    Compiling async-channel v2.5.0
[INFO] [stderr]    Compiling regex-automata v0.4.14
[INFO] [stderr]    Compiling async-lock v3.4.2
[INFO] [stderr]    Compiling piper v0.2.5
[INFO] [stderr]    Compiling memoffset v0.9.1
[INFO] [stderr]    Compiling rustix v0.38.44
[INFO] [stderr]    Compiling nix v0.31.3
[INFO] [stderr]    Compiling clap_derive v4.6.1
[INFO] [stderr]    Compiling zerotrie v0.2.4
[INFO] [stderr]    Compiling tinystr v0.8.3
[INFO] [stderr]    Compiling potential_utf v0.1.5
[INFO] [stderr]    Compiling icu_locale_core v2.2.0
[INFO] [stderr]    Compiling async-broadcast v0.7.2
[INFO] [stderr]    Compiling icu_collections v2.2.0
[INFO] [stderr]    Compiling syn v2.0.117
[INFO] [stderr]    Compiling blocking v1.6.2
[INFO] [stderr]    Compiling enumflags2 v0.7.12
[INFO] [stderr]    Compiling toml_datetime v0.6.11
[INFO] [stderr]    Compiling serde_spanned v0.6.9
[INFO] [stderr]    Compiling async-executor v1.14.0
[INFO] [stderr]    Compiling tracing-log v0.2.0
[INFO] [stderr]    Compiling toml_parser v1.1.2+spec-1.1.0
[INFO] [stderr]    Compiling serde_repr v0.1.20
[INFO] [stderr]    Compiling async-recursion v1.1.1
[INFO] [stderr]    Compiling toml_edit v0.25.12+spec-1.1.0
[INFO] [stderr]    Compiling uuid v1.23.3
[INFO] [stderr]    Compiling ordered-stream v0.2.0
[INFO] [stderr]    Compiling owo-colors v4.3.0
[INFO] [stderr]    Compiling nu-ansi-term v0.50.3
[INFO] [stderr]    Compiling signal-hook v0.4.4
[INFO] [stderr]    Compiling memchr v2.8.1
[INFO] [stderr]    Compiling toml_edit v0.22.27
[INFO] [stderr]    Compiling errno v0.3.14
[INFO] [stderr]    Compiling signal-hook-registry v1.4.8
[INFO] [stderr]    Compiling is-terminal v0.4.17
[INFO] [stderr]    Compiling supports-color v2.1.0
[INFO] [stderr]    Compiling console v0.15.11
[INFO] [stderr]    Compiling dirs-sys v0.4.1
[INFO] [stderr]    Compiling icu_provider v2.2.0
[INFO] [stderr]    Compiling serde_json v1.0.150
[INFO] [stderr]    Compiling proc-macro-crate v3.5.0
[INFO] [stderr]    Compiling icu_properties v2.2.0
[INFO] [stderr]    Compiling icu_normalizer v2.2.0
[INFO] [stderr]    Compiling fuzzy-matcher v0.3.7
[INFO] [stderr]    Compiling podbox-cli v0.8.2 (/opt/rustwide/workdir)
[INFO] [stderr]    Compiling either v1.16.0
[INFO] [stderr]    Compiling home v0.5.12
[INFO] [stderr]    Compiling clap v4.6.1
[INFO] [stderr] warning: podbox-cli@0.8.2: no podbox-guest workspace found; custom image builds unsupported (prebuilt images only)
[INFO] [stderr]    Compiling clap_complete v4.6.5
[INFO] [stderr]    Compiling podbox-protocol v0.8.2
[INFO] [stderr]    Compiling zvariant_utils v3.4.0
[INFO] [stderr]    Compiling dirs v5.0.1
[INFO] [stderr]    Compiling matchers v0.2.0
[INFO] [stderr]    Compiling tracing-subscriber v0.3.23
[INFO] [stderr]    Compiling toml v0.8.23
[INFO] [stderr]    Compiling zvariant_derive v5.12.0
[INFO] [stderr]    Compiling idna_adapter v1.2.2
[INFO] [stderr]    Compiling idna v1.1.0
[INFO] [stderr]    Compiling which v6.0.3
[INFO] [stderr]    Compiling zvariant v5.12.0
[INFO] [stderr]    Compiling url v2.5.8
[INFO] [stderr]    Compiling polling v3.11.0
[INFO] [stderr]    Compiling async-io v2.6.0
[INFO] [stderr]    Compiling tempfile v3.27.0
[INFO] [stderr]    Compiling tracing-journald v0.3.2
[INFO] [stderr]    Compiling async-signal v0.2.14
[INFO] [stderr]    Compiling dialoguer v0.11.0
[INFO] [stderr]    Compiling async-process v2.5.0
[INFO] [stderr]    Compiling zbus_names v4.3.2
[INFO] [stderr]    Compiling zbus_macros v5.16.0
[INFO] [stderr]    Compiling zbus v5.16.0
[INFO] [stderr]    Compiling notify-rust v4.17.0
[INFO] [stderr]     Finished `release` profile [optimized] target(s) in 2m 27s
[INFO] [stderr] warning: the following packages contain code that will be rejected by a future version of Rust: nix v0.31.3
[INFO] [stderr] note: to see what the problems were, use the option `--future-incompat-report`, or run `cargo report future-incompatibilities --id 4`
[INFO] running `Command { std: "docker" "inspect" "b007b7e2849781c1825d2f276050f8481a9897cfcb382100a778ad9ae7436e49", kill_on_drop: false }`
[INFO] running `Command { std: "docker" "exec" "-e" "SOURCE_DIR=/opt/rustwide/workdir" "-e" "CARGO_HOME=/opt/rustwide/cargo-home" "-e" "RUSTUP_HOME=/opt/rustwide/rustup-home" "-e" "CARGO_TARGET_DIR=/opt/rustwide/target" "-e" "CARGO_INCREMENTAL=0" "-e" "RUST_BACKTRACE=full" "-e" "RUSTFLAGS=--cap-lints=warn" "-e" "RUSTDOCFLAGS=--cap-lints=warn" "-w" "/opt/rustwide/workdir" "--user" "0:0" "b007b7e2849781c1825d2f276050f8481a9897cfcb382100a778ad9ae7436e49" "/opt/rustwide/cargo-home/bin/cargo" "+1.100.0-beta.1" "test" "--frozen" "--no-run" "--message-format=json" "--release", kill_on_drop: false }`
[INFO] [stderr]    Compiling aho-corasick v1.1.4
[INFO] [stderr]    Compiling predicates-core v1.0.10
[INFO] [stderr]    Compiling float-cmp v0.10.0
[INFO] [stderr]    Compiling difflib v0.4.0
[INFO] [stderr]    Compiling assert_cmd v2.2.2
[INFO] [stderr]    Compiling termtree v0.5.1
[INFO] [stderr]    Compiling wait-timeout v0.2.1
[INFO] [stderr]    Compiling console v0.16.3
[INFO] [stderr] warning: podbox-cli@0.8.2: no podbox-guest workspace found; custom image builds unsupported (prebuilt images only)
[INFO] [stderr]    Compiling predicates-tree v1.0.13
[INFO] [stderr]    Compiling insta v1.48.0
[INFO] [stderr]    Compiling regex-automata v0.4.14
[INFO] [stderr]    Compiling matchers v0.2.0
[INFO] [stderr]    Compiling regex v1.12.4
[INFO] [stderr]    Compiling bstr v1.12.1
[INFO] [stderr]    Compiling tracing-subscriber v0.3.23
[INFO] [stderr]    Compiling predicates v3.1.4
[INFO] [stderr]    Compiling tracing-journald v0.3.2
[INFO] [stderr]    Compiling podbox-cli v0.8.2 (/opt/rustwide/workdir)
[INFO] [stderr]     Finished `release` profile [optimized] target(s) in 1m 27s
[INFO] [stderr] warning: the following packages contain code that will be rejected by a future version of Rust: nix v0.31.3
[INFO] [stderr] note: to see what the problems were, use the option `--future-incompat-report`, or run `cargo report future-incompatibilities --id 4`
[INFO] running `Command { std: "docker" "inspect" "b007b7e2849781c1825d2f276050f8481a9897cfcb382100a778ad9ae7436e49", kill_on_drop: false }`
[INFO] running `Command { std: "docker" "exec" "-e" "SOURCE_DIR=/opt/rustwide/workdir" "-e" "CARGO_HOME=/opt/rustwide/cargo-home" "-e" "RUSTUP_HOME=/opt/rustwide/rustup-home" "-e" "CARGO_TARGET_DIR=/opt/rustwide/target" "-e" "CARGO_INCREMENTAL=0" "-e" "RUST_BACKTRACE=full" "-e" "RUSTFLAGS=--cap-lints=warn" "-e" "RUSTDOCFLAGS=--cap-lints=warn" "-w" "/opt/rustwide/workdir" "--user" "0:0" "b007b7e2849781c1825d2f276050f8481a9897cfcb382100a778ad9ae7436e49" "/opt/rustwide/cargo-home/bin/cargo" "+1.100.0-beta.1" "test" "--frozen" "--release", kill_on_drop: false }`
[INFO] [stderr] warning: podbox-cli@0.8.2: no podbox-guest workspace found; custom image builds unsupported (prebuilt images only)
[INFO] [stderr]     Finished `release` profile [optimized] target(s) in 0.42s
[INFO] [stderr] warning: the following packages contain code that will be rejected by a future version of Rust: nix v0.31.3
[INFO] [stderr] note: to see what the problems were, use the option `--future-incompat-report`, or run `cargo report future-incompatibilities --id 4`
[INFO] [stderr]      Running unittests src/lib.rs (/opt/rustwide/target/release/build/podbox-cli/3d8917bfa9bac686/out/podbox-3d8917bfa9bac686)
[INFO] [stdout] 
[INFO] [stdout] running 198 tests
[INFO] [stdout] test codegen::containerfile::tests::test_builder_fedora ... ok
[INFO] [stdout] test codegen::distros::tests::test_debian_base_packages ... ok
[INFO] [stdout] test compositor::bridge::tests::blocked_message_closes_only_its_own_fds ... ok
[INFO] [stdout] test compositor::bridge::tests::fd_batch_waits_for_its_own_message ... ok
[INFO] [stdout] test codegen::distros::tests::test_fedora_base_packages ... ok
[INFO] [stdout] test codegen::distros::tests::test_install_cmd ... ok
[INFO] [stdout] test compositor::bridge::tests::fd_batch_attaches_to_completing_message ... ok
[INFO] [stdout] test build::tests::build_log_path_uses_state_dir ... ok
[INFO] [stdout] test codegen::containerfile::tests::test_builder_arch_with_locale ... ok
[INFO] [stdout] test codegen::containerfile::tests::test_builder_arch ... ok
[INFO] [stdout] test codegen::containerfile::tests::test_preview_without_guest_marks_the_guest_layer ... ok
[INFO] [stdout] test compositor::tests::allows_similar_but_not_blocked ... ok
[INFO] [stdout] test compositor::tests::blocks_foreign_toplevel ... ok
[INFO] [stdout] test codegen::distros::tests::test_alpine_base_packages ... ok
[INFO] [stdout] test compositor::tests::allows_partial_name_prefix_match ... ok
[INFO] [stdout] test compositor::tests::allows_safe_interface ... ok
[INFO] [stdout] test codegen::containerfile::tests::test_configured_shell_is_installed_regardless_of_host_shell ... ok
[INFO] [stdout] test codegen::distros::tests::test_arch_base_packages ... ok
[INFO] [stdout] test build::tests::tail_lines_keeps_last_n_non_empty ... ok
[INFO] [stdout] test codegen::containerfile::tests::test_builder_debian ... ok
[INFO] [stdout] test compositor::tests::allows_wl_shm ... ok
[INFO] [stdout] test codegen::distros::tests::test_distro_from_base_image ... ok
[INFO] [stdout] test config::enums::tests::test_gpu_mode_deserialize_toml_key ... ok
[INFO] [stdout] test codegen::containerfile::tests::test_builder_alpine ... ok
[INFO] [stdout] test config::enums::tests::test_gpu_mode_parses_auto_string ... ok
[INFO] [stdout] test config::enums::tests::test_gpu_mode_parses_false ... ok
[INFO] [stdout] test config::enums::tests::test_gpu_mode_parses_nvidia_string ... ok
[INFO] [stdout] test config::extends::tests::circular_detected ... ok
[INFO] [stdout] test config::enums::tests::test_gpu_mode_parses_true ... ok
[INFO] [stdout] test compositor::tests::ignores_empty_interface_string ... ok
[INFO] [stdout] test config::merge::tests::array_union_dedup ... ok
[INFO] [stdout] test config::fs::tests::test_expand_tilde ... ok
[INFO] [stdout] test compositor::tests::blocks_nothing_when_empty_blocklist ... ok
[INFO] [stdout] test config::merge::tests::extends_key_not_propagated ... ok
[INFO] [stdout] test config::extends::tests::profile_extends ... ok
[INFO] [stdout] test config::merge::tests::map_keywise_merge ... ok
[INFO] [stdout] test config::schema::tests::dbus::test_dbus_config_own_only ... ok
[INFO] [stdout] test config::merge::tests::nested_table_merge ... ok
[INFO] [stdout] test compositor::tests::rate_allow_drains_bucket ... ok
[INFO] [stdout] test config::schema::tests::dbus::test_dbus_config_parses_talk_own ... ok
[INFO] [stdout] test config::extends::tests::single_extends_merges ... ok
[INFO] [stdout] test config::schema::tests::dbus::test_dbus_portal_calls_gated_by_capabilities ... ok
[INFO] [stdout] test config::schema::tests::dbus::test_dbus_portal_dropped_when_caps_disabled ... ok
[INFO] [stdout] test config::schema::tests::dbus::test_dbus_portal_kept_when_notify_enabled ... ok
[INFO] [stdout] test compositor::tests::ignores_non_registry_opcode ... ok
[INFO] [stdout] test config::enums::tests::test_gpu_mode_serialize ... ok
[INFO] [stdout] test config::schema::tests::network::test_network_defaults_to_pasta ... ok
[INFO] [stdout] test config::schema::tests::network::test_network_invalid_mode_rejected ... ok
[INFO] [stdout] test config::schema::tests::network::test_network_port_missing_separator_rejected ... ok
[INFO] [stdout] test config::schema::tests::parse::host_caches_are_opt_in_and_default_empty ... ok
[INFO] [stdout] test config::schema::tests::parse::host_caches_parse_with_mbx_and_custom_entries ... ok
[INFO] [stdout] test compositor::tests::ignores_short_payload ... ok
[INFO] [stdout] test compositor::tests::blocks_screencopy_interface ... ok
[INFO] [stdout] test config::schema::tests::parse::host_caches_survive_a_serialization_round_trip ... ok
[INFO] [stdout] test compositor::tests::rate_allow_accepts_first_message ... ok
[INFO] [stdout] test config::schema::tests::parse::test_config_load_not_found ... ok
[INFO] [stdout] test codegen::containerfile::tests::test_guest_layer_present_when_available ... ok
[INFO] [stdout] test config::schema::tests::parse::test_embedded_default_parses ... ok
[INFO] [stdout] test compositor::bridge::tests::split_message_gets_fds_from_tail_read ... ok
[INFO] [stdout] test config::schema::tests::parse::test_on_stop_defaults_to_keep ... ok
[INFO] [stdout] test config::schema::tests::parse::test_systemd_config_parses ... ok
[INFO] [stdout] test config::schema::tests::parse::cache_and_service_definitions_parse_with_opt_in_defaults ... ok
[INFO] [stdout] test config::merge::tests::scalar_child_overrides_parent ... ok
[INFO] [stdout] test config::schema::tests::parse::test_from_str_minimal ... ok
[INFO] [stdout] test config::schema::tests::network::test_network_parses_mode_and_ports ... ok
[INFO] [stdout] test config::schema::tests::dbus::test_dbus_config_talk_only ... ok
[INFO] [stdout] test config::schema::tests::network::offline_forces_quadlet_network_none_without_mutating_mode ... ok
[INFO] [stdout] test config::schema::tests::parse::container_environment_supports_static_and_forwarded_values ... ok
[INFO] [stdout] test config::schema::tests::dbus::test_dbus_config_defaults_empty ... ok
[INFO] [stdout] test config::schema::tests::parse::test_missing_required_fields_errors ... ok
[INFO] [stdout] test config::schema::tests::resources::test_memory_bare_digits_helper ... ok
[INFO] [stdout] test compositor::tests::rate_allow_refills_over_time ... ok
[INFO] [stdout] test config::schema::tests::security::test_security_read_only_rootfs_defaults_false ... ok
[INFO] [stdout] test config::schema::tests::parse::test_wayland_default_is_true ... ok
[INFO] [stdout] test config::schema::tests::resources::test_cpus_defaults_to_none ... ok
[INFO] [stdout] test config::schema::tests::resources::test_cpus_parses_valid ... ok
[INFO] [stdout] test config::schema::tests::resources::test_memory_integer_accepted ... ok
[INFO] [stdout] test config::schema::tests::resources::test_memory_bare_digits_rejected ... ok
[INFO] [stdout] test config::schema::tests::version::test_schema_version_migration_bumps_old_schema ... ok
[INFO] [stdout] test config::schema::tests::security::test_security_userns_defaults_none ... ok
[INFO] [stdout] test config::validation::caches::tests::a_custom_entry_may_not_shadow_a_built_in_in_either_mechanism ... ok
[INFO] [stdout] test config::schema::tests::version::test_schema_version_parsed_from_toml ... ok
[INFO] [stdout] test config::types::cache::tests::multi_path_cache_volumes_keep_stable_distinct_names ... ok
[INFO] [stdout] test config::schema::tests::security::test_security_userns_invalid_mode_rejected ... ok
[INFO] [stdout] test config::schema::tests::resources::test_memory_decimal_rejected ... ok
[INFO] [stdout] test config::validation::caches::tests::clean_config_has_no_cache_errors ... ok
[INFO] [stdout] test config::validation::caches::tests::container_paths_may_be_absolute ... ok
[INFO] [stdout] test config::schema::tests::resources::scheduling_weight_range_is_validated ... ok
[INFO] [stdout] test config::schema::tests::security::test_security_userns_valid_modes ... ok
[INFO] [stdout] test config::validation::caches::tests::clash_is_detected_for_custom_host_caches_too ... ok
[INFO] [stdout] test config::validation::caches::tests::built_in_names_cannot_be_shadowed ... ok
[INFO] [stdout] test config::validation::caches::tests::clash_detection_survives_mount_options_after_the_target ... ok
[INFO] [stdout] test config::schema::tests::parse::test_visual_config_parses ... ok
[INFO] [stdout] test config::schema::tests::parse::test_xdg_dirs_default_all_false ... ok
[INFO] [stdout] test config::schema::tests::version::test_schema_version_defaults_when_omitted ... ok
[INFO] [stdout] test diff::tests::parse_apk_output ... ok
[INFO] [stdout] test diff::tests::parse_empty_output ... ok
[INFO] [stdout] test diff::tests::parse_rpm_output ... ok
[INFO] [stdout] test diff::tests::parse_whitespace_only ... ok
[INFO] [stdout] test config::validation::caches::tests::duplicate_names_within_a_cache_kind_are_rejected ... ok
[INFO] [stdout] test config::validation::caches::tests::host_cache_alone_never_conflicts_with_an_unrelated_extra_mount ... ok
[INFO] [stdout] test config::validation::caches::tests::host_builtins_do_not_clash_with_each_other_or_unrelated_mounts ... ok
[INFO] [stdout] test diff::tests::patch_toml_adds_install_when_missing ... ok
[INFO] [stdout] test config::validation::caches::tests::host_cache_clashing_with_an_extra_mount_is_refused ... ok
[INFO] [stdout] test config::validation::caches::tests::traversal_and_colons_are_rejected_in_every_path_kind ... ok
[INFO] [stdout] test diff::tests::parse_dpkg_output ... ok
[INFO] [stdout] test diff::tests::patch_toml_creates_section_when_absent ... ok
[INFO] [stdout] test diff::tests::patch_toml_empty_install ... ok
[INFO] [stdout] test config::validation::caches::tests::host_builtin_clash_is_detected_for_nested_paths ... ok
[INFO] [stdout] test config::validation::caches::tests::generated_builtin_mount_names_cannot_be_shadowed_by_custom_volumes ... ok
[INFO] [stdout] test diff::tests::patch_toml_replaces_existing_install ... ok
[INFO] [stdout] test export::tests::export_app_rejects_invalid_name ... ok
[INFO] [stdout] test export::tests::find_desktop_file_rejects_invalid_name ... ok
[INFO] [stdout] test diff::tests::report_with_missing ... ok
[INFO] [stdout] test diff::tests::unexpected_excludes_base_packages ... ok
[INFO] [stdout] test export::tests::reject_empty_name ... ok
[INFO] [stdout] test config::validation::caches::tests::host_builtin_clashing_with_an_extra_mount_is_refused ... ok
[INFO] [stdout] test history::tests::rfc3339_formats_known_epochs ... ok
[INFO] [stdout] test export::tests::valid_app_names ... ok
[INFO] [stdout] test podman::tests::handles_non_numeric ... ok
[INFO] [stdout] test podman::tests::handles_partial_numeric ... ok
[INFO] [stdout] test podman::tests::handles_empty_string ... ok
[INFO] [stdout] test podman::tests::handles_two_components ... ok
[INFO] [stdout] test podman::tests::parses_standard_version ... ok
[INFO] [stdout] test podman::tests::parses_version_with_epoch ... ok
[INFO] [stdout] test podman::tests::parses_version_with_leading_trailing_whitespace ... ok
[INFO] [stdout] test podman::tests::version_at_least_works ... ok
[INFO] [stdout] test podman::tests::parses_version_with_parenthetical ... ok
[INFO] [stdout] test ports::tests::detects_existing_tcp_listener ... ok
[INFO] [stdout] test export::tests::list_exports_lists_apps_and_bins ... ok
[INFO] [stdout] test history::tests::round_trip_records_and_loads_preserving_order ... ok
[INFO] [stdout] test ports::tests::detects_existing_udp_bind ... ok
[INFO] [stdout] test diff::tests::parse_pacman_output ... ok
[INFO] [stdout] test ports::tests::parses_ip_spec ... ok
[INFO] [stdout] test export::tests::rewrite_desktop_file_appends_container_to_name ... ok
[INFO] [stdout] test export::tests::rewrite_desktop_file_exec_has_no_leading_whitespace ... ok
[INFO] [stdout] test podman::tests::handles_single_component ... ok
[INFO] [stdout] test history::tests::malformed_and_blank_lines_are_skipped ... ok
[INFO] [stdout] test ports::tests::parses_wildcard_spec ... ok
[INFO] [stdout] test socket_host::tests::allows_http_https_mailto ... ok
[INFO] [stdout] test ports::tests::free_port_has_no_conflict ... ok
[INFO] [stdout] test socket_host::tests::does_not_restrict_safe_flags ... ok
[INFO] [stdout] test quadlet_install::tests::flat_and_application_paths_differ ... ok
[INFO] [stdout] test diff::tests::report_no_drift ... ok
[INFO] [stdout] test export::tests::reject_shell_metacharacters ... ok
[INFO] [stdout] test socket_host::tests::has_cap_accepts_negotiated ... ok
[INFO] [stdout] test ports::tests::rejects_malformed_spec ... ok
[INFO] [stdout] test process::tests::args_accepts_mixed_types ... ok
[INFO] [stdout] test process::tests::args_builds_osstring_vec ... ok
[INFO] [stdout] test quadlet_install::units::tests::uninstall_filenames_match_what_install_writes ... ok
[INFO] [stdout] test socket_host::tests::hello_accepts_enabled_capabilities ... ok
[INFO] [stdout] test quadlet_install::units::tests::every_written_unit_is_in_the_removal_list ... ok
[INFO] [stdout] test socket_host::tests::has_cap_none_negotiated_rejects ... ok
[INFO] [stdout] test socket_host::tests::ascii_lowercase_only ... ok
[INFO] [stdout] test socket_host::tests::rejects_restricted_flag_patterns ... ok
[INFO] [stdout] test socket_host::tests::note_failure_is_false_below_threshold ... ok
[INFO] [stdout] test socket_host::tests::note_failure_drops_after_threshold ... ok
[INFO] [stdout] test socket_host::tests::refuses_path_traversal ... ok
[INFO] [stdout] test socket_host::tests::rejects_redirection_operators ... ok
[INFO] [stdout] test socket_host::tests::accepts_plain_args ... ok
[INFO] [stdout] test socket_host::tests::rejects_subshell_and_escape_chars ... ok
[INFO] [stdout] test socket_host::tests::rejects_empty_args_gracefully ... ok
[INFO] [stdout] test socket_host::tests::hello_protocol_mismatch_is_rejected ... ok
[INFO] [stdout] test socket_host::tests::rejects_shell_metacharacters ... ok
[INFO] [stdout] test socket_host::tests::rejects_glob_and_brace_chars ... ok
[INFO] [stdout] test socket_host::tests::refuses_unknown_alphabetic_schemes ... ok
[INFO] [stdout] test systemd::status::tests::parse_loaded_unit ... ok
[INFO] [stdout] test systemd::status::tests::diagnostic_card_with_journal ... ok
[INFO] [stdout] test socket_host::tests::wraps_bare_domain ... ok
[INFO] [stdout] test systemd::status::tests::parse_bad_setting ... ok
[INFO] [stdout] test systemd::status::tests::parse_with_daemon_reload ... ok
[INFO] [stdout] test wizard::prompts::tests::detect_package_manager_apt ... ok
[INFO] [stdout] test wizard::prompts::tests::detect_package_manager_apk ... ok
[INFO] [stdout] test systemd::status::tests::diagnose_healthy_unit ... ok
[INFO] [stdout] test wizard::shell::tests::apply_shell_fills_empty_shell ... ok
[INFO] [stdout] test wizard::shell::tests::detect_fish_from_path ... ok
[INFO] [stdout] test wizard::shell::tests::apply_shell_no_duplicate_when_present ... ok
[INFO] [stdout] test systemd::status::tests::parse_empty_output ... ok
[INFO] [stdout] test socket_host::tests::restricted_flag_detection_is_case_insensitive ... ok
[INFO] [stdout] test wizard::shell::tests::detect_host_shell_is_idempotent ... ok
[INFO] [stdout] test socket_host::tests::trims_whitespace ... ok
[INFO] [stdout] test wizard::shell::tests::detect_zsh_from_path ... ok
[INFO] [stdout] test wizard::prompts::tests::detect_package_manager_fallback ... ok
[INFO] [stdout] test wizard::prompts::tests::detect_package_manager_pacman ... ok
[INFO] [stdout] test wizard::shell::tests::apply_shell_adds_package_when_missing ... ok
[INFO] [stdout] test wizard::shell::tests::shell_info_unknown_binary ... ok
[INFO] [stdout] test wizard::shell::tests::tty_guard_logic_is_correct ... ok
[INFO] [stdout] test wizard::shell::tests::fallback_on_dash ... ok
[INFO] [stdout] test wizard::shell::tests::nushell_binary_maps_to_nushell_package ... ok
[INFO] [stdout] test systemd::status::tests::diagnose_bad_environment ... ok
[INFO] [stdout] test systemd::status::tests::diagnostic_card_renders ... ok
[INFO] [stdout] test wizard::prompts::tests::detect_package_manager_dnf ... ok
[INFO] [stdout] test wizard::shell::tests::fallback_on_empty_shell ... ok
[INFO] [stdout] test wizard::shell::tests::fallback_on_sh ... ok
[INFO] [stdout] test config::schema::tests::parse::test_home_tilde_expanded ... ok
[INFO] [stdout] test config::schema::tests::parse::test_invalid_toml_errors ... ok
[INFO] [stdout] test config::schema::tests::resources::test_cpus_rejects_non_positive ... ok
[INFO] [stdout] test config::schema::tests::version::test_schema_version_defaults_to_current ... ok
[INFO] [stdout] 
[INFO] [stdout] test result: ok. 198 passed; 0 failed; 0 ignored; 0 measured; 0 filtered out; finished in 0.11s
[INFO] [stdout] 
[INFO] [stderr]      Running unittests src/main.rs (/opt/rustwide/target/release/build/podbox-cli/d182afd36a960db0/out/podbox-d182afd36a960db0)
[INFO] [stdout] 
[INFO] [stdout] running 9 tests
[INFO] [stdout] test commands::runtime::context::tests::translates_using_longest_mount_prefix_and_respects_boundaries ... ok
[INFO] [stdout] test commands::runtime::git_bridge_tests::probe_keeps_paths_with_spaces ... ok
[INFO] [stdout] test commands::runtime::git_bridge_tests::probe_handles_empty_output ... ok
[INFO] [stdout] test commands::runtime::git_bridge_tests::probe_reports_a_missing_git ... ok
[INFO] [stdout] test commands::runtime::git_bridge_tests::stamp_is_invalidated_by_recreate_and_new_paths ... ok
[INFO] [stdout] test commands::runtime::git_bridge_tests::stamp_is_reused_for_the_same_container_and_paths ... ok
[INFO] [stdout] test commands::runtime::workdir_tests::validates_explicit_environment_overrides ... ok
[INFO] [stdout] test commands::runtime::git_bridge_tests::probe_reads_sections ... ok
[INFO] [stderr]      Running tests/cli_contract.rs (/opt/rustwide/target/release/build/podbox-cli/bd671562485ff588/out/cli_contract-bd671562485ff588)
[INFO] [stdout] test commands::runtime::git_bridge_tests::probe_treats_a_missing_git_marker_as_no_git ... ok
[INFO] [stdout] 
[INFO] [stdout] test result: ok. 9 passed; 0 failed; 0 ignored; 0 measured; 0 filtered out; finished in 0.03s
[INFO] [stdout] 
[INFO] [stdout] 
[INFO] [stdout] running 16 tests
[INFO] [stdout] test find_definition_prints_path ... ok
[INFO] [stdout] test non_tty_multiple_configs_errors_with_hint ... ok
[INFO] [stdout] test history_without_log_is_empty_success ... ok
[INFO] [stdout] test history_prints_entries_newest_first ... ok
[INFO] [stdout] test history_json_output_parses ... ok
[INFO] [stdout] test find_definition_missing_exits_two ... ok
[INFO] [stdout] test history_filters_by_name_and_limit ... ok
[INFO] [stdout] test complete_names_lists_configs_and_never_fails ... ok
[INFO] [stdout] test fish_abbrs_are_opt_in_and_fish_only ... ok
[INFO] [stdout] test recover_dry_run_prints_plan ... ok
[INFO] [stdout] test here_rejects_unmounted_current_directory_with_config_hint ... ok
[INFO] [stdout] test non_tty_explicit_container_flag_resolves ... ok
[INFO] [stdout] test completions_include_dynamic_name_glue ... ok
[INFO] [stdout] test doctor_groups_stale_sockets_into_one_check ... ok
[INFO] [stdout] test doctor_json_has_groups_and_exit_status ... ok
[INFO] [stdout] test list_columns_align_without_trailing_space ... ok
[INFO] [stdout] 
[INFO] [stdout] test result: ok. 16 passed; 0 failed; 0 ignored; 0 measured; 0 filtered out; finished in 0.14s
[INFO] [stdout] 
[INFO] [stderr]      Running tests/cli_help.rs (/opt/rustwide/target/release/build/podbox-cli/5be6c677c43522e1/out/cli_help-5be6c677c43522e1)
[INFO] [stdout] 
[INFO] [stdout] running 9 tests
[INFO] [stdout] test remove_exposes_remove_config ... ok
[INFO] [stdout] test shell_alias_resolves_to_enter ... ok
[INFO] [stdout] test help_shows_workflow_hints ... ok
[INFO] [stdout] test help_orders_daily_path_first_and_hides_internals ... ok
[INFO] [stdout] test rm_alias_resolves_to_remove ... ok
[INFO] [stdout] test inspect_exposes_toml_and_quadlet_and_env ... ok
[INFO] [stdout] test help_advertises_visible_aliases ... ok
[INFO] [stdout] test runtime_commands_expose_here_and_env_without_transient_offline ... ok
[INFO] [stdout] test global_config_path_is_not_shadowed_by_subcommands ... ok
[INFO] [stdout] 
[INFO] [stdout] test result: ok. 9 passed; 0 failed; 0 ignored; 0 measured; 0 filtered out; finished in 0.04s
[INFO] [stdout] 
[INFO] [stderr]      Running tests/codegen_container.rs (/opt/rustwide/target/release/build/podbox-cli/cd0f2c3ba973aa0d/out/codegen_container-cd0f2c3ba973aa0d)
[INFO] [stdout] 
[INFO] [stdout] running 32 tests
[INFO] [stdout] test quadlet_container_has_init ... ok
[INFO] [stdout] test quadlet_container_has_restart_rate_limiting ... ok
[INFO] [stdout] test quadlet_auto_update_present_for_prebuilt ... ok
[INFO] [stdout] test quadlet_container_has_cpu_limit ... ok
[INFO] [stdout] test quadlet_container_cpu_limit_keeps_fractions ... ok
[INFO] [stdout] test quadlet_container_has_network_host ... ok
[INFO] [stdout] test every_builtin_can_be_enabled_at_once ... ok
[INFO] [stdout] test both_cache_mechanisms_offer_every_builtin ... ok
[INFO] [stdout] test quadlet_emits_offline_scheduling_cache_and_service_policy ... ok
[INFO] [stdout] test mbx_is_available_as_a_shared_volume ... ok
[INFO] [stdout] test quadlet_auto_update_present_for_build ... ok
[INFO] [stdout] test quadlet_escapes_user_environment_systemd_specifiers ... ok
[INFO] [stdout] test quadlet_emits_no_cache_volumes_unless_configured ... ok
[INFO] [stdout] test quadlet_container_has_userns_custom ... ok
[INFO] [stdout] test quadlet_container_userns_defaults_to_keep_id ... ok
[INFO] [stdout] test quadlet_container_has_security_label_disable ... ok
[INFO] [stdout] test quadlet_container_has_read_only_rootfs ... ok
[INFO] [stdout] test quadlet_build_file_has_image_tag ... ok
[INFO] [stdout] test quadlet_host_cache_mbx_is_a_bind_mount_without_userns_flag ... ok
[INFO] [stdout] test quadlet_host_cache_custom_expands_both_sides ... ok
[INFO] [stdout] test quadlet_has_host_guest_socket_volume ... ok
[INFO] [stdout] test quadlet_no_literal_percent_h ... ok
[INFO] [stdout] test quadlet_has_extra_mounts ... ok
[INFO] [stdout] test quadlet_no_host_home_mount ... ok
[INFO] [stdout] test quadlet_socket_file_has_listen_stream ... ok
[INFO] [stdout] test quadlet_disables_podman_default_network_dependency ... ok
[INFO] [stdout] test quadlet_has_extra_env ... ok
[INFO] [stdout] test quadlet_systemd_dependencies ... ok
[INFO] [stdout] test quadlet_systemd_dependencies_absent_by_default ... ok
[INFO] [stdout] test quadlet_uses_literal_percent_t ... ok
[INFO] [stdout] test xdg_dirs_default_to_read_only_and_respect_read_write ... ok
[INFO] [stderr]      Running tests/codegen_containerfile.rs (/opt/rustwide/target/release/build/podbox-cli/c3a5ca590ae5211b/out/codegen_containerfile-c3a5ca590ae5211b)
[INFO] [stdout] test quadlet_auto_update_absent_when_disabled ... ok
[INFO] [stdout] 
[INFO] [stdout] test result: ok. 32 passed; 0 failed; 0 ignored; 0 measured; 0 filtered out; finished in 0.02s
[INFO] [stdout] 
[INFO] [stdout] 
[INFO] [stdout] running 8 tests
[INFO] [stdout] test containerfile_includes_base_packages ... FAILED
[INFO] [stdout] test containerfile_copies_guest_binary ... FAILED
[INFO] [stdout] test containerfile_no_packages_when_empty ... FAILED
[INFO] [stdout] test containerfile_sets_container_name_env ... FAILED
[INFO] [stdout] test containerfile_has_entrypoint ... FAILED
[INFO] [stdout] test containerfile_from_line ... FAILED
[INFO] [stdout] test containerfile_has_custom_run_steps ... FAILED
[INFO] [stdout] test containerfile_has_packages ... FAILED
[INFO] [stdout] 
[INFO] [stdout] failures:
[INFO] [stdout] 
[INFO] [stdout] ---- containerfile_includes_base_packages stdout ----
[INFO] [stderr] error: test failed, to rerun pass `--test codegen_containerfile`
[INFO] [stdout] 
[INFO] [stdout] thread 'containerfile_includes_base_packages' (3274) panicked at tests/codegen_containerfile.rs:57:63:
[INFO] [stdout] called `Result::unwrap()` on an `Err` value: GuestBinaryUnavailable
[INFO] [stdout] stack backtrace:
[INFO] [stdout]    0:     0x6538ecc5c891 - <<std[617be2ca0a6fd877]::sys::backtrace::BacktraceLock>::print::DisplayBacktrace as core[a373ad73a504971]::fmt::Display>::fmt
[INFO] [stdout]    1:     0x6538ecc722aa - core[a373ad73a504971]::fmt::write
[INFO] [stdout]    2:     0x6538ecc60fcc - <alloc[2e1b2a31b91974c5]::vec::Vec<u8> as core[a373ad73a504971]::io::write::Write>::write_fmt
[INFO] [stdout]    3:     0x6538ecc38246 - std[617be2ca0a6fd877]::panicking::default_hook::{closure#0}
[INFO] [stdout]    4:     0x6538ecc54ba9 - std[617be2ca0a6fd877]::panicking::default_hook
[INFO] [stdout]    5:     0x6538ecb4eed0 - test[aada8e7e76ba119b]::test_main_inner::{closure#0}
[INFO] [stdout]    6:     0x6538ecc54d62 - std[617be2ca0a6fd877]::panicking::panic_with_hook
[INFO] [stdout]    7:     0x6538ecc382f2 - std[617be2ca0a6fd877]::panicking::panic_handler::{closure#0}
[INFO] [stdout]    8:     0x6538ecc308e9 - std[617be2ca0a6fd877]::sys::backtrace::__rust_end_short_backtrace::<std[617be2ca0a6fd877]::panicking::panic_handler::{closure#0}, !>
[INFO] [stdout]    9:     0x6538ecc3900d - __rustc[ea4f61d10b84890b]::rust_begin_unwind
[INFO] [stdout]   10:     0x6538ecc729dc - core[a373ad73a504971]::panicking::panic_fmt
[INFO] [stdout]   11:     0x6538ecc727b2 - core[a373ad73a504971]::result::unwrap_failed
[INFO] [stdout]   12:     0x6538ecb40f16 - <codegen_containerfile[a44d20c2ad1a50cb]::containerfile_includes_base_packages::{closure#0} as core[a373ad73a504971]::ops::function::FnOnce<()>>::call_once
[INFO] [stdout]   13:     0x6538ecb4231b - test[aada8e7e76ba119b]::__rust_begin_short_backtrace::<core[a373ad73a504971]::result::Result<(), alloc[2e1b2a31b91974c5]::string::String>, fn() -> core[a373ad73a504971]::result::Result<(), alloc[2e1b2a31b91974c5]::string::String>>
[INFO] [stdout]   14:     0x6538ecb4f4f5 - test[aada8e7e76ba119b]::run_test::{closure#0}
[INFO] [stdout]   15:     0x6538ecb48de4 - std[617be2ca0a6fd877]::sys::backtrace::__rust_begin_short_backtrace::<test[aada8e7e76ba119b]::run_test::{closure#1}, ()>
[INFO] [stdout]   16:     0x6538ecb52582 - <std[617be2ca0a6fd877]::thread::lifecycle::spawn_unchecked<test[aada8e7e76ba119b]::run_test::{closure#1}, ()>::{closure#1} as core[a373ad73a504971]::ops::function::FnOnce<()>>::call_once::{shim:vtable#0}
[INFO] [stdout]   17:     0x6538ecc5bd8f - <std[617be2ca0a6fd877]::sys::thread::unix::Thread>::new::thread_start
[INFO] [stdout]   18:     0x707d49867dfa - <unknown>
[INFO] [stdout]   19:     0x707d498fb3d4 - clone
[INFO] [stdout]   20:                0x0 - <unknown>
[INFO] [stdout] 
[INFO] [stdout] ---- containerfile_copies_guest_binary stdout ----
[INFO] [stdout] 
[INFO] [stdout] thread 'containerfile_copies_guest_binary' (3269) panicked at tests/codegen_containerfile.rs:19:63:
[INFO] [stdout] called `Result::unwrap()` on an `Err` value: GuestBinaryUnavailable
[INFO] [stdout] stack backtrace:
[INFO] [stdout]    0:     0x6538ecc5c891 - <<std[617be2ca0a6fd877]::sys::backtrace::BacktraceLock>::print::DisplayBacktrace as core[a373ad73a504971]::fmt::Display>::fmt
[INFO] [stdout]    1:     0x6538ecc722aa - core[a373ad73a504971]::fmt::write
[INFO] [stdout]    2:     0x6538ecc60fcc - <alloc[2e1b2a31b91974c5]::vec::Vec<u8> as core[a373ad73a504971]::io::write::Write>::write_fmt
[INFO] [stdout]    3:     0x6538ecc38246 - std[617be2ca0a6fd877]::panicking::default_hook::{closure#0}
[INFO] [stdout]    4:     0x6538ecc54ba9 - std[617be2ca0a6fd877]::panicking::default_hook
[INFO] [stdout]    5:     0x6538ecb4eed0 - test[aada8e7e76ba119b]::test_main_inner::{closure#0}
[INFO] [stdout]    6:     0x6538ecc54d62 - std[617be2ca0a6fd877]::panicking::panic_with_hook
[INFO] [stdout]    7:     0x6538ecc382f2 - std[617be2ca0a6fd877]::panicking::panic_handler::{closure#0}
[INFO] [stdout]    8:     0x6538ecc308e9 - std[617be2ca0a6fd877]::sys::backtrace::__rust_end_short_backtrace::<std[617be2ca0a6fd877]::panicking::panic_handler::{closure#0}, !>
[INFO] [stdout]    9:     0x6538ecc3900d - __rustc[ea4f61d10b84890b]::rust_begin_unwind
[INFO] [stdout]   10:     0x6538ecc729dc - core[a373ad73a504971]::panicking::panic_fmt
[INFO] [stdout]   11:     0x6538ecc727b2 - core[a373ad73a504971]::result::unwrap_failed
[INFO] [stdout]   12:     0x6538ecb40aca - <codegen_containerfile[a44d20c2ad1a50cb]::containerfile_copies_guest_binary::{closure#0} as core[a373ad73a504971]::ops::function::FnOnce<()>>::call_once
[INFO] [stdout]   13:     0x6538ecb4231b - test[aada8e7e76ba119b]::__rust_begin_short_backtrace::<core[a373ad73a504971]::result::Result<(), alloc[2e1b2a31b91974c5]::string::String>, fn() -> core[a373ad73a504971]::result::Result<(), alloc[2e1b2a31b91974c5]::string::String>>
[INFO] [stdout]   14:     0x6538ecb4f4f5 - test[aada8e7e76ba119b]::run_test::{closure#0}
[INFO] [stdout]   15:     0x6538ecb48de4 - std[617be2ca0a6fd877]::sys::backtrace::__rust_begin_short_backtrace::<test[aada8e7e76ba119b]::run_test::{closure#1}, ()>
[INFO] [stdout]   16:     0x6538ecb52582 - <std[617be2ca0a6fd877]::thread::lifecycle::spawn_unchecked<test[aada8e7e76ba119b]::run_test::{closure#1}, ()>::{closure#1} as core[a373ad73a504971]::ops::function::FnOnce<()>>::call_once::{shim:vtable#0}
[INFO] [stdout]   17:     0x6538ecc5bd8f - <std[617be2ca0a6fd877]::sys::thread::unix::Thread>::new::thread_start
[INFO] [stdout]   18:     0x707d49867dfa - <unknown>
[INFO] [stdout]   19:     0x707d498fb3d4 - clone
[INFO] [stdout]   20:                0x0 - <unknown>
[INFO] [stdout] 
[INFO] [stdout] ---- containerfile_no_packages_when_empty stdout ----
[INFO] [stdout] 
[INFO] [stdout] thread 'containerfile_no_packages_when_empty' (3275) panicked at tests/codegen_containerfile.rs:45:63:
[INFO] [stdout] called `Result::unwrap()` on an `Err` value: GuestBinaryUnavailable
[INFO] [stdout] stack backtrace:
[INFO] [stdout]    0:     0x6538ecc5c891 - <<std[617be2ca0a6fd877]::sys::backtrace::BacktraceLock>::print::DisplayBacktrace as core[a373ad73a504971]::fmt::Display>::fmt
[INFO] [stdout]    1:     0x6538ecc722aa - core[a373ad73a504971]::fmt::write
[INFO] [stdout]    2:     0x6538ecc60fcc - <alloc[2e1b2a31b91974c5]::vec::Vec<u8> as core[a373ad73a504971]::io::write::Write>::write_fmt
[INFO] [stdout]    3:     0x6538ecc38246 - std[617be2ca0a6fd877]::panicking::default_hook::{closure#0}
[INFO] [stdout]    4:     0x6538ecc54ba9 - std[617be2ca0a6fd877]::panicking::default_hook
[INFO] [stdout]    5:     0x6538ecb4eed0 - test[aada8e7e76ba119b]::test_main_inner::{closure#0}
[INFO] [stdout]    6:     0x6538ecc54d62 - std[617be2ca0a6fd877]::panicking::panic_with_hook
[INFO] [stdout]    7:     0x6538ecc382f2 - std[617be2ca0a6fd877]::panicking::panic_handler::{closure#0}
[INFO] [stdout]    8:     0x6538ecc308e9 - std[617be2ca0a6fd877]::sys::backtrace::__rust_end_short_backtrace::<std[617be2ca0a6fd877]::panicking::panic_handler::{closure#0}, !>
[INFO] [stdout]    9:     0x6538ecc3900d - __rustc[ea4f61d10b84890b]::rust_begin_unwind
[INFO] [stdout]   10:     0x6538ecc729dc - core[a373ad73a504971]::panicking::panic_fmt
[INFO] [stdout]   11:     0x6538ecc727b2 - core[a373ad73a504971]::result::unwrap_failed
[INFO] [stdout]   12:     0x6538ecb4115a - <codegen_containerfile[a44d20c2ad1a50cb]::containerfile_no_packages_when_empty::{closure#0} as core[a373ad73a504971]::ops::function::FnOnce<()>>::call_once
[INFO] [stdout]   13:     0x6538ecb4231b - test[aada8e7e76ba119b]::__rust_begin_short_backtrace::<core[a373ad73a504971]::result::Result<(), alloc[2e1b2a31b91974c5]::string::String>, fn() -> core[a373ad73a504971]::result::Result<(), alloc[2e1b2a31b91974c5]::string::String>>
[INFO] [stdout]   14:     0x6538ecb4f4f5 - test[aada8e7e76ba119b]::run_test::{closure#0}
[INFO] [stdout]   15:     0x6538ecb48de4 - std[617be2ca0a6fd877]::sys::backtrace::__rust_begin_short_backtrace::<test[aada8e7e76ba119b]::run_test::{closure#1}, ()>
[INFO] [stdout]   16:     0x6538ecb52582 - <std[617be2ca0a6fd877]::thread::lifecycle::spawn_unchecked<test[aada8e7e76ba119b]::run_test::{closure#1}, ()>::{closure#1} as core[a373ad73a504971]::ops::function::FnOnce<()>>::call_once::{shim:vtable#0}
[INFO] [stdout]   17:     0x6538ecc5bd8f - <std[617be2ca0a6fd877]::sys::thread::unix::Thread>::new::thread_start
[INFO] [stdout]   18:     0x707d49867dfa - <unknown>
[INFO] [stdout]   19:     0x707d498fb3d4 - clone
[INFO] [stdout]   20:                0x0 - <unknown>
[INFO] [stdout] 
[INFO] [stdout] ---- containerfile_sets_container_name_env stdout ----
[INFO] [stdout] 
[INFO] [stdout] thread 'containerfile_sets_container_name_env' (3276) panicked at tests/codegen_containerfile.rs:25:63:
[INFO] [stdout] called `Result::unwrap()` on an `Err` value: GuestBinaryUnavailable
[INFO] [stdout] stack backtrace:
[INFO] [stdout]    0:     0x6538ecc5c891 - <<std[617be2ca0a6fd877]::sys::backtrace::BacktraceLock>::print::DisplayBacktrace as core[a373ad73a504971]::fmt::Display>::fmt
[INFO] [stdout]    1:     0x6538ecc722aa - core[a373ad73a504971]::fmt::write
[INFO] [stdout]    2:     0x6538ecc60fcc - <alloc[2e1b2a31b91974c5]::vec::Vec<u8> as core[a373ad73a504971]::io::write::Write>::write_fmt
[INFO] [stdout]    3:     0x6538ecc38246 - std[617be2ca0a6fd877]::panicking::default_hook::{closure#0}
[INFO] [stdout]    4:     0x6538ecc54ba9 - std[617be2ca0a6fd877]::panicking::default_hook
[INFO] [stdout]    5:     0x6538ecb4eed0 - test[aada8e7e76ba119b]::test_main_inner::{closure#0}
[INFO] [stdout]    6:     0x6538ecc54d62 - std[617be2ca0a6fd877]::panicking::panic_with_hook
[INFO] [stdout]    7:     0x6538ecc382f2 - std[617be2ca0a6fd877]::panicking::panic_handler::{closure#0}
[INFO] [stdout]    8:     0x6538ecc308e9 - std[617be2ca0a6fd877]::sys::backtrace::__rust_end_short_backtrace::<std[617be2ca0a6fd877]::panicking::panic_handler::{closure#0}, !>
[INFO] [stdout]    9:     0x6538ecc3900d - __rustc[ea4f61d10b84890b]::rust_begin_unwind
[INFO] [stdout]   10:     0x6538ecc729dc - core[a373ad73a504971]::panicking::panic_fmt
[INFO] [stdout]   11:     0x6538ecc727b2 - core[a373ad73a504971]::result::unwrap_failed
[INFO] [stdout]   12:     0x6538ecb412ea - <codegen_containerfile[a44d20c2ad1a50cb]::containerfile_sets_container_name_env::{closure#0} as core[a373ad73a504971]::ops::function::FnOnce<()>>::call_once
[INFO] [stdout]   13:     0x6538ecb4231b - test[aada8e7e76ba119b]::__rust_begin_short_backtrace::<core[a373ad73a504971]::result::Result<(), alloc[2e1b2a31b91974c5]::string::String>, fn() -> core[a373ad73a504971]::result::Result<(), alloc[2e1b2a31b91974c5]::string::String>>
[INFO] [stdout]   14:     0x6538ecb4f4f5 - test[aada8e7e76ba119b]::run_test::{closure#0}
[INFO] [stdout]   15:     0x6538ecb48de4 - std[617be2ca0a6fd877]::sys::backtrace::__rust_begin_short_backtrace::<test[aada8e7e76ba119b]::run_test::{closure#1}, ()>
[INFO] [stdout]   16:     0x6538ecb52582 - <std[617be2ca0a6fd877]::thread::lifecycle::spawn_unchecked<test[aada8e7e76ba119b]::run_test::{closure#1}, ()>::{closure#1} as core[a373ad73a504971]::ops::function::FnOnce<()>>::call_once::{shim:vtable#0}
[INFO] [stdout]   17:     0x6538ecc5bd8f - <std[617be2ca0a6fd877]::sys::thread::unix::Thread>::new::thread_start
[INFO] [stdout]   18:     0x707d49867dfa - <unknown>
[INFO] [stdout]   19:     0x707d498fb3d4 - clone
[INFO] [stdout]   20:                0x0 - <unknown>
[INFO] [stdout] 
[INFO] [stdout] ---- containerfile_has_entrypoint stdout ----
[INFO] [stdout] 
[INFO] [stdout] thread 'containerfile_has_entrypoint' (3272) panicked at tests/codegen_containerfile.rs:31:63:
[INFO] [stdout] called `Result::unwrap()` on an `Err` value: GuestBinaryUnavailable
[INFO] [stdout] stack backtrace:
[INFO] [stdout]    0:     0x6538ecc5c891 - <<std[617be2ca0a6fd877]::sys::backtrace::BacktraceLock>::print::DisplayBacktrace as core[a373ad73a504971]::fmt::Display>::fmt
[INFO] [stdout]    1:     0x6538ecc722aa - core[a373ad73a504971]::fmt::write
[INFO] [stdout]    2:     0x6538ecc60fcc - <alloc[2e1b2a31b91974c5]::vec::Vec<u8> as core[a373ad73a504971]::io::write::Write>::write_fmt
[INFO] [stdout]    3:     0x6538ecc38246 - std[617be2ca0a6fd877]::panicking::default_hook::{closure#0}
[INFO] [stdout]    4:     0x6538ecc54ba9 - std[617be2ca0a6fd877]::panicking::default_hook
[INFO] [stdout]    5:     0x6538ecb4eed0 - test[aada8e7e76ba119b]::test_main_inner::{closure#0}
[INFO] [stdout]    6:     0x6538ecc54d62 - std[617be2ca0a6fd877]::panicking::panic_with_hook
[INFO] [stdout]    7:     0x6538ecc382f2 - std[617be2ca0a6fd877]::panicking::panic_handler::{closure#0}
[INFO] [stdout]    8:     0x6538ecc308e9 - std[617be2ca0a6fd877]::sys::backtrace::__rust_end_short_backtrace::<std[617be2ca0a6fd877]::panicking::panic_handler::{closure#0}, !>
[INFO] [stdout]    9:     0x6538ecc3900d - __rustc[ea4f61d10b84890b]::rust_begin_unwind
[INFO] [stdout]   10:     0x6538ecc729dc - core[a373ad73a504971]::panicking::panic_fmt
[INFO] [stdout]   11:     0x6538ecc727b2 - core[a373ad73a504971]::result::unwrap_failed
[INFO] [stdout]   12:     0x6538ecb4093a - <codegen_containerfile[a44d20c2ad1a50cb]::containerfile_has_entrypoint::{closure#0} as core[a373ad73a504971]::ops::function::FnOnce<()>>::call_once
[INFO] [stdout]   13:     0x6538ecb4231b - test[aada8e7e76ba119b]::__rust_begin_short_backtrace::<core[a373ad73a504971]::result::Result<(), alloc[2e1b2a31b91974c5]::string::String>, fn() -> core[a373ad73a504971]::result::Result<(), alloc[2e1b2a31b91974c5]::string::String>>
[INFO] [stdout]   14:     0x6538ecb4f4f5 - test[aada8e7e76ba119b]::run_test::{closure#0}
[INFO] [stdout]   15:     0x6538ecb48de4 - std[617be2ca0a6fd877]::sys::backtrace::__rust_begin_short_backtrace::<test[aada8e7e76ba119b]::run_test::{closure#1}, ()>
[INFO] [stdout]   16:     0x6538ecb52582 - <std[617be2ca0a6fd877]::thread::lifecycle::spawn_unchecked<test[aada8e7e76ba119b]::run_test::{closure#1}, ()>::{closure#1} as core[a373ad73a504971]::ops::function::FnOnce<()>>::call_once::{shim:vtable#0}
[INFO] [stdout]   17:     0x6538ecc5bd8f - <std[617be2ca0a6fd877]::sys::thread::unix::Thread>::new::thread_start
[INFO] [stdout]   18:     0x707d49867dfa - <unknown>
[INFO] [stdout]   19:     0x707d498fb3d4 - clone
[INFO] [stdout]   20:                0x0 - <unknown>
[INFO] [stdout] 
[INFO] [stdout] ---- containerfile_from_line stdout ----
[INFO] [stdout] 
[INFO] [stdout] thread 'containerfile_from_line' (3270) panicked at tests/codegen_containerfile.rs:13:63:
[INFO] [stdout] called `Result::unwrap()` on an `Err` value: GuestBinaryUnavailable
[INFO] [stdout] stack backtrace:
[INFO] [stdout]    0:     0x6538ecc5c891 - <<std[617be2ca0a6fd877]::sys::backtrace::BacktraceLock>::print::DisplayBacktrace as core[a373ad73a504971]::fmt::Display>::fmt
[INFO] [stdout]    1:     0x6538ecc722aa - core[a373ad73a504971]::fmt::write
[INFO] [stdout]    2:     0x6538ecc60fcc - <alloc[2e1b2a31b91974c5]::vec::Vec<u8> as core[a373ad73a504971]::io::write::Write>::write_fmt
[INFO] [stdout]    3:     0x6538ecc38246 - std[617be2ca0a6fd877]::panicking::default_hook::{closure#0}
[INFO] [stdout]    4:     0x6538ecc54ba9 - std[617be2ca0a6fd877]::panicking::default_hook
[INFO] [stdout]    5:     0x6538ecb4eed0 - test[aada8e7e76ba119b]::test_main_inner::{closure#0}
[INFO] [stdout]    6:     0x6538ecc54d62 - std[617be2ca0a6fd877]::panicking::panic_with_hook
[INFO] [stdout]    7:     0x6538ecc382f2 - std[617be2ca0a6fd877]::panicking::panic_handler::{closure#0}
[INFO] [stdout]    8:     0x6538ecc308e9 - std[617be2ca0a6fd877]::sys::backtrace::__rust_end_short_backtrace::<std[617be2ca0a6fd877]::panicking::panic_handler::{closure#0}, !>
[INFO] [stdout]    9:     0x6538ecc3900d - __rustc[ea4f61d10b84890b]::rust_begin_unwind
[INFO] [stdout]   10:     0x6538ecc729dc - core[a373ad73a504971]::panicking::panic_fmt
[INFO] [stdout]   11:     0x6538ecc727b2 - core[a373ad73a504971]::result::unwrap_failed
[INFO] [stdout]   12:     0x6538ecb405a9 - <codegen_containerfile[a44d20c2ad1a50cb]::containerfile_from_line::{closure#0} as core[a373ad73a504971]::ops::function::FnOnce<()>>::call_once
[INFO] [stdout]   13:     0x6538ecb4231b - test[aada8e7e76ba119b]::__rust_begin_short_backtrace::<core[a373ad73a504971]::result::Result<(), alloc[2e1b2a31b91974c5]::string::String>, fn() -> core[a373ad73a504971]::result::Result<(), alloc[2e1b2a31b91974c5]::string::String>>
[INFO] [stdout]   14:     0x6538ecb4f4f5 - test[aada8e7e76ba119b]::run_test::{closure#0}
[INFO] [stdout]   15:     0x6538ecb48de4 - std[617be2ca0a6fd877]::sys::backtrace::__rust_begin_short_backtrace::<test[aada8e7e76ba119b]::run_test::{closure#1}, ()>
[INFO] [stdout]   16:     0x6538ecb52582 - <std[617be2ca0a6fd877]::thread::lifecycle::spawn_unchecked<test[aada8e7e76ba119b]::run_test::{closure#1}, ()>::{closure#1} as core[a373ad73a504971]::ops::function::FnOnce<()>>::call_once::{shim:vtable#0}
[INFO] [stdout]   17:     0x6538ecc5bd8f - <std[617be2ca0a6fd877]::sys::thread::unix::Thread>::new::thread_start
[INFO] [stdout]   18:     0x707d49867dfa - <unknown>
[INFO] [stdout]   19:     0x707d498fb3d4 - clone
[INFO] [stdout]   20:                0x0 - <unknown>
[INFO] [stdout] 
[INFO] [stdout] ---- containerfile_has_custom_run_steps stdout ----
[INFO] [stdout] 
[INFO] [stdout] thread 'containerfile_has_custom_run_steps' (3271) panicked at tests/codegen_containerfile.rs:51:63:
[INFO] [stdout] called `Result::unwrap()` on an `Err` value: GuestBinaryUnavailable
[INFO] [stdout] stack backtrace:
[INFO] [stdout]    0:     0x6538ecc5c891 - <<std[617be2ca0a6fd877]::sys::backtrace::BacktraceLock>::print::DisplayBacktrace as core[a373ad73a504971]::fmt::Display>::fmt
[INFO] [stdout]    1:     0x6538ecc722aa - core[a373ad73a504971]::fmt::write
[INFO] [stdout]    2:     0x6538ecc60fcc - <alloc[2e1b2a31b91974c5]::vec::Vec<u8> as core[a373ad73a504971]::io::write::Write>::write_fmt
[INFO] [stdout]    3:     0x6538ecc38246 - std[617be2ca0a6fd877]::panicking::default_hook::{closure#0}
[INFO] [stdout]    4:     0x6538ecc54ba9 - std[617be2ca0a6fd877]::panicking::default_hook
[INFO] [stdout]    5:     0x6538ecb4eed0 - test[aada8e7e76ba119b]::test_main_inner::{closure#0}
[INFO] [stdout]    6:     0x6538ecc54d62 - std[617be2ca0a6fd877]::panicking::panic_with_hook
[INFO] [stdout]    7:     0x6538ecc382f2 - std[617be2ca0a6fd877]::panicking::panic_handler::{closure#0}
[INFO] [stdout]    8:     0x6538ecc308e9 - std[617be2ca0a6fd877]::sys::backtrace::__rust_end_short_backtrace::<std[617be2ca0a6fd877]::panicking::panic_handler::{closure#0}, !>
[INFO] [stdout]    9:     0x6538ecc3900d - __rustc[ea4f61d10b84890b]::rust_begin_unwind
[INFO] [stdout]   10:     0x6538ecc729dc - core[a373ad73a504971]::panicking::panic_fmt
[INFO] [stdout]   11:     0x6538ecc727b2 - core[a373ad73a504971]::result::unwrap_failed
[INFO] [stdout]   12:     0x6538ecb40c5a - <codegen_containerfile[a44d20c2ad1a50cb]::containerfile_has_custom_run_steps::{closure#0} as core[a373ad73a504971]::ops::function::FnOnce<()>>::call_once
[INFO] [stdout]   13:     0x6538ecb4231b - test[aada8e7e76ba119b]::__rust_begin_short_backtrace::<core[a373ad73a504971]::result::Result<(), alloc[2e1b2a31b91974c5]::string::String>, fn() -> core[a373ad73a504971]::result::Result<(), alloc[2e1b2a31b91974c5]::string::String>>
[INFO] [stdout]   14:     0x6538ecb4f4f5 - test[aada8e7e76ba119b]::run_test::{closure#0}
[INFO] [stdout]   15:     0x6538ecb48de4 - std[617be2ca0a6fd877]::sys::backtrace::__rust_begin_short_backtrace::<test[aada8e7e76ba119b]::run_test::{closure#1}, ()>
[INFO] [stdout]   16:     0x6538ecb52582 - <std[617be2ca0a6fd877]::thread::lifecycle::spawn_unchecked<test[aada8e7e76ba119b]::run_test::{closure#1}, ()>::{closure#1} as core[a373ad73a504971]::ops::function::FnOnce<()>>::call_once::{shim:vtable#0}
[INFO] [stdout]   17:     0x6538ecc5bd8f - <std[617be2ca0a6fd877]::sys::thread::unix::Thread>::new::thread_start
[INFO] [stdout]   18:     0x707d49867dfa - <unknown>
[INFO] [stdout]   19:     0x707d498fb3d4 - clone
[INFO] [stdout]   20:                0x0 - <unknown>
[INFO] [stdout] 
[INFO] [stdout] ---- containerfile_has_packages stdout ----
[INFO] [stdout] 
[INFO] [stdout] thread 'containerfile_has_packages' (3273) panicked at tests/codegen_containerfile.rs:37:63:
[INFO] [stdout] called `Result::unwrap()` on an `Err` value: GuestBinaryUnavailable
[INFO] [stdout] stack backtrace:
[INFO] [stdout]    0:     0x6538ecc5c891 - <<std[617be2ca0a6fd877]::sys::backtrace::BacktraceLock>::print::DisplayBacktrace as core[a373ad73a504971]::fmt::Display>::fmt
[INFO] [stdout]    1:     0x6538ecc722aa - core[a373ad73a504971]::fmt::write
[INFO] [stdout]    2:     0x6538ecc60fcc - <alloc[2e1b2a31b91974c5]::vec::Vec<u8> as core[a373ad73a504971]::io::write::Write>::write_fmt
[INFO] [stdout]    3:     0x6538ecc38246 - std[617be2ca0a6fd877]::panicking::default_hook::{closure#0}
[INFO] [stdout]    4:     0x6538ecc54ba9 - std[617be2ca0a6fd877]::panicking::default_hook
[INFO] [stdout]    5:     0x6538ecb4eed0 - test[aada8e7e76ba119b]::test_main_inner::{closure#0}
[INFO] [stdout]    6:     0x6538ecc54d62 - std[617be2ca0a6fd877]::panicking::panic_with_hook
[INFO] [stdout]    7:     0x6538ecc382f2 - std[617be2ca0a6fd877]::panicking::panic_handler::{closure#0}
[INFO] [stdout]    8:     0x6538ecc308e9 - std[617be2ca0a6fd877]::sys::backtrace::__rust_end_short_backtrace::<std[617be2ca0a6fd877]::panicking::panic_handler::{closure#0}, !>
[INFO] [stdout]    9:     0x6538ecc3900d - __rustc[ea4f61d10b84890b]::rust_begin_unwind
[INFO] [stdout]   10:     0x6538ecc729dc - core[a373ad73a504971]::panicking::panic_fmt
[INFO] [stdout]   11:     0x6538ecc727b2 - core[a373ad73a504971]::result::unwrap_failed
[INFO] [stdout]   12:     0x6538ecb4078d - <codegen_containerfile[a44d20c2ad1a50cb]::containerfile_has_packages::{closure#0} as core[a373ad73a504971]::ops::function::FnOnce<()>>::call_once
[INFO] [stdout]   13:     0x6538ecb4231b - test[aada8e7e76ba119b]::__rust_begin_short_backtrace::<core[a373ad73a504971]::result::Result<(), alloc[2e1b2a31b91974c5]::string::String>, fn() -> core[a373ad73a504971]::result::Result<(), alloc[2e1b2a31b91974c5]::string::String>>
[INFO] [stdout]   14:     0x6538ecb4f4f5 - test[aada8e7e76ba119b]::run_test::{closure#0}
[INFO] [stdout]   15:     0x6538ecb48de4 - std[617be2ca0a6fd877]::sys::backtrace::__rust_begin_short_backtrace::<test[aada8e7e76ba119b]::run_test::{closure#1}, ()>
[INFO] [stdout]   16:     0x6538ecb52582 - <std[617be2ca0a6fd877]::thread::lifecycle::spawn_unchecked<test[aada8e7e76ba119b]::run_test::{closure#1}, ()>::{closure#1} as core[a373ad73a504971]::ops::function::FnOnce<()>>::call_once::{shim:vtable#0}
[INFO] [stdout]   17:     0x6538ecc5bd8f - <std[617be2ca0a6fd877]::sys::thread::unix::Thread>::new::thread_start
[INFO] [stdout]   18:     0x707d49867dfa - <unknown>
[INFO] [stdout]   19:     0x707d498fb3d4 - clone
[INFO] [stdout]   20:                0x0 - <unknown>
[INFO] [stdout] 
[INFO] [stdout] 
[INFO] [stdout] failures:
[INFO] [stdout]     containerfile_copies_guest_binary
[INFO] [stdout]     containerfile_from_line
[INFO] [stdout]     containerfile_has_custom_run_steps
[INFO] [stdout]     containerfile_has_entrypoint
[INFO] [stdout]     containerfile_has_packages
[INFO] [stdout]     containerfile_includes_base_packages
[INFO] [stdout]     containerfile_no_packages_when_empty
[INFO] [stdout]     containerfile_sets_container_name_env
[INFO] [stdout] 
[INFO] [stdout] test result: FAILED. 0 passed; 8 failed; 0 ignored; 0 measured; 0 filtered out; finished in 0.00s
[INFO] [stdout] 
[INFO] running `Command { std: "docker" "inspect" "b007b7e2849781c1825d2f276050f8481a9897cfcb382100a778ad9ae7436e49", kill_on_drop: false }`
[INFO] running `Command { std: "docker" "rm" "-f" "b007b7e2849781c1825d2f276050f8481a9897cfcb382100a778ad9ae7436e49", kill_on_drop: false }`
[INFO] [stdout] b007b7e2849781c1825d2f276050f8481a9897cfcb382100a778ad9ae7436e49
